786
CDUS45 KBYZ 212333
CLILVM


CLIMATE REPORT
NATIONAL WEATHER SERVICE BILLINGS MT
431 PM MST TUE FEB 21 2017


...................................

...THE LIVINGSTON MT CLIMATE SUMMARY FOR FEBRUARY 21 2017...
VALID TODAY AS OF 0400 PM LOCAL TIME.

CLIMATE NORMAL PERIOD 1981 TO 2010
CLIMATE RECORD PERIOD 1948 TO 2017


WEATHER ITEM   OBSERVED TIME   RECORD YEAR NORMAL DEPARTURE LAST
                VALUE   (LST)  VALUE       VALUE  FROM      YEAR
                                                  NORMAL
..................................................................
TEMPERATURE (F)
 TODAY
  MAXIMUM         58   1158 AM  63    1995  41     17       49
  MINIMUM         43    755 AM -10    1957  19     24       25
  AVERAGE         51                        30     21       37

PRECIPITATION (IN)
  TODAY            T             0.14 1968   0.02  -0.02     0.00
  MONTH TO DATE    0.79                      0.36   0.43     0.15
  SINCE OCT 1      5.13                      3.22   1.91     4.00
  SINCE JAN 1      1.20                      0.85   0.35     0.30

DEGREE DAYS
 HEATING
  TODAY           14                        35    -21       28
  MONTH TO DATE  691                       766    -75      519
  SINCE DEC 1   3453                      3148    305     2721
  SINCE JUL 1   4951                      5107   -156     4398

 COOLING
  TODAY            0                         0      0        0
  MONTH TO DATE    0                         0      0        0
  SINCE DEC 1      0                         0      0        0
  SINCE JAN 1      0                         0      0        0
..................................................................


WIND (MPH)
  HIGHEST WIND SPEED    46   HIGHEST WIND DIRECTION    SW (220)
  HIGHEST GUST SPEED    56   HIGHEST GUST DIRECTION    SW (220)
  AVERAGE WIND SPEED    27.8


SKY COVER
  POSSIBLE SUNSHINE   0 PERCENT
  AVERAGE SKY COVER 0.0


WEATHER CONDITIONS
 THE FOLLOWING WEATHER WAS RECORDED TODAY.
  NO SIGNIFICANT WEATHER WAS OBSERVED.


RELATIVE HUMIDITY (PERCENT)
 HIGHEST     0          1200 AM
 LOWEST      0          1200 AM
 AVERAGE     0

..........................................................


THE LIVINGSTON MT CLIMATE NORMALS FOR TOMORROW
                         NORMAL    RECORD    YEAR
 MAXIMUM TEMPERATURE (F)   42        64      1958
 MINIMUM TEMPERATURE (F)   19       -13      2015


SUNRISE AND SUNSET
FEBRUARY 21 2017......SUNRISE   714 AM MST   SUNSET   558 PM MST
FEBRUARY 22 2017......SUNRISE   712 AM MST   SUNSET   559 PM MST


-  INDICATES NEGATIVE NUMBERS.
R  INDICATES RECORD WAS SET OR TIED.
MM INDICATES DATA IS MISSING.
T  INDICATES TRACE AMOUNT.





&&

THIS IS AN AUTOMATED...UNATTENDED WEATHER STATION AND MAY
UNDERESTIMATE WINTER PRECIPITATION.

$$
