000
CDUS45 KBYZ 220933
CLILVM


CLIMATE REPORT
NATIONAL WEATHER SERVICE BILLINGS MT
331 AM MDT TUE JUL 22 2014


...................................

...THE LIVINGSTON MT CLIMATE SUMMARY FOR JULY 21 2014...

CLIMATE NORMAL PERIOD 1981 TO 2010
CLIMATE RECORD PERIOD 1948 TO 2014


WEATHER ITEM   OBSERVED TIME   RECORD YEAR NORMAL DEPARTURE LAST
                VALUE   (LST)  VALUE       VALUE  FROM      YEAR
                                                  NORMAL
..................................................................
TEMPERATURE (F)
 YESTERDAY
  MAXIMUM         82    128 PM 100    2007  86     -4       92
  MINIMUM         61    522 AM  41    2011  50     11       45
  AVERAGE         72                        68      4       69

PRECIPITATION (IN)
  YESTERDAY        0.01          1.21 1970   0.04  -0.03     0.00
  MONTH TO DATE    0.38                      1.07  -0.69     1.28
  SINCE OCT 1     11.47                     12.09  -0.62     9.37
  SINCE JAN 1      9.18                      9.72  -0.54     7.07

DEGREE DAYS
 HEATING
  YESTERDAY        0                         1     -1        0
  MONTH TO DATE    9                        40    -31        0
  SINCE JUN 1    204                       247    -43      137
  SINCE JUL 1      9                        40    -31        0

 COOLING
  YESTERDAY        7                         4      3        4
  MONTH TO DATE  121                        66     55      129
  SINCE JUN 1    123                        85     38      171
  SINCE JAN 1    128                        86     42      179
..................................................................


WIND (MPH)
  HIGHEST WIND SPEED    37   HIGHEST WIND DIRECTION    SW (210)
  HIGHEST GUST SPEED    47   HIGHEST GUST DIRECTION    SW (210)
  AVERAGE WIND SPEED    12.7


SKY COVER
  POSSIBLE SUNSHINE  MM
  AVERAGE SKY COVER 0.2


WEATHER CONDITIONS
 THE FOLLOWING WEATHER WAS RECORDED YESTERDAY.
  LIGHT RAIN


RELATIVE HUMIDITY (PERCENT)
 HIGHEST    67           900 AM
 LOWEST     33           100 PM
 AVERAGE    50

..........................................................


THE LIVINGSTON MT CLIMATE NORMALS FOR TODAY
                         NORMAL    RECORD    YEAR
 MAXIMUM TEMPERATURE (F)   87        99      2007
                                             2003
                                             1960
 MINIMUM TEMPERATURE (F)   50        40      1954


SUNRISE AND SUNSET
JULY 22 2014..........SUNRISE   554 AM MDT   SUNSET   902 PM MDT
JULY 23 2014..........SUNRISE   555 AM MDT   SUNSET   901 PM MDT


-  INDICATES NEGATIVE NUMBERS.
R  INDICATES RECORD WAS SET OR TIED.
MM INDICATES DATA IS MISSING.
T  INDICATES TRACE AMOUNT.





&&

THIS IS AN AUTOMATED...UNATTENDED WEATHER STATION AND MAY
UNDERESTIMATE WINTER PRECIPITATION.

$$
