000
CDUS45 KBYZ 170723
CLILVM


CLIMATE REPORT
NATIONAL WEATHER SERVICE BILLINGS MT
1223 AM MST WED JAN 17 2018


...................................

...THE LIVINGSTON MT CLIMATE SUMMARY FOR JANUARY 16 2018...

CLIMATE NORMAL PERIOD 1981 TO 2010
CLIMATE RECORD PERIOD 1948 TO 2018


WEATHER ITEM   OBSERVED TIME   RECORD YEAR NORMAL DEPARTURE LAST
                VALUE   (LST)  VALUE       VALUE  FROM      YEAR
                                                  NORMAL
..................................................................
TEMPERATURE (F)
 YESTERDAY
  MAXIMUM         39    829 PM  59    1974  37      2       34
  MINIMUM          9    828 AM -17    1954  17     -8       10
  AVERAGE         24                        27     -3       22

PRECIPITATION (IN)
  YESTERDAY        0.00          0.31 1995   0.02  -0.02     0.00
  MONTH TO DATE    0.40                      0.26   0.14     0.18
  SINCE OCT 1      3.44                      2.63   0.81     4.11
  SINCE JAN 1      0.40                      0.26   0.14     0.18

DEGREE DAYS
 HEATING
  YESTERDAY       41                        38      3       43
  MONTH TO DATE  573                       612    -39      842
  SINCE DEC 1   1786                      1818    -32     2271
  SINCE JUL 1   3609                      3777   -168     3769

 COOLING
  YESTERDAY        0                         0      0        0
  MONTH TO DATE    0                         0      0        0
  SINCE DEC 1      0                         0      0        0
  SINCE JAN 1      0                         0      0        0
..................................................................


WIND (MPH)
  HIGHEST WIND SPEED    33   HIGHEST WIND DIRECTION     W (270)
  HIGHEST GUST SPEED    40   HIGHEST GUST DIRECTION     W (270)
  AVERAGE WIND SPEED    16.7


SKY COVER
  POSSIBLE SUNSHINE  MM
  AVERAGE SKY COVER 0.2


WEATHER CONDITIONS
 THE FOLLOWING WEATHER WAS RECORDED YESTERDAY.
  FOG


RELATIVE HUMIDITY (PERCENT)
 HIGHEST   100          1200 AM
 LOWEST     47          1200 PM
 AVERAGE    74

..........................................................


THE LIVINGSTON MT CLIMATE NORMALS FOR TODAY
                         NORMAL    RECORD    YEAR
 MAXIMUM TEMPERATURE (F)   37        55      1961
 MINIMUM TEMPERATURE (F)   17       -12      1950


SUNRISE AND SUNSET
JANUARY 17 2018.......SUNRISE   757 AM MST   SUNSET   507 PM MST
JANUARY 18 2018.......SUNRISE   757 AM MST   SUNSET   508 PM MST


-  INDICATES NEGATIVE NUMBERS.
R  INDICATES RECORD WAS SET OR TIED.
MM INDICATES DATA IS MISSING.
T  INDICATES TRACE AMOUNT.




$$
