000
CDUS45 KBYZ 210933
CLILVM


CLIMATE REPORT
NATIONAL WEATHER SERVICE BILLINGS MT
332 AM MDT TUE OCT 21 2014


...................................

...THE LIVINGSTON MT CLIMATE SUMMARY FOR OCTOBER 20 2014...

CLIMATE NORMAL PERIOD 1981 TO 2010
CLIMATE RECORD PERIOD 1948 TO 2014


WEATHER ITEM   OBSERVED TIME   RECORD YEAR NORMAL DEPARTURE LAST
                VALUE   (LST)  VALUE       VALUE  FROM      YEAR
                                                  NORMAL
..................................................................
TEMPERATURE (F)
 YESTERDAY
  MAXIMUM         78R   328 PM  78    2003  57     21       56
                                      1974
  MINIMUM         36    433 AM  16    1987  31      5       38
  AVERAGE         57                        44     13       47

PRECIPITATION (IN)
  YESTERDAY        0.00          0.41 1951   0.03  -0.03      T
  MONTH TO DATE    0.23                      0.91  -0.68     1.14
  SINCE OCT 1      0.23                      0.91  -0.68     1.14
  SINCE JAN 1     13.90                     13.35   0.55    10.93

SNOWFALL (IN)
  YESTERDAY       MM             1.0  1979  MM     MM       MM
  MONTH TO DATE   MM                        MM     MM       MM
  SINCE SEP 1     MM                        MM     MM       MM
  SINCE JUL 1     MM                        MM     MM       MM
  SNOW DEPTH      MM

DEGREE DAYS
 HEATING
  YESTERDAY        8                        21    -13       18
  MONTH TO DATE  225                       363   -138      443
  SINCE SEP 1    469                       654   -185      616
  SINCE JUL 1    538                       772   -234      616

 COOLING
  YESTERDAY        0                         0      0        0
  MONTH TO DATE    0                         0      0        0
  SINCE SEP 1     18                        14      4       56
  SINCE JAN 1    321                       229     92      495
..................................................................


WIND (MPH)
  HIGHEST WIND SPEED    24   HIGHEST WIND DIRECTION    SW (210)
  HIGHEST GUST SPEED    31   HIGHEST GUST DIRECTION    SW (210)
  AVERAGE WIND SPEED    10.8


SKY COVER
  POSSIBLE SUNSHINE  MM
  AVERAGE SKY COVER 0.0


WEATHER CONDITIONS
 THE FOLLOWING WEATHER WAS RECORDED YESTERDAY.
  NO SIGNIFICANT WEATHER WAS OBSERVED.


RELATIVE HUMIDITY (PERCENT)
 HIGHEST    70           100 AM
 LOWEST     15           300 PM
 AVERAGE    43

..........................................................


THE LIVINGSTON MT CLIMATE NORMALS FOR TODAY
                         NORMAL    RECORD    YEAR
 MAXIMUM TEMPERATURE (F)   57        81      2003
 MINIMUM TEMPERATURE (F)   31         7      1981


SUNRISE AND SUNSET
OCTOBER 21 2014.......SUNRISE   746 AM MDT   SUNSET   626 PM MDT
OCTOBER 22 2014.......SUNRISE   748 AM MDT   SUNSET   624 PM MDT


-  INDICATES NEGATIVE NUMBERS.
R  INDICATES RECORD WAS SET OR TIED.
MM INDICATES DATA IS MISSING.
T  INDICATES TRACE AMOUNT.





&&

THIS IS AN AUTOMATED...UNATTENDED WEATHER STATION AND MAY
UNDERESTIMATE WINTER PRECIPITATION.

$$
