000
CDUS45 KBYZ 010934
CLILVM


CLIMATE REPORT
NATIONAL WEATHER SERVICE BILLINGS MT
333 AM MDT MON SEP 1 2014


...................................

...THE LIVINGSTON MT CLIMATE SUMMARY FOR AUGUST 31 2014...

CLIMATE NORMAL PERIOD 1981 TO 2010
CLIMATE RECORD PERIOD 1948 TO 2014


WEATHER ITEM   OBSERVED TIME   RECORD YEAR NORMAL DEPARTURE LAST
                VALUE   (LST)  VALUE       VALUE  FROM      YEAR
                                                  NORMAL
..................................................................
TEMPERATURE (F)
 YESTERDAY
  MAXIMUM         69    318 PM 100    1955  79    -10       88
  MINIMUM         46   1115 PM  33    1993  44      2       50
  AVERAGE         58                        62     -4       69

PRECIPITATION (IN)
  YESTERDAY        0.03          0.52 1973   0.04  -0.01     0.00
  MONTH TO DATE    2.69                      1.11   1.58     0.40
  SINCE OCT 1     14.23                     13.60   0.63     9.78
  SINCE JAN 1     11.94                     11.23   0.71     7.48

DEGREE DAYS
 HEATING
  YESTERDAY        7                         5      2        0
  MONTH TO DATE   60                        67     -7        0
  SINCE JUN 1    264                       325    -61      137
  SINCE JUL 1     69                       118    -49        0

 COOLING
  YESTERDAY        0                         1     -1        4
  MONTH TO DATE  123                        86     37      203
  SINCE JUN 1    298                       214     84      431
  SINCE JAN 1    303                       215     88      439
..................................................................


WIND (MPH)
  HIGHEST WIND SPEED    25   HIGHEST WIND DIRECTION    SW (230)
  HIGHEST GUST SPEED    34   HIGHEST GUST DIRECTION    SW (240)
  AVERAGE WIND SPEED    11.0


SKY COVER
  POSSIBLE SUNSHINE  MM
  AVERAGE SKY COVER 0.3


WEATHER CONDITIONS
 THE FOLLOWING WEATHER WAS RECORDED YESTERDAY.
  LIGHT RAIN


RELATIVE HUMIDITY (PERCENT)
 HIGHEST    86           500 AM
 LOWEST     37           300 PM
 AVERAGE    62

..........................................................


THE LIVINGSTON MT CLIMATE NORMALS FOR TODAY
                         NORMAL    RECORD    YEAR
 MAXIMUM TEMPERATURE (F)   79        95      1983
 MINIMUM TEMPERATURE (F)   44        33      2006


SUNRISE AND SUNSET
SEPTEMBER  1 2014.....SUNRISE   643 AM MDT   SUNSET   800 PM MDT
SEPTEMBER  2 2014.....SUNRISE   644 AM MDT   SUNSET   758 PM MDT


-  INDICATES NEGATIVE NUMBERS.
R  INDICATES RECORD WAS SET OR TIED.
MM INDICATES DATA IS MISSING.
T  INDICATES TRACE AMOUNT.





&&

THIS IS AN AUTOMATED...UNATTENDED WEATHER STATION AND MAY
UNDERESTIMATE WINTER PRECIPITATION.

$$
