000
CDUS45 KBYZ 050933
CLILVM


CLIMATE REPORT
NATIONAL WEATHER SERVICE BILLINGS MT
331 AM MDT SAT SEP 5 2015


...................................

...THE LIVINGSTON MT CLIMATE SUMMARY FOR SEPTEMBER 4 2015...

CLIMATE NORMAL PERIOD 1981 TO 2010
CLIMATE RECORD PERIOD 1948 TO 2015


WEATHER ITEM   OBSERVED TIME   RECORD YEAR NORMAL DEPARTURE LAST
                VALUE   (LST)  VALUE       VALUE  FROM      YEAR
                                                  NORMAL
..................................................................
TEMPERATURE (F)
 YESTERDAY
  MAXIMUM         65    401 PM  99    1998  78    -13       66
  MINIMUM         48    524 AM  27    1962  43      5       39
  AVERAGE         57                        60     -3       53

PRECIPITATION (IN)
  YESTERDAY        0.05          0.30 1952   0.03   0.02     0.00
  MONTH TO DATE    0.12                      0.14  -0.02     0.03
  SINCE OCT 1     12.02                     13.74  -1.72    14.26
  SINCE JAN 1     10.23                     11.37  -1.14    11.97

DEGREE DAYS
 HEATING
  YESTERDAY        8                         6      2       12
  MONTH TO DATE    8                        22    -14       27
  SINCE SEP 1      8                        22    -14       27
  SINCE JUL 1     75                       140    -65       96

 COOLING
  YESTERDAY        0                         1     -1        0
  MONTH TO DATE   13                         4      9        0
  SINCE SEP 1     13                         4      9        0
  SINCE JAN 1    355                       219    136      303
..................................................................


WIND (MPH)
  HIGHEST WIND SPEED    25   HIGHEST WIND DIRECTION     E (100)
  HIGHEST GUST SPEED    32   HIGHEST GUST DIRECTION     E (70)
  AVERAGE WIND SPEED    11.8


SKY COVER
  POSSIBLE SUNSHINE  MM
  AVERAGE SKY COVER 0.8


WEATHER CONDITIONS
 THE FOLLOWING WEATHER WAS RECORDED YESTERDAY.
  LIGHT RAIN


RELATIVE HUMIDITY (PERCENT)
 HIGHEST    93           600 AM
 LOWEST     48           400 PM
 AVERAGE    71

..........................................................


THE LIVINGSTON MT CLIMATE NORMALS FOR TODAY
                         NORMAL    RECORD    YEAR
 MAXIMUM TEMPERATURE (F)   77        95      1998
 MINIMUM TEMPERATURE (F)   42        31      1994


SUNRISE AND SUNSET
SEPTEMBER  5 2015.....SUNRISE   648 AM MDT   SUNSET   752 PM MDT
SEPTEMBER  6 2015.....SUNRISE   649 AM MDT   SUNSET   751 PM MDT


-  INDICATES NEGATIVE NUMBERS.
R  INDICATES RECORD WAS SET OR TIED.
MM INDICATES DATA IS MISSING.
T  INDICATES TRACE AMOUNT.





&&

THIS IS AN AUTOMATED...UNATTENDED WEATHER STATION AND MAY
UNDERESTIMATE WINTER PRECIPITATION.

$$
