000
CDUS45 KBYZ 270933
CLILVM


CLIMATE REPORT
NATIONAL WEATHER SERVICE BILLINGS MT
333 AM MDT THU APR 27 2017


...................................

...THE LIVINGSTON MT CLIMATE SUMMARY FOR APRIL 26 2017...

CLIMATE NORMAL PERIOD 1981 TO 2010
CLIMATE RECORD PERIOD 1948 TO 2017


WEATHER ITEM   OBSERVED TIME   RECORD YEAR NORMAL DEPARTURE LAST
                VALUE   (LST)  VALUE       VALUE  FROM      YEAR
                                                  NORMAL
..................................................................
TEMPERATURE (F)
 YESTERDAY
  MAXIMUM         55    308 PM  78    2001  58     -3       43
  MINIMUM         33    237 AM  21    2010  31      2       35
                                      1995
  AVERAGE         44                        45     -1       39

PRECIPITATION (IN)
  YESTERDAY        0.23          1.13 1984   0.07   0.16      T
  MONTH TO DATE    1.98                      1.48   0.50     1.16
  SINCE OCT 1      8.44                      5.68   2.76     6.28
  SINCE JAN 1      4.51                      3.31   1.20     2.58

DEGREE DAYS
 HEATING
  YESTERDAY       21                        20      1       26
  MONTH TO DATE  535                       611    -76      423
  SINCE MAR 1   1254                      1522   -268     1200
  SINCE JUL 1   6480                      6870   -390     5803

 COOLING
  YESTERDAY        0                         0      0        0
  MONTH TO DATE    0                         0      0        0
  SINCE MAR 1      0                         0      0        0
  SINCE JAN 1      0                         0      0        0
..................................................................


WIND (MPH)
  HIGHEST WIND SPEED    32   HIGHEST WIND DIRECTION     W (260)
  HIGHEST GUST SPEED    38   HIGHEST GUST DIRECTION     W (270)
  AVERAGE WIND SPEED     6.0


SKY COVER
  POSSIBLE SUNSHINE  MM
  AVERAGE SKY COVER 0.9


WEATHER CONDITIONS
 THE FOLLOWING WEATHER WAS RECORDED YESTERDAY.
  THUNDERSTORM
  RAIN
  LIGHT RAIN
  LIGHT SNOW
  FOG
  HAZE


RELATIVE HUMIDITY (PERCENT)
 HIGHEST   100           100 AM
 LOWEST     46           300 PM
 AVERAGE    73

..........................................................


THE LIVINGSTON MT CLIMATE NORMALS FOR TODAY
                         NORMAL    RECORD    YEAR
 MAXIMUM TEMPERATURE (F)   59        83      1987
 MINIMUM TEMPERATURE (F)   31        20      1994


SUNRISE AND SUNSET
APRIL 27 2017.........SUNRISE   615 AM MDT   SUNSET   824 PM MDT
APRIL 28 2017.........SUNRISE   614 AM MDT   SUNSET   826 PM MDT


-  INDICATES NEGATIVE NUMBERS.
R  INDICATES RECORD WAS SET OR TIED.
MM INDICATES DATA IS MISSING.
T  INDICATES TRACE AMOUNT.





&&

THIS IS AN AUTOMATED...UNATTENDED WEATHER STATION AND MAY
UNDERESTIMATE WINTER PRECIPITATION.

$$
