000
CDUS45 KBYZ 161034
CLILVM


CLIMATE REPORT
NATIONAL WEATHER SERVICE BILLINGS MT
333 AM MST MON JAN 16 2017


...................................

...THE LIVINGSTON MT CLIMATE SUMMARY FOR JANUARY 15 2017...

CLIMATE NORMAL PERIOD 1981 TO 2010
CLIMATE RECORD PERIOD 1948 TO 2017


WEATHER ITEM   OBSERVED TIME   RECORD YEAR NORMAL DEPARTURE LAST
                VALUE   (LST)  VALUE       VALUE  FROM      YEAR
                                                  NORMAL
..................................................................
TEMPERATURE (F)
 YESTERDAY
  MAXIMUM         32   1131 AM  56    1974  37     -5       30
  MINIMUM          9   1226 AM -22    2005  17     -8       24
  AVERAGE         21                        27     -6       27

PRECIPITATION (IN)
  YESTERDAY        0.00          0.29 1977   0.02  -0.02     0.00
  MONTH TO DATE    0.18                      0.24  -0.06     0.02
  SINCE OCT 1      4.11                      2.61   1.50     3.72
  SINCE JAN 1      0.18                      0.24  -0.06     0.02

DEGREE DAYS
 HEATING
  YESTERDAY       44                        38      6       38
  MONTH TO DATE  799                       574    225      585
  SINCE DEC 1   2228                      1780    448     1716
  SINCE JUL 1   3726                      3739    -13     3393

 COOLING
  YESTERDAY        0                         0      0        0
  MONTH TO DATE    0                         0      0        0
  SINCE DEC 1      0                         0      0        0
  SINCE JAN 1      0                         0      0        0
..................................................................


WIND (MPH)
  HIGHEST WIND SPEED    30   HIGHEST WIND DIRECTION     W (260)
  HIGHEST GUST SPEED    36   HIGHEST GUST DIRECTION     W (260)
  AVERAGE WIND SPEED    18.2


SKY COVER
  POSSIBLE SUNSHINE  MM
  AVERAGE SKY COVER 0.0


WEATHER CONDITIONS
 THE FOLLOWING WEATHER WAS RECORDED YESTERDAY.
  NO SIGNIFICANT WEATHER WAS OBSERVED.


RELATIVE HUMIDITY (PERCENT)
 HIGHEST    61          1000 PM
 LOWEST     43          1100 AM
 AVERAGE    52

..........................................................


THE LIVINGSTON MT CLIMATE NORMALS FOR TODAY
                         NORMAL    RECORD    YEAR
 MAXIMUM TEMPERATURE (F)   37        59      1974
 MINIMUM TEMPERATURE (F)   17       -17      1954


SUNRISE AND SUNSET
JANUARY 16 2017.......SUNRISE   758 AM MST   SUNSET   506 PM MST
JANUARY 17 2017.......SUNRISE   757 AM MST   SUNSET   507 PM MST


-  INDICATES NEGATIVE NUMBERS.
R  INDICATES RECORD WAS SET OR TIED.
MM INDICATES DATA IS MISSING.
T  INDICATES TRACE AMOUNT.





&&

THIS IS AN AUTOMATED...UNATTENDED WEATHER STATION AND MAY
UNDERESTIMATE WINTER PRECIPITATION.

$$
