000
CDUS45 KBYZ 210724
CLILVM


CLIMATE REPORT
NATIONAL WEATHER SERVICE BILLINGS MT
123 AM MDT MON AUG 21 2017


...................................

...THE LIVINGSTON MT CLIMATE SUMMARY FOR AUGUST 20 2017...

CLIMATE NORMAL PERIOD 1981 TO 2010
CLIMATE RECORD PERIOD 1948 TO 2017


WEATHER ITEM   OBSERVED TIME   RECORD YEAR NORMAL DEPARTURE LAST
                VALUE   (LST)  VALUE       VALUE  FROM      YEAR
                                                  NORMAL
..................................................................
TEMPERATURE (F)
 YESTERDAY
  MAXIMUM         84    316 PM  96    1971  83      1       81
  MINIMUM         44    534 AM  38    1956  47     -3       42
  AVERAGE         64                        65     -1       62

PRECIPITATION (IN)
  YESTERDAY        0.00          0.99 1965   0.04  -0.04     0.00
  MONTH TO DATE    0.68                      0.72  -0.04     1.11
  SINCE OCT 1     14.78                     13.21   1.57    12.00
  SINCE JAN 1     10.85                     10.84   0.01     8.30

DEGREE DAYS
 HEATING
  YESTERDAY        1                         2     -1        3
  MONTH TO DATE   17                        28    -11       21
  SINCE JUN 1    177                       285   -108      132
  SINCE JUL 1     19                        78    -59       54

 COOLING
  YESTERDAY        0                         2     -2        0
  MONTH TO DATE   28                        69    -41       63
  SINCE JUN 1    284                       197     87      285
  SINCE JAN 1    284                       198     86      285
..................................................................


WIND (MPH)
  HIGHEST WIND SPEED    23   HIGHEST WIND DIRECTION     W (270)
  HIGHEST GUST SPEED    27   HIGHEST GUST DIRECTION     W (280)
  AVERAGE WIND SPEED     8.0


SKY COVER
  POSSIBLE SUNSHINE  MM
  AVERAGE SKY COVER 0.0


WEATHER CONDITIONS
 THE FOLLOWING WEATHER WAS RECORDED YESTERDAY.
  NO SIGNIFICANT WEATHER WAS OBSERVED.


RELATIVE HUMIDITY (PERCENT)
 HIGHEST    71           600 AM
 LOWEST     11           200 PM
 AVERAGE    41

..........................................................


THE LIVINGSTON MT CLIMATE NORMALS FOR TODAY
                         NORMAL    RECORD    YEAR
 MAXIMUM TEMPERATURE (F)   83        98      2010
 MINIMUM TEMPERATURE (F)   46        38      1984


SUNRISE AND SUNSET
AUGUST 21 2017........SUNRISE   630 AM MDT   SUNSET   819 PM MDT
AUGUST 22 2017........SUNRISE   631 AM MDT   SUNSET   817 PM MDT


-  INDICATES NEGATIVE NUMBERS.
R  INDICATES RECORD WAS SET OR TIED.
MM INDICATES DATA IS MISSING.
T  INDICATES TRACE AMOUNT.




$$
