000
CDUS45 KBYZ 010932
CLILVM


CLIMATE REPORT
NATIONAL WEATHER SERVICE BILLINGS MT
331 AM MDT WED JUL 1 2015


...................................

...THE LIVINGSTON MT CLIMATE SUMMARY FOR JUNE 30 2015...

CLIMATE NORMAL PERIOD 1981 TO 2010
CLIMATE RECORD PERIOD 1948 TO 2015


WEATHER ITEM   OBSERVED TIME   RECORD YEAR NORMAL DEPARTURE LAST
                VALUE   (LST)  VALUE       VALUE  FROM      YEAR
                                                  NORMAL
..................................................................
TEMPERATURE (F)
 YESTERDAY
  MAXIMUM         93    330 PM  99    1990  79     14       69
  MINIMUM         60    312 AM  35    1951  47     13       44
  AVERAGE         77                        63     14       57

PRECIPITATION (IN)
  YESTERDAY        0.07          0.51 1992   0.06   0.01     0.00
  MONTH TO DATE    0.92                      2.39  -1.47     2.30
  SINCE OCT 1      9.48                     11.02  -1.54    11.09
  SINCE JAN 1      7.69                      8.65  -0.96     8.80

DEGREE DAYS
 HEATING
  YESTERDAY        0                         3     -3        8
  MONTH TO DATE   54                       207   -153      195
  SINCE JUN 1     54                       207   -153      195
  SINCE JUL 1   6341                      7603  -1262     7356

 COOLING
  YESTERDAY       12                         2     10        0
  MONTH TO DATE   99                        19     80        2
  SINCE JUN 1     99                        19     80        2
  SINCE JAN 1    100                        20     80        7
..................................................................


WIND (MPH)
  HIGHEST WIND SPEED    25   HIGHEST WIND DIRECTION     W (270)
  HIGHEST GUST SPEED    34   HIGHEST GUST DIRECTION     W (270)
  AVERAGE WIND SPEED    12.8


SKY COVER
  POSSIBLE SUNSHINE  MM
  AVERAGE SKY COVER 0.1


WEATHER CONDITIONS
 THE FOLLOWING WEATHER WAS RECORDED YESTERDAY.
  LIGHT RAIN
  FOG


RELATIVE HUMIDITY (PERCENT)
 HIGHEST    90          1200 AM
 LOWEST     21           200 PM
 AVERAGE    56

..........................................................


THE LIVINGSTON MT CLIMATE NORMALS FOR TODAY
                         NORMAL    RECORD    YEAR
 MAXIMUM TEMPERATURE (F)   80        96      2012
                                             1990
 MINIMUM TEMPERATURE (F)   47        38      2014
                                             1968


SUNRISE AND SUNSET
JULY  1 2015..........SUNRISE   536 AM MDT   SUNSET   915 PM MDT
JULY  2 2015..........SUNRISE   537 AM MDT   SUNSET   915 PM MDT


-  INDICATES NEGATIVE NUMBERS.
R  INDICATES RECORD WAS SET OR TIED.
MM INDICATES DATA IS MISSING.
T  INDICATES TRACE AMOUNT.





&&

THIS IS AN AUTOMATED...UNATTENDED WEATHER STATION AND MAY
UNDERESTIMATE WINTER PRECIPITATION.

$$
