000
CDUS45 KBYZ 240855
CLILVM


CLIMATE REPORT
NATIONAL WEATHER SERVICE BILLINGS MT
248 AM MDT TUE OCT 24 2017


...................................

...THE LIVINGSTON MT CLIMATE SUMMARY FOR OCTOBER 23 2017...

CLIMATE NORMAL PERIOD 1981 TO 2010
CLIMATE RECORD PERIOD 1948 TO 2017


WEATHER ITEM   OBSERVED TIME   RECORD YEAR NORMAL DEPARTURE LAST
                VALUE   (LST)  VALUE       VALUE  FROM      YEAR
                                                  NORMAL
..................................................................
TEMPERATURE (F)
 YESTERDAY
  MAXIMUM         55    228 PM  76    1948  56     -1       61
  MINIMUM         38    724 PM   9    1957  30      8       32
  AVERAGE         47                        43      4       47

PRECIPITATION (IN)
  YESTERDAY        0.00          0.38 1972   0.03  -0.03     0.00
  MONTH TO DATE    0.22                      1.01  -0.79     1.86
  SINCE OCT 1      0.22                      1.01  -0.79     1.86
  SINCE JAN 1     14.01                     13.45   0.56    11.85

DEGREE DAYS
 HEATING
  YESTERDAY       18                        22     -4       18
  MONTH TO DATE  410                       429    -19      398
  SINCE SEP 1    726                       720      6      660
  SINCE JUL 1    749                       838    -89      748

 COOLING
  YESTERDAY        0                         0      0        0
  MONTH TO DATE    1                         0      1        0
  SINCE SEP 1     53                        14     39       17
  SINCE JAN 1    397                       229    168      329
..................................................................


WIND (MPH)
  HIGHEST WIND SPEED    39   HIGHEST WIND DIRECTION     W (250)
  HIGHEST GUST SPEED    49   HIGHEST GUST DIRECTION     W (250)
  AVERAGE WIND SPEED    19.8


SKY COVER
  POSSIBLE SUNSHINE  MM
  AVERAGE SKY COVER 0.1


WEATHER CONDITIONS
 THE FOLLOWING WEATHER WAS RECORDED YESTERDAY.
  NO SIGNIFICANT WEATHER WAS OBSERVED.


RELATIVE HUMIDITY (PERCENT)
 HIGHEST    49           400 AM
 LOWEST     26          1200 PM
 AVERAGE    38

..........................................................


THE LIVINGSTON MT CLIMATE NORMALS FOR TODAY
                         NORMAL    RECORD    YEAR
 MAXIMUM TEMPERATURE (F)   55        78      2007
 MINIMUM TEMPERATURE (F)   30        11      1975


SUNRISE AND SUNSET
OCTOBER 24 2017.......SUNRISE   751 AM MDT   SUNSET   620 PM MDT
OCTOBER 25 2017.......SUNRISE   752 AM MDT   SUNSET   619 PM MDT


-  INDICATES NEGATIVE NUMBERS.
R  INDICATES RECORD WAS SET OR TIED.
MM INDICATES DATA IS MISSING.
T  INDICATES TRACE AMOUNT.




$$
