000
CDUS45 KBYZ 132233
CLILVM


CLIMATE REPORT
NATIONAL WEATHER SERVICE BILLINGS MT
431 PM MDT SUN JUL 13 2014


...................................

...THE LIVINGSTON MT CLIMATE SUMMARY FOR JULY 13 2014...
VALID TODAY AS OF 0400 PM LOCAL TIME.

CLIMATE NORMAL PERIOD 1981 TO 2010
CLIMATE RECORD PERIOD 1948 TO 2014


WEATHER ITEM   OBSERVED TIME   RECORD YEAR NORMAL DEPARTURE LAST
                VALUE   (LST)  VALUE       VALUE  FROM      YEAR
                                                  NORMAL
..................................................................
TEMPERATURE (F)
 TODAY
  MAXIMUM         91    301 PM 103    2002  84      7       86
  MINIMUM         53    508 AM  35    1965  49      4       51
  AVERAGE         72                        67      5       69

PRECIPITATION (IN)
  TODAY            0.00          0.87 1970   0.05  -0.05      T
  MONTH TO DATE    0.23                      0.68  -0.45     1.23
  SINCE OCT 1     11.32                     11.70  -0.38     9.32
  SINCE JAN 1      9.03                      9.33  -0.30     7.02

DEGREE DAYS
 HEATING
  TODAY            0                         2     -2        0
  MONTH TO DATE    9                        31    -22        0
  SINCE JUN 1    204                       238    -34      137
  SINCE JUL 1      9                        31    -22        0

 COOLING
  TODAY            7                         4      3        4
  MONTH TO DATE   70                        34     36       86
  SINCE JUN 1     72                        53     19      128
  SINCE JAN 1     77                        54     23      136
..................................................................


WIND (MPH)
  HIGHEST WIND SPEED    12   HIGHEST WIND DIRECTION     W (280)
  HIGHEST GUST SPEED    14   HIGHEST GUST DIRECTION     W (290)
  AVERAGE WIND SPEED    MM


SKY COVER
  POSSIBLE SUNSHINE  MM
  AVERAGE SKY COVER  MM


WEATHER CONDITIONS
 THE FOLLOWING WEATHER WAS RECORDED TODAY.
  NO SIGNIFICANT WEATHER WAS OBSERVED.


RELATIVE HUMIDITY (PERCENT)
 HIGHEST    MM
 LOWEST     MM
 AVERAGE    MM

..........................................................


THE LIVINGSTON MT CLIMATE NORMALS FOR TOMORROW
                         NORMAL    RECORD    YEAR
 MAXIMUM TEMPERATURE (F)   85       104      2000
 MINIMUM TEMPERATURE (F)   49        40      1977


SUNRISE AND SUNSET
JULY 13 2014..........SUNRISE   545 AM MDT   SUNSET   909 PM MDT
JULY 14 2014..........SUNRISE   546 AM MDT   SUNSET   909 PM MDT


-  INDICATES NEGATIVE NUMBERS.
R  INDICATES RECORD WAS SET OR TIED.
MM INDICATES DATA IS MISSING.
T  INDICATES TRACE AMOUNT.





&&

THIS IS AN AUTOMATED...UNATTENDED WEATHER STATION AND MAY
UNDERESTIMATE WINTER PRECIPITATION.

$$
