000
CDUS45 KBYZ 210932
CLILVM


CLIMATE REPORT
NATIONAL WEATHER SERVICE BILLINGS MT
330 AM MDT SUN SEP 21 2014


...................................

...THE LIVINGSTON MT CLIMATE SUMMARY FOR SEPTEMBER 20 2014...

CLIMATE NORMAL PERIOD 1981 TO 2010
CLIMATE RECORD PERIOD 1948 TO 2014


WEATHER ITEM   OBSERVED TIME   RECORD YEAR NORMAL DEPARTURE LAST
                VALUE   (LST)  VALUE       VALUE  FROM      YEAR
                                                  NORMAL
..................................................................
TEMPERATURE (F)
 YESTERDAY
  MAXIMUM         79    344 PM  86    1956  70      9       76
  MINIMUM         46    735 AM  18    1983  38      8       34
  AVERAGE         63                        54      9       55

PRECIPITATION (IN)
  YESTERDAY        0.00          0.59 1970   0.04  -0.04     0.00
  MONTH TO DATE    0.59                      0.76  -0.17     1.49
  SINCE OCT 1     14.82                     14.36   0.46    11.27
  SINCE JAN 1     12.53                     11.99   0.54     8.97

DEGREE DAYS
 HEATING
  YESTERDAY        2                        11     -9       10
  MONTH TO DATE  175                       158     17       51
  SINCE SEP 1    175                       158     17       51
  SINCE JUL 1    244                       276    -32       51

 COOLING
  YESTERDAY        0                         0      0        0
  MONTH TO DATE    4                        13     -9       56
  SINCE SEP 1      4                        13     -9       56
  SINCE JAN 1    307                       228     79      495
..................................................................


WIND (MPH)
  HIGHEST WIND SPEED    16   HIGHEST WIND DIRECTION     E (70)
  HIGHEST GUST SPEED    22   HIGHEST GUST DIRECTION     E (80)
  AVERAGE WIND SPEED     7.9


SKY COVER
  POSSIBLE SUNSHINE  MM
  AVERAGE SKY COVER 0.0


WEATHER CONDITIONS
 THE FOLLOWING WEATHER WAS RECORDED YESTERDAY.
  NO SIGNIFICANT WEATHER WAS OBSERVED.


RELATIVE HUMIDITY (PERCENT)
 HIGHEST    77           200 AM
 LOWEST     19           300 PM
 AVERAGE    48

..........................................................


THE LIVINGSTON MT CLIMATE NORMALS FOR TODAY
                         NORMAL    RECORD    YEAR
 MAXIMUM TEMPERATURE (F)   70        87      1967
 MINIMUM TEMPERATURE (F)   38        19      1995


SUNRISE AND SUNSET
SEPTEMBER 21 2014.....SUNRISE   708 AM MDT   SUNSET   721 PM MDT
SEPTEMBER 22 2014.....SUNRISE   709 AM MDT   SUNSET   719 PM MDT


-  INDICATES NEGATIVE NUMBERS.
R  INDICATES RECORD WAS SET OR TIED.
MM INDICATES DATA IS MISSING.
T  INDICATES TRACE AMOUNT.





&&

THIS IS AN AUTOMATED...UNATTENDED WEATHER STATION AND MAY
UNDERESTIMATE WINTER PRECIPITATION.

$$
