000
CDUS45 KBYZ 242226
CLILVM


CLIMATE REPORT
NATIONAL WEATHER SERVICE BILLINGS MT
421 PM MDT TUE MAY 24 2016


...................................

...THE LIVINGSTON MT CLIMATE SUMMARY FOR MAY 24 2016...
VALID TODAY AS OF 0400 PM LOCAL TIME.

CLIMATE NORMAL PERIOD 1981 TO 2010
CLIMATE RECORD PERIOD 1948 TO 2016


WEATHER ITEM   OBSERVED TIME   RECORD YEAR NORMAL DEPARTURE LAST
                VALUE   (LST)  VALUE       VALUE  FROM      YEAR
                                                  NORMAL
..................................................................
TEMPERATURE (F)
 TODAY
  MAXIMUM         59    259 PM  86    1988  67     -8       60
  MINIMUM         41    507 AM  27    2007  39      2       44
  AVERAGE         50                        53     -3       52

PRECIPITATION (IN)
  TODAY            T             2.08 2011   0.09  -0.09     0.05
  MONTH TO DATE    1.80                      1.97  -0.17     3.29
  SINCE OCT 1      8.16                      7.94   0.22     7.77
  SINCE JAN 1      4.46                      5.57  -1.11     5.98

DEGREE DAYS
 HEATING
  TODAY           15                        12      3       13
  MONTH TO DATE  333                       368    -35      397
  SINCE MAR 1   1632                      1968   -336     1625
  SINCE JUL 1   6235                      7316  -1081     6239

 COOLING
  TODAY            0                         0      0        0
  MONTH TO DATE    0                         0      0        0
  SINCE MAR 1      0                         0      0        0
  SINCE JAN 1      0                         0      0        0
..................................................................


WIND (MPH)
  HIGHEST WIND SPEED    13   HIGHEST WIND DIRECTION     N (350)
  HIGHEST GUST SPEED    17   HIGHEST GUST DIRECTION    NW (310)
  AVERAGE WIND SPEED     5.5


SKY COVER
  POSSIBLE SUNSHINE  MM
  AVERAGE SKY COVER 0.7


WEATHER CONDITIONS
 THE FOLLOWING WEATHER WAS RECORDED TODAY.
  NO SIGNIFICANT WEATHER WAS OBSERVED.


RELATIVE HUMIDITY (PERCENT)
 HIGHEST    79           500 AM
 LOWEST     47           200 PM
 AVERAGE    63

..........................................................


THE LIVINGSTON MT CLIMATE NORMALS FOR TOMORROW
                         NORMAL    RECORD    YEAR
 MAXIMUM TEMPERATURE (F)   67        86      1999
 MINIMUM TEMPERATURE (F)   39        26      2004


SUNRISE AND SUNSET
MAY 24 2016...........SUNRISE   541 AM MDT   SUNSET   857 PM MDT
MAY 25 2016...........SUNRISE   540 AM MDT   SUNSET   858 PM MDT


-  INDICATES NEGATIVE NUMBERS.
R  INDICATES RECORD WAS SET OR TIED.
MM INDICATES DATA IS MISSING.
T  INDICATES TRACE AMOUNT.





&&

THIS IS AN AUTOMATED...UNATTENDED WEATHER STATION AND MAY
UNDERESTIMATE WINTER PRECIPITATION.

$$
