000
CDUS45 KBYZ 191035
CLILVM


CLIMATE REPORT
NATIONAL WEATHER SERVICE BILLINGS MT
333 AM MST FRI DEC 19 2014


...................................

...THE LIVINGSTON MT CLIMATE SUMMARY FOR DECEMBER 18 2014...

CLIMATE NORMAL PERIOD 1981 TO 2010
CLIMATE RECORD PERIOD 1948 TO 2014


WEATHER ITEM   OBSERVED TIME   RECORD YEAR NORMAL DEPARTURE LAST
                VALUE   (LST)  VALUE       VALUE  FROM      YEAR
                                                  NORMAL
..................................................................
TEMPERATURE (F)
 YESTERDAY
  MAXIMUM         43    228 PM  57    1979  35      8       50
  MINIMUM         29   1200 AM -20    1983  16     13       28
  AVERAGE         36                        26     10       39

PRECIPITATION (IN)
  YESTERDAY        0.00          0.16        0.01  -0.01     0.08
  MONTH TO DATE    0.11                      0.33  -0.22     0.35
  SINCE OCT 1      1.49                      2.18  -0.69     1.86
  SINCE JAN 1     15.16                     14.62   0.54    11.65

DEGREE DAYS
 HEATING
  YESTERDAY       29                        40    -11       26
  MONTH TO DATE  499                       695   -196      793
  SINCE DEC 1    499                       695   -196      793
  SINCE JUL 1   2237                      2654   -417     2500

 COOLING
  YESTERDAY        0                         0      0        0
  MONTH TO DATE    0                         0      0        0
  SINCE DEC 1      0                         0      0        0
  SINCE JAN 1    321                       230     91      495
..................................................................


WIND (MPH)
  HIGHEST WIND SPEED    38   HIGHEST WIND DIRECTION     S (200)
  HIGHEST GUST SPEED    43   HIGHEST GUST DIRECTION     S (200)
  AVERAGE WIND SPEED    21.9


SKY COVER
  POSSIBLE SUNSHINE  MM
  AVERAGE SKY COVER 0.4


WEATHER CONDITIONS
 THE FOLLOWING WEATHER WAS RECORDED YESTERDAY.
  NO SIGNIFICANT WEATHER WAS OBSERVED.


RELATIVE HUMIDITY (PERCENT)
 HIGHEST    68          1200 AM
 LOWEST     39           400 PM
 AVERAGE    54

..........................................................


THE LIVINGSTON MT CLIMATE NORMALS FOR TODAY
                         NORMAL    RECORD    YEAR
 MAXIMUM TEMPERATURE (F)   35        58      1979
 MINIMUM TEMPERATURE (F)   16       -22      1990


SUNRISE AND SUNSET
DECEMBER 19 2014......SUNRISE   758 AM MST   SUNSET   439 PM MST
DECEMBER 20 2014......SUNRISE   759 AM MST   SUNSET   440 PM MST


-  INDICATES NEGATIVE NUMBERS.
R  INDICATES RECORD WAS SET OR TIED.
MM INDICATES DATA IS MISSING.
T  INDICATES TRACE AMOUNT.





&&

THIS IS AN AUTOMATED...UNATTENDED WEATHER STATION AND MAY
UNDERESTIMATE WINTER PRECIPITATION.

$$
