000
CDUS43 KTOP 020636
CLILWC


CLIMATE REPORT
NATIONAL WEATHER SERVICE TOPEKA KS
136 AM CDT WED SEP 2 2015


...................................

...THE LAWRENCE KS CLIMATE SUMMARY FOR SEPTEMBER 1 2015...

CLIMATE NORMAL PERIOD 1981 TO 2010
CLIMATE RECORD PERIOD 9999 TO 9999


WEATHER ITEM   OBSERVED NORMAL DEPARTURE LAST
                VALUE   VALUE  FROM      YEAR
                               NORMAL
...............................................
TEMPERATURE (F)
 YESTERDAY
  MAXIMUM         91     87      4       MM
  MINIMUM         70     61      9       MM
  AVERAGE         81     74      7       MM

PRECIPITATION (IN)
  YESTERDAY        0.00   0.18  -0.18     1.00
  MONTH TO DATE    0.00   0.18  -0.18     1.00
  SINCE SEP 1      0.00   0.18  -0.18     1.00
  SINCE JAN 1     29.92  28.04   1.88    25.45

DEGREE DAYS
 HEATING
  YESTERDAY        0      0      0       MM
  MONTH TO DATE    0      0      0       MM
  SINCE SEP 1      0      0      0       MM
  SINCE JUL 1      2      3     -1        1

 COOLING
  YESTERDAY       16      9      7       MM
  MONTH TO DATE   16      9      7       MM
  SINCE SEP 1     16      9      7       MM
  SINCE JAN 1   1145   1200    -55     1307
...............................................


WIND (MPH)
  HIGHEST WIND SPEED    20   HIGHEST WIND DIRECTION     S (160)
  HIGHEST GUST SPEED    26   HIGHEST GUST DIRECTION     S (170)
  AVERAGE WIND SPEED     8.7


SKY COVER
  AVERAGE SKY COVER 0.0


WEATHER CONDITIONS
 THE FOLLOWING WEATHER WAS RECORDED YESTERDAY.
  FOG
  HAZE


RELATIVE HUMIDITY (PERCENT)
 HIGHEST    97
 LOWEST     47
 AVERAGE    72

..........................................................


THE LAWRENCE KS CLIMATE NORMALS FOR TODAY
                         NORMAL
 MAXIMUM TEMPERATURE (F)   86
 MINIMUM TEMPERATURE (F)   61


SUNRISE AND SUNSET
SEPTEMBER  2 2015.....SUNRISE   650 AM CDT   SUNSET   750 PM CDT
SEPTEMBER  3 2015.....SUNRISE   651 AM CDT   SUNSET   749 PM CDT


-  INDICATES NEGATIVE NUMBERS.
R  INDICATES RECORD WAS SET OR TIED.
MM INDICATES DATA IS MISSING.
T  INDICATES TRACE AMOUNT.




$$
