000
CDUS43 KTOP 202233
CLILWC


CLIMATE REPORT
NATIONAL WEATHER SERVICE TOPEKA KS
433 PM CST SAT DEC 20 2014


...................................

...THE LAWRENCE KS CLIMATE SUMMARY FOR DECEMBER 20 2014...
VALID TODAY AS OF 430 PM LOCAL TIME.

CLIMATE NORMAL PERIOD 1981 TO 2010
CLIMATE RECORD PERIOD 9999 TO 9999


WEATHER ITEM   OBSERVED NORMAL DEPARTURE LAST
                VALUE   VALUE  FROM      YEAR
                               NORMAL
...............................................
TEMPERATURE (F)
 TODAY
  MAXIMUM         49     40      9       39
  MINIMUM         32     20     12       21
  AVERAGE         41     30     11       30

PRECIPITATION (IN)
  TODAY            0.00   0.05  -0.05     0.00
  MONTH TO DATE    1.69   0.90   0.79     0.10
  SINCE DEC 1      1.69   0.90   0.79     0.10
  SINCE JAN 1     36.70  37.98  -1.28    28.05

DEGREE DAYS
 HEATING
  TODAY           24     35    -11       35
  MONTH TO DATE  562    644    -82      689
  SINCE DEC 1    562    644    -82      689
  SINCE JUL 1   1742   1652     90     1719

 COOLING
  TODAY            0      0      0        0
  MONTH TO DATE    0      0      0        0
  SINCE DEC 1      0      0      0        0
  SINCE JAN 1   1426   1371     55     1492
...............................................


WIND (MPH)
  HIGHEST WIND SPEED    17   HIGHEST WIND DIRECTION    SW (210)
  HIGHEST GUST SPEED    20   HIGHEST GUST DIRECTION    SW (210)
  AVERAGE WIND SPEED     8.9



WEATHER CONDITIONS
 THE FOLLOWING WEATHER WAS RECORDED TODAY.
  FOG


RELATIVE HUMIDITY (PERCENT)
 HIGHEST    89
 LOWEST     66
 AVERAGE    78

..........................................................


THE LAWRENCE KS CLIMATE NORMALS FOR TOMORROW
                         NORMAL
 MAXIMUM TEMPERATURE (F)   40
 MINIMUM TEMPERATURE (F)   20


SUNRISE AND SUNSET
DECEMBER 20 2014......SUNRISE   736 AM CST   SUNSET   501 PM CST
DECEMBER 21 2014......SUNRISE   736 AM CST   SUNSET   502 PM CST


-  INDICATES NEGATIVE NUMBERS.
R  INDICATES RECORD WAS SET OR TIED.
MM INDICATES DATA IS MISSING.
T  INDICATES TRACE AMOUNT.




$$
