300
CDUS43 KTOP 180638
CLILWC


CLIMATE REPORT
NATIONAL WEATHER SERVICE TOPEKA KS
1236 AM CST MON DEC 18 2017


...................................

...THE LAWRENCE KS CLIMATE SUMMARY FOR DECEMBER 17 2017...

CLIMATE NORMAL PERIOD 1981 TO 2010
CLIMATE RECORD PERIOD 9999 TO 9999


WEATHER ITEM   OBSERVED NORMAL DEPARTURE LAST
                VALUE   VALUE  FROM      YEAR
                               NORMAL
...............................................
TEMPERATURE (F)
 YESTERDAY
  MAXIMUM         50     41      9       31
  MINIMUM         41     21     20        2
  AVERAGE         46     31     15       17

PRECIPITATION (IN)
  YESTERDAY        0.22   0.04   0.18    MM
  MONTH TO DATE    0.22   0.76  -0.54     0.66
  SINCE DEC 1      0.22   0.76  -0.54     0.66
  SINCE JAN 1     34.35  37.84  -3.49    32.25

DEGREE DAYS
 HEATING
  YESTERDAY       19     34    -15       48
  MONTH TO DATE  444    540    -96      646
  SINCE DEC 1    444    540    -96      646
  SINCE JUL 1   1334   1548   -214     1290

 COOLING
  YESTERDAY        0      0      0        0
  MONTH TO DATE    0      0      0        0
  SINCE DEC 1      0      0      0        0
  SINCE JAN 1   1327   1371    -44     1599
...............................................


WIND (MPH)
  HIGHEST WIND SPEED    13   HIGHEST WIND DIRECTION     S (200)
  HIGHEST GUST SPEED    17   HIGHEST GUST DIRECTION     S (180)
  AVERAGE WIND SPEED     6.2


SKY COVER
  AVERAGE SKY COVER 0.8


WEATHER CONDITIONS
 THE FOLLOWING WEATHER WAS RECORDED YESTERDAY.
  LIGHT RAIN
  FOG


RELATIVE HUMIDITY (PERCENT)
 HIGHEST   100
 LOWEST     53
 AVERAGE    77

..........................................................


THE LAWRENCE KS CLIMATE NORMALS FOR TODAY
                         NORMAL
 MAXIMUM TEMPERATURE (F)   41
 MINIMUM TEMPERATURE (F)   21


SUNRISE AND SUNSET
DECEMBER 18 2017......SUNRISE   735 AM CST   SUNSET   501 PM CST
DECEMBER 19 2017......SUNRISE   735 AM CST   SUNSET   501 PM CST


-  INDICATES NEGATIVE NUMBERS.
R  INDICATES RECORD WAS SET OR TIED.
MM INDICATES DATA IS MISSING.
T  INDICATES TRACE AMOUNT.




$$
