000
CDUS43 KTOP 270634
CLILWC


CLIMATE REPORT
NATIONAL WEATHER SERVICE TOPEKA KS
133 AM CDT TUE SEP 27 2016


...................................

...THE LAWRENCE KS CLIMATE SUMMARY FOR SEPTEMBER 26 2016...

CLIMATE NORMAL PERIOD 1981 TO 2010
CLIMATE RECORD PERIOD 9999 TO 9999


WEATHER ITEM   OBSERVED NORMAL DEPARTURE LAST
                VALUE   VALUE  FROM      YEAR
                               NORMAL
...............................................
TEMPERATURE (F)
 YESTERDAY
  MAXIMUM         74     77     -3       83
  MINIMUM         45     51     -6       52
  AVERAGE         60     64     -4       68

PRECIPITATION (IN)
  YESTERDAY        0.00   0.13  -0.13     0.00
  MONTH TO DATE    6.12   3.66   2.46     3.21
  SINCE SEP 1      6.12   3.66   2.46     3.21
  SINCE JAN 1     29.71  31.52  -1.81    33.13

DEGREE DAYS
 HEATING
  YESTERDAY        5      4      1        0
  MONTH TO DATE   11     40    -29       16
  SINCE SEP 1     11     40    -29       16
  SINCE JUL 1     11     43    -32       18

 COOLING
  YESTERDAY        0      3     -3        3
  MONTH TO DATE  221    143     78      242
  SINCE SEP 1    221    143     78      242
  SINCE JAN 1   1538   1334    204     1371
...............................................


WIND (MPH)
  HIGHEST WIND SPEED    15   HIGHEST WIND DIRECTION     W (280)
  HIGHEST GUST SPEED    20   HIGHEST GUST DIRECTION     W (290)
  AVERAGE WIND SPEED     5.4


SKY COVER
  AVERAGE SKY COVER 0.0


WEATHER CONDITIONS
 THE FOLLOWING WEATHER WAS RECORDED YESTERDAY.
  FOG
  HAZE


RELATIVE HUMIDITY (PERCENT)
 HIGHEST   100
 LOWEST     33
 AVERAGE    67

..........................................................


THE LAWRENCE KS CLIMATE NORMALS FOR TODAY
                         NORMAL
 MAXIMUM TEMPERATURE (F)   77
 MINIMUM TEMPERATURE (F)   50


SUNRISE AND SUNSET
SEPTEMBER 27 2016.....SUNRISE   714 AM CDT   SUNSET   709 PM CDT
SEPTEMBER 28 2016.....SUNRISE   714 AM CDT   SUNSET   707 PM CDT


-  INDICATES NEGATIVE NUMBERS.
R  INDICATES RECORD WAS SET OR TIED.
MM INDICATES DATA IS MISSING.
T  INDICATES TRACE AMOUNT.




$$
