814
CDUS43 KTOP 300643
CLILWC


CLIMATE REPORT
NATIONAL WEATHER SERVICE TOPEKA KS
142 AM CDT THU MAR 30 2017


...................................

...THE LAWRENCE KS CLIMATE SUMMARY FOR MARCH 29 2017...

CLIMATE NORMAL PERIOD 1981 TO 2010
CLIMATE RECORD PERIOD 9999 TO 9999


WEATHER ITEM   OBSERVED NORMAL DEPARTURE LAST
                VALUE   VALUE  FROM      YEAR
                               NORMAL
...............................................
TEMPERATURE (F)
 YESTERDAY
  MAXIMUM         59     62     -3       69
  MINIMUM         50     37     13       38
  AVERAGE         55     49      6       54

PRECIPITATION (IN)
  YESTERDAY        1.49   0.09   1.40     0.00
  MONTH TO DATE    2.32   2.44  -0.12     1.65
  SINCE MAR 1      2.32   2.44  -0.12     1.65
  SINCE JAN 1      3.33   4.75  -1.42     2.77

DEGREE DAYS
 HEATING
  YESTERDAY       10     16     -6       11
  MONTH TO DATE  486    610   -124      468
  SINCE MAR 1    486    610   -124      468
  SINCE JUL 1   3767   4625   -858     3970

 COOLING
  YESTERDAY        0      0      0        0
  MONTH TO DATE    7      0      7        3
  SINCE MAR 1      7      0      7        3
  SINCE JAN 1      7      0      7        3
...............................................


WIND (MPH)
  HIGHEST WIND SPEED    24   HIGHEST WIND DIRECTION    NE (60)
  HIGHEST GUST SPEED    32   HIGHEST GUST DIRECTION    NE (60)
  AVERAGE WIND SPEED    14.1


SKY COVER
  AVERAGE SKY COVER 0.8


WEATHER CONDITIONS
 THE FOLLOWING WEATHER WAS RECORDED YESTERDAY.
  THUNDERSTORM
  HEAVY RAIN
  RAIN
  LIGHT RAIN
  FOG


RELATIVE HUMIDITY (PERCENT)
 HIGHEST   100
 LOWEST     89
 AVERAGE    95

..........................................................


THE LAWRENCE KS CLIMATE NORMALS FOR TODAY
                         NORMAL
 MAXIMUM TEMPERATURE (F)   62
 MINIMUM TEMPERATURE (F)   37


SUNRISE AND SUNSET
MARCH 30 2017.........SUNRISE   708 AM CDT   SUNSET   743 PM CDT
MARCH 31 2017.........SUNRISE   707 AM CDT   SUNSET   744 PM CDT


-  INDICATES NEGATIVE NUMBERS.
R  INDICATES RECORD WAS SET OR TIED.
MM INDICATES DATA IS MISSING.
T  INDICATES TRACE AMOUNT.




$$
