000
CDUS43 KTOP 270634
CLILWC


CLIMATE REPORT
NATIONAL WEATHER SERVICE TOPEKA KS
133 AM CDT SAT MAY 27 2017


...................................

...THE LAWRENCE KS CLIMATE SUMMARY FOR MAY 26 2017...

CLIMATE NORMAL PERIOD 1981 TO 2010
CLIMATE RECORD PERIOD 9999 TO 9999


WEATHER ITEM   OBSERVED NORMAL DEPARTURE LAST
                VALUE   VALUE  FROM      YEAR
                               NORMAL
...............................................
TEMPERATURE (F)
 YESTERDAY
  MAXIMUM         86     80      6       84
  MINIMUM         59     57      2       62
  AVERAGE         73     68      5       73

PRECIPITATION (IN)
  YESTERDAY        0.03   0.19  -0.16     2.58
  MONTH TO DATE    2.65   4.31  -1.66     6.11
  SINCE MAR 1     11.90  10.70   1.20    12.25
  SINCE JAN 1     12.91  13.01  -0.10    13.37

DEGREE DAYS
 HEATING
  YESTERDAY        0      2     -2        0
  MONTH TO DATE   91    100     -9      143
  SINCE MAR 1    867   1064   -197      867
  SINCE JUL 1   4148   5079   -931     4369

 COOLING
  YESTERDAY        8      5      3        8
  MONTH TO DATE   65     69     -4       40
  SINCE MAR 1     97     92      5       58
  SINCE JAN 1     97     92      5       58
...............................................


WIND (MPH)
  HIGHEST WIND SPEED    25   HIGHEST WIND DIRECTION     E (90)
  HIGHEST GUST SPEED    30   HIGHEST GUST DIRECTION     E (90)
  AVERAGE WIND SPEED     4.1


SKY COVER
  AVERAGE SKY COVER 0.2


WEATHER CONDITIONS
 THE FOLLOWING WEATHER WAS RECORDED YESTERDAY.
  THUNDERSTORM
  LIGHT RAIN
  FOG


RELATIVE HUMIDITY (PERCENT)
 HIGHEST   100
 LOWEST     48
 AVERAGE    74

..........................................................


THE LAWRENCE KS CLIMATE NORMALS FOR TODAY
                         NORMAL
 MAXIMUM TEMPERATURE (F)   80
 MINIMUM TEMPERATURE (F)   57


SUNRISE AND SUNSET
MAY 27 2017...........SUNRISE   559 AM CDT   SUNSET   837 PM CDT
MAY 28 2017...........SUNRISE   559 AM CDT   SUNSET   838 PM CDT


-  INDICATES NEGATIVE NUMBERS.
R  INDICATES RECORD WAS SET OR TIED.
MM INDICATES DATA IS MISSING.
T  INDICATES TRACE AMOUNT.




$$
