000
CDUS46 KOTX 120828
CLILWS


CLIMATE REPORT
NATIONAL WEATHER SERVICE SPOKANE, WA
1228 AM PST FRI FEB 12 2016


...................................

...THE LEWISTON ID AIRPORT CLIMATE SUMMARY FOR FEBRUARY 11 2016...

CLIMATE NORMAL PERIOD 1981 TO 2010
CLIMATE RECORD PERIOD 1881 TO 2016


WEATHER ITEM   OBSERVED TIME   RECORD YEAR NORMAL DEPARTURE LAST
                VALUE   (LST)  VALUE       VALUE  FROM      YEAR
                                                  NORMAL
..................................................................
TEMPERATURE (F)
 YESTERDAY
  MAXIMUM         52    336 PM  64    1990  46      6       57
  MINIMUM         43    709 AM -12    1884  31     12       40
  AVERAGE         48                        38     10       49

PRECIPITATION (IN)
  YESTERDAY        0.10          0.99 1897   0.03   0.07     0.00
  MONTH TO DATE    0.12                      0.31  -0.19     1.07
  SINCE OCT 1      4.50                      4.50   0.00     6.09
  SINCE JAN 1      1.05                      1.39  -0.34     1.90

SNOWFALL (IN)
  YESTERDAY        0.0           3.1  1933   0.1   -0.1      0.0
  MONTH TO DATE    0.2                       0.9   -0.7       T
  SINCE DEC 1      6.4                       6.8   -0.4      1.5
  SINCE JUL 1      6.4                       8.6   -2.2      1.5
  SNOW DEPTH       0

DEGREE DAYS
 HEATING
  YESTERDAY       17                        27    -10       16
  MONTH TO DATE  250                       302    -52      201
  SINCE DEC 1   1923                      2181   -258     1854
  SINCE JUL 1   2926                      3421   -495     2832

 COOLING
  YESTERDAY        0                         0      0        0
  MONTH TO DATE    0                         0      0        0
  SINCE DEC 1      0                         0      0        0
  SINCE JAN 1      0                         0      0        0
..................................................................


WIND (MPH)
  HIGHEST WIND SPEED    14   HIGHEST WIND DIRECTION     E (80)
  HIGHEST GUST SPEED    17   HIGHEST GUST DIRECTION     E (70)
  AVERAGE WIND SPEED     6.2


SKY COVER
  POSSIBLE SUNSHINE  MM
  AVERAGE SKY COVER 0.7


WEATHER CONDITIONS
 THE FOLLOWING WEATHER WAS RECORDED YESTERDAY.
  RAIN
  LIGHT RAIN


RELATIVE HUMIDITY (PERCENT)
 HIGHEST    76           700 AM
 LOWEST     56          1200 AM
 AVERAGE    66

..........................................................


THE LEWISTON ID AIRPORT CLIMATE NORMALS FOR TODAY
                         NORMAL    RECORD    YEAR
 MAXIMUM TEMPERATURE (F)   46        65      1924
 MINIMUM TEMPERATURE (F)   31       -18      1884


SUNRISE AND SUNSET
FEBRUARY 12 2016......SUNRISE   657 AM PST   SUNSET   509 PM PST
FEBRUARY 13 2016......SUNRISE   655 AM PST   SUNSET   510 PM PST


-  INDICATES NEGATIVE NUMBERS.
R  INDICATES RECORD WAS SET OR TIED.
MM INDICATES DATA IS MISSING.
T  INDICATES TRACE AMOUNT.




$$
