000
CDUS46 KOTX 310822
CLILWS


CLIMATE REPORT
NATIONAL WEATHER SERVICE SPOKANE, WA
121 AM PDT SUN JUL 31 2016


...................................

...THE LEWISTON ID AIRPORT CLIMATE SUMMARY FOR JULY 30 2016...

CLIMATE NORMAL PERIOD 1981 TO 2010
CLIMATE RECORD PERIOD 1881 TO 2016


WEATHER ITEM   OBSERVED TIME   RECORD YEAR NORMAL DEPARTURE LAST
                VALUE   (LST)  VALUE       VALUE  FROM      YEAR
                                                  NORMAL
..................................................................
TEMPERATURE (F)
 YESTERDAY
  MAXIMUM         99    406 PM 109    1929  92      7      102
  MINIMUM         67    442 AM  47    1950  61      6       61
  AVERAGE         83                        77      6       82

PRECIPITATION (IN)
  YESTERDAY        0.00          0.71 1964   0.01  -0.01     0.00
  MONTH TO DATE    1.57                      0.64   0.93     0.02
  SINCE OCT 1     12.85                     10.93   1.92    10.30
  SINCE JAN 1      9.40                      7.82   1.58     6.11

SNOWFALL (IN)
  YESTERDAY        0.0           0.0  1995   0.0    0.0      0.0
  MONTH TO DATE    0.0                       0.0    0.0      0.0
  SINCE JUN 1      0.0                       0.0    0.0      0.0
  SINCE JUL 1      0.0                       0.0    0.0      0.0
  SNOW DEPTH       0

DEGREE DAYS
 HEATING
  YESTERDAY        0                         0      0        0
  MONTH TO DATE    9                         4      5        0
  SINCE JUN 1     66                        74     -8        2
  SINCE JUL 1      9                         4      5        0

 COOLING
  YESTERDAY       18                        12      6       17
  MONTH TO DATE  263                       288    -25      410
  SINCE JUN 1    439                       386     53      725
  SINCE JAN 1    479                       418     61      777
..................................................................


WIND (MPH)
  HIGHEST WIND SPEED    28   HIGHEST WIND DIRECTION    NW (300)
  HIGHEST GUST SPEED    39   HIGHEST GUST DIRECTION    NW (300)
  AVERAGE WIND SPEED     8.1


SKY COVER
  POSSIBLE SUNSHINE  MM
  AVERAGE SKY COVER 0.0


WEATHER CONDITIONS
 THE FOLLOWING WEATHER WAS RECORDED YESTERDAY.
  NO SIGNIFICANT WEATHER WAS OBSERVED.


RELATIVE HUMIDITY (PERCENT)
 HIGHEST    46           600 AM
 LOWEST      8           500 PM
 AVERAGE    27

..........................................................


THE LEWISTON ID AIRPORT CLIMATE NORMALS FOR TODAY
                         NORMAL    RECORD    YEAR
 MAXIMUM TEMPERATURE (F)   92       109      1929
 MINIMUM TEMPERATURE (F)   61        47      1945


SUNRISE AND SUNSET
JULY 31 2016..........SUNRISE   529 AM PDT   SUNSET   819 PM PDT
AUGUST  1 2016........SUNRISE   530 AM PDT   SUNSET   818 PM PDT


-  INDICATES NEGATIVE NUMBERS.
R  INDICATES RECORD WAS SET OR TIED.
MM INDICATES DATA IS MISSING.
T  INDICATES TRACE AMOUNT.




$$
