000
CDUS46 KOTX 180829
CLILWS


CLIMATE REPORT
NATIONAL WEATHER SERVICE SPOKANE, WA
124 AM PDT FRI APR 18 2014


...................................

...THE LEWISTON ID AIRPORT CLIMATE SUMMARY FOR APRIL 17 2014...

CLIMATE NORMAL PERIOD 1981 TO 2010
CLIMATE RECORD PERIOD 1881 TO 2014


WEATHER ITEM   OBSERVED TIME   RECORD YEAR NORMAL DEPARTURE LAST
                VALUE   (LST)  VALUE       VALUE  FROM      YEAR
                                                  NORMAL
..................................................................
TEMPERATURE (F)
 YESTERDAY
  MAXIMUM         54    431 PM  90    1936  63     -9       55
  MINIMUM         47    615 AM  25    1964  40      7       28
  AVERAGE         51                        51      0       42

PRECIPITATION (IN)
  YESTERDAY        0.25        0.61   1947  0.05   0.20     0.00
  MONTH TO DATE    0.45                     0.71  -0.26     0.91
  SINCE OCT 1      5.75                     6.83  -1.08     6.92
  SINCE JAN 1      4.22                     3.72   0.50     2.76

SNOWFALL (IN)
  YESTERDAY        0.0         0.4    1972  0.0    0.0      0.0
  MONTH TO DATE    0.0                      0.0    0.0      0.0
  SINCE MAR 1      0.6                      0.7   -0.1      0.0
  SINCE JUL 1     16.5                     10.5    6.0      2.6
  SNOW DEPTH       0

DEGREE DAYS
 HEATING
  YESTERDAY       14                        14      0       23
  MONTH TO DATE  225                       256    -31      266
  SINCE MAR 1    822                       868    -46      817
  SINCE JUL 1   4983                      4723    260     4256

 COOLING
  YESTERDAY        0                         0      0        0
  MONTH TO DATE    0                         0      0        0
  SINCE MAR 1      0                         0      0        0
  SINCE JAN 1      0                         0      0        0
..................................................................


WIND (MPH)
  HIGHEST WIND SPEED    12   HIGHEST WIND DIRECTION     S (180)
  HIGHEST GUST SPEED    13   HIGHEST GUST DIRECTION     S (180)
  AVERAGE WIND SPEED     3.4


SKY COVER
  POSSIBLE SUNSHINE  MM
  AVERAGE SKY COVER 1.0


WEATHER CONDITIONS
 THE FOLLOWING WEATHER WAS RECORDED YESTERDAY.
  RAIN
  LIGHT RAIN
  FOG


RELATIVE HUMIDITY (PERCENT)
 HIGHEST    86           700 PM
 LOWEST     61          1200 AM
 AVERAGE    74

..........................................................


THE LEWISTON ID AIRPORT CLIMATE NORMALS FOR TODAY
                         NORMAL    RECORD    YEAR
 MAXIMUM TEMPERATURE (F)   63        90      1910
                                             1897
 MINIMUM TEMPERATURE (F)   40        26      1964


SUNRISE AND SUNSET
APRIL 18 2014.........SUNRISE   556 AM PDT   SUNSET   740 PM PDT
APRIL 19 2014.........SUNRISE   554 AM PDT   SUNSET   741 PM PDT


-  INDICATES NEGATIVE NUMBERS.
R  INDICATES RECORD WAS SET OR TIED.
MM INDICATES DATA IS MISSING.
T  INDICATES TRACE AMOUNT.

$$
