000
CDUS45 KTFX 300950
CLILWT


CLIMATE REPORT
NATIONAL WEATHER SERVICE GREAT FALLS MT
350 AM MDT TUE SEP 30 2014


...................................

...THE LEWISTOWN MT CLIMATE SUMMARY FOR SEPTEMBER 29 2014...

CLIMATE NORMAL PERIOD 1981 TO 2010
CLIMATE RECORD PERIOD 1896 TO 2014


WEATHER ITEM   OBSERVED TIME   RECORD YEAR NORMAL DEPARTURE LAST
                VALUE   (LST)  VALUE       VALUE  FROM      YEAR
                                                  NORMAL
..................................................................
TEMPERATURE (F)
 YESTERDAY
  MAXIMUM         59    214 PM  89    1967  63     -4       64
  MINIMUM         45   1119 PM  20    1912  36      9       44
  AVERAGE         52                        50      2       54

PRECIPITATION (IN)
  YESTERDAY        0.02          1.00 1905   0.04  -0.02     0.00
  MONTH TO DATE    1.45                      1.31   0.14     2.21
  SINCE OCT 1     18.61                     16.81   1.80    22.78
  SINCE JAN 1     16.53                     14.31   2.22    20.27

SNOWFALL (IN)
  YESTERDAY       MM
  SNOW DEPTH       0

DEGREE DAYS
 HEATING
  YESTERDAY       13                        15     -2       11
  MONTH TO DATE  263                       303    -40      208
  SINCE SEP 1    263                       303    -40      208
  SINCE JUL 1    344                       461   -117      247

 COOLING
  YESTERDAY        0                         0      0        0
  MONTH TO DATE   14                        13      1       47
  SINCE SEP 1     14                        13      1       47
  SINCE JAN 1    295                       209     86      277
..................................................................


WIND (MPH)
  HIGHEST WIND SPEED    21   HIGHEST WIND DIRECTION     E (100)
  HIGHEST GUST SPEED    25   HIGHEST GUST DIRECTION     E (90)
  AVERAGE WIND SPEED     9.4


SKY COVER
  AVERAGE SKY COVER 0.7


WEATHER CONDITIONS
 THE FOLLOWING WEATHER WAS RECORDED YESTERDAY.
  LIGHT RAIN


RELATIVE HUMIDITY (PERCENT)
 HIGHEST    93          1200 AM
 LOWEST     66          1000 PM
 AVERAGE    80

..........................................................


THE LEWISTOWN MT CLIMATE NORMALS FOR TODAY
                         NORMAL    RECORD    YEAR
 MAXIMUM TEMPERATURE (F)   63        93      1906
 MINIMUM TEMPERATURE (F)   36        17      1985


SUNRISE AND SUNSET
SEPTEMBER 30 2014.....SUNRISE   715 AM MDT   SUNSET   659 PM MDT
OCTOBER  1 2014.......SUNRISE   717 AM MDT   SUNSET   657 PM MDT


-  INDICATES NEGATIVE NUMBERS.
R  INDICATES RECORD WAS SET OR TIED.
MM INDICATES DATA IS MISSING.
T  INDICATES TRACE AMOUNT.




$$
