000
CDUS45 KTFX 092330
CLILWT


CLIMATE REPORT
NATIONAL WEATHER SERVICE GREAT FALLS MT
430 PM MST TUE FEB 9 2016


...................................

...THE LEWISTOWN MT CLIMATE SUMMARY FOR FEBRUARY 9 2016...
VALID TODAY AS OF 0400 PM LOCAL TIME.

CLIMATE NORMAL PERIOD 1981 TO 2010
CLIMATE RECORD PERIOD 1896 TO 2016


WEATHER ITEM   OBSERVED TIME   RECORD YEAR NORMAL DEPARTURE LAST
                VALUE   (LST)  VALUE       VALUE  FROM      YEAR
                                                  NORMAL
..................................................................
TEMPERATURE (F)
 TODAY
  MAXIMUM         54    352 PM  58    1926  36     18       51
  MINIMUM         30    627 AM -35    1939  14     16       33
  AVERAGE         42                        25     17       42

PRECIPITATION (IN)
  TODAY            0.00          0.67 1934   0.01  -0.01     0.17
  MONTH TO DATE    0.05                      0.14  -0.09     0.25
  SINCE OCT 1      2.80                      3.21  -0.41     3.37
  SINCE JAN 1      0.72                      0.71   0.01     1.06

DEGREE DAYS
 HEATING
  TODAY           23                        40    -17       23
  MONTH TO DATE  321                       363    -42      262
  SINCE DEC 1   2685                      2940   -255     2570
  SINCE JUL 1   4442                      5068   -626     4487

 COOLING
  TODAY            0                         0      0        0
  MONTH TO DATE    0                         0      0        0
  SINCE DEC 1      0                         0      0        0
  SINCE JAN 1      0                         0      0        0
..................................................................


WIND (MPH)
  HIGHEST WIND SPEED    13   HIGHEST WIND DIRECTION     W (250)
  HIGHEST GUST SPEED    16   HIGHEST GUST DIRECTION     W (270)
  AVERAGE WIND SPEED     7.9


SKY COVER
  AVERAGE SKY COVER 0.0


WEATHER CONDITIONS
 THE FOLLOWING WEATHER WAS RECORDED TODAY.
  NO SIGNIFICANT WEATHER WAS OBSERVED.


RELATIVE HUMIDITY (PERCENT)
 HIGHEST    66
 LOWEST     35
 AVERAGE    51

..........................................................


THE LEWISTOWN MT CLIMATE NORMALS FOR TOMORROW
                         NORMAL    RECORD    YEAR
 MAXIMUM TEMPERATURE (F)   36        62      1926
 MINIMUM TEMPERATURE (F)   14       -28      1939


SUNRISE AND SUNSET
FEBRUARY  9 2016......SUNRISE   732 AM MST   SUNSET   532 PM MST
FEBRUARY 10 2016......SUNRISE   731 AM MST   SUNSET   534 PM MST


-  INDICATES NEGATIVE NUMBERS.
R  INDICATES RECORD WAS SET OR TIED.
MM INDICATES DATA IS MISSING.
T  INDICATES TRACE AMOUNT.




$$
