000
CDUS45 KTFX 251025
CLILWT


CLIMATE REPORT
NATIONAL WEATHER SERVICE GREAT FALLS MT
424 AM MDT MON MAY 25 2015


...................................

...THE LEWISTOWN MT CLIMATE SUMMARY FOR MAY 24 2015...

CLIMATE NORMAL PERIOD 1981 TO 2010
CLIMATE RECORD PERIOD 1896 TO 2015


WEATHER ITEM   OBSERVED TIME   RECORD YEAR NORMAL DEPARTURE LAST
                VALUE   (LST)  VALUE       VALUE  FROM      YEAR
                                                  NORMAL
..................................................................
TEMPERATURE (F)
 YESTERDAY
  MAXIMUM         61    631 PM  88    1929  65     -4       73
  MINIMUM         40    159 AM  29    1993  40      0       47
  AVERAGE         51                        52     -1       60

PRECIPITATION (IN)
  YESTERDAY        0.03          1.19 2008   0.11  -0.08     0.12
  MONTH TO DATE    2.15                      2.06   0.09     1.36
  SINCE OCT 1      8.51                      7.97   0.54     7.20
  SINCE JAN 1      6.20                      5.47   0.73     5.12

SNOWFALL (IN)
  YESTERDAY       MM
  SNOW DEPTH       0

DEGREE DAYS
 HEATING
  YESTERDAY       14                        13      1        5
  MONTH TO DATE  403                       385     18      414
  SINCE MAR 1   1730                      2088   -358     2248
  SINCE JUL 1   6928                      7892   -964     8304

 COOLING
  YESTERDAY        0                         0      0        0
  MONTH TO DATE    0                         0      0        0
  SINCE MAR 1      0                         0      0        0
  SINCE JAN 1      0                         0      0        0
..................................................................


WIND (MPH)
  HIGHEST WIND SPEED    14   HIGHEST WIND DIRECTION     E (90)
  HIGHEST GUST SPEED    17   HIGHEST GUST DIRECTION     E (90)
  AVERAGE WIND SPEED     3.9


SKY COVER
  AVERAGE SKY COVER 0.8


WEATHER CONDITIONS
 THE FOLLOWING WEATHER WAS RECORDED YESTERDAY.
  LIGHT RAIN
  FOG


RELATIVE HUMIDITY (PERCENT)
 HIGHEST    93           900 AM
 LOWEST     57           300 PM
 AVERAGE    75

..........................................................


THE LEWISTOWN MT CLIMATE NORMALS FOR TODAY
                         NORMAL    RECORD    YEAR
 MAXIMUM TEMPERATURE (F)   65        92      1928
 MINIMUM TEMPERATURE (F)   40        26      2004


SUNRISE AND SUNSET
MAY 25 2015...........SUNRISE   532 AM MDT   SUNSET   858 PM MDT
MAY 26 2015...........SUNRISE   531 AM MDT   SUNSET   859 PM MDT


-  INDICATES NEGATIVE NUMBERS.
R  INDICATES RECORD WAS SET OR TIED.
MM INDICATES DATA IS MISSING.
T  INDICATES TRACE AMOUNT.




$$
