000
CDUS45 KTFX 060733
CLILWT


CLIMATE REPORT
NATIONAL WEATHER SERVICE GREAT FALLS MT
1231 AM MST FRI MAR 6 2015


...................................

...THE LEWISTOWN MT CLIMATE SUMMARY FOR MARCH 5 2015...

CLIMATE NORMAL PERIOD 1981 TO 2010
CLIMATE RECORD PERIOD 1896 TO 2015


WEATHER ITEM   OBSERVED TIME   RECORD YEAR NORMAL DEPARTURE LAST
                VALUE   (LST)  VALUE       VALUE  FROM      YEAR
                                                  NORMAL
..................................................................
TEMPERATURE (F)
 YESTERDAY
  MAXIMUM         46    340 PM  70    1987  41      5       45
  MINIMUM         17   1204 AM -28    1945  19     -2       34
  AVERAGE         32                        30      2       40

PRECIPITATION (IN)
  YESTERDAY        0.00          0.70 1921   0.02  -0.02      T
  MONTH TO DATE    0.04                      0.10  -0.06     0.01
  SINCE OCT 1      3.85                      3.61   0.24     3.37
  SINCE JAN 1      1.54                      1.11   0.43     1.29

SNOWFALL (IN)
  YESTERDAY       MM
  SNOW DEPTH       1

DEGREE DAYS
 HEATING
  YESTERDAY       33                        35     -2       25
  MONTH TO DATE  234                       180     54      248
  SINCE MAR 1    234                       180     54      248
  SINCE JUL 1   5432                      5984   -552     6304

 COOLING
  YESTERDAY        0                         0      0        0
  MONTH TO DATE    0                         0      0        0
  SINCE MAR 1      0                         0      0        0
  SINCE JAN 1      0                         0      0        0
..................................................................


WIND (MPH)
  HIGHEST WIND SPEED    21   HIGHEST WIND DIRECTION     W (270)
  HIGHEST GUST SPEED    24   HIGHEST GUST DIRECTION     W (280)
  AVERAGE WIND SPEED    10.9


SKY COVER
  AVERAGE SKY COVER 0.1


WEATHER CONDITIONS
 THE FOLLOWING WEATHER WAS RECORDED YESTERDAY.
  NO SIGNIFICANT WEATHER WAS OBSERVED.


RELATIVE HUMIDITY (PERCENT)
 HIGHEST    62           100 AM
 LOWEST     33           200 PM
 AVERAGE    48

..........................................................


THE LEWISTOWN MT CLIMATE NORMALS FOR TODAY
                         NORMAL    RECORD    YEAR
 MAXIMUM TEMPERATURE (F)   41        69      1902
 MINIMUM TEMPERATURE (F)   19       -28      1951


SUNRISE AND SUNSET
MARCH  6 2015.........SUNRISE   649 AM MST   SUNSET   610 PM MST
MARCH  7 2015.........SUNRISE   647 AM MST   SUNSET   612 PM MST


-  INDICATES NEGATIVE NUMBERS.
R  INDICATES RECORD WAS SET OR TIED.
MM INDICATES DATA IS MISSING.
T  INDICATES TRACE AMOUNT.




$$
