000
CDUS45 KTFX 022220
CLILWT


CLIMATE REPORT
NATIONAL WEATHER SERVICE GREAT FALLS MT
419 PM MDT THU JUL 2 2015


...................................

...THE LEWISTOWN MT CLIMATE SUMMARY FOR JULY 2 2015...
VALID TODAY AS OF 0400 PM LOCAL TIME.

CLIMATE NORMAL PERIOD 1981 TO 2010
CLIMATE RECORD PERIOD 1896 TO 2015


WEATHER ITEM   OBSERVED TIME   RECORD YEAR NORMAL DEPARTURE LAST
                VALUE   (LST)  VALUE       VALUE  FROM      YEAR
                                                  NORMAL
..................................................................
TEMPERATURE (F)
 TODAY
  MAXIMUM         81    259 PM 102    1908  77      4       84
  MINIMUM         55    444 AM  34    1915  48      7       46
  AVERAGE         68                        62      6       65

PRECIPITATION (IN)
  TODAY            0.00          1.80 1903   0.08  -0.08     0.00
  MONTH TO DATE    T                         0.15  -0.15     0.00
  SINCE OCT 1     10.61                     11.99  -1.38    10.18
  SINCE JAN 1      8.30                      9.49  -1.19     8.10

SNOWFALL (IN)
  TODAY            0.0
  SNOW DEPTH       0

DEGREE DAYS
 HEATING
  TODAY            0                         4     -4        0
  MONTH TO DATE    0                         8     -8        4
  SINCE JUN 1     86                       235   -149      290
  SINCE JUL 1      0                         8     -8        4

 COOLING
  TODAY            3                         2      1        0
  MONTH TO DATE    9                         4      5        0
  SINCE JUN 1     84                        24     60        1
  SINCE JAN 1     84                        26     58        1
..................................................................


WIND (MPH)
  HIGHEST WIND SPEED    12   HIGHEST WIND DIRECTION    NE (30)
  HIGHEST GUST SPEED    17   HIGHEST GUST DIRECTION     W (290)
  AVERAGE WIND SPEED     6.5


SKY COVER
  AVERAGE SKY COVER 0.1


WEATHER CONDITIONS
 THE FOLLOWING WEATHER WAS RECORDED TODAY.
  HAZE


RELATIVE HUMIDITY (PERCENT)
 HIGHEST    83
 LOWEST     33
 AVERAGE    58

..........................................................


THE LEWISTOWN MT CLIMATE NORMALS FOR TOMORROW
                         NORMAL    RECORD    YEAR
 MAXIMUM TEMPERATURE (F)   77        97      1936
 MINIMUM TEMPERATURE (F)   49        34      1972


SUNRISE AND SUNSET
JULY  2 2015..........SUNRISE   527 AM MDT   SUNSET   916 PM MDT
JULY  3 2015..........SUNRISE   528 AM MDT   SUNSET   916 PM MDT


-  INDICATES NEGATIVE NUMBERS.
R  INDICATES RECORD WAS SET OR TIED.
MM INDICATES DATA IS MISSING.
T  INDICATES TRACE AMOUNT.




$$
