912
CDUS45 KTFX 061146
CLILWT


CLIMATE REPORT
NATIONAL WEATHER SERVICE GREAT FALLS MT
545 AM MDT FRI MAY 6 2016


...................................

...THE LEWISTOWN MT CLIMATE SUMMARY FOR MAY 5 2016...

CLIMATE NORMAL PERIOD 1981 TO 2010
CLIMATE RECORD PERIOD 1896 TO 2016


WEATHER ITEM   OBSERVED TIME   RECORD YEAR NORMAL DEPARTURE LAST
                VALUE   (LST)  VALUE       VALUE  FROM      YEAR
                                                  NORMAL
..................................................................
TEMPERATURE (F)
 YESTERDAY
  MAXIMUM         80    103 PM  85    1934  60     20       73
  MINIMUM         49    541 AM  21    1942  34     15       41
  AVERAGE         65                        47     18       57

PRECIPITATION (IN)
  YESTERDAY        0.00          1.01 1986   0.06  -0.06     0.14
  MONTH TO DATE    0.00                      0.33  -0.33     0.14
  SINCE OCT 1      5.79                      6.24  -0.45     6.50
  SINCE JAN 1      3.71                      3.74  -0.03     4.19

SNOWFALL (IN)
  YESTERDAY       MM
  SNOW DEPTH       0

DEGREE DAYS
 HEATING
  YESTERDAY        0                        18    -18        8
  MONTH TO DATE   37                        94    -57       50
  SINCE MAR 1   1381                      1797   -416     1377
  SINCE JUL 1   6339                      7601  -1262     6575

 COOLING
  YESTERDAY        0                         0      0        0
  MONTH TO DATE    0                         0      0        0
  SINCE MAR 1      0                         0      0        0
  SINCE JAN 1      0                         0      0        0
..................................................................


WIND (MPH)
  HIGHEST WIND SPEED    14   HIGHEST WIND DIRECTION    SW (240)
  HIGHEST GUST SPEED    20   HIGHEST GUST DIRECTION    NW (300)
  AVERAGE WIND SPEED     6.0


SKY COVER
  AVERAGE SKY COVER 0.0


WEATHER CONDITIONS
 THE FOLLOWING WEATHER WAS RECORDED YESTERDAY.
  NO SIGNIFICANT WEATHER WAS OBSERVED.


RELATIVE HUMIDITY (PERCENT)
 HIGHEST    62          1100 PM
 LOWEST     19          1200 PM
 AVERAGE    41

..........................................................


THE LEWISTOWN MT CLIMATE NORMALS FOR TODAY
                         NORMAL    RECORD    YEAR
 MAXIMUM TEMPERATURE (F)   60        85      1966
 MINIMUM TEMPERATURE (F)   34        11      1929


SUNRISE AND SUNSET
MAY  6 2016...........SUNRISE   554 AM MDT   SUNSET   836 PM MDT
MAY  7 2016...........SUNRISE   552 AM MDT   SUNSET   837 PM MDT


-  INDICATES NEGATIVE NUMBERS.
R  INDICATES RECORD WAS SET OR TIED.
MM INDICATES DATA IS MISSING.
T  INDICATES TRACE AMOUNT.




$$
