000
CDUS45 KTFX 220826
CLILWT


CLIMATE REPORT
NATIONAL WEATHER SERVICE GREAT FALLS MT
225 AM MDT MON SEP 22 2014


...................................

...THE LEWISTOWN MT CLIMATE SUMMARY FOR SEPTEMBER 21 2014...

CLIMATE NORMAL PERIOD 1981 TO 2010
CLIMATE RECORD PERIOD 1896 TO 2014


WEATHER ITEM   OBSERVED TIME   RECORD YEAR NORMAL DEPARTURE LAST
                VALUE   (LST)  VALUE       VALUE  FROM      YEAR
                                                  NORMAL
..................................................................
TEMPERATURE (F)
 YESTERDAY
  MAXIMUM         79    410 PM  92    1938  67     12       84
  MINIMUM         45    629 AM  19    1995  39      6       42
  AVERAGE         62                        53      9       63

PRECIPITATION (IN)
  YESTERDAY        0.00          1.76 1959   0.05  -0.05      T
  MONTH TO DATE    0.33                      0.97  -0.64     1.39
  SINCE OCT 1     17.49                     16.47   1.02    21.96
  SINCE JAN 1     15.41                     13.97   1.44    19.45

SNOWFALL (IN)
  YESTERDAY       MM
  SNOW DEPTH       0

DEGREE DAYS
 HEATING
  YESTERDAY        3                        13    -10        2
  MONTH TO DATE  213                       190     23       73
  SINCE SEP 1    213                       190     23       73
  SINCE JUL 1    294                       348    -54      112

 COOLING
  YESTERDAY        0                         0      0        0
  MONTH TO DATE    4                        13     -9       47
  SINCE SEP 1      4                        13     -9       47
  SINCE JAN 1    285                       209     76      277
..................................................................


WIND (MPH)
  HIGHEST WIND SPEED    15   HIGHEST WIND DIRECTION     E (80)
  HIGHEST GUST SPEED    19   HIGHEST GUST DIRECTION     N (20)
  AVERAGE WIND SPEED     8.4


SKY COVER
  AVERAGE SKY COVER 0.0


WEATHER CONDITIONS
 THE FOLLOWING WEATHER WAS RECORDED YESTERDAY.
  NO SIGNIFICANT WEATHER WAS OBSERVED.


RELATIVE HUMIDITY (PERCENT)
 HIGHEST    77           100 AM
 LOWEST     28           200 PM
 AVERAGE    53

..........................................................


THE LEWISTOWN MT CLIMATE NORMALS FOR TODAY
                         NORMAL    RECORD    YEAR
 MAXIMUM TEMPERATURE (F)   66        95      1905
 MINIMUM TEMPERATURE (F)   39        23      2000


SUNRISE AND SUNSET
SEPTEMBER 22 2014.....SUNRISE   705 AM MDT   SUNSET   715 PM MDT
SEPTEMBER 23 2014.....SUNRISE   706 AM MDT   SUNSET   713 PM MDT


-  INDICATES NEGATIVE NUMBERS.
R  INDICATES RECORD WAS SET OR TIED.
MM INDICATES DATA IS MISSING.
T  INDICATES TRACE AMOUNT.




$$
