000
CDUS45 KTFX 262230
CLILWT


CLIMATE REPORT
NATIONAL WEATHER SERVICE GREAT FALLS MT
430 PM MDT MON SEP 26 2016


...................................

...THE LEWISTOWN MT CLIMATE SUMMARY FOR SEPTEMBER 26 2016...
VALID TODAY AS OF 0400 PM LOCAL TIME.

CLIMATE NORMAL PERIOD 1981 TO 2010
CLIMATE RECORD PERIOD 1896 TO 2016


WEATHER ITEM   OBSERVED TIME   RECORD YEAR NORMAL DEPARTURE LAST
                VALUE   (LST)  VALUE       VALUE  FROM      YEAR
                                                  NORMAL
..................................................................
TEMPERATURE (F)
 TODAY
  MAXIMUM         72    256 PM  90    2015  64      8       90
  MINIMUM         40    637 AM   9    1900  37      3       51
  AVERAGE         56                        51      5       71

PRECIPITATION (IN)
  TODAY            0.00          0.53 1946   0.04  -0.04      T
  MONTH TO DATE    2.41                      1.18   1.23     0.77
  SINCE OCT 1     18.11                     16.68   1.43    14.39
  SINCE JAN 1     16.03                     14.18   1.85    12.08

DEGREE DAYS
 HEATING
  TODAY            9                        14     -5        0
  MONTH TO DATE  297                       258     39      165
  SINCE SEP 1    297                       258     39      165
  SINCE JUL 1    408                       416     -8      267

 COOLING
  TODAY            0                         0      0        6
  MONTH TO DATE   14                        13      1       25
  SINCE SEP 1     14                        13      1       25
  SINCE JAN 1    259                       209     50      339
..................................................................


WIND (MPH)
  HIGHEST WIND SPEED    13   HIGHEST WIND DIRECTION    SW (230)
  HIGHEST GUST SPEED    13   HIGHEST GUST DIRECTION    SW (240)
  AVERAGE WIND SPEED     4.7


SKY COVER
  AVERAGE SKY COVER 0.1


WEATHER CONDITIONS
 THE FOLLOWING WEATHER WAS RECORDED TODAY.
  NO SIGNIFICANT WEATHER WAS OBSERVED.


RELATIVE HUMIDITY (PERCENT)
 HIGHEST    89
 LOWEST     37
 AVERAGE    63

..........................................................


THE LEWISTOWN MT CLIMATE NORMALS FOR TOMORROW
                         NORMAL    RECORD    YEAR
 MAXIMUM TEMPERATURE (F)   64        88      1963
 MINIMUM TEMPERATURE (F)   37        17      1900


SUNRISE AND SUNSET
SEPTEMBER 26 2016.....SUNRISE   711 AM MDT   SUNSET   706 PM MDT
SEPTEMBER 27 2016.....SUNRISE   712 AM MDT   SUNSET   704 PM MDT


-  INDICATES NEGATIVE NUMBERS.
R  INDICATES RECORD WAS SET OR TIED.
MM INDICATES DATA IS MISSING.
T  INDICATES TRACE AMOUNT.




$$
