000
CDUS45 KTFX 230736
CLILWT


CLIMATE REPORT
NATIONAL WEATHER SERVICE GREAT FALLS MT
135 AM MDT FRI JUN 23 2017


...................................

...THE LEWISTOWN MT CLIMATE SUMMARY FOR JUNE 22 2017...

CLIMATE NORMAL PERIOD 1981 TO 2010
CLIMATE RECORD PERIOD 1896 TO 2017


WEATHER ITEM   OBSERVED TIME   RECORD YEAR NORMAL DEPARTURE LAST
                VALUE   (LST)  VALUE       VALUE  FROM      YEAR
                                                  NORMAL
..................................................................
TEMPERATURE (F)
 YESTERDAY
  MAXIMUM         65   1253 PM  98    1919  73     -8       79
  MINIMUM         41   1159 PM  33    1942  47     -6       41
  AVERAGE         53                        60     -7       60

PRECIPITATION (IN)
  YESTERDAY        T             1.71 1923   0.10  -0.10     0.00
  MONTH TO DATE    1.68                      2.40  -0.72     0.65
  SINCE OCT 1     11.89                     11.16   0.73    10.42
  SINCE JAN 1      7.49                      8.66  -1.17     8.34

SNOWFALL (IN)
  YESTERDAY       MM
  SNOW DEPTH       0

DEGREE DAYS
 HEATING
  YESTERDAY       12                         6      6        5
  MONTH TO DATE  127                       185    -58       75
  SINCE JUN 1    127                       185    -58       75
  SINCE JUL 1   7904                      8159   -255     6797

 COOLING
  YESTERDAY        0                         1     -1        0
  MONTH TO DATE   19                         8     11       29
  SINCE JUN 1     19                         8     11       29
  SINCE JAN 1     20                        10     10       29
..................................................................


WIND (MPH)
  HIGHEST WIND SPEED    26   HIGHEST WIND DIRECTION    NW (320)
  HIGHEST GUST SPEED    36   HIGHEST GUST DIRECTION    NW (300)
  AVERAGE WIND SPEED    10.2


SKY COVER
  AVERAGE SKY COVER 0.3


WEATHER CONDITIONS
 THE FOLLOWING WEATHER WAS RECORDED YESTERDAY.
  LIGHT RAIN


RELATIVE HUMIDITY (PERCENT)
 HIGHEST    83           500 AM
 LOWEST     26           200 PM
 AVERAGE    55

..........................................................


THE LEWISTOWN MT CLIMATE NORMALS FOR TODAY
                         NORMAL    RECORD    YEAR
 MAXIMUM TEMPERATURE (F)   73        97      1941
 MINIMUM TEMPERATURE (F)   47        32      1905


SUNRISE AND SUNSET
JUNE 23 2017..........SUNRISE   523 AM MDT   SUNSET   917 PM MDT
JUNE 24 2017..........SUNRISE   523 AM MDT   SUNSET   917 PM MDT


-  INDICATES NEGATIVE NUMBERS.
R  INDICATES RECORD WAS SET OR TIED.
MM INDICATES DATA IS MISSING.
T  INDICATES TRACE AMOUNT.




$$
