000
CDUS45 KTFX 040934
CLILWT


CLIMATE REPORT
NATIONAL WEATHER SERVICE GREAT FALLS MT
332 AM MDT TUE AUG 4 2015


...................................

...THE LEWISTOWN MT CLIMATE SUMMARY FOR AUGUST 3 2015...

CLIMATE NORMAL PERIOD 1981 TO 2010
CLIMATE RECORD PERIOD 1896 TO 2015


WEATHER ITEM   OBSERVED TIME   RECORD YEAR NORMAL DEPARTURE LAST
                VALUE   (LST)  VALUE       VALUE  FROM      YEAR
                                                  NORMAL
..................................................................
TEMPERATURE (F)
 YESTERDAY
  MAXIMUM         91    332 PM  99    2001  83      8       86
                                      1961
  MINIMUM         60    448 AM  33    1896  52      8       55
  AVERAGE         76                        67      9       71

PRECIPITATION (IN)
  YESTERDAY        0.00          1.10 1960   0.05  -0.05     0.00
  MONTH TO DATE    0.00                      0.16  -0.16     0.28
  SINCE OCT 1     12.50                     13.93  -1.43    11.38
  SINCE JAN 1     10.19                     11.43  -1.24     9.30

SNOWFALL (IN)
  YESTERDAY       MM
  SNOW DEPTH       0

DEGREE DAYS
 HEATING
  YESTERDAY        0                         1     -1        0
  MONTH TO DATE    0                         3     -3        0
  SINCE JUN 1    119                       303   -184      296
  SINCE JUL 1     33                        76    -43       10

 COOLING
  YESTERDAY       11                         4      7        6
  MONTH TO DATE   26                        12     14       24
  SINCE JUN 1    202                       120     82      178
  SINCE JAN 1    202                       122     80      178
..................................................................


WIND (MPH)
  HIGHEST WIND SPEED    22   HIGHEST WIND DIRECTION     E (110)
  HIGHEST GUST SPEED    27   HIGHEST GUST DIRECTION    SE (120)
  AVERAGE WIND SPEED    12.6


SKY COVER
  AVERAGE SKY COVER 0.0


WEATHER CONDITIONS
 THE FOLLOWING WEATHER WAS RECORDED YESTERDAY.
  NO SIGNIFICANT WEATHER WAS OBSERVED.


RELATIVE HUMIDITY (PERCENT)
 HIGHEST    60           500 AM
 LOWEST     21           200 PM
 AVERAGE    41

..........................................................


THE LEWISTOWN MT CLIMATE NORMALS FOR TODAY
                         NORMAL    RECORD    YEAR
 MAXIMUM TEMPERATURE (F)   83        98      1961
 MINIMUM TEMPERATURE (F)   52        38      1937


SUNRISE AND SUNSET
AUGUST  4 2015........SUNRISE   601 AM MDT   SUNSET   846 PM MDT
AUGUST  5 2015........SUNRISE   602 AM MDT   SUNSET   845 PM MDT


-  INDICATES NEGATIVE NUMBERS.
R  INDICATES RECORD WAS SET OR TIED.
MM INDICATES DATA IS MISSING.
T  INDICATES TRACE AMOUNT.




$$
