000
CDUS43 KILX 300651
CLILWV


CLIMATE REPORT
NATIONAL WEATHER SERVICE LINCOLN IL
150 AM CDT THU JUL 30 2015


...................................

...THE LAWRENCEVILLE IL AIRPORT CLIMATE SUMMARY FOR JULY 29 2015...

CLIMATE NORMAL PERIOD 1981 TO 2010
CLIMATE RECORD PERIOD 9999 TO 9999


WEATHER ITEM   OBSERVED TIME   RECORD YEAR NORMAL DEPARTURE LAST
                VALUE   (LST)  VALUE       VALUE  FROM      YEAR
                                                  NORMAL
..................................................................
TEMPERATURE (F)
 YESTERDAY
  MAXIMUM         90   1210 PM  MM      MM  88      2       78
  MINIMUM         69   1159 PM  MM      MM  67      2       53
  AVERAGE         80                        78      2       66

PRECIPITATION (IN)
  YESTERDAY        0.13         MM      MM   0.12   0.01     0.00
  MONTH TO DATE    3.76                      4.20  -0.44     4.49
  SINCE JUN 1     12.78                      8.18   4.60     8.43
  SINCE JAN 1     29.74                     25.74   4.00    24.04

DEGREE DAYS
 HEATING
  YESTERDAY        0                         0      0        0
  MONTH TO DATE    0                         0      0        0
  SINCE JUN 1      8                         7      1        0
  SINCE JUL 1      0                         0      0        0

 COOLING
  YESTERDAY       15                        13      2        1
  MONTH TO DATE  340                       377    -37      214
  SINCE JUN 1    643                       667    -24      537
  SINCE JAN 1    798                       806     -8      728
..................................................................


WIND (MPH)
  HIGHEST WIND SPEED    16   HIGHEST WIND DIRECTION    NW (330)
  HIGHEST GUST SPEED    20   HIGHEST GUST DIRECTION    NW (320)
  AVERAGE WIND SPEED     4.7


SKY COVER
  POSSIBLE SUNSHINE  MM
  AVERAGE SKY COVER 0.1


WEATHER CONDITIONS
 THE FOLLOWING WEATHER WAS RECORDED YESTERDAY.
  THUNDERSTORM
  RAIN
  LIGHT RAIN
  FOG


RELATIVE HUMIDITY (PERCENT)
 HIGHEST   100           500 AM
 LOWEST     70           100 PM
 AVERAGE    85

..........................................................


THE LAWRENCEVILLE IL AIRPORT CLIMATE NORMALS FOR TODAY
                         NORMAL    RECORD    YEAR
 MAXIMUM TEMPERATURE (F)   88        MM        MM
 MINIMUM TEMPERATURE (F)   67        MM        MM


SUNRISE AND SUNSET
JULY 30 2015..........SUNRISE   550 AM CDT   SUNSET   803 PM CDT
JULY 31 2015..........SUNRISE   551 AM CDT   SUNSET   802 PM CDT


-  INDICATES NEGATIVE NUMBERS.
R  INDICATES RECORD WAS SET OR TIED.
MM INDICATES DATA IS MISSING.
T  INDICATES TRACE AMOUNT.




$$
