000
CDUS43 KILX 230641
CLILWV


CLIMATE REPORT
NATIONAL WEATHER SERVICE LINCOLN IL
140 AM CDT SAT SEP 23 2017


...................................

...THE LAWRENCEVILLE IL AIRPORT CLIMATE SUMMARY FOR SEPTEMBER 22 2017...

CLIMATE NORMAL PERIOD 1981 TO 2010
CLIMATE RECORD PERIOD 9999 TO 9999


WEATHER ITEM   OBSERVED TIME   RECORD YEAR NORMAL DEPARTURE LAST
                VALUE   (LST)  VALUE       VALUE  FROM      YEAR
                                                  NORMAL
..................................................................
TEMPERATURE (F)
 YESTERDAY
  MAXIMUM         93    239 PM  MM      MM  80     13       MM
  MINIMUM         69    611 AM  MM      MM  54     15       60
  AVERAGE         81                        67     14       MM

PRECIPITATION (IN)
  YESTERDAY        0.00         MM      MM   0.10  -0.10     0.00
  MONTH TO DATE    0.75                      2.29  -1.54     2.22
  SINCE SEP 1      0.75                      2.29  -1.54     2.22
  SINCE JAN 1     25.11                     31.64  -6.53    34.48

DEGREE DAYS
 HEATING
  YESTERDAY        0                         2     -2       MM
  MONTH TO DATE   10                        12     -2        0
  SINCE SEP 1     10                        12     -2        0
  SINCE JUL 1     10                        13     -3        0

 COOLING
  YESTERDAY       16                         4     12       MM
  MONTH TO DATE  140                       145     -5      204
  SINCE SEP 1    140                       145     -5      204
  SINCE JAN 1   1283                      1328    -45     1495
..................................................................


WIND (MPH)
  HIGHEST WIND SPEED    12   HIGHEST WIND DIRECTION    SE (140)
  HIGHEST GUST SPEED    15   HIGHEST GUST DIRECTION    SE (150)
  AVERAGE WIND SPEED     2.2


SKY COVER
  POSSIBLE SUNSHINE  MM
  AVERAGE SKY COVER 0.1


WEATHER CONDITIONS
 THE FOLLOWING WEATHER WAS RECORDED YESTERDAY.
  FOG
  HAZE


RELATIVE HUMIDITY (PERCENT)
 HIGHEST   100           200 AM
 LOWEST     44           200 PM
 AVERAGE    72

..........................................................


THE LAWRENCEVILLE IL AIRPORT CLIMATE NORMALS FOR TODAY
                         NORMAL    RECORD    YEAR
 MAXIMUM TEMPERATURE (F)   79        MM        MM
 MINIMUM TEMPERATURE (F)   54        MM        MM


SUNRISE AND SUNSET
SEPTEMBER 23 2017.....SUNRISE   639 AM CDT   SUNSET   645 PM CDT
SEPTEMBER 24 2017.....SUNRISE   640 AM CDT   SUNSET   644 PM CDT


-  INDICATES NEGATIVE NUMBERS.
R  INDICATES RECORD WAS SET OR TIED.
MM INDICATES DATA IS MISSING.
T  INDICATES TRACE AMOUNT.




$$
