017
CDUS43 KILX 232132
CLILWV


CLIMATE REPORT
NATIONAL WEATHER SERVICE LINCOLN IL
432 PM CDT SUN APR 23 2017


...................................

...THE LAWRENCEVILLE IL AIRPORT CLIMATE SUMMARY FOR APRIL 23 2017...
VALID TODAY AS OF 0400 PM LOCAL TIME.

CLIMATE NORMAL PERIOD 1981 TO 2010
CLIMATE RECORD PERIOD 9999 TO 9999


WEATHER ITEM   OBSERVED TIME   RECORD YEAR NORMAL DEPARTURE LAST
                VALUE   (LST)  VALUE       VALUE  FROM      YEAR
                                                  NORMAL
..................................................................
TEMPERATURE (F)
 TODAY
  MAXIMUM         73    245 PM  MM      MM  69      4       62
  MINIMUM         42    526 AM  MM      MM  48     -6       48
  AVERAGE         58                        59     -1       55

PRECIPITATION (IN)
  TODAY            0.00         MM      MM   0.16  -0.16     0.00
  MONTH TO DATE    1.89                      2.79  -0.90     3.42
  SINCE MAR 1      4.72                      6.22  -1.50     7.58
  SINCE JAN 1      8.87                     10.61  -1.74    11.82

DEGREE DAYS
 HEATING
  TODAY            7                         7      0       10
  MONTH TO DATE  147                       253   -106      269
  SINCE MAR 1    712                       875   -163      712
  SINCE JUL 1   3767                      4550   -783     3939

 COOLING
  TODAY            0                         1     -1        0
  MONTH TO DATE   31                        17     14        9
  SINCE MAR 1     33                        19     14        9
  SINCE JAN 1     33                        19     14        9
..................................................................


WIND (MPH)
  HIGHEST WIND SPEED    23   HIGHEST WIND DIRECTION     N (20)
  HIGHEST GUST SPEED    29   HIGHEST GUST DIRECTION    NE (30)
  AVERAGE WIND SPEED    14.6


SKY COVER
  POSSIBLE SUNSHINE  MM
  AVERAGE SKY COVER 0.0


WEATHER CONDITIONS
 THE FOLLOWING WEATHER WAS RECORDED TODAY.
  NO SIGNIFICANT WEATHER WAS OBSERVED.


RELATIVE HUMIDITY (PERCENT)
 HIGHEST    76           500 AM
 LOWEST     25           200 PM
 AVERAGE    51

..........................................................


THE LAWRENCEVILLE IL AIRPORT CLIMATE NORMALS FOR TOMORROW
                         NORMAL    RECORD    YEAR
 MAXIMUM TEMPERATURE (F)   70        MM        MM
 MINIMUM TEMPERATURE (F)   49        MM        MM


SUNRISE AND SUNSET
APRIL 23 2017.........SUNRISE   603 AM CDT   SUNSET   735 PM CDT
APRIL 24 2017.........SUNRISE   601 AM CDT   SUNSET   736 PM CDT


-  INDICATES NEGATIVE NUMBERS.
R  INDICATES RECORD WAS SET OR TIED.
MM INDICATES DATA IS MISSING.
T  INDICATES TRACE AMOUNT.




$$
