000
CDUS43 KILX 280707
CLILWV


CLIMATE REPORT
NATIONAL WEATHER SERVICE LINCOLN IL
207 AM CDT SAT MAY 28 2016


...................................

...THE LAWRENCEVILLE IL AIRPORT CLIMATE SUMMARY FOR MAY 27 2016...

CLIMATE NORMAL PERIOD 1981 TO 2010
CLIMATE RECORD PERIOD 9999 TO 9999


WEATHER ITEM   OBSERVED TIME   RECORD YEAR NORMAL DEPARTURE LAST
                VALUE   (LST)  VALUE       VALUE  FROM      YEAR
                                                  NORMAL
..................................................................
TEMPERATURE (F)
 YESTERDAY
  MAXIMUM         86    341 PM  MM      MM  80      6       83
  MINIMUM         66    534 AM  MM      MM  59      7       62
  AVERAGE         76                        69      7       73

PRECIPITATION (IN)
  YESTERDAY        0.00         MM      MM   0.12  -0.12     0.00
  MONTH TO DATE    4.17                      5.08  -0.91     2.30
  SINCE MAR 1     13.43                     12.67   0.76    13.37
  SINCE JAN 1     17.67                     17.06   0.61    15.87

DEGREE DAYS
 HEATING
  YESTERDAY        0                         1     -1        0
  MONTH TO DATE  115                        78     37       61
  SINCE MAR 1    842                       994   -152     1041
  SINCE JUL 1   4069                      4669   -600     5315

 COOLING
  YESTERDAY       11                         5      6        8
  MONTH TO DATE   49                        88    -39      120
  SINCE MAR 1     70                       114    -44      127
  SINCE JAN 1     70                       114    -44      127
..................................................................


WIND (MPH)
  HIGHEST WIND SPEED    25   HIGHEST WIND DIRECTION     S (180)
  HIGHEST GUST SPEED    32   HIGHEST GUST DIRECTION     S (170)
  AVERAGE WIND SPEED    11.5


SKY COVER
  POSSIBLE SUNSHINE  MM
  AVERAGE SKY COVER 0.3


WEATHER CONDITIONS
 THE FOLLOWING WEATHER WAS RECORDED YESTERDAY.
  NO SIGNIFICANT WEATHER WAS OBSERVED.


RELATIVE HUMIDITY (PERCENT)
 HIGHEST    93          1200 AM
 LOWEST     51           400 PM
 AVERAGE    72

..........................................................


THE LAWRENCEVILLE IL AIRPORT CLIMATE NORMALS FOR TODAY
                         NORMAL    RECORD    YEAR
 MAXIMUM TEMPERATURE (F)   80        MM        MM
 MINIMUM TEMPERATURE (F)   59        MM        MM


SUNRISE AND SUNSET
MAY 28 2016...........SUNRISE   529 AM CDT   SUNSET   807 PM CDT
MAY 29 2016...........SUNRISE   528 AM CDT   SUNSET   808 PM CDT


-  INDICATES NEGATIVE NUMBERS.
R  INDICATES RECORD WAS SET OR TIED.
MM INDICATES DATA IS MISSING.
T  INDICATES TRACE AMOUNT.




$$
