000
CDUS43 KILX 302159
CLILWV


CLIMATE REPORT
NATIONAL WEATHER SERVICE LINCOLN IL
459 PM CDT SAT AUG 30 2014


...................................

...THE LAWRENCEVILLE IL AIRPORT CLIMATE SUMMARY FOR AUGUST 30 2014...
VALID TODAY AS OF 0400 PM LOCAL TIME.

CLIMATE NORMAL PERIOD 1981 TO 2010
CLIMATE RECORD PERIOD 9999 TO 9999


WEATHER ITEM   OBSERVED TIME   RECORD YEAR NORMAL DEPARTURE LAST
                VALUE   (LST)  VALUE       VALUE  FROM      YEAR
                                                  NORMAL
..................................................................
TEMPERATURE (F)
 TODAY
  MAXIMUM         80    213 PM  MM      MM  87     -7       97
  MINIMUM         73   1008 AM  MM      MM  63     10       69
  AVERAGE         77                        75      2       83

PRECIPITATION (IN)
  TODAY            0.19         MM      MM   0.10   0.09      T
  MONTH TO DATE    4.76                      3.29   1.47     0.80
  SINCE JUN 1     13.19                     11.69   1.50    15.70
  SINCE JAN 1     28.80                     29.25  -0.45    40.73

DEGREE DAYS
 HEATING
  TODAY            0                         0      0        0
  MONTH TO DATE    0                         0      0        4
  SINCE JUN 1      0                         7     -7        8
  SINCE JUL 1      0                         0      0        5

 COOLING
  TODAY           12                        10      2       18
  MONTH TO DATE  323                       344    -21      303
  SINCE JUN 1    870                      1032   -162      868
  SINCE JAN 1   1061                      1171   -110     1036
..................................................................


WIND (MPH)
  HIGHEST WIND SPEED    15   HIGHEST WIND DIRECTION     S (170)
  HIGHEST GUST SPEED    20   HIGHEST GUST DIRECTION     S (180)
  AVERAGE WIND SPEED     8.3


SKY COVER
  POSSIBLE SUNSHINE  MM
  AVERAGE SKY COVER 0.8


WEATHER CONDITIONS
 THE FOLLOWING WEATHER WAS RECORDED TODAY.
  THUNDERSTORM
  HEAVY RAIN
  RAIN
  LIGHT RAIN
  FOG
  HAZE


RELATIVE HUMIDITY (PERCENT)
 HIGHEST    93           700 AM
 LOWEST     79           100 AM
 AVERAGE    86

..........................................................


THE LAWRENCEVILLE IL AIRPORT CLIMATE NORMALS FOR TOMORROW
                         NORMAL    RECORD    YEAR
 MAXIMUM TEMPERATURE (F)   87        MM        MM
 MINIMUM TEMPERATURE (F)   63        MM        MM


SUNRISE AND SUNSET
AUGUST 30 2014........SUNRISE   618 AM CDT   SUNSET   724 PM CDT
AUGUST 31 2014........SUNRISE   619 AM CDT   SUNSET   722 PM CDT


-  INDICATES NEGATIVE NUMBERS.
R  INDICATES RECORD WAS SET OR TIED.
MM INDICATES DATA IS MISSING.
T  INDICATES TRACE AMOUNT.




$$
