000
CDUS43 KILX 252159
CLILWV


CLIMATE REPORT
NATIONAL WEATHER SERVICE LINCOLN IL
458 PM CDT SAT OCT 25 2014


...................................

...THE LAWRENCEVILLE IL AIRPORT CLIMATE SUMMARY FOR OCTOBER 25 2014...
VALID TODAY AS OF 0400 PM LOCAL TIME.

CLIMATE NORMAL PERIOD 1981 TO 2010
CLIMATE RECORD PERIOD 9999 TO 9999


WEATHER ITEM   OBSERVED TIME   RECORD YEAR NORMAL DEPARTURE LAST
                VALUE   (LST)  VALUE       VALUE  FROM      YEAR
                                                  NORMAL
..................................................................
TEMPERATURE (F)
 TODAY
  MAXIMUM         79    259 PM  MM      MM  66     13       50
  MINIMUM         50   1217 AM  MM      MM  43      7       27
  AVERAGE         65                        55     10       39

PRECIPITATION (IN)
  TODAY            0.00         MM      MM   0.13  -0.13     0.00
  MONTH TO DATE    3.93                      3.40   0.53     3.26
  SINCE SEP 1      6.86                      6.59   0.27     4.22
  SINCE JAN 1     35.66                     35.94  -0.28    45.86

DEGREE DAYS
 HEATING
  TODAY            0                        11    -11       26
  MONTH TO DATE  196                       187      9      215
  SINCE SEP 1    256                       225     31      226
  SINCE JUL 1    256                       226     30      231

 COOLING
  TODAY            0                         0      0        0
  MONTH TO DATE   22                        31     -9       45
  SINCE SEP 1    140                       202    -62      232
  SINCE JAN 1   1213                      1385   -172     1287
..................................................................


WIND (MPH)
  HIGHEST WIND SPEED    13   HIGHEST WIND DIRECTION    NW (300)
  HIGHEST GUST SPEED    16   HIGHEST GUST DIRECTION    NW (310)
  AVERAGE WIND SPEED     5.8


SKY COVER
  POSSIBLE SUNSHINE  MM
  AVERAGE SKY COVER 0.3


WEATHER CONDITIONS
 THE FOLLOWING WEATHER WAS RECORDED TODAY.
  FOG
  HAZE


RELATIVE HUMIDITY (PERCENT)
 HIGHEST   100           200 AM
 LOWEST     42           200 PM
 AVERAGE    71

..........................................................


THE LAWRENCEVILLE IL AIRPORT CLIMATE NORMALS FOR TOMORROW
                         NORMAL    RECORD    YEAR
 MAXIMUM TEMPERATURE (F)   66        MM        MM
 MINIMUM TEMPERATURE (F)   43        MM        MM


SUNRISE AND SUNSET
OCTOBER 25 2014.......SUNRISE   710 AM CDT   SUNSET   558 PM CDT
OCTOBER 26 2014.......SUNRISE   711 AM CDT   SUNSET   557 PM CDT


-  INDICATES NEGATIVE NUMBERS.
R  INDICATES RECORD WAS SET OR TIED.
MM INDICATES DATA IS MISSING.
T  INDICATES TRACE AMOUNT.




$$
