000
CDUS43 KILX 220649
CLILWV


CLIMATE REPORT
NATIONAL WEATHER SERVICE LINCOLN IL
1241 AM CST MON DEC 22 2014


...................................

...THE LAWRENCEVILLE IL AIRPORT CLIMATE SUMMARY FOR DECEMBER 21 2014...

CLIMATE NORMAL PERIOD 1981 TO 2010
CLIMATE RECORD PERIOD 9999 TO 9999


WEATHER ITEM   OBSERVED TIME   RECORD YEAR NORMAL DEPARTURE LAST
                VALUE   (LST)  VALUE       VALUE  FROM      YEAR
                                                  NORMAL
..................................................................
TEMPERATURE (F)
 YESTERDAY
  MAXIMUM         41    347 PM  MM      MM  41      0       48
  MINIMUM         23    717 AM  MM      MM  25     -2       38
  AVERAGE         32                        33     -1       43

PRECIPITATION (IN)
  YESTERDAY        0.00         MM      MM   0.12  -0.12     3.23
  MONTH TO DATE    2.46                      2.21   0.25     4.48
  SINCE DEC 1      2.46                      2.21   0.25     4.48
  SINCE JAN 1     41.20                     42.70  -1.50    55.06

DEGREE DAYS
 HEATING
  YESTERDAY       33                        32      1       22
  MONTH TO DATE  599                       611    -12      693
  SINCE DEC 1    599                       611    -12      693
  SINCE JUL 1   1734                      1469    265     1717

 COOLING
  YESTERDAY        0                         0      0        0
  MONTH TO DATE    0                         0      0        0
  SINCE DEC 1      0                         0      0        0
  SINCE JAN 1   1218                      1387   -169     1287
..................................................................


WIND (MPH)
  HIGHEST WIND SPEED    10   HIGHEST WIND DIRECTION     E (90)
  HIGHEST GUST SPEED    13   HIGHEST GUST DIRECTION    SE (120)
  AVERAGE WIND SPEED     5.8


SKY COVER
  POSSIBLE SUNSHINE  MM
  AVERAGE SKY COVER 0.0


WEATHER CONDITIONS
 THE FOLLOWING WEATHER WAS RECORDED YESTERDAY.
  FOG
  HAZE


RELATIVE HUMIDITY (PERCENT)
 HIGHEST    96           600 AM
 LOWEST     65           200 PM
 AVERAGE    81

..........................................................


THE LAWRENCEVILLE IL AIRPORT CLIMATE NORMALS FOR TODAY
                         NORMAL    RECORD    YEAR
 MAXIMUM TEMPERATURE (F)   40        MM        MM
 MINIMUM TEMPERATURE (F)   25        MM        MM


SUNRISE AND SUNSET
DECEMBER 22 2014......SUNRISE   705 AM CST   SUNSET   433 PM CST
DECEMBER 23 2014......SUNRISE   706 AM CST   SUNSET   433 PM CST


-  INDICATES NEGATIVE NUMBERS.
R  INDICATES RECORD WAS SET OR TIED.
MM INDICATES DATA IS MISSING.
T  INDICATES TRACE AMOUNT.




$$
