000
CDUS43 KILX 140629
CLILWV


CLIMATE REPORT
NATIONAL WEATHER SERVICE LINCOLN IL
129 AM CDT MON JUL 14 2014


...................................

...THE LAWRENCEVILLE IL AIRPORT CLIMATE SUMMARY FOR JULY 13 2014...

CLIMATE NORMAL PERIOD 1981 TO 2010
CLIMATE RECORD PERIOD 9999 TO 9999


WEATHER ITEM   OBSERVED TIME   RECORD YEAR NORMAL DEPARTURE LAST
                VALUE   (LST)  VALUE       VALUE  FROM      YEAR
                                                  NORMAL
..................................................................
TEMPERATURE (F)
 YESTERDAY
  MAXIMUM         91    214 PM  MM      MM  89      2       86
  MINIMUM         73   1149 PM  MM      MM  68      5       62
  AVERAGE         82                        78      4       74

PRECIPITATION (IN)
  YESTERDAY        T            MM      MM   0.14  -0.14      T
  MONTH TO DATE    0.52                      1.78  -1.26     2.20
  SINCE JUN 1      4.46                      5.76  -1.30    12.63
  SINCE JAN 1     20.07                     23.32  -3.25    37.66

DEGREE DAYS
 HEATING
  YESTERDAY        0                         0      0        0
  MONTH TO DATE    0                         0      0        0
  SINCE JUN 1      0                         7     -7        3
  SINCE JUL 1      0                         0      0        0

 COOLING
  YESTERDAY       17                        13      4        9
  MONTH TO DATE  128                       169    -41      116
  SINCE JUN 1    451                       459     -8      372
  SINCE JAN 1    642                       598     44      540
..................................................................


WIND (MPH)
  HIGHEST WIND SPEED    16   HIGHEST WIND DIRECTION     W (260)
  HIGHEST GUST SPEED    20   HIGHEST GUST DIRECTION     W (250)
  AVERAGE WIND SPEED     7.6


SKY COVER
  POSSIBLE SUNSHINE  MM
  AVERAGE SKY COVER 0.2


WEATHER CONDITIONS
 THE FOLLOWING WEATHER WAS RECORDED YESTERDAY.
  THUNDERSTORM
  LIGHT RAIN
  FOG


RELATIVE HUMIDITY (PERCENT)
 HIGHEST    94          1200 AM
 LOWEST     52           200 PM
 AVERAGE    73

..........................................................


THE LAWRENCEVILLE IL AIRPORT CLIMATE NORMALS FOR TODAY
                         NORMAL    RECORD    YEAR
 MAXIMUM TEMPERATURE (F)   89        MM        MM
 MINIMUM TEMPERATURE (F)   68        MM        MM


SUNRISE AND SUNSET
JULY 14 2014..........SUNRISE   537 AM CDT   SUNSET   815 PM CDT
JULY 15 2014..........SUNRISE   538 AM CDT   SUNSET   815 PM CDT


-  INDICATES NEGATIVE NUMBERS.
R  INDICATES RECORD WAS SET OR TIED.
MM INDICATES DATA IS MISSING.
T  INDICATES TRACE AMOUNT.




$$
