319
CDUS41 KRNK 120643
CLILYH


CLIMATE REPORT
NATIONAL WEATHER SERVICE BLACKSBURG VA
142 AM EST FRI FEB 12 2016


...................................

...THE LYNCHBURG VA CLIMATE SUMMARY FOR FEBRUARY 11 2016...

CLIMATE NORMAL PERIOD 1981 TO 2010
CLIMATE RECORD PERIOD 1893 TO 2016


WEATHER ITEM   OBSERVED TIME   RECORD YEAR NORMAL DEPARTURE LAST
                VALUE   (LST)  VALUE       VALUE  FROM      YEAR
                                                  NORMAL
..................................................................
TEMPERATURE (F)
 YESTERDAY
  MAXIMUM         31    359 PM  82    1932  48    -17       51
  MINIMUM         15    359 AM  -3    1899  27    -12       23
  AVERAGE         23                        37    -14       37

PRECIPITATION (IN)
  YESTERDAY        0.00          1.99 1994   0.10  -0.10     0.00
  MONTH TO DATE    1.23                      1.16   0.07     0.25
  SINCE DEC 1      8.97                      7.54   1.43     5.23
  SINCE JAN 1      4.00                      4.30  -0.30     2.11

SNOWFALL (IN)
  YESTERDAY        0.0                                       0.0
  MONTH TO DATE    0.0                                       0.0
  SINCE DEC 1     10.2                                       0.1
  SINCE JUL 1     10.2                                       0.1
  SNOW DEPTH       0

DEGREE DAYS
 HEATING
  YESTERDAY       42                        28     14       28
  MONTH TO DATE  306                       313     -7      303
  SINCE DEC 1   1773                      2091   -318     2010
  SINCE JUL 1   2483                      2985   -502     2986

 COOLING
  YESTERDAY        0                         0      0        0
  MONTH TO DATE    0                         0      0        0
  SINCE DEC 1      0                         0      0        0
  SINCE JAN 1      0                         0      0        0
..................................................................


WIND (MPH)
  HIGHEST WIND SPEED    16   HIGHEST WIND DIRECTION     W (270)
  HIGHEST GUST SPEED    24   HIGHEST GUST DIRECTION     W (260)
  AVERAGE WIND SPEED     7.2


SKY COVER
  AVERAGE SKY COVER 0.0


WEATHER CONDITIONS
 THE FOLLOWING WEATHER WAS RECORDED YESTERDAY.
  NO SIGNIFICANT WEATHER WAS OBSERVED.


RELATIVE HUMIDITY (PERCENT)
 HIGHEST    53           400 AM
 LOWEST     27           300 PM
 AVERAGE    40

..........................................................


THE LYNCHBURG VA CLIMATE NORMALS FOR TODAY
                         NORMAL    RECORD    YEAR
 MAXIMUM TEMPERATURE (F)   48        72      1999
 MINIMUM TEMPERATURE (F)   27         5      1899


SUNRISE AND SUNSET
FEBRUARY 12 2016......SUNRISE   710 AM EST   SUNSET   553 PM EST
FEBRUARY 13 2016......SUNRISE   709 AM EST   SUNSET   554 PM EST


-  INDICATES NEGATIVE NUMBERS.
R  INDICATES RECORD WAS SET OR TIED.
MM INDICATES DATA IS MISSING.
T  INDICATES TRACE AMOUNT.

REMARKS:

DUE TO A SENSOR FAILURE CAUSING MISSING TEMPERATURES ON OCTOBER 22
AND 23...THE SEASONAL HEATING DEGREE DAY TOTAL AND DEPARTURE FROM
NORMAL WILL BE CALCULATED WITHOUT DATA FROM THESE DATES.

$$

RAB
