000
CDUS41 KRNK 262213
CLILYH


CLIMATE REPORT
NATIONAL WEATHER SERVICE BLACKSBURG VA
509 PM EST THU FEB 26 2015


...................................

...THE LYNCHBURG VA CLIMATE SUMMARY FOR FEBRUARY 26 2015...
VALID TODAY AS OF 0500 PM LOCAL TIME.

CLIMATE NORMAL PERIOD 1981 TO 2010
CLIMATE RECORD PERIOD 1893 TO 2015


WEATHER ITEM   OBSERVED TIME   RECORD YEAR NORMAL DEPARTURE LAST
                VALUE   (LST)  VALUE       VALUE  FROM      YEAR
                                                  NORMAL
..................................................................
TEMPERATURE (F)
 TODAY
  MAXIMUM         35    338 PM  77    1977  52    -17       43
  MINIMUM         28    527 AM  10    1967  29     -1       26
  AVERAGE         32                        40     -8       35

PRECIPITATION (IN)
  TODAY            0.40          1.25 1912   0.10   0.30     0.00
  MONTH TO DATE    2.52                      2.72  -0.20     3.81
  SINCE DEC 1      7.50                      9.10  -1.60    12.77
  SINCE JAN 1      4.38                      5.86  -1.48     7.08

SNOWFALL (IN)
  TODAY           MM
  MONTH TO DATE   15.3
  SINCE DEC 1     15.4
  SINCE JUL 1     15.4
  SNOW DEPTH      MM

DEGREE DAYS
 HEATING
  TODAY           33                        25      8       30
  MONTH TO DATE  929                       704    225      700
  SINCE DEC 1   2636                      2482    154     2524
  SINCE JUL 1   3612                      3376    236     3442

 COOLING
  TODAY            0                         0      0        0
  MONTH TO DATE    0                         0      0        0
  SINCE DEC 1      0                         0      0        0
  SINCE JAN 1      0                         0      0        0
..................................................................


WIND (MPH)
  HIGHEST WIND SPEED    18   HIGHEST WIND DIRECTION    NE (40)
  HIGHEST GUST SPEED    23   HIGHEST GUST DIRECTION    NE (40)
  AVERAGE WIND SPEED     8.1


SKY COVER
  POSSIBLE SUNSHINE  MM
  AVERAGE SKY COVER 1.0


WEATHER CONDITIONS
 THE FOLLOWING WEATHER WAS RECORDED TODAY.
  SNOW
  LIGHT SNOW
  FOG


RELATIVE HUMIDITY (PERCENT)
 HIGHEST   100           300 AM
 LOWEST     44          1200 AM
 AVERAGE    72

..........................................................


THE LYNCHBURG VA CLIMATE NORMALS FOR TOMORROW
                         NORMAL    RECORD    YEAR
 MAXIMUM TEMPERATURE (F)   52        74      1944
 MINIMUM TEMPERATURE (F)   29         7      1934


SUNRISE AND SUNSET
FEBRUARY 26 2015......SUNRISE   652 AM EST   SUNSET   608 PM EST
FEBRUARY 27 2015......SUNRISE   651 AM EST   SUNSET   609 PM EST


-  INDICATES NEGATIVE NUMBERS.
R  INDICATES RECORD WAS SET OR TIED.
MM INDICATES DATA IS MISSING.
T  INDICATES TRACE AMOUNT.

$$
