000
CDUS41 KRNK 302223
CLILYH


CLIMATE REPORT
NATIONAL WEATHER SERVICE BLACKSBURG VA
522 PM EST FRI JAN 30 2015


...................................

...THE LYNCHBURG VA CLIMATE SUMMARY FOR JANUARY 30 2015...
VALID TODAY AS OF 0500 PM LOCAL TIME.

CLIMATE NORMAL PERIOD 1981 TO 2010
CLIMATE RECORD PERIOD 1893 TO 2015


WEATHER ITEM   OBSERVED TIME   RECORD YEAR NORMAL DEPARTURE LAST
                VALUE   (LST)  VALUE       VALUE  FROM      YEAR
                                                  NORMAL
..................................................................
TEMPERATURE (F)
 TODAY
  MAXIMUM         43        MM  80    2002  46     -3       33
  MINIMUM         33    500 PM   3    2014  25      8        3
  AVERAGE         38                        36      2       18

PRECIPITATION (IN)
  TODAY            0.00          0.97 1950   0.10  -0.10     0.00
  MONTH TO DATE    1.86                      3.03  -1.17     3.27
  SINCE DEC 1      4.98                      6.27  -1.29     8.96
  SINCE JAN 1      1.86                      3.03  -1.17     3.27

SNOWFALL (IN)
  TODAY            0.0
  MONTH TO DATE    0.1
  SINCE DEC 1      0.1
  SINCE JUL 1      0.1
  SNOW DEPTH       0

DEGREE DAYS
 HEATING
  TODAY           27                        29     -2       47
  MONTH TO DATE  911                       896     15     1057
  SINCE DEC 1   1665                      1747    -82     1793
  SINCE JUL 1   2641                      2641      0     2711

 COOLING
  TODAY            0                         0      0        0
  MONTH TO DATE    0                         0      0        0
  SINCE DEC 1      0                         0      0        0
  SINCE JAN 1      0                         0      0        0
..................................................................


WIND (MPH)
  HIGHEST WIND SPEED    16   HIGHEST WIND DIRECTION    NW (300)
  HIGHEST GUST SPEED    35   HIGHEST GUST DIRECTION    NW (310)
  AVERAGE WIND SPEED    10.4


SKY COVER
  POSSIBLE SUNSHINE  MM
  AVERAGE SKY COVER 0.6


WEATHER CONDITIONS
 THE FOLLOWING WEATHER WAS RECORDED TODAY.
  NO SIGNIFICANT WEATHER WAS OBSERVED.


RELATIVE HUMIDITY (PERCENT)
 HIGHEST    70           300 AM
 LOWEST     29           400 PM
 AVERAGE    50

..........................................................


THE LYNCHBURG VA CLIMATE NORMALS FOR TOMORROW
                         NORMAL    RECORD    YEAR
 MAXIMUM TEMPERATURE (F)   46        68      2012
                                             1916
 MINIMUM TEMPERATURE (F)   25        -2      2010


SUNRISE AND SUNSET
JANUARY 30 2015.......SUNRISE   722 AM EST   SUNSET   539 PM EST
JANUARY 31 2015.......SUNRISE   721 AM EST   SUNSET   540 PM EST


-  INDICATES NEGATIVE NUMBERS.
R  INDICATES RECORD WAS SET OR TIED.
MM INDICATES DATA IS MISSING.
T  INDICATES TRACE AMOUNT.




$$
