816
CDUS41 KRNK 312118
CLILYH


CLIMATE REPORT
NATIONAL WEATHER SERVICE BLACKSBURG VA
516 PM EDT WED AUG 31 2016


...................................

...THE LYNCHBURG VA CLIMATE SUMMARY FOR AUGUST 31 2016...
VALID TODAY AS OF 0500 PM LOCAL TIME.

CLIMATE NORMAL PERIOD 1981 TO 2010
CLIMATE RECORD PERIOD 1893 TO 2016


WEATHER ITEM   OBSERVED TIME   RECORD YEAR NORMAL DEPARTURE LAST
                VALUE   (LST)  VALUE       VALUE  FROM      YEAR
                                                  NORMAL
..................................................................
TEMPERATURE (F)
 TODAY
  MAXIMUM         91    347 PM 104    1932  83      8       84
  MINIMUM         67    607 AM  48    1946  61      6       66
  AVERAGE         79                        72      7       75

PRECIPITATION (IN)
  TODAY            0.00          2.53 1952   0.11  -0.11      T
  MONTH TO DATE    1.19                      3.26  -2.07     1.98
  SINCE JUN 1     13.46                     11.24   2.22    11.36
  SINCE JAN 1     33.12                     27.93   5.19    24.74

SNOWFALL (IN)
  TODAY            0.0                                       0.0
  MONTH TO DATE    0.0                                       0.0
  SINCE JUN 1      0.0                                       0.0
  SINCE JUL 1      0.0                                       0.0
  SNOW DEPTH       0

DEGREE DAYS
 HEATING
  TODAY            0                         0      0        0
  MONTH TO DATE    0                         0      0        0
  SINCE JUN 1      1                        17    -16       13
  SINCE JUL 1      0                         3     -3        0

 COOLING
  TODAY           14                         7      7       10
  MONTH TO DATE  385                       284    101      270
  SINCE JUN 1   1007                       816    191      877
  SINCE JAN 1   1078                       898    180     1025
..................................................................


WIND (MPH)
  HIGHEST WIND SPEED    12   HIGHEST WIND DIRECTION     S (190)
  HIGHEST GUST SPEED    16   HIGHEST GUST DIRECTION     S (180)
  AVERAGE WIND SPEED     1.9


SKY COVER
  AVERAGE SKY COVER 0.1


WEATHER CONDITIONS
 THE FOLLOWING WEATHER WAS RECORDED TODAY.
  THUNDERSTORM


RELATIVE HUMIDITY (PERCENT)
 HIGHEST   100           600 AM
 LOWEST     44           200 PM
 AVERAGE    72

..........................................................


THE LYNCHBURG VA CLIMATE NORMALS FOR TOMORROW
                         NORMAL    RECORD    YEAR
 MAXIMUM TEMPERATURE (F)   83       102      1932
 MINIMUM TEMPERATURE (F)   61        47      1946


SUNRISE AND SUNSET
AUGUST 31 2016........SUNRISE   647 AM EDT   SUNSET   746 PM EDT
SEPTEMBER  1 2016.....SUNRISE   648 AM EDT   SUNSET   745 PM EDT


-  INDICATES NEGATIVE NUMBERS.
R  INDICATES RECORD WAS SET OR TIED.
MM INDICATES DATA IS MISSING.
T  INDICATES TRACE AMOUNT.


$$

PW
