000
CDUS46 KHNX 270023
CLIMAE


CLIMATE REPORT
NATIONAL WEATHER SERVICE SAN JOAQUIN VALLEY, CA
522 PM PDT MON JUN 26 2017


...................................

...THE MADERA CA CLIMATE SUMMARY FOR JUNE 26 2017...
VALID AS OF 0400 PM LOCAL TIME.

CLIMATE NORMAL PERIOD 1981 TO 2010
CLIMATE RECORD PERIOD 1998 TO 2017


WEATHER ITEM   OBSERVED TIME   RECORD YEAR NORMAL DEPARTURE LAST
                VALUE   (LST)  VALUE       VALUE  FROM      YEAR
                                                  NORMAL
..................................................................
TEMPERATURE (F)
 TODAY
  MAXIMUM         95        MM 106    2015  94      1      102
  MINIMUM         62        MM  54    2012  60      2       60
                                      1999
  AVERAGE         79                        77      2       81

PRECIPITATION (IN)
  TODAY            0.00          T    2014   0.00   0.00     0.00
  MONTH TO DATE    0.00                      0.18  -0.18      T
  SINCE OCT 1     14.18                     11.72   2.46    12.96
  SINCE JAN 1     10.11                      7.99   2.12     8.40

SNOWFALL (IN)
  TODAY            0.0
  MONTH TO DATE    0.0
  SINCE JUN 1      0.0
  SINCE JUL 1      0.0
  SNOW DEPTH       0

DEGREE DAYS
 HEATING
  TODAY            0                                         0
  MONTH TO DATE    6                                         1
  SINCE JUN 1      6                                         1
  SINCE JUL 1   2074                                      2073

 COOLING
  TODAY           14                                        16
  MONTH TO DATE  344                                       306
  SINCE JUN 1    344                                       306
  SINCE JAN 1    529                                       499
..................................................................


WIND (MPH)
  HIGHEST WIND SPEED    12   HIGHEST WIND DIRECTION    NW (310)
  HIGHEST GUST SPEED    MM   HIGHEST GUST DIRECTION    MM
  AVERAGE WIND SPEED     7.9




RELATIVE HUMIDITY (PERCENT)
 HIGHEST    72
 LOWEST     22
 AVERAGE    47

..........................................................


THE MADERA CA CLIMATE NORMALS FOR TOMORROW
                         NORMAL    RECORD    YEAR
 MAXIMUM TEMPERATURE (F)   94       105      2003
 MINIMUM TEMPERATURE (F)   60        51      2012


SUNRISE AND SUNSET
JUNE 26 2017..........SUNRISE   543 AM PDT   SUNSET   824 PM PDT
JUNE 27 2017..........SUNRISE   543 AM PDT   SUNSET   824 PM PDT


-  INDICATES NEGATIVE NUMBERS.
R  INDICATES RECORD WAS SET OR TIED.
MM INDICATES DATA IS MISSING.
T  INDICATES TRACE AMOUNT.




$$
