000
CDUS46 KHNX 220821
CLIMAE


CLIMATE REPORT
NATIONAL WEATHER SERVICE SAN JOAQUIN VALLEY, CA
121 AM PDT WED OCT 22 2014


...................................

...THE MADERA CA AIRPORT CLIMATE SUMMARY FOR OCTOBER 21 2014...

CLIMATE NORMAL PERIOD 1981 TO 2010
CLIMATE RECORD PERIOD 1998 TO 2014


WEATHER ITEM   OBSERVED TIME   RECORD YEAR NORMAL DEPARTURE
                VALUE   (LST)  VALUE       VALUE  FROM
                                                  NORMAL
...............................................................
TEMPERATURE (F)
 YESTERDAY
  MAXIMUM         74    328 PM  92    2003  77     -3
  MINIMUM         48   1159 PM  39    2007  48      0
  AVERAGE         61                        62     -1

PRECIPITATION (IN)
  YESTERDAY        0.00          0.00   MM   0.03  -0.03
  MONTH TO DATE    T                         0.39  -0.39
  SINCE JUL 1      0.03                      0.68  -0.65
  SINCE JAN 1      3.64                      8.68  -5.04

SNOWFALL (IN)
  YESTERDAY        0.0
  MONTH TO DATE    0.0
  SINCE SEP 1      0.0
  SINCE JUL 1      0.0
  SNOW DEPTH       0

DEGREE DAYS
 HEATING
  YESTERDAY        4
  MONTH TO DATE    5
  SINCE SEP 1      5
  SINCE JUL 1      5

 COOLING
  YESTERDAY        0
  MONTH TO DATE  119
  SINCE SEP 1    463
  SINCE JAN 1   2949
...............................................................


WIND (MPH)
  HIGHEST WIND SPEED    21   HIGHEST WIND DIRECTION     E (70)
  HIGHEST GUST SPEED    25   HIGHEST GUST DIRECTION     E (70)
  AVERAGE WIND SPEED     8.2




RELATIVE HUMIDITY (PERCENT)
 HIGHEST    83
 LOWEST     25
 AVERAGE    54

..........................................................


THE MADERA CA AIRPORT CLIMATE NORMALS FOR TODAY
                         NORMAL    RECORD    YEAR
 MAXIMUM TEMPERATURE (F)   77        89      2003
 MINIMUM TEMPERATURE (F)   47        40      2000


SUNRISE AND SUNSET
OCTOBER 22 2014.......SUNRISE   715 AM PDT   SUNSET   615 PM PDT
OCTOBER 23 2014.......SUNRISE   716 AM PDT   SUNSET   613 PM PDT


-  INDICATES NEGATIVE NUMBERS.
R  INDICATES RECORD WAS SET OR TIED.
MM INDICATES DATA IS MISSING.
T  INDICATES TRACE AMOUNT.




$$
