000
CDUS46 KHNX 010023
CLIMAE


CLIMATE REPORT
NATIONAL WEATHER SERVICE SAN JOAQUIN VALLEY, CA
522 PM PDT SUN APR 30 2017


...................................

...THE MADERA CA CLIMATE SUMMARY FOR APRIL 30 2017...
VALID AS OF 0400 PM LOCAL TIME.

CLIMATE NORMAL PERIOD 1981 TO 2010
CLIMATE RECORD PERIOD 1998 TO 2017


WEATHER ITEM   OBSERVED TIME   RECORD YEAR NORMAL DEPARTURE LAST
                VALUE   (LST)  VALUE       VALUE  FROM      YEAR
                                                  NORMAL
..................................................................
TEMPERATURE (F)
 TODAY
  MAXIMUM         87    301 PM  93    2015  80      7       83
  MINIMUM         51    530 AM  36    2011  48      3       52
  AVERAGE         69                        64      5       68

PRECIPITATION (IN)
  TODAY            0.00          0.00   MM   0.02  -0.02     0.00
  MONTH TO DATE    0.47                      0.95  -0.48     1.59
  SINCE OCT 1     14.17                     11.06   3.11    12.96
  SINCE JAN 1     10.10                      7.33   2.77     8.40

SNOWFALL (IN)
  TODAY            0.0
  MONTH TO DATE    0.0
  SINCE MAR 1      0.0
  SINCE JUL 1      0.0
  SNOW DEPTH       0

DEGREE DAYS
 HEATING
  TODAY            0                                         0
  MONTH TO DATE  122                                        72
  SINCE MAR 1    364                                       309
  SINCE JUL 1   2043                                      2053

 COOLING
  TODAY            4                                         3
  MONTH TO DATE    7                                        32
  SINCE MAR 1     13                                        32
  SINCE JAN 1     13                                        32
..................................................................


WIND (MPH)
  HIGHEST WIND SPEED    16   HIGHEST WIND DIRECTION    NW (320)
  HIGHEST GUST SPEED    21   HIGHEST GUST DIRECTION    NW (310)
  AVERAGE WIND SPEED     4.9




RELATIVE HUMIDITY (PERCENT)
 HIGHEST    83
 LOWEST     19
 AVERAGE    51

..........................................................


THE MADERA CA CLIMATE NORMALS FOR TOMORROW
                         NORMAL    RECORD    YEAR
 MAXIMUM TEMPERATURE (F)   80        95      2014
 MINIMUM TEMPERATURE (F)   48        39      2008


SUNRISE AND SUNSET
APRIL 30 2017.........SUNRISE   607 AM PDT   SUNSET   749 PM PDT
MAY  1 2017...........SUNRISE   606 AM PDT   SUNSET   750 PM PDT


-  INDICATES NEGATIVE NUMBERS.
R  INDICATES RECORD WAS SET OR TIED.
MM INDICATES DATA IS MISSING.
T  INDICATES TRACE AMOUNT.




$$
