000
CDUS46 KHNX 230026
CLIMAE


CLIMATE REPORT
NATIONAL WEATHER SERVICE SAN JOAQUIN VALLEY, CA
425 PM PST MON DEC 22 2014


...................................

...THE MADERA CA CLIMATE SUMMARY FOR DECEMBER 22 2014...
VALID AS OF 0400 PM LOCAL TIME.

CLIMATE NORMAL PERIOD 1981 TO 2010
CLIMATE RECORD PERIOD 1998 TO 2014


WEATHER ITEM   OBSERVED TIME   RECORD YEAR NORMAL DEPARTURE LAST
                VALUE   (LST)  VALUE       VALUE  FROM      YEAR
                                                  NORMAL
..................................................................
TEMPERATURE (F)
 TODAY
  MAXIMUM         61    148 PM  68    2005  53      8       61
  MINIMUM         56   1004 AM  21    1998  36     20       29
  AVERAGE         59                        44     15       45

PRECIPITATION (IN)
  TODAY            0.01          0.35 2012   0.07  -0.06     0.00
  MONTH TO DATE    2.88                      1.08   1.80     0.27
  SINCE JUL 1      3.71                      3.40   0.31     0.97
  SINCE JAN 1      7.32                     11.40  -4.08     4.49

SNOWFALL (IN)
  TODAY            0.0
  MONTH TO DATE    0.0
  SINCE DEC 1      0.0
  SINCE JUL 1      0.0
  SNOW DEPTH       0

DEGREE DAYS
 HEATING
  TODAY            6                                        20
  MONTH TO DATE  200                                       494
  SINCE DEC 1    200                                       494
  SINCE JUL 1    516                                       912

 COOLING
  TODAY            0                                         0
  MONTH TO DATE    1                                         0
  SINCE DEC 1      1                                         0
  SINCE JAN 1   2953                                      1688
..................................................................


WIND (MPH)
  HIGHEST WIND SPEED    12   HIGHEST WIND DIRECTION    NW (300)
  HIGHEST GUST SPEED    15   HIGHEST GUST DIRECTION    NW (300)
  AVERAGE WIND SPEED     7.2




RELATIVE HUMIDITY (PERCENT)
 HIGHEST    93
 LOWEST     72
 AVERAGE    83

..........................................................


THE MADERA CA CLIMATE NORMALS FOR TOMORROW
                         NORMAL    RECORD    YEAR
 MAXIMUM TEMPERATURE (F)   53        65      2013
 MINIMUM TEMPERATURE (F)   36        19      1998


SUNRISE AND SUNSET
DECEMBER 22 2014......SUNRISE   710 AM PST   SUNSET   448 PM PST
DECEMBER 23 2014......SUNRISE   711 AM PST   SUNSET   448 PM PST


-  INDICATES NEGATIVE NUMBERS.
R  INDICATES RECORD WAS SET OR TIED.
MM INDICATES DATA IS MISSING.
T  INDICATES TRACE AMOUNT.




$$
