000
CDUS46 KHNX 200823
CLIMAE


CLIMATE REPORT
NATIONAL WEATHER SERVICE SAN JOAQUIN VALLEY, CA
122 AM PDT FRI OCT 20 2017


...................................

...THE MADERA CA AIRPORT CLIMATE SUMMARY FOR OCTOBER 19 2017...

CLIMATE NORMAL PERIOD 1981 TO 2010
CLIMATE RECORD PERIOD 1998 TO 2017


WEATHER ITEM   OBSERVED TIME   RECORD YEAR NORMAL DEPARTURE
                VALUE   (LST)  VALUE       VALUE  FROM
                                                  NORMAL
...............................................................
TEMPERATURE (F)
 YESTERDAY
  MAXIMUM         80    320 PM  86    2012  78      2
                                      2003
  MINIMUM         42R   319 AM  42    2016  48     -6
                                      2006
  AVERAGE         61                        63     -2

PRECIPITATION (IN)
  YESTERDAY        0.00          0.79 2004   0.03  -0.03
  MONTH TO DATE    0.00                      0.33  -0.33
  SINCE OCT 1      0.00                      0.33  -0.33
  SINCE JAN 1     10.19                      8.62   1.57

SNOWFALL (IN)
  YESTERDAY        0.0
  MONTH TO DATE    0.0
  SINCE SEP 1      0.0
  SINCE JUL 1      0.0
  SNOW DEPTH       0

DEGREE DAYS
 HEATING
  YESTERDAY        4
  MONTH TO DATE   47
  SINCE SEP 1     52
  SINCE JUL 1     52

 COOLING
  YESTERDAY        0
  MONTH TO DATE    9
  SINCE SEP 1    333
  SINCE JAN 1   2004
...............................................................


WIND (MPH)
  HIGHEST WIND SPEED    16   HIGHEST WIND DIRECTION    NW (300)
  HIGHEST GUST SPEED    21   HIGHEST GUST DIRECTION    NW (300)
  AVERAGE WIND SPEED     5.4




RELATIVE HUMIDITY (PERCENT)
 HIGHEST    83
 LOWEST     23
 AVERAGE    53

..........................................................


THE MADERA CA AIRPORT CLIMATE NORMALS FOR TODAY
                         NORMAL    RECORD    YEAR
 MAXIMUM TEMPERATURE (F)   78        87      2003
 MINIMUM TEMPERATURE (F)   48        43      1998


SUNRISE AND SUNSET
OCTOBER 20 2017.......SUNRISE   713 AM PDT   SUNSET   617 PM PDT
OCTOBER 21 2017.......SUNRISE   714 AM PDT   SUNSET   615 PM PDT


-  INDICATES NEGATIVE NUMBERS.
R  INDICATES RECORD WAS SET OR TIED.
MM INDICATES DATA IS MISSING.
T  INDICATES TRACE AMOUNT.




$$
