000
CDUS46 KHNX 280821
CLIMAE


CLIMATE REPORT
NATIONAL WEATHER SERVICE SAN JOAQUIN VALLEY, CA
120 AM PDT THU MAY 28 2015


...................................

...THE MADERA CA AIRPORT CLIMATE SUMMARY FOR MAY 27 2015...

CLIMATE NORMAL PERIOD 1981 TO 2010
CLIMATE RECORD PERIOD 1998 TO 2015


WEATHER ITEM   OBSERVED TIME   RECORD YEAR NORMAL DEPARTURE
                VALUE   (LST)  VALUE       VALUE  FROM
                                                  NORMAL
...............................................................
TEMPERATURE (F)
 YESTERDAY
  MAXIMUM         88    448 PM  97    2009  86      2
  MINIMUM         53    514 AM  46    2011  53      0
  AVERAGE         71                        70      1

PRECIPITATION (IN)
  YESTERDAY        0.00          T    2008   0.01  -0.01
  MONTH TO DATE    0.45                      0.46  -0.01
  SINCE OCT 1      5.71                     11.52  -5.81
  SINCE JAN 1      2.03                      7.79  -5.76

SNOWFALL (IN)
  YESTERDAY        0.0
  MONTH TO DATE    0.0
  SINCE MAR 1      0.0
  SINCE JUL 1      0.0
  SNOW DEPTH       0

DEGREE DAYS
 HEATING
  YESTERDAY        0
  MONTH TO DATE   27
  SINCE MAR 1    276
  SINCE JUL 1   1726

 COOLING
  YESTERDAY        6
  MONTH TO DATE   62
  SINCE MAR 1    138
  SINCE JAN 1    140
...............................................................


WIND (MPH)
  HIGHEST WIND SPEED    17   HIGHEST WIND DIRECTION    NW (330)
  HIGHEST GUST SPEED    22   HIGHEST GUST DIRECTION    NW (300)
  AVERAGE WIND SPEED     8.9




RELATIVE HUMIDITY (PERCENT)
 HIGHEST    83
 LOWEST     16
 AVERAGE    50

..........................................................


THE MADERA CA AIRPORT CLIMATE NORMALS FOR TODAY
                         NORMAL    RECORD    YEAR
 MAXIMUM TEMPERATURE (F)   86       103      2003
 MINIMUM TEMPERATURE (F)   54        44      2010


SUNRISE AND SUNSET
MAY 28 2015...........SUNRISE   544 AM PDT   SUNSET   812 PM PDT
MAY 29 2015...........SUNRISE   544 AM PDT   SUNSET   812 PM PDT


-  INDICATES NEGATIVE NUMBERS.
R  INDICATES RECORD WAS SET OR TIED.
MM INDICATES DATA IS MISSING.
T  INDICATES TRACE AMOUNT.




$$
