000
CDUS46 KHNX 030823
CLIMAE


CLIMATE REPORT
NATIONAL WEATHER SERVICE SAN JOAQUIN VALLEY, CA
1222 AM PST SAT DEC 3 2016


...................................

...THE MADERA CA AIRPORT CLIMATE SUMMARY FOR DECEMBER 2 2016...

CLIMATE NORMAL PERIOD 1981 TO 2010
CLIMATE RECORD PERIOD 1998 TO 2016


WEATHER ITEM   OBSERVED TIME   RECORD YEAR NORMAL DEPARTURE
                VALUE   (LST)  VALUE       VALUE  FROM
                                                  NORMAL
...............................................................
TEMPERATURE (F)
 YESTERDAY
  MAXIMUM         54    321 PM  68    2013  58     -4
                                      2003
  MINIMUM         34    304 AM  27    2004  37     -3
  AVERAGE         44                        47     -3

PRECIPITATION (IN)
  YESTERDAY        0.00          0.49 2014   0.03  -0.03
  MONTH TO DATE    0.00                      0.05  -0.05
  SINCE OCT 1      2.20                      2.08   0.12
  SINCE JAN 1     10.60                     10.37   0.23

SNOWFALL (IN)
  YESTERDAY        0.0
  MONTH TO DATE    0.0
  SINCE DEC 1      0.0
  SINCE JUL 1      0.0
  SNOW DEPTH       0

DEGREE DAYS
 HEATING
  YESTERDAY       21
  MONTH TO DATE   40
  SINCE DEC 1     40
  SINCE JUL 1    348

 COOLING
  YESTERDAY        0
  MONTH TO DATE    0
  SINCE DEC 1      0
  SINCE JAN 1   1819
...............................................................


WIND (MPH)
  HIGHEST WIND SPEED     8   HIGHEST WIND DIRECTION     E (80)
  HIGHEST GUST SPEED     9   HIGHEST GUST DIRECTION     W (280)
  AVERAGE WIND SPEED     2.0




RELATIVE HUMIDITY (PERCENT)
 HIGHEST   100
 LOWEST     59
 AVERAGE    80

..........................................................


THE MADERA CA AIRPORT CLIMATE NORMALS FOR TODAY
                         NORMAL    RECORD    YEAR
 MAXIMUM TEMPERATURE (F)   57        75      2014
 MINIMUM TEMPERATURE (F)   37        26      2011


SUNRISE AND SUNSET
DECEMBER  3 2016......SUNRISE   657 AM PST   SUNSET   444 PM PST
DECEMBER  4 2016......SUNRISE   658 AM PST   SUNSET   444 PM PST


-  INDICATES NEGATIVE NUMBERS.
R  INDICATES RECORD WAS SET OR TIED.
MM INDICATES DATA IS MISSING.
T  INDICATES TRACE AMOUNT.




$$
