000
CDUS46 KHNX 240823
CLIMAE


CLIMATE REPORT
NATIONAL WEATHER SERVICE SAN JOAQUIN VALLEY, CA
122 AM PDT SAT SEP 24 2016


...................................

...THE MADERA CA AIRPORT CLIMATE SUMMARY FOR SEPTEMBER 23 2016...

CLIMATE NORMAL PERIOD 1981 TO 2010
CLIMATE RECORD PERIOD 1998 TO 2016


WEATHER ITEM   OBSERVED TIME   RECORD YEAR NORMAL DEPARTURE
                VALUE   (LST)  VALUE       VALUE  FROM
                                                  NORMAL
...............................................................
TEMPERATURE (F)
 YESTERDAY
  MAXIMUM         83    242 PM 101    2003  88     -5
  MINIMUM         48R   616 AM  49    2010  54     -6
  AVERAGE         66                        71     -5

PRECIPITATION (IN)
  YESTERDAY        0.00          T    2011   0.01  -0.01
  MONTH TO DATE    T                         0.17  -0.17
  SINCE OCT 1     12.96                     11.94   1.02
  SINCE JAN 1      8.40                      8.21   0.19

SNOWFALL (IN)
  YESTERDAY        0.0
  MONTH TO DATE    0.0
  SINCE SEP 1      0.0
  SINCE JUL 1      0.0
  SNOW DEPTH       0

DEGREE DAYS
 HEATING
  YESTERDAY        0
  MONTH TO DATE    3
  SINCE SEP 1      3
  SINCE JUL 1      3

 COOLING
  YESTERDAY        1
  MONTH TO DATE  195
  SINCE SEP 1    195
  SINCE JAN 1   1690
...............................................................


WIND (MPH)
  HIGHEST WIND SPEED    16   HIGHEST WIND DIRECTION    NW (310)
  HIGHEST GUST SPEED    26   HIGHEST GUST DIRECTION     N (10)
  AVERAGE WIND SPEED     4.8




RELATIVE HUMIDITY (PERCENT)
 HIGHEST    86
 LOWEST     18
 AVERAGE    52

..........................................................


THE MADERA CA AIRPORT CLIMATE NORMALS FOR TODAY
                         NORMAL    RECORD    YEAR
 MAXIMUM TEMPERATURE (F)   88       101      2002
 MINIMUM TEMPERATURE (F)   54        49      2007


SUNRISE AND SUNSET
SEPTEMBER 24 2016.....SUNRISE   650 AM PDT   SUNSET   653 PM PDT
SEPTEMBER 25 2016.....SUNRISE   651 AM PDT   SUNSET   652 PM PDT


-  INDICATES NEGATIVE NUMBERS.
R  INDICATES RECORD WAS SET OR TIED.
MM INDICATES DATA IS MISSING.
T  INDICATES TRACE AMOUNT.




$$
