000
CDUS46 KHNX 120825
CLIMAE


CLIMATE REPORT
NATIONAL WEATHER SERVICE SAN JOAQUIN VALLEY, CA
1223 AM PST TUE DEC 12 2017


...................................

...THE MADERA CA AIRPORT CLIMATE SUMMARY FOR DECEMBER 11 2017...

CLIMATE NORMAL PERIOD 1981 TO 2010
CLIMATE RECORD PERIOD 1998 TO 2017


WEATHER ITEM   OBSERVED TIME   RECORD YEAR NORMAL DEPARTURE
                VALUE   (LST)  VALUE       VALUE  FROM
                                                  NORMAL
...............................................................
TEMPERATURE (F)
 YESTERDAY
  MAXIMUM         63    255 PM  65    2014  55      8
  MINIMUM         30    634 AM  26    2013  36     -6
  AVERAGE         47                        46      1

PRECIPITATION (IN)
  YESTERDAY        0.00          0.56 2009   0.04  -0.04
  MONTH TO DATE    T                         0.42  -0.42
  SINCE OCT 1      0.32                      2.45  -2.13
  SINCE JAN 1     10.51                     10.74  -0.23

SNOWFALL (IN)
  YESTERDAY        0.0
  MONTH TO DATE    0.0
  SINCE DEC 1      0.0
  SINCE JUL 1      0.0
  SNOW DEPTH       0

DEGREE DAYS
 HEATING
  YESTERDAY       18
  MONTH TO DATE  195
  SINCE DEC 1    195
  SINCE JUL 1    522

 COOLING
  YESTERDAY        0
  MONTH TO DATE    0
  SINCE DEC 1      0
  SINCE JAN 1   2026
...............................................................


WIND (MPH)
  HIGHEST WIND SPEED     7   HIGHEST WIND DIRECTION     E (100)
  HIGHEST GUST SPEED     7   HIGHEST GUST DIRECTION     E (80)
  AVERAGE WIND SPEED     1.4




RELATIVE HUMIDITY (PERCENT)
 HIGHEST    96
 LOWEST     43
 AVERAGE    70

..........................................................


THE MADERA CA AIRPORT CLIMATE NORMALS FOR TODAY
                         NORMAL    RECORD    YEAR
 MAXIMUM TEMPERATURE (F)   55        59      2016
                                             1999
 MINIMUM TEMPERATURE (F)   36        24      2013


SUNRISE AND SUNSET
DECEMBER 12 2017......SUNRISE   705 AM PST   SUNSET   444 PM PST
DECEMBER 13 2017......SUNRISE   705 AM PST   SUNSET   444 PM PST


-  INDICATES NEGATIVE NUMBERS.
R  INDICATES RECORD WAS SET OR TIED.
MM INDICATES DATA IS MISSING.
T  INDICATES TRACE AMOUNT.




$$
