000
CDUS46 KHNX 100827
CLIMAE


CLIMATE REPORT
NATIONAL WEATHER SERVICE SAN JOAQUIN VALLEY, CA
1227 AM PST WED FEB 10 2016


...................................

...THE MADERA CA AIRPORT CLIMATE SUMMARY FOR FEBRUARY 9 2016...

CLIMATE NORMAL PERIOD 1981 TO 2010
CLIMATE RECORD PERIOD 1998 TO 2016


WEATHER ITEM   OBSERVED TIME   RECORD YEAR NORMAL DEPARTURE
                VALUE   (LST)  VALUE       VALUE  FROM
                                                  NORMAL
...............................................................
TEMPERATURE (F)
 YESTERDAY
  MAXIMUM         76R   314 PM  70    2012  60     16
  MINIMUM         42    710 AM  28    2003  39      3
  AVERAGE         59                        50      9

PRECIPITATION (IN)
  YESTERDAY        0.00          0.83 1999   0.07  -0.07
  MONTH TO DATE    T                         0.57  -0.57
  SINCE OCT 1      8.19                      6.75   1.44
  SINCE JAN 1      3.63                      3.02   0.61

SNOWFALL (IN)
  YESTERDAY        0.0
  MONTH TO DATE    0.0
  SINCE DEC 1      0.0
  SINCE JUL 1      0.0
  SNOW DEPTH       0

DEGREE DAYS
 HEATING
  YESTERDAY        6
  MONTH TO DATE  135
  SINCE DEC 1   1163
  SINCE JUL 1   1574

 COOLING
  YESTERDAY        0
  MONTH TO DATE    0
  SINCE DEC 1      0
  SINCE JAN 1      0
...............................................................


WIND (MPH)
  HIGHEST WIND SPEED     9   HIGHEST WIND DIRECTION     W (260)
  HIGHEST GUST SPEED    11   HIGHEST GUST DIRECTION     W (260)
  AVERAGE WIND SPEED     3.2




RELATIVE HUMIDITY (PERCENT)
 HIGHEST    89
 LOWEST     38
 AVERAGE    64

..........................................................


THE MADERA CA AIRPORT CLIMATE NORMALS FOR TODAY
                         NORMAL    RECORD    YEAR
 MAXIMUM TEMPERATURE (F)   60        73      2012
 MINIMUM TEMPERATURE (F)   40        27      2003


SUNRISE AND SUNSET
FEBRUARY 10 2016......SUNRISE   655 AM PST   SUNSET   535 PM PST
FEBRUARY 11 2016......SUNRISE   654 AM PST   SUNSET   536 PM PST


-  INDICATES NEGATIVE NUMBERS.
R  INDICATES RECORD WAS SET OR TIED.
MM INDICATES DATA IS MISSING.
T  INDICATES TRACE AMOUNT.




$$
