000
CDUS46 KHNX 300821
CLIMAE


CLIMATE REPORT
NATIONAL WEATHER SERVICE SAN JOAQUIN VALLEY, CA
120 AM PDT THU OCT 30 2014


...................................

...THE MADERA CA AIRPORT CLIMATE SUMMARY FOR OCTOBER 29 2014...

CLIMATE NORMAL PERIOD 1981 TO 2010
CLIMATE RECORD PERIOD 1998 TO 2014


WEATHER ITEM   OBSERVED TIME   RECORD YEAR NORMAL DEPARTURE
                VALUE   (LST)  VALUE       VALUE  FROM
                                                  NORMAL
...............................................................
TEMPERATURE (F)
 YESTERDAY
  MAXIMUM         79    257 PM  86    2003  73      6
  MINIMUM         48    556 AM  33    2009  46      2
  AVERAGE         64                        59      5

PRECIPITATION (IN)
  YESTERDAY        0.00          0.07 2007   0.07  -0.07
  MONTH TO DATE    T                         0.75  -0.75
  SINCE JUL 1      0.03                      1.04  -1.01
  SINCE JAN 1      3.64                      9.04  -5.40

SNOWFALL (IN)
  YESTERDAY        0.0
  MONTH TO DATE    0.0
  SINCE SEP 1      0.0
  SINCE JUL 1      0.0
  SNOW DEPTH       0

DEGREE DAYS
 HEATING
  YESTERDAY        1
  MONTH TO DATE   32
  SINCE SEP 1     32
  SINCE JUL 1     32

 COOLING
  YESTERDAY        0
  MONTH TO DATE  121
  SINCE SEP 1    465
  SINCE JAN 1   2951
...............................................................


WIND (MPH)
  HIGHEST WIND SPEED     8   HIGHEST WIND DIRECTION     W (290)
  HIGHEST GUST SPEED    10   HIGHEST GUST DIRECTION    SW (240)
  AVERAGE WIND SPEED     2.2




RELATIVE HUMIDITY (PERCENT)
 HIGHEST    80
 LOWEST     27
 AVERAGE    54

..........................................................


THE MADERA CA AIRPORT CLIMATE NORMALS FOR TODAY
                         NORMAL    RECORD    YEAR
 MAXIMUM TEMPERATURE (F)   73        82      2012
                                             1999
 MINIMUM TEMPERATURE (F)   45        36      2006


SUNRISE AND SUNSET
OCTOBER 30 2014.......SUNRISE   723 AM PDT   SUNSET   605 PM PDT
OCTOBER 31 2014.......SUNRISE   724 AM PDT   SUNSET   604 PM PDT


-  INDICATES NEGATIVE NUMBERS.
R  INDICATES RECORD WAS SET OR TIED.
MM INDICATES DATA IS MISSING.
T  INDICATES TRACE AMOUNT.




$$
