000
CDUS46 KHNX 020821
CLIMAE


CLIMATE REPORT
NATIONAL WEATHER SERVICE SAN JOAQUIN VALLEY, CA
120 AM PDT THU OCT 2 2014


...................................

...THE MADERA CA AIRPORT CLIMATE SUMMARY FOR OCTOBER 1 2014...

CLIMATE NORMAL PERIOD 1981 TO 2010
CLIMATE RECORD PERIOD 1998 TO 2014


WEATHER ITEM   OBSERVED TIME   RECORD YEAR NORMAL DEPARTURE
                VALUE   (LST)  VALUE       VALUE  FROM
                                                  NORMAL
...............................................................
TEMPERATURE (F)
 YESTERDAY
  MAXIMUM         85    329 PM  98    2001  85      0
  MINIMUM         52    621 AM  44    2009  52      0
  AVERAGE         69                        69      0

PRECIPITATION (IN)
  YESTERDAY        0.00          0.08 2006   0.00   0.00
  MONTH TO DATE    0.00                      0.00   0.00
  SINCE JUL 1      0.03                      0.29  -0.26
  SINCE JAN 1      3.64                      8.29  -4.65

SNOWFALL (IN)
  YESTERDAY        0.0
  MONTH TO DATE    0.0
  SINCE SEP 1      0.0
  SINCE JUL 1      0.0
  SNOW DEPTH       0

DEGREE DAYS
 HEATING
  YESTERDAY        0
  MONTH TO DATE    0
  SINCE SEP 1      0
  SINCE JUL 1      0

 COOLING
  YESTERDAY        4
  MONTH TO DATE    4
  SINCE SEP 1    348
  SINCE JAN 1   2834
...............................................................


WIND (MPH)
  HIGHEST WIND SPEED    12   HIGHEST WIND DIRECTION    NW (310)
  HIGHEST GUST SPEED    19   HIGHEST GUST DIRECTION    SW (220)
  AVERAGE WIND SPEED     5.2




RELATIVE HUMIDITY (PERCENT)
 HIGHEST    86
 LOWEST     26
 AVERAGE    56

..........................................................


THE MADERA CA AIRPORT CLIMATE NORMALS FOR TODAY
                         NORMAL    RECORD    YEAR
 MAXIMUM TEMPERATURE (F)   85        98      2012
 MINIMUM TEMPERATURE (F)   52        40      2002


SUNRISE AND SUNSET
OCTOBER  2 2014.......SUNRISE   657 AM PDT   SUNSET   642 PM PDT
OCTOBER  3 2014.......SUNRISE   658 AM PDT   SUNSET   641 PM PDT


-  INDICATES NEGATIVE NUMBERS.
R  INDICATES RECORD WAS SET OR TIED.
MM INDICATES DATA IS MISSING.
T  INDICATES TRACE AMOUNT.




$$
