000
CDUS46 KHNX 200025
CLIMAE


CLIMATE REPORT
NATIONAL WEATHER SERVICE SAN JOAQUIN VALLEY, CA
425 PM PST SUN FEB 19 2017


...................................

...THE MADERA CA CLIMATE SUMMARY FOR FEBRUARY 19 2017...
VALID AS OF 0400 PM LOCAL TIME.

CLIMATE NORMAL PERIOD 1981 TO 2010
CLIMATE RECORD PERIOD 1998 TO 2017


WEATHER ITEM   OBSERVED TIME   RECORD YEAR NORMAL DEPARTURE LAST
                VALUE   (LST)  VALUE       VALUE  FROM      YEAR
                                                  NORMAL
..................................................................
TEMPERATURE (F)
 TODAY
  MAXIMUM         58   1157 AM  68    2015  62     -4       66
                                      2014
  MINIMUM         44    703 AM  35    2009  41      3       39
                                      2006
  AVERAGE         51                        51      0       53

PRECIPITATION (IN)
  TODAY            0.03          0.62 2013   0.08  -0.05     0.00
  MONTH TO DATE    3.23                      1.34   1.89     0.06
  SINCE OCT 1     12.47                      7.52   4.95     8.25
  SINCE JAN 1      8.40                      3.79   4.61     3.69

SNOWFALL (IN)
  TODAY           MM
  MONTH TO DATE    0.0
  SINCE DEC 1      0.0
  SINCE JUL 1      0.0
  SNOW DEPTH       0

DEGREE DAYS
 HEATING
  TODAY           14                                        12
  MONTH TO DATE  167                                       218
  SINCE DEC 1   1230                                      1246
  SINCE JUL 1   1538                                      1657

 COOLING
  TODAY            0                                         0
  MONTH TO DATE    0                                         0
  SINCE DEC 1      0                                         0
  SINCE JAN 1      0                                         0
..................................................................


WIND (MPH)
  HIGHEST WIND SPEED    15   HIGHEST WIND DIRECTION     S (160)
  HIGHEST GUST SPEED    20   HIGHEST GUST DIRECTION    NW (300)
  AVERAGE WIND SPEED     7.4




RELATIVE HUMIDITY (PERCENT)
 HIGHEST    86
 LOWEST     61
 AVERAGE    74

..........................................................


THE MADERA CA CLIMATE NORMALS FOR TOMORROW
                         NORMAL    RECORD    YEAR
 MAXIMUM TEMPERATURE (F)   63        69      2000
 MINIMUM TEMPERATURE (F)   41        30      2006


SUNRISE AND SUNSET
FEBRUARY 19 2017......SUNRISE   644 AM PST   SUNSET   545 PM PST
FEBRUARY 20 2017......SUNRISE   643 AM PST   SUNSET   546 PM PST


-  INDICATES NEGATIVE NUMBERS.
R  INDICATES RECORD WAS SET OR TIED.
MM INDICATES DATA IS MISSING.
T  INDICATES TRACE AMOUNT.




$$
