057
CDUS46 KHNX 230823
CLIMAE


CLIMATE REPORT
NATIONAL WEATHER SERVICE SAN JOAQUIN VALLEY, CA
123 AM PDT THU MAR 23 2017


...................................

...THE MADERA CA AIRPORT CLIMATE SUMMARY FOR MARCH 22 2017...

CLIMATE NORMAL PERIOD 1981 TO 2010
CLIMATE RECORD PERIOD 1998 TO 2017


WEATHER ITEM   OBSERVED TIME   RECORD YEAR NORMAL DEPARTURE
                VALUE   (LST)  VALUE       VALUE  FROM
                                                  NORMAL
...............................................................
TEMPERATURE (F)
 YESTERDAY
  MAXIMUM         62    119 PM  79    2004  67     -5
  MINIMUM         43    525 AM  35    2006  42      1
  AVERAGE         53                        55     -2

PRECIPITATION (IN)
  YESTERDAY        0.21          0.55 2005   0.04   0.17
  MONTH TO DATE    0.32                      1.42  -1.10
  SINCE OCT 1     13.41                      9.73   3.68
  SINCE JAN 1      9.34                      6.00   3.34

SNOWFALL (IN)
  YESTERDAY       MM
  MONTH TO DATE    0.0
  SINCE MAR 1      0.0
  SINCE JUL 1      0.0
  SNOW DEPTH       0

DEGREE DAYS
 HEATING
  YESTERDAY       12
  MONTH TO DATE  164
  SINCE MAR 1    164
  SINCE JUL 1   1843

 COOLING
  YESTERDAY        0
  MONTH TO DATE    6
  SINCE MAR 1      6
  SINCE JAN 1      6
...............................................................


WIND (MPH)
  HIGHEST WIND SPEED    17   HIGHEST WIND DIRECTION    NW (300)
  HIGHEST GUST SPEED    23   HIGHEST GUST DIRECTION    NW (300)
  AVERAGE WIND SPEED     5.9




RELATIVE HUMIDITY (PERCENT)
 HIGHEST    96
 LOWEST     60
 AVERAGE    78

..........................................................


THE MADERA CA AIRPORT CLIMATE NORMALS FOR TODAY
                         NORMAL    RECORD    YEAR
 MAXIMUM TEMPERATURE (F)   67        79      2014
 MINIMUM TEMPERATURE (F)   42        33      2013


SUNRISE AND SUNSET
MARCH 23 2017.........SUNRISE   659 AM PDT   SUNSET   715 PM PDT
MARCH 24 2017.........SUNRISE   658 AM PDT   SUNSET   716 PM PDT


-  INDICATES NEGATIVE NUMBERS.
R  INDICATES RECORD WAS SET OR TIED.
MM INDICATES DATA IS MISSING.
T  INDICATES TRACE AMOUNT.




$$
