000
CDUS46 KHNX 030027
CLIMAE


CLIMATE REPORT
NATIONAL WEATHER SERVICE SAN JOAQUIN VALLEY, CA
526 PM PDT MON MAY 2 2016


...................................

...THE MADERA CA CLIMATE SUMMARY FOR MAY 2 2016...
VALID AS OF 0400 PM LOCAL TIME.

CLIMATE NORMAL PERIOD 1981 TO 2010
CLIMATE RECORD PERIOD 1998 TO 2016


WEATHER ITEM   OBSERVED TIME   RECORD YEAR NORMAL DEPARTURE LAST
                VALUE   (LST)  VALUE       VALUE  FROM      YEAR
                                                  NORMAL
..................................................................
TEMPERATURE (F)
 TODAY
  MAXIMUM         88    359 PM  95    2014  80      8       91
                                      2004
  MINIMUM         51    419 AM  45    2012  48      3       56
                                      1999
  AVERAGE         70                        64      6       74

PRECIPITATION (IN)
  TODAY            0.00          0.21 2003   0.02  -0.02     0.00
  MONTH TO DATE    T                         0.05  -0.05     0.00
  SINCE OCT 1     12.96                     11.11   1.85     5.26
  SINCE JAN 1      8.40                      7.38   1.02     1.58

SNOWFALL (IN)
  TODAY            0.0
  MONTH TO DATE    0.0
  SINCE MAR 1      0.0
  SINCE JUL 1      0.0
  SNOW DEPTH       0

DEGREE DAYS
 HEATING
  TODAY            0                                         0
  MONTH TO DATE    0                                         0
  SINCE MAR 1    309                                       249
  SINCE JUL 1   2053                                      1699

 COOLING
  TODAY            5                                         9
  MONTH TO DATE   10                                        20
  SINCE MAR 1     42                                        96
  SINCE JAN 1     42                                        98
..................................................................


WIND (MPH)
  HIGHEST WIND SPEED    10   HIGHEST WIND DIRECTION     W (270)
  HIGHEST GUST SPEED    14   HIGHEST GUST DIRECTION     W (270)
  AVERAGE WIND SPEED     4.2




RELATIVE HUMIDITY (PERCENT)
 HIGHEST    86
 LOWEST     21
 AVERAGE    54

..........................................................


THE MADERA CA CLIMATE NORMALS FOR TOMORROW
                         NORMAL    RECORD    YEAR
 MAXIMUM TEMPERATURE (F)   80        98      2004
 MINIMUM TEMPERATURE (F)   48        42      2007


SUNRISE AND SUNSET
MAY  2 2016...........SUNRISE   604 AM PDT   SUNSET   751 PM PDT
MAY  3 2016...........SUNRISE   603 AM PDT   SUNSET   752 PM PDT


-  INDICATES NEGATIVE NUMBERS.
R  INDICATES RECORD WAS SET OR TIED.
MM INDICATES DATA IS MISSING.
T  INDICATES TRACE AMOUNT.




$$
