000
CDUS46 KHNX 180822
CLIMAE


CLIMATE REPORT
NATIONAL WEATHER SERVICE SAN JOAQUIN VALLEY, CA
1221 AM PST THU DEC 18 2014


...................................

...THE MADERA CA AIRPORT CLIMATE SUMMARY FOR DECEMBER 17 2014...

CLIMATE NORMAL PERIOD 1981 TO 2010
CLIMATE RECORD PERIOD 1998 TO 2014


WEATHER ITEM   OBSERVED TIME   RECORD YEAR NORMAL DEPARTURE
                VALUE   (LST)  VALUE       VALUE  FROM
                                                  NORMAL
...............................................................
TEMPERATURE (F)
 YESTERDAY
  MAXIMUM         58    321 PM  63    2012  54      4
  MINIMUM         46    706 AM  28    2011  36     10
  AVERAGE         52                        45      7

PRECIPITATION (IN)
  YESTERDAY        0.18          0.53 2010   0.06   0.12
  MONTH TO DATE    2.83                      0.76   2.07
  SINCE JUL 1      3.66                      3.08   0.58
  SINCE JAN 1      7.27                     11.08  -3.81

SNOWFALL (IN)
  YESTERDAY       MM
  MONTH TO DATE    0.0
  SINCE DEC 1      0.0
  SINCE JUL 1      0.0
  SNOW DEPTH       0

DEGREE DAYS
 HEATING
  YESTERDAY       13
  MONTH TO DATE  149
  SINCE DEC 1    149
  SINCE JUL 1    465

 COOLING
  YESTERDAY        0
  MONTH TO DATE    1
  SINCE DEC 1      1
  SINCE JAN 1   2953
...............................................................


WIND (MPH)
  HIGHEST WIND SPEED    10   HIGHEST WIND DIRECTION     E (110)
  HIGHEST GUST SPEED    12   HIGHEST GUST DIRECTION     E (110)
  AVERAGE WIND SPEED     4.3




RELATIVE HUMIDITY (PERCENT)
 HIGHEST    93
 LOWEST     62
 AVERAGE    78

..........................................................


THE MADERA CA AIRPORT CLIMATE NORMALS FOR TODAY
                         NORMAL    RECORD    YEAR
 MAXIMUM TEMPERATURE (F)   54        65      2013
 MINIMUM TEMPERATURE (F)   36        28      2011
                                             2006


SUNRISE AND SUNSET
DECEMBER 18 2014......SUNRISE   708 AM PST   SUNSET   446 PM PST
DECEMBER 19 2014......SUNRISE   709 AM PST   SUNSET   446 PM PST


-  INDICATES NEGATIVE NUMBERS.
R  INDICATES RECORD WAS SET OR TIED.
MM INDICATES DATA IS MISSING.
T  INDICATES TRACE AMOUNT.




$$
