000
CDUS44 KMAF 182222
CLIMAF


CLIMATE REPORT
NATIONAL WEATHER SERVICE MIDLAND TX
521 PM CDT FRI AUG 18 2017


...................................

...THE MIDLAND CLIMATE SUMMARY FOR AUGUST 18 2017...
VALID TODAY AS OF 0500 PM LOCAL TIME.

CLIMATE NORMAL PERIOD 1981 TO 2010
CLIMATE RECORD PERIOD 1930 TO 2017


WEATHER ITEM   OBSERVED TIME   RECORD YEAR NORMAL DEPARTURE LAST
                VALUE   (LST)  VALUE       VALUE  FROM      YEAR
                                                  NORMAL
..................................................................
TEMPERATURE (F)
 TODAY
  MAXIMUM         96    233 PM 104    1994  94      2       89
  MINIMUM         71    652 AM  56    1967  69      2       72
  AVERAGE         84                        81      3       81

PRECIPITATION (IN)
  TODAY            0.02          1.53 1997   0.06  -0.04     0.00
  MONTH TO DATE    1.87                      1.00   0.87     2.62
  SINCE JUN 1      6.40                      4.62   1.78     6.02
  SINCE JAN 1     12.09                      8.88   3.21     9.76

DEGREE DAYS
 COOLING
  TODAY           19                        16      3       16
  MONTH TO DATE  309                       304      5      357
  SINCE JUN 1   1492                      1297    195     1569
  SINCE JAN 1   2053                      1686    367     2049
..................................................................


WIND (MPH)
  HIGHEST WIND SPEED    21   HIGHEST WIND DIRECTION     S (160)
  HIGHEST GUST SPEED    24   HIGHEST GUST DIRECTION    SE (150)
  AVERAGE WIND SPEED     7.7


SKY COVER
  POSSIBLE SUNSHINE  MM
  AVERAGE SKY COVER 0.1


WEATHER CONDITIONS
 THE FOLLOWING WEATHER WAS RECORDED TODAY.
  RAIN


RELATIVE HUMIDITY (PERCENT)
 HIGHEST    79           500 AM
 LOWEST     33           300 PM
 AVERAGE    56

..........................................................


THE MIDLAND CLIMATE NORMALS FOR TOMORROW
                         NORMAL    RECORD    YEAR
 MAXIMUM TEMPERATURE (F)   94       103      1994
                                             1977
 MINIMUM TEMPERATURE (F)   69        60      1950


SUNRISE AND SUNSET
AUGUST 18 2017........SUNRISE   715 AM CDT   SUNSET   829 PM CDT
AUGUST 19 2017........SUNRISE   716 AM CDT   SUNSET   828 PM CDT


-  INDICATES NEGATIVE NUMBERS.
R  INDICATES RECORD WAS SET OR TIED.
MM INDICATES DATA IS MISSING.
T  INDICATES TRACE AMOUNT.




$$
