000
CDUS44 KMAF 050732
CLIMAF


CLIMATE REPORT
NATIONAL WEATHER SERVICE MIDLAND TX
231 AM CDT SAT SEP 5 2015


...................................

...THE MIDLAND CLIMATE SUMMARY FOR SEPTEMBER 4 2015...

CLIMATE NORMAL PERIOD 1981 TO 2010
CLIMATE RECORD PERIOD 1930 TO 2015


WEATHER ITEM   OBSERVED TIME   RECORD YEAR NORMAL DEPARTURE LAST
                VALUE   (LST)  VALUE       VALUE  FROM      YEAR
                                                  NORMAL
..................................................................
TEMPERATURE (F)
 YESTERDAY
  MAXIMUM         96    430 PM 101    2000  90      6       90
  MINIMUM         69    639 AM  51    1984  66      3       69
  AVERAGE         83                        78      5       80

PRECIPITATION (IN)
  YESTERDAY        0.00          3.29 1986   0.07  -0.07     0.00
  MONTH TO DATE    0.00                      0.26  -0.26     0.00
  SINCE SEP 1      0.00                      0.26  -0.26     0.00
  SINCE JAN 1     14.01                      9.98   4.03     4.74

DEGREE DAYS
 HEATING
  YESTERDAY        0                         0      0        0
  MONTH TO DATE    0                         0      0        0
  SINCE SEP 1      0                         0      0        0
  SINCE JUL 1      0                         0      0        0

 COOLING
  YESTERDAY       18                        13      5       15
  MONTH TO DATE   68                        54     14       85
  SINCE SEP 1     68                        54     14       85
  SINCE JAN 1   2112                      1938    174     2271
..................................................................


WIND (MPH)
  HIGHEST WIND SPEED    21   HIGHEST WIND DIRECTION     S (160)
  HIGHEST GUST SPEED    28   HIGHEST GUST DIRECTION     S (180)
  AVERAGE WIND SPEED     9.2


SKY COVER
  POSSIBLE SUNSHINE  MM
  AVERAGE SKY COVER 0.1


WEATHER CONDITIONS
 THE FOLLOWING WEATHER WAS RECORDED YESTERDAY.
  NO SIGNIFICANT WEATHER WAS OBSERVED.


RELATIVE HUMIDITY (PERCENT)
 HIGHEST    64           800 AM
 LOWEST     24           400 PM
 AVERAGE    44

..........................................................


THE MIDLAND CLIMATE NORMALS FOR TODAY
                         NORMAL    RECORD    YEAR
 MAXIMUM TEMPERATURE (F)   90       104      1948
 MINIMUM TEMPERATURE (F)   65        53      1988
                                             1984


SUNRISE AND SUNSET
SEPTEMBER  5 2015.....SUNRISE   726 AM CDT   SUNSET   808 PM CDT
SEPTEMBER  6 2015.....SUNRISE   727 AM CDT   SUNSET   807 PM CDT


-  INDICATES NEGATIVE NUMBERS.
R  INDICATES RECORD WAS SET OR TIED.
MM INDICATES DATA IS MISSING.
T  INDICATES TRACE AMOUNT.




$$
