000
CDUS44 KMAF 292118
CLIMAF


CLIMATE REPORT
NATIONAL WEATHER SERVICE MIDLAND TX
417 PM CDT SAT APR 29 2017


...................................

...THE MIDLAND CLIMATE SUMMARY FOR APRIL 29 2017...
VALID TODAY AS OF 0400 PM LOCAL TIME.

CLIMATE NORMAL PERIOD 1981 TO 2010
CLIMATE RECORD PERIOD 1930 TO 2017


WEATHER ITEM   OBSERVED TIME   RECORD YEAR NORMAL DEPARTURE LAST
                VALUE   (LST)  VALUE       VALUE  FROM      YEAR
                                                  NORMAL
..................................................................
TEMPERATURE (F)
 TODAY
  MAXIMUM         77   1233 AM  95    2011  83     -6       86
                                      1947
  MINIMUM         52    916 AM  38    2015  54     -2       64
                                      1998
                                      1991
  AVERAGE         65                        68     -3       75

PRECIPITATION (IN)
  TODAY            0.00          1.18 2007   0.03  -0.03     0.00
  MONTH TO DATE    2.51                      0.63   1.88     1.45
  SINCE MAR 1      2.99                      1.23   1.76     1.79
  SINCE JAN 1      4.83                      2.50   2.33     2.27

SNOWFALL (IN)
  TODAY            0.0
  MONTH TO DATE    0.0
  SINCE MAR 1      0.0
  SINCE JUL 1      0.3
  SNOW DEPTH       0

DEGREE DAYS
 HEATING
  TODAY            0                         2     -2        0
  MONTH TO DATE   46                       111    -65       54
  SINCE MAR 1    162                       418   -256      215
  SINCE JUL 1   1662                      2655   -993     2045

 COOLING
  TODAY            0                         5     -5       10
  MONTH TO DATE  151                        84     67      122
  SINCE MAR 1    259                       100    159      157
  SINCE JAN 1    276                       102    174      172
..................................................................


WIND (MPH)
  HIGHEST WIND SPEED    29   HIGHEST WIND DIRECTION     N (350)
  HIGHEST GUST SPEED    37   HIGHEST GUST DIRECTION     N (340)
  AVERAGE WIND SPEED    19.0


SKY COVER
  POSSIBLE SUNSHINE  MM
  AVERAGE SKY COVER 0.6


WEATHER CONDITIONS
 THE FOLLOWING WEATHER WAS RECORDED TODAY.
  NO SIGNIFICANT WEATHER WAS OBSERVED.


RELATIVE HUMIDITY (PERCENT)
 HIGHEST    77           600 AM
 LOWEST     51           100 PM
 AVERAGE    64

..........................................................


THE MIDLAND CLIMATE NORMALS FOR TOMORROW
                         NORMAL    RECORD    YEAR
 MAXIMUM TEMPERATURE (F)   83        97      2013
                                             2009
 MINIMUM TEMPERATURE (F)   54        41      1960


SUNRISE AND SUNSET
APRIL 29 2017.........SUNRISE   705 AM CDT   SUNSET   828 PM CDT
APRIL 30 2017.........SUNRISE   704 AM CDT   SUNSET   829 PM CDT


-  INDICATES NEGATIVE NUMBERS.
R  INDICATES RECORD WAS SET OR TIED.
MM INDICATES DATA IS MISSING.
T  INDICATES TRACE AMOUNT.




$$
