000
CDUS44 KMAF 062215
CLIMAF


CLIMATE REPORT
NATIONAL WEATHER SERVICE MIDLAND TX
415 PM CST SAT FEB 6 2016


...................................

...THE MIDLAND CLIMATE SUMMARY FOR FEBRUARY 6 2016...
VALID TODAY AS OF 0400 PM LOCAL TIME.

CLIMATE NORMAL PERIOD 1981 TO 2010
CLIMATE RECORD PERIOD 1930 TO 2016


WEATHER ITEM   OBSERVED TIME   RECORD YEAR NORMAL DEPARTURE LAST
                VALUE   (LST)  VALUE       VALUE  FROM      YEAR
                                                  NORMAL
..................................................................
TEMPERATURE (F)
 TODAY
  MAXIMUM         60    405 PM  83    1950  60      0       69
                                      1932
  MINIMUM         24    742 AM   9    1989  33     -9       29
  AVERAGE         42                        46     -4       49

PRECIPITATION (IN)
  TODAY            0.00          0.22 1961   0.02  -0.02     0.00
  MONTH TO DATE    0.00                      0.14  -0.14     0.00
  SINCE DEC 1      1.42                      1.30   0.12     2.65
  SINCE JAN 1      0.18                      0.70  -0.52     2.43

SNOWFALL (IN)
  TODAY            0.0
  MONTH TO DATE    0.0
  SINCE DEC 1      8.0
  SINCE JUL 1      8.0
  SNOW DEPTH       0

DEGREE DAYS
 HEATING
  TODAY           23                        19      4       16
  MONTH TO DATE  126                       114     12      117
  SINCE DEC 1   1239                      1407   -168     1315
  SINCE JUL 1   1591                      1886   -295     1763
..................................................................


WIND (MPH)
  HIGHEST WIND SPEED    14   HIGHEST WIND DIRECTION     W (260)
  HIGHEST GUST SPEED    21   HIGHEST GUST DIRECTION    NW (300)
  AVERAGE WIND SPEED     7.2


SKY COVER
  POSSIBLE SUNSHINE  MM
  AVERAGE SKY COVER 0.0


WEATHER CONDITIONS
 THE FOLLOWING WEATHER WAS RECORDED TODAY.
  NO SIGNIFICANT WEATHER WAS OBSERVED.


RELATIVE HUMIDITY (PERCENT)
 HIGHEST    68           400 AM
 LOWEST     15           400 PM
 AVERAGE    42

..........................................................


THE MIDLAND CLIMATE NORMALS FOR TOMORROW
                         NORMAL    RECORD    YEAR
 MAXIMUM TEMPERATURE (F)   61        83      1932
 MINIMUM TEMPERATURE (F)   33         2      1933


SUNRISE AND SUNSET
FEBRUARY  6 2016......SUNRISE   739 AM CST   SUNSET   627 PM CST
FEBRUARY  7 2016......SUNRISE   738 AM CST   SUNSET   628 PM CST


-  INDICATES NEGATIVE NUMBERS.
R  INDICATES RECORD WAS SET OR TIED.
MM INDICATES DATA IS MISSING.
T  INDICATES TRACE AMOUNT.




$$
