000
CDUS44 KMAF 212213
CLIMAF


CLIMATE REPORT
NATIONAL WEATHER SERVICE MIDLAND TX
412 PM CST TUE FEB 21 2017


...................................

...THE MIDLAND CLIMATE SUMMARY FOR FEBRUARY 21 2017...
VALID TODAY AS OF 0400 PM LOCAL TIME.

CLIMATE NORMAL PERIOD 1981 TO 2010
CLIMATE RECORD PERIOD 1930 TO 2017


WEATHER ITEM   OBSERVED TIME   RECORD YEAR NORMAL DEPARTURE LAST
                VALUE   (LST)  VALUE       VALUE  FROM      YEAR
                                                  NORMAL
..................................................................
TEMPERATURE (F)
 TODAY
  MAXIMUM         83    409 PM  88    1996  64     19       64
  MINIMUM         44   1243 AM  16    1939  36      8       55
  AVERAGE         64                        50     14       60

PRECIPITATION (IN)
  TODAY            0.00          1.11 1932   0.02  -0.02     0.01
  MONTH TO DATE    0.72                      0.54   0.18     0.01
  SINCE DEC 1      2.25                      1.70   0.55     1.43
  SINCE JAN 1      1.84                      1.10   0.74     0.19

SNOWFALL (IN)
  TODAY            0.0
  MONTH TO DATE    0.0
  SINCE DEC 1      0.3
  SINCE JUL 1      0.3
  SNOW DEPTH       0

DEGREE DAYS
 HEATING
  TODAY            1                        15    -14        5
  MONTH TO DATE  196                       365   -169      261
  SINCE DEC 1   1255                      1658   -403     1374
  SINCE JUL 1   1466                      2137   -671     1726
..................................................................


WIND (MPH)
  HIGHEST WIND SPEED    17   HIGHEST WIND DIRECTION     W (280)
  HIGHEST GUST SPEED    23   HIGHEST GUST DIRECTION     W (290)
  AVERAGE WIND SPEED     9.7


SKY COVER
  POSSIBLE SUNSHINE  MM
  AVERAGE SKY COVER 0.0


WEATHER CONDITIONS
 THE FOLLOWING WEATHER WAS RECORDED TODAY.
  HAZE


RELATIVE HUMIDITY (PERCENT)
 HIGHEST    58          1200 AM
 LOWEST     15           400 PM
 AVERAGE    37

..........................................................


THE MIDLAND CLIMATE NORMALS FOR TOMORROW
                         NORMAL    RECORD    YEAR
 MAXIMUM TEMPERATURE (F)   64        87      1996
 MINIMUM TEMPERATURE (F)   36        19      1966
                                             1953


SUNRISE AND SUNSET
FEBRUARY 21 2017......SUNRISE   724 AM CST   SUNSET   640 PM CST
FEBRUARY 22 2017......SUNRISE   723 AM CST   SUNSET   641 PM CST


-  INDICATES NEGATIVE NUMBERS.
R  INDICATES RECORD WAS SET OR TIED.
MM INDICATES DATA IS MISSING.
T  INDICATES TRACE AMOUNT.




$$
