000
CDUS44 KMAF 280835
CLIMAF


CLIMATE REPORT
NATIONAL WEATHER SERVICE MIDLAND/ODESSA TX
234 AM CST SUN DEC 28 2014


...................................

...THE MIDLAND CLIMATE SUMMARY FOR DECEMBER 27 2014...

CLIMATE NORMAL PERIOD 1981 TO 2010
CLIMATE RECORD PERIOD 1930 TO 2014


WEATHER ITEM   OBSERVED TIME   RECORD YEAR NORMAL DEPARTURE LAST
                VALUE   (LST)  VALUE       VALUE  FROM      YEAR
                                                  NORMAL
..................................................................
TEMPERATURE (F)
 YESTERDAY
  MAXIMUM         45   1239 AM  75    1996  57    -12       53
                                      1970
                                      1964
  MINIMUM         31    815 PM   9    1939  30      1       27
  AVERAGE         38                        43     -5       40

PRECIPITATION (IN)
  YESTERDAY        T             0.36 1994   0.02  -0.02     0.00
  MONTH TO DATE    0.20                      0.53  -0.33     1.44
  SINCE DEC 1      0.20                      0.53  -0.33     1.44
  SINCE JAN 1      7.65                     14.53  -6.88     8.51

SNOWFALL (IN)
  YESTERDAY        T
  MONTH TO DATE    T
  SINCE DEC 1      T
  SINCE JUL 1      T
  SNOW DEPTH       0

DEGREE DAYS
 HEATING
  YESTERDAY       27                        22      5       25
  MONTH TO DATE  362                       551   -189      577
  SINCE DEC 1    362                       551   -189      577
  SINCE JUL 1    810                      1030   -220     1074
..................................................................


WIND (MPH)
  HIGHEST WIND SPEED    22   HIGHEST WIND DIRECTION    NE (30)
  HIGHEST GUST SPEED    25   HIGHEST GUST DIRECTION    NE (30)
  AVERAGE WIND SPEED    10.5


SKY COVER
  POSSIBLE SUNSHINE  MM
  AVERAGE SKY COVER 0.8


WEATHER CONDITIONS
 THE FOLLOWING WEATHER WAS RECORDED YESTERDAY.
  LIGHT SNOW
  FOG


RELATIVE HUMIDITY (PERCENT)
 HIGHEST    89           100 PM
 LOWEST     65           100 AM
 AVERAGE    77

..........................................................


THE MIDLAND CLIMATE NORMALS FOR TODAY
                         NORMAL    RECORD    YEAR
 MAXIMUM TEMPERATURE (F)   57        80      1964
 MINIMUM TEMPERATURE (F)   30        13      1988
                                             1983
                                             1950


SUNRISE AND SUNSET
DECEMBER 28 2014......SUNRISE   748 AM CST   SUNSET   553 PM CST
DECEMBER 29 2014......SUNRISE   748 AM CST   SUNSET   553 PM CST


-  INDICATES NEGATIVE NUMBERS.
R  INDICATES RECORD WAS SET OR TIED.
MM INDICATES DATA IS MISSING.
T  INDICATES TRACE AMOUNT.




$$
