000
CDUS44 KMAF 010043
CLIMAF


CLIMATE REPORT
NATIONAL WEATHER SERVICE MIDLAND/ODESSA TX
743 PM CDT THU JUL 31 2014


...................................

...THE MIDLAND CLIMATE SUMMARY FOR JULY 31 2014...
VALID TODAY AS OF 0500 PM LOCAL TIME.

CLIMATE NORMAL PERIOD 1981 TO 2010
CLIMATE RECORD PERIOD 1930 TO 2014


WEATHER ITEM   OBSERVED TIME   RECORD YEAR NORMAL DEPARTURE LAST
                VALUE   (LST)  VALUE       VALUE  FROM      YEAR
                                                  NORMAL
..................................................................
TEMPERATURE (F)
 TODAY
  MAXIMUM         85    200 PM 105    1944  95    -10      100
  MINIMUM         69        MM  60    1971  70     -1       75
  AVERAGE         77                        82     -5       88

PRECIPITATION (IN)
  TODAY            0.00          1.39 1936   0.06  -0.06     0.00
  MONTH TO DATE    0.33                      1.82  -1.49     0.98
  SINCE JUN 1      0.81                      3.62  -2.81     1.83
  SINCE JAN 1      3.97                      7.88  -3.91     3.39

DEGREE DAYS
 COOLING
  TODAY           12                        17     -5       23
  MONTH TO DATE  578                       532     46      518
  SINCE JUN 1   1126                       993    133     1082
  SINCE JAN 1   1602                      1382    220     1570
..................................................................


WIND (MPH)
  HIGHEST WIND SPEED    21   HIGHEST WIND DIRECTION    NE (30)
  HIGHEST GUST SPEED    MM   HIGHEST GUST DIRECTION    MM
  AVERAGE WIND SPEED    13.2


SKY COVER
  POSSIBLE SUNSHINE  MM
  AVERAGE SKY COVER 0.6


WEATHER CONDITIONS
 THE FOLLOWING WEATHER WAS RECORDED TODAY.
  NO SIGNIFICANT WEATHER WAS OBSERVED.


RELATIVE HUMIDITY (PERCENT)
 HIGHEST    84          1200 AM
 LOWEST     47           200 PM
 AVERAGE    66

..........................................................


THE MIDLAND CLIMATE NORMALS FOR TOMORROW
                         NORMAL    RECORD    YEAR
 MAXIMUM TEMPERATURE (F)   95       105      1944
 MINIMUM TEMPERATURE (F)   70        56      1936


SUNRISE AND SUNSET
JULY 31 2014..........SUNRISE   704 AM CDT   SUNSET   846 PM CDT
AUGUST  1 2014........SUNRISE   704 AM CDT   SUNSET   845 PM CDT


-  INDICATES NEGATIVE NUMBERS.
R  INDICATES RECORD WAS SET OR TIED.
MM INDICATES DATA IS MISSING.
T  INDICATES TRACE AMOUNT.




$$
