000
CDUS44 KMAF 240813
CLIMAF

CLIMATE REPORT
NATIONAL WEATHER SERVICE MIDLAND/ODESSA TX
ISSUED BY NATIONAL WEATHER SERVICE SAN ANGELO TX
302 AM CDT SUN MAY 24 2015


...................................

...THE MIDLAND CLIMATE SUMMARY FOR MAY 23 2015...

CLIMATE NORMAL PERIOD 1981 TO 2010
CLIMATE RECORD PERIOD 1930 TO 2015


WEATHER ITEM   OBSERVED TIME   RECORD YEAR NORMAL DEPARTURE LAST
                VALUE   (LST)  VALUE       VALUE  FROM      YEAR
                                                  NORMAL
..................................................................
TEMPERATURE (F)
 YESTERDAY
  MAXIMUM         86    541 PM 106    1989  89     -3       85
  MINIMUM         60    217 AM  47    1988  62      5       67
  AVERAGE         73                        76      1       76

PRECIPITATION (IN)
  YESTERDAY        0.61          2.72 1992   0.07  -0.07     0.00
  MONTH TO DATE    2.83                      1.15   1.07     0.42
  SINCE MAR 1      5.78                      2.40   2.77     1.06
  SINCE JAN 1      8.47                      3.67   4.19     1.32

DEGREE DAYS
 COOLING
  YESTERDAY        8                        11      1       11
  MONTH TO DATE  164                       187    -19      228
  SINCE MAR 1    294                       293      5      395
  SINCE JAN 1    295                       295      4      397
..................................................................


WIND (MPH)
  HIGHEST WIND SPEED    36   HIGHEST WIND DIRECTION     S (170)
  HIGHEST GUST SPEED    45   HIGHEST GUST DIRECTION     S (160)
  AVERAGE WIND SPEED    14.3


SKY COVER
  POSSIBLE SUNSHINE  MM
  AVERAGE SKY COVER 0.3


WEATHER CONDITIONS
 THE FOLLOWING WEATHER WAS RECORDED YESTERDAY.
  THUNDERSTORM
  HEAVY RAIN
  RAIN
  LIGHT RAIN
  FOG


RELATIVE HUMIDITY (PERCENT)
 HIGHEST    90           300 AM
 LOWEST     40           200 PM
 AVERAGE    65

..........................................................


THE MIDLAND CLIMATE NORMALS FOR TODAY
                         NORMAL    RECORD    YEAR
 MAXIMUM TEMPERATURE (F)   90       108      1989
 MINIMUM TEMPERATURE (F)   62        48      1940


SUNRISE AND SUNSET
MAY 24 2015...........SUNRISE   647 AM CDT   SUNSET   845 PM CDT
MAY 25 2015...........SUNRISE   646 AM CDT   SUNSET   846 PM CDT


-  INDICATES NEGATIVE NUMBERS.
R  INDICATES RECORD WAS SET OR TIED.
MM INDICATES DATA IS MISSING.
T  INDICATES TRACE AMOUNT.




$$
