000
CDUS42 KTAE 280634
CLIMAI


CLIMATE REPORT
NATIONAL WEATHER SERVICE TALLAHASSEE FL
133 AM EST TUE FEB 28 2017


...................................

...THE MARIANNA CLIMATE SUMMARY FOR FEBRUARY 27 2017...

CLIMATE NORMAL PERIOD 1981 TO 2010
CLIMATE RECORD PERIOD 1950 TO 2017


WEATHER ITEM   OBSERVED NORMAL DEPARTURE LAST
                VALUE   VALUE  FROM      YEAR
                               NORMAL
...............................................
TEMPERATURE (F)
 YESTERDAY
  MAXIMUM         77     69      8       65
  MINIMUM         46     45      1       33
  AVERAGE         62     57      5       49

PRECIPITATION (IN)
  YESTERDAY        0.02   0.17  -0.15     0.00
  MONTH TO DATE    3.72   4.76  -1.04     3.67
  SINCE DEC 1     22.17  13.71   8.46    17.57
  SINCE JAN 1     10.40   9.80   0.60     8.44

DEGREE DAYS
 HEATING
  YESTERDAY        3            -6
  MONTH TO DATE  100          -196
  SINCE DEC 1    557          -601
  SINCE JUL 1    689          -707

 COOLING
  YESTERDAY        0            -1
  MONTH TO DATE   25            20
  SINCE DEC 1     79            58
  SINCE JAN 1     52            43
...............................................


WIND (MPH)
  HIGHEST WIND SPEED    21   HIGHEST WIND DIRECTION     N (20)
  HIGHEST GUST SPEED    26   HIGHEST GUST DIRECTION     N (20)
  AVERAGE WIND SPEED     7.1




RELATIVE HUMIDITY (PERCENT)
 HIGHEST    90
 LOWEST     35
 AVERAGE    63

..........................................................




SUNRISE AND SUNSET
FEBRUARY 28 2017......SUNRISE   608 AM CST   SUNSET   539 PM CST
MARCH  1 2017.........SUNRISE   607 AM CST   SUNSET   539 PM CST


-  INDICATES NEGATIVE NUMBERS.
R  INDICATES RECORD WAS SET OR TIED.
MM INDICATES DATA IS MISSING.
T  INDICATES TRACE AMOUNT.




$$
