000
CDUS42 KTAE 140634
CLIMAI


CLIMATE REPORT
NATIONAL WEATHER SERVICE TALLAHASSEE FL
234 AM EDT MON JUL 14 2014


...................................

...THE MARIANNA CLIMATE SUMMARY FOR JULY 13 2014...

CLIMATE NORMAL PERIOD 1981 TO 2010
CLIMATE RECORD PERIOD 1950 TO 2014


WEATHER ITEM   OBSERVED NORMAL DEPARTURE LAST
                VALUE   VALUE  FROM      YEAR
                               NORMAL
...............................................
TEMPERATURE (F)
 YESTERDAY
  MAXIMUM         91     92     -1
  MINIMUM         73     72      1
  AVERAGE         82     82      0

PRECIPITATION (IN)
  YESTERDAY        0.26   0.18   0.08     0.01
  MONTH TO DATE    2.23   2.35  -0.12     6.17
  SINCE JUN 1      4.90   7.92  -3.02    10.27
  SINCE JAN 1     36.62  30.14   6.48    31.17

DEGREE DAYS
 HEATING
  YESTERDAY        0             0
  MONTH TO DATE    0             0
  SINCE JUN 1      0             0
  SINCE JUL 1      0             0

 COOLING
  YESTERDAY       17             0
  MONTH TO DATE  238            17
  SINCE JUN 1    735            55
  SINCE JAN 1   1169            19
...............................................


WIND (MPH)
  HIGHEST WIND SPEED    22   HIGHEST WIND DIRECTION     S (180)
  HIGHEST GUST SPEED    27   HIGHEST GUST DIRECTION     S (180)
  AVERAGE WIND SPEED     3.6




RELATIVE HUMIDITY (PERCENT)
 HIGHEST   100
 LOWEST     52
 AVERAGE    76

..........................................................




SUNRISE AND SUNSET
JULY 14 2014..........SUNRISE   547 AM CDT   SUNSET   746 PM CDT
JULY 15 2014..........SUNRISE   548 AM CDT   SUNSET   745 PM CDT


-  INDICATES NEGATIVE NUMBERS.
R  INDICATES RECORD WAS SET OR TIED.
MM INDICATES DATA IS MISSING.
T  INDICATES TRACE AMOUNT.




$$
