000
CDUS42 KTAE 240632
CLIMAI


CLIMATE REPORT
NATIONAL WEATHER SERVICE TALLAHASSEE FL
232 AM EDT SUN MAY 24 2015


...................................

...THE MARIANNA CLIMATE SUMMARY FOR MAY 23 2015...

CLIMATE NORMAL PERIOD 1981 TO 2010
CLIMATE RECORD PERIOD 1950 TO 2015


WEATHER ITEM   OBSERVED NORMAL DEPARTURE LAST
                VALUE   VALUE  FROM      YEAR
                               NORMAL
...............................................
TEMPERATURE (F)
 YESTERDAY
  MAXIMUM         88     88      0       94
  MINIMUM         62     66     -4       67
  AVERAGE         75     77     -2       81

PRECIPITATION (IN)
  YESTERDAY        0.00   0.11  -0.11     0.00
  MONTH TO DATE    0.79   1.94  -1.15     0.60
  SINCE MAR 1     14.28  11.19   3.09    22.21
  SINCE JAN 1     21.46  21.17   0.29    29.54

DEGREE DAYS
 HEATING
  YESTERDAY        0             0
  MONTH TO DATE    0             0
  SINCE MAR 1    107          -134
  SINCE JUL 1   1685            39

 COOLING
  YESTERDAY       10            -2
  MONTH TO DATE  259            49
  SINCE MAR 1    563           210
  SINCE JAN 1    569           201
...............................................


WIND (MPH)
  HIGHEST WIND SPEED    16   HIGHEST WIND DIRECTION     E (70)
  HIGHEST GUST SPEED    21   HIGHEST GUST DIRECTION    NE (60)
  AVERAGE WIND SPEED     6.7




RELATIVE HUMIDITY (PERCENT)
 HIGHEST   100
 LOWEST     39
 AVERAGE    70

..........................................................




SUNRISE AND SUNSET
MAY 24 2015...........SUNRISE   541 AM CDT   SUNSET   734 PM CDT
MAY 25 2015...........SUNRISE   541 AM CDT   SUNSET   735 PM CDT


-  INDICATES NEGATIVE NUMBERS.
R  INDICATES RECORD WAS SET OR TIED.
MM INDICATES DATA IS MISSING.
T  INDICATES TRACE AMOUNT.




$$
