000
CDUS43 KABR 212335
CLIMBG


CLIMATE REPORT
NATIONAL WEATHER SERVICE ABERDEEN SD
534 PM CST FRI NOV 21 2014


...................................

...THE MOBRIDGE SD CLIMATE SUMMARY FOR NOVEMBER 21 2014...
VALID TODAY AS OF 0500 PM LOCAL TIME.

CLIMATE NORMAL PERIOD 1981 TO 2010
CLIMATE RECORD PERIOD 1911 TO 2014


WEATHER ITEM   OBSERVED TIME   RECORD YEAR NORMAL DEPARTURE LAST
                VALUE   (LST)  VALUE       VALUE  FROM      YEAR
                                                  NORMAL
..................................................................
TEMPERATURE (F)
 TODAY
  MAXIMUM         40    318 PM  68    1917  39      1       17
  MINIMUM         19    741 AM  -9    1929  18      1        2
  AVERAGE         30                        29      1       10

PRECIPITATION (IN)
  TODAY            0.00          0.13 1947   0.00   0.00      T
  MONTH TO DATE    0.58                      0.43   0.15     0.04
  SINCE SEP 1      1.85                      3.47  -1.62     9.10
  SINCE JAN 1     21.17                     17.38   3.79    22.92

SNOWFALL (IN)
  TODAY            0.0
  MONTH TO DATE    6.2
  SINCE OCT 1      6.2
  SINCE JUL 1      6.2
  SNOW DEPTH       2

DEGREE DAYS
 HEATING
  TODAY           35                        36     -1       55
  MONTH TO DATE  790                       640    150      681
  SINCE SEP 1   1381                      1381      0     1430
  SINCE JUL 1   1428                      1414     14     1443

 COOLING
  TODAY            0                         0      0        0
  MONTH TO DATE    0                         0      0        0
  SINCE SEP 1     68                        63      5      116
  SINCE JAN 1    471                       644   -173      700
..................................................................


WIND (MPH)
  HIGHEST WIND SPEED    21   HIGHEST WIND DIRECTION    SE (150)
  HIGHEST GUST SPEED    24   HIGHEST GUST DIRECTION     S (160)
  AVERAGE WIND SPEED     8.8


SKY COVER
  POSSIBLE SUNSHINE  MM
  AVERAGE SKY COVER 0.1


WEATHER CONDITIONS
 THE FOLLOWING WEATHER WAS RECORDED TODAY.
  FOG


RELATIVE HUMIDITY (PERCENT)
 HIGHEST    92           900 AM
 LOWEST     64           100 PM
 AVERAGE    78

..........................................................


THE MOBRIDGE SD CLIMATE NORMALS FOR TOMORROW
                         NORMAL    RECORD    YEAR
 MAXIMUM TEMPERATURE (F)   39        67      1912
 MINIMUM TEMPERATURE (F)   17        -8      1929


SUNRISE AND SUNSET
NOVEMBER 21 2014......SUNRISE   749 AM CST   SUNSET   506 PM CST
NOVEMBER 22 2014......SUNRISE   750 AM CST   SUNSET   505 PM CST


-  INDICATES NEGATIVE NUMBERS.
R  INDICATES RECORD WAS SET OR TIED.
MM INDICATES DATA IS MISSING.
T  INDICATES TRACE AMOUNT.




$$
