000
CDUS43 KABR 311036
CLIMBG


CLIMATE REPORT
NATIONAL WEATHER SERVICE ABERDEEN SD
536 AM CDT FRI JUL 31 2015


...................................

...THE MOBRIDGE SD CLIMATE SUMMARY FOR JULY 30 2015...

CLIMATE NORMAL PERIOD 1981 TO 2010
CLIMATE RECORD PERIOD 1911 TO 2015


WEATHER ITEM   OBSERVED TIME   RECORD YEAR NORMAL DEPARTURE LAST
                VALUE   (LST)  VALUE       VALUE  FROM      YEAR
                                                  NORMAL
..................................................................
TEMPERATURE (F)
 YESTERDAY
  MAXIMUM         90    407 PM 112    2006  87      3       84
  MINIMUM         53    539 AM  46    1971  60     -7       59
  AVERAGE         72                        74     -2       72

PRECIPITATION (IN)
  YESTERDAY        0.00          0.56 1916   0.08  -0.08      T
  MONTH TO DATE    2.28                      2.62  -0.34     0.53
  SINCE JUN 1      5.83                      5.78   0.05     8.44
  SINCE JAN 1     16.62                     11.80   4.82    14.56

DEGREE DAYS
 HEATING
  YESTERDAY        0                         0      0        0
  MONTH TO DATE    0                         5     -5       23
  SINCE JUN 1     18                        80    -62       98
  SINCE JUL 1      0                         5     -5       23

 COOLING
  YESTERDAY        7                         9     -2        7
  MONTH TO DATE  311                       243     68      163
  SINCE JUN 1    460                       342    118      208
  SINCE JAN 1    476                       358    118      258
..................................................................


WIND (MPH)
  HIGHEST WIND SPEED    17   HIGHEST WIND DIRECTION    NW (330)
  HIGHEST GUST SPEED    23   HIGHEST GUST DIRECTION    NW (330)
  AVERAGE WIND SPEED     5.3


SKY COVER
  POSSIBLE SUNSHINE  MM
  AVERAGE SKY COVER 0.0


WEATHER CONDITIONS
 THE FOLLOWING WEATHER WAS RECORDED YESTERDAY.
  NO SIGNIFICANT WEATHER WAS OBSERVED.


RELATIVE HUMIDITY (PERCENT)
 HIGHEST   100           200 AM
 LOWEST     26           200 PM
 AVERAGE    63

..........................................................


THE MOBRIDGE SD CLIMATE NORMALS FOR TODAY
                         NORMAL    RECORD    YEAR
 MAXIMUM TEMPERATURE (F)   87       103      1955
 MINIMUM TEMPERATURE (F)   60        48      1948


SUNRISE AND SUNSET
JULY 31 2015..........SUNRISE   624 AM CDT   SUNSET   911 PM CDT
AUGUST  1 2015........SUNRISE   625 AM CDT   SUNSET   910 PM CDT


-  INDICATES NEGATIVE NUMBERS.
R  INDICATES RECORD WAS SET OR TIED.
MM INDICATES DATA IS MISSING.
T  INDICATES TRACE AMOUNT.




$$
