725
CDUS43 KABR 192239
CLIMBG


CLIMATE REPORT
NATIONAL WEATHER SERVICE ABERDEEN SD
538 PM CDT SAT AUG 19 2017


...................................

...THE MOBRIDGE SD CLIMATE SUMMARY FOR AUGUST 19 2017...
VALID TODAY AS OF 0500 PM LOCAL TIME.

CLIMATE NORMAL PERIOD 1981 TO 2010
CLIMATE RECORD PERIOD 1911 TO 2017


WEATHER ITEM   OBSERVED TIME   RECORD YEAR NORMAL DEPARTURE LAST
                VALUE   (LST)  VALUE       VALUE  FROM      YEAR
                                                  NORMAL
..................................................................
TEMPERATURE (F)
 TODAY
  MAXIMUM         88    359 PM 103    1959  85      3       72
  MINIMUM         60   1205 AM  35    2004  58      2       55
  AVERAGE         74                        71      3       64

PRECIPITATION (IN)
  TODAY            0.00          0.73 1996   0.06  -0.06     0.08
  MONTH TO DATE    5.48                      1.32   4.16     1.70
  SINCE JUN 1      9.95                      7.18   2.77     6.44
  SINCE JAN 1     12.48                     13.20  -0.72    16.82

DEGREE DAYS
 HEATING
  TODAY            0                         1     -1        1
  MONTH TO DATE    5                         2      3        1
  SINCE JUN 1     34                        89    -55       14
  SINCE JUL 1      5                        14     -9        2

 COOLING
  TODAY            9                         7      2        0
  MONTH TO DATE   60                       152    -92      216
  SINCE JUN 1    632                       500    132      785
  SINCE JAN 1    652                       516    136      801
..................................................................


WIND (MPH)
  HIGHEST WIND SPEED    18   HIGHEST WIND DIRECTION     S (160)
  HIGHEST GUST SPEED    22   HIGHEST GUST DIRECTION     S (160)
  AVERAGE WIND SPEED    10.2


SKY COVER
  POSSIBLE SUNSHINE  MM
  AVERAGE SKY COVER 0.0


WEATHER CONDITIONS
 THE FOLLOWING WEATHER WAS RECORDED TODAY.
  HAZE


RELATIVE HUMIDITY (PERCENT)
 HIGHEST    90           100 AM
 LOWEST     50           300 PM
 AVERAGE    70

..........................................................


THE MOBRIDGE SD CLIMATE NORMALS FOR TOMORROW
                         NORMAL    RECORD    YEAR
 MAXIMUM TEMPERATURE (F)   84       102      1955
 MINIMUM TEMPERATURE (F)   58        40      1950


SUNRISE AND SUNSET
AUGUST 19 2017........SUNRISE   647 AM CDT   SUNSET   842 PM CDT
AUGUST 20 2017........SUNRISE   649 AM CDT   SUNSET   840 PM CDT


-  INDICATES NEGATIVE NUMBERS.
R  INDICATES RECORD WAS SET OR TIED.
MM INDICATES DATA IS MISSING.
T  INDICATES TRACE AMOUNT.




$$
