000
CDUS43 KABR 122343
CLIMBG


CLIMATE REPORT
NATIONAL WEATHER SERVICE ABERDEEN SD
534 PM CST TUE DEC 12 2017


...................................

...THE MOBRIDGE SD CLIMATE SUMMARY FOR DECEMBER 12 2017...
VALID TODAY AS OF 0500 PM LOCAL TIME.

CLIMATE NORMAL PERIOD 1981 TO 2010
CLIMATE RECORD PERIOD 1911 TO 2017


WEATHER ITEM   OBSERVED TIME   RECORD YEAR NORMAL DEPARTURE LAST
                VALUE   (LST)  VALUE       VALUE  FROM      YEAR
                                                  NORMAL
..................................................................
TEMPERATURE (F)
 TODAY
  MAXIMUM         54R   355 PM  53    1957  29     25        9
  MINIMUM         20    143 AM -26    1917   8     12      -12
  AVERAGE         37                        19     18       -1

PRECIPITATION (IN)
  TODAY            0.00          0.11 1968   0.01  -0.01     0.09
  MONTH TO DATE    0.27                      0.10   0.17     0.41
  SINCE DEC 1      0.27                      0.10   0.17     0.41
  SINCE JAN 1     15.33                     17.53  -2.20    19.54

SNOWFALL (IN)
  TODAY            0.0
  MONTH TO DATE    3.0
  SINCE OCT 1      3.4
  SINCE JUL 1      3.4
  SNOW DEPTH       0

DEGREE DAYS
 HEATING
  TODAY           28                        46    -18       66
  MONTH TO DATE  405                       531   -126      618
  SINCE DEC 1    405                       531   -126      618
  SINCE JUL 1   1906                      2297   -391     1769

 COOLING
  TODAY            0                         0      0        0
  MONTH TO DATE    0                         0      0        0
  SINCE DEC 1      0                         0      0        0
  SINCE JAN 1    791                       644    147      961
..................................................................


WIND (MPH)
  HIGHEST WIND SPEED    13   HIGHEST WIND DIRECTION    SW (210)
  HIGHEST GUST SPEED    15   HIGHEST GUST DIRECTION    SW (220)
  AVERAGE WIND SPEED     3.8


SKY COVER
  POSSIBLE SUNSHINE  MM
  AVERAGE SKY COVER 0.2


WEATHER CONDITIONS
 THE FOLLOWING WEATHER WAS RECORDED TODAY.
  NO SIGNIFICANT WEATHER WAS OBSERVED.


RELATIVE HUMIDITY (PERCENT)
 HIGHEST    92          1200 AM
 LOWEST     38           200 PM
 AVERAGE    65

..........................................................


THE MOBRIDGE SD CLIMATE NORMALS FOR TOMORROW
                         NORMAL    RECORD    YEAR
 MAXIMUM TEMPERATURE (F)   29        56      1912
 MINIMUM TEMPERATURE (F)    8       -32      1917


SUNRISE AND SUNSET
DECEMBER 12 2017......SUNRISE   813 AM CST   SUNSET   458 PM CST
DECEMBER 13 2017......SUNRISE   814 AM CST   SUNSET   458 PM CST


-  INDICATES NEGATIVE NUMBERS.
R  INDICATES RECORD WAS SET OR TIED.
MM INDICATES DATA IS MISSING.
T  INDICATES TRACE AMOUNT.




$$
