000
CDUS43 KABR 271052
CLIMBG


CLIMATE REPORT
NATIONAL WEATHER SERVICE ABERDEEN SD
551 AM CDT WED JUL 27 2016


...................................

...THE MOBRIDGE SD CLIMATE SUMMARY FOR JULY 26 2016...

CLIMATE NORMAL PERIOD 1981 TO 2010
CLIMATE RECORD PERIOD 1911 TO 2016


WEATHER ITEM   OBSERVED TIME   RECORD YEAR NORMAL DEPARTURE LAST
                VALUE   (LST)  VALUE       VALUE  FROM      YEAR
                                                  NORMAL
..................................................................
TEMPERATURE (F)
 YESTERDAY
  MAXIMUM         87    448 PM 110    1935  87      0       93
  MINIMUM         69   1159 PM  46    1918  60      9       60
  AVERAGE         78                        74      4       77

PRECIPITATION (IN)
  YESTERDAY        0.00          1.11 1942   0.09  -0.09     0.15
  MONTH TO DATE    1.10                      2.28  -1.18     1.56
  SINCE JUN 1      3.51                      5.44  -1.93     5.11
  SINCE JAN 1     13.89                     11.46   2.43    15.90

DEGREE DAYS
 HEATING
  YESTERDAY        0                         0      0        0
  MONTH TO DATE    1                         5     -4        0
  SINCE JUN 1     13                        80    -67       18
  SINCE JUL 1      1                         5     -4        0

 COOLING
  YESTERDAY       13                         9      4       12
  MONTH TO DATE  294                       207     87      275
  SINCE JUN 1    514                       306    208      424
  SINCE JAN 1    530                       322    208      440
..................................................................


WIND (MPH)
  HIGHEST WIND SPEED    26   HIGHEST WIND DIRECTION     N (350)
  HIGHEST GUST SPEED    37   HIGHEST GUST DIRECTION     N (360)
  AVERAGE WIND SPEED    10.9


SKY COVER
  POSSIBLE SUNSHINE  MM
  AVERAGE SKY COVER 0.1


WEATHER CONDITIONS
 THE FOLLOWING WEATHER WAS RECORDED YESTERDAY.
  NO SIGNIFICANT WEATHER WAS OBSERVED.


RELATIVE HUMIDITY (PERCENT)
 HIGHEST    79          1100 PM
 LOWEST     46          1100 AM
 AVERAGE    63

..........................................................


THE MOBRIDGE SD CLIMATE NORMALS FOR TODAY
                         NORMAL    RECORD    YEAR
 MAXIMUM TEMPERATURE (F)   87       106      1931
 MINIMUM TEMPERATURE (F)   60        41      1915
                                             1948


SUNRISE AND SUNSET
JULY 27 2016..........SUNRISE   620 AM CDT   SUNSET   915 PM CDT
JULY 28 2016..........SUNRISE   621 AM CDT   SUNSET   914 PM CDT


-  INDICATES NEGATIVE NUMBERS.
R  INDICATES RECORD WAS SET OR TIED.
MM INDICATES DATA IS MISSING.
T  INDICATES TRACE AMOUNT.




$$
