000
CDUS43 KABR 061504
CLIMBG

CLIMATE REPORT
NATIONAL WEATHER SERVICE ABERDEEN SD
404 AM CST TUE DEC 6 2016


...................................

...THE MOBRIDGE SD CLIMATE SUMMARY FOR DECEMBER 5 2016...

CLIMATE NORMAL PERIOD 1981 TO 2010
CLIMATE RECORD PERIOD 1911 TO 2016


WEATHER ITEM   OBSERVED TIME   RECORD YEAR NORMAL DEPARTURE LAST
                VALUE   (LST)  VALUE       VALUE  FROM      YEAR
                                                  NORMAL
..................................................................
TEMPERATURE (F)
 YESTERDAY
  MAXIMUM         34   1236 PM  65    1939  32      2       46
  MINIMUM         12   1125 PM -20    2005  11      1       27
  AVERAGE         23                        21      2       37

PRECIPITATION (IN)
  YESTERDAY        0.11          0.29 1969   0.01   0.10     0.00
  MONTH TO DATE    0.14                      0.04   0.10     0.09
  SINCE DEC 1      0.14                      0.04   0.10     0.09
  SINCE JAN 1     19.27                     17.47   1.80    23.09

SNOWFALL (IN)
  YESTERDAY        2.6
  MONTH TO DATE    2.9
  SINCE OCT 1     11.7
  SINCE JUL 1     11.7
  SNOW DEPTH       4

DEGREE DAYS
 HEATING
  YESTERDAY       42                        44     -2       28
  MONTH TO DATE  179                       214    -35      164
  SINCE DEC 1    179                       214    -35      164
  SINCE JUL 1   1330                      1980   -650     1458

 COOLING
  YESTERDAY        0                         0      0        0
  MONTH TO DATE    0                         0      0        0
  SINCE DEC 1      0                         0      0        0
  SINCE JAN 1    961                       644    317      860
..................................................................


WIND (MPH)
  HIGHEST WIND SPEED    41   HIGHEST WIND DIRECTION    NW (310)
  HIGHEST GUST SPEED    49   HIGHEST GUST DIRECTION    NW (310)
  AVERAGE WIND SPEED    21.5


SKY COVER
  POSSIBLE SUNSHINE  MM
  AVERAGE SKY COVER 0.7


WEATHER CONDITIONS
 THE FOLLOWING WEATHER WAS RECORDED YESTERDAY.
  HEAVY SNOW
  SNOW
  LIGHT SNOW
  FOG
  FOG W/VISIBILITY <= 1/4 MILE
  BLOWING SNOW


RELATIVE HUMIDITY (PERCENT)
 HIGHEST    85           800 AM
 LOWEST     59           400 AM
 AVERAGE    72

..........................................................


THE MOBRIDGE SD CLIMATE NORMALS FOR TODAY
                         NORMAL    RECORD    YEAR
 MAXIMUM TEMPERATURE (F)   32        70      1939
 MINIMUM TEMPERATURE (F)   10       -24      1950


SUNRISE AND SUNSET
DECEMBER  6 2016......SUNRISE   807 AM CST   SUNSET   458 PM CST
DECEMBER  7 2016......SUNRISE   808 AM CST   SUNSET   458 PM CST


-  INDICATES NEGATIVE NUMBERS.
R  INDICATES RECORD WAS SET OR TIED.
MM INDICATES DATA IS MISSING.
T  INDICATES TRACE AMOUNT.




$$
