000
CDUS43 KABR 302230
CLIMBG


CLIMATE REPORT
NATIONAL WEATHER SERVICE ABERDEEN SD
529 PM CDT MON MAY 30 2016


...................................

...THE MOBRIDGE SD CLIMATE SUMMARY FOR MAY 30 2016...
VALID TODAY AS OF 0500 PM LOCAL TIME.

CLIMATE NORMAL PERIOD 1981 TO 2010
CLIMATE RECORD PERIOD 1911 TO 2016


WEATHER ITEM   OBSERVED TIME   RECORD YEAR NORMAL DEPARTURE LAST
                VALUE   (LST)  VALUE       VALUE  FROM      YEAR
                                                  NORMAL
..................................................................
TEMPERATURE (F)
 TODAY
  MAXIMUM         77   1148 AM 105    1934  72      5       62
  MINIMUM         55    522 AM  33    2012  49      6       37
  AVERAGE         66                        60      6       50

PRECIPITATION (IN)
  TODAY            0.20          3.24 1943   0.10   0.10     0.00
  MONTH TO DATE    3.13                      2.72   0.41     9.32
  SINCE MAR 1      8.54                      5.19   3.35     9.99
  SINCE JAN 1      9.76                      5.92   3.84    10.79

DEGREE DAYS
 HEATING
  TODAY            0                         6     -6       15
  MONTH TO DATE  190                       284    -94      297
  SINCE MAR 1   1420                      1904   -484     1587
  SINCE JUL 1   6295                      7879  -1584     7346

 COOLING
  TODAY            1                         1      0        0
  MONTH TO DATE   14                        12      2       16
  SINCE MAR 1     16                        13      3       16
  SINCE JAN 1     16                        13      3       16
..................................................................


WIND (MPH)
  HIGHEST WIND SPEED    24   HIGHEST WIND DIRECTION    SE (130)
  HIGHEST GUST SPEED    30   HIGHEST GUST DIRECTION     E (80)
  AVERAGE WIND SPEED    10.7


SKY COVER
  POSSIBLE SUNSHINE  MM
  AVERAGE SKY COVER 0.0


WEATHER CONDITIONS
 THE FOLLOWING WEATHER WAS RECORDED TODAY.
  THUNDERSTORM
  HEAVY RAIN
  RAIN
  LIGHT RAIN


RELATIVE HUMIDITY (PERCENT)
 HIGHEST    86          1200 AM
 LOWEST     50          1200 PM
 AVERAGE    68

..........................................................


THE MOBRIDGE SD CLIMATE NORMALS FOR TOMORROW
                         NORMAL    RECORD    YEAR
 MAXIMUM TEMPERATURE (F)   73        97      1934
 MINIMUM TEMPERATURE (F)   49        32      2012


SUNRISE AND SUNSET
MAY 30 2016...........SUNRISE   557 AM CDT   SUNSET   922 PM CDT
MAY 31 2016...........SUNRISE   556 AM CDT   SUNSET   923 PM CDT


-  INDICATES NEGATIVE NUMBERS.
R  INDICATES RECORD WAS SET OR TIED.
MM INDICATES DATA IS MISSING.
T  INDICATES TRACE AMOUNT.




$$
