000
CDUS43 KABR 010915
CLIMBG


CLIMATE REPORT
NATIONAL WEATHER SERVICE ABERDEEN SD
415 AM CDT SUN MAY 1 2016


...................................

...THE MOBRIDGE SD CLIMATE SUMMARY FOR APRIL 30 2016...

CLIMATE NORMAL PERIOD 1981 TO 2010
CLIMATE RECORD PERIOD 1911 TO 2016


WEATHER ITEM   OBSERVED TIME   RECORD YEAR NORMAL DEPARTURE LAST
                VALUE   (LST)  VALUE       VALUE  FROM      YEAR
                                                  NORMAL
..................................................................
TEMPERATURE (F)
 YESTERDAY
  MAXIMUM         61    323 PM  96    1992  64     -3       82
  MINIMUM         39    306 AM  18    1960  38      1       47
  AVERAGE         50                        51     -1       65

PRECIPITATION (IN)
  YESTERDAY        0.00          0.75 1972   0.09  -0.09     0.02
  MONTH TO DATE    4.62                      1.57   3.05     0.50
  SINCE MAR 1      5.41                      2.47   2.94     0.67
  SINCE JAN 1      6.63                      3.20   3.43     1.47

SNOWFALL (IN)
  YESTERDAY        0.0
  MONTH TO DATE    T
  SINCE OCT 1     18.3
  SINCE JUL 1     18.3
  SNOW DEPTH       0

DEGREE DAYS
 HEATING
  YESTERDAY       15                        14      1        0
  MONTH TO DATE  496                       593    -97      482
  SINCE MAR 1   1230                      1620   -390     1290
  SINCE JUL 1   6105                      7595  -1490     7049

 COOLING
  YESTERDAY        0                         0      0        0
  MONTH TO DATE    2                         1      1        0
  SINCE MAR 1      2                         1      1        0
  SINCE JAN 1      2                         1      1        0
..................................................................


WIND (MPH)
  HIGHEST WIND SPEED    28   HIGHEST WIND DIRECTION    NE (60)
  HIGHEST GUST SPEED    35   HIGHEST GUST DIRECTION     E (70)
  AVERAGE WIND SPEED    14.8


SKY COVER
  POSSIBLE SUNSHINE  MM
  AVERAGE SKY COVER 0.1


WEATHER CONDITIONS
 THE FOLLOWING WEATHER WAS RECORDED YESTERDAY.
  NO SIGNIFICANT WEATHER WAS OBSERVED.


RELATIVE HUMIDITY (PERCENT)
 HIGHEST    92           300 AM
 LOWEST     32           500 PM
 AVERAGE    62

..........................................................


THE MOBRIDGE SD CLIMATE NORMALS FOR TODAY
                         NORMAL    RECORD    YEAR
 MAXIMUM TEMPERATURE (F)   64        92      1959
 MINIMUM TEMPERATURE (F)   38        23      1961


SUNRISE AND SUNSET
MAY  1 2016...........SUNRISE   629 AM CDT   SUNSET   849 PM CDT
MAY  2 2016...........SUNRISE   627 AM CDT   SUNSET   851 PM CDT


-  INDICATES NEGATIVE NUMBERS.
R  INDICATES RECORD WAS SET OR TIED.
MM INDICATES DATA IS MISSING.
T  INDICATES TRACE AMOUNT.




$$
