000
CDUS43 KABR 242239
CLIMBG


CLIMATE REPORT
NATIONAL WEATHER SERVICE ABERDEEN SD
537 PM CDT THU APR 24 2014


...................................

...THE MOBRIDGE SD CLIMATE SUMMARY FOR APRIL 24 2014...
VALID TODAY AS OF 0500 PM LOCAL TIME.

CLIMATE NORMAL PERIOD 1981 TO 2010
CLIMATE RECORD PERIOD 1911 TO 2014


WEATHER ITEM   OBSERVED TIME   RECORD YEAR NORMAL DEPARTURE LAST
                VALUE   (LST)  VALUE       VALUE  FROM      YEAR
                                                  NORMAL
..................................................................
TEMPERATURE (F)
 TODAY
  MAXIMUM         66    200 PM  90    1962  62      4       46
  MINIMUM         33    605 AM  18    1928  36     -3       20
  AVERAGE         50                        49      1       33

PRECIPITATION (IN)
  TODAY            0.00          0.78 1953   0.08  -0.08     0.02
  MONTH TO DATE    0.33                      1.06  -0.73     1.67
  SINCE MAR 1      0.84                      1.96  -1.12     2.05
  SINCE JAN 1      1.45                      2.69  -1.24     3.01

SNOWFALL (IN)
  TODAY            0.0
  MONTH TO DATE    3.5
  SINCE OCT 1     44.3
  SINCE JUL 1     44.3
  SNOW DEPTH       0

DEGREE DAYS
 HEATING
  TODAY           15                        16     -1       32
  MONTH TO DATE  566                       504     62      799
  SINCE MAR 1   1710                      1531    179     2007
  SINCE JUL 1   8250                      7506    744     7823

 COOLING
  TODAY            0                         0      0        0
  MONTH TO DATE    0                         0      0        0
  SINCE MAR 1      0                         0      0        0
  SINCE JAN 1      0                         0      0        0
..................................................................


WIND (MPH)
  HIGHEST WIND SPEED    26   HIGHEST WIND DIRECTION    NW (310)
  HIGHEST GUST SPEED    36   HIGHEST GUST DIRECTION     W (270)
  AVERAGE WIND SPEED    12.3


SKY COVER
  POSSIBLE SUNSHINE  MM
  AVERAGE SKY COVER 0.1


WEATHER CONDITIONS
 THE FOLLOWING WEATHER WAS RECORDED TODAY.
  NO SIGNIFICANT WEATHER WAS OBSERVED.


RELATIVE HUMIDITY (PERCENT)
 HIGHEST    96           200 AM
 LOWEST     16           200 PM
 AVERAGE    56

..........................................................


THE MOBRIDGE SD CLIMATE NORMALS FOR TOMORROW
                         NORMAL    RECORD    YEAR
 MAXIMUM TEMPERATURE (F)   62        90      1962
 MINIMUM TEMPERATURE (F)   36        20      1928
                                             1931


SUNRISE AND SUNSET
APRIL 24 2014.........SUNRISE   641 AM CDT   SUNSET   840 PM CDT
APRIL 25 2014.........SUNRISE   639 AM CDT   SUNSET   841 PM CDT


-  INDICATES NEGATIVE NUMBERS.
R  INDICATES RECORD WAS SET OR TIED.
MM INDICATES DATA IS MISSING.
T  INDICATES TRACE AMOUNT.




$$
