891
CDUS43 KDTX 250536
CLIMBS


CLIMATE REPORT
NATIONAL WEATHER SERVICE DETROIT/PONTIAC MI
136 AM EDT SUN SEP 25 2016


...................................

...THE TRI CITIES MI CLIMATE SUMMARY FOR SEPTEMBER 24 2016...

CLIMATE NORMAL PERIOD 1981 TO 2010
CLIMATE RECORD PERIOD 1898 TO 2016


WEATHER ITEM   OBSERVED TIME   NORMAL DEPARTURE LAST
                VALUE   (LST)  VALUE  FROM      YEAR
                                      NORMAL
......................................................
TEMPERATURE (F)
 YESTERDAY
  MAXIMUM         68    249 PM  69     -1       76
  MINIMUM         48    547 AM  47      1       56
  AVERAGE         58            58      0

PRECIPITATION (IN)
  YESTERDAY        0.00          0.13  -0.13
  MONTH TO DATE    2.33          3.12  -0.79
  SINCE SEP 1      2.33          3.12  -0.79
  SINCE JAN 1     25.25         23.64   1.61

SNOWFALL (IN)
  YESTERDAY        0.0
  MONTH TO DATE    0.0
  SINCE SEP 1      0.0
  SINCE JUL 1      0.0
  SNOW DEPTH       0

DEGREE DAYS
 HEATING
  YESTERDAY        7                   -1
  MONTH TO DATE   23                  -82
  SINCE SEP 1     23                  -82
  SINCE JUL 1     25                 -120

 COOLING
  YESTERDAY        0                   -1
  MONTH TO DATE   82                   38
  SINCE SEP 1     82                   38
  SINCE JAN 1    830                  282
......................................................


WIND (MPH)
  HIGHEST WIND SPEED    16   HIGHEST WIND DIRECTION     E (90)
  HIGHEST GUST SPEED    19   HIGHEST GUST DIRECTION     E (90)
  AVERAGE WIND SPEED     7.4



WEATHER CONDITIONS
 THE FOLLOWING WEATHER WAS RECORDED YESTERDAY.
  NO SIGNIFICANT WEATHER WAS OBSERVED.


RELATIVE HUMIDITY (PERCENT)
 HIGHEST   100
 LOWEST     52
 AVERAGE    76

..........................................................


THE TRI CITIES MI CLIMATE NORMALS FOR TODAY
                         NORMAL
 MAXIMUM TEMPERATURE (F)   68
 MINIMUM TEMPERATURE (F)   47


SUNRISE AND SUNSET
SEPTEMBER 25 2016.....SUNRISE   727 AM EDT   SUNSET   727 PM EDT
SEPTEMBER 26 2016.....SUNRISE   729 AM EDT   SUNSET   725 PM EDT


-  INDICATES NEGATIVE NUMBERS.
R  INDICATES RECORD WAS SET OR TIED.
MM INDICATES DATA IS MISSING.
T  INDICATES TRACE AMOUNT.




$$
