000
CDUS43 KDTX 170539
CLIMBS


CLIMATE REPORT
NATIONAL WEATHER SERVICE DETROIT/PONTIAC MI
138 AM EDT WED SEP 17 2014


...................................

...THE  TRI CITIES MI CLIMATE SUMMARY FOR SEPTEMBER 16 2014...

CLIMATE NORMAL PERIOD 1981 TO 2010
CLIMATE RECORD PERIOD 1898 TO 2014


WEATHER ITEM   OBSERVED TIME   NORMAL DEPARTURE
                VALUE   (LST)  VALUE  FROM
                                      NORMAL
...................................................
TEMPERATURE (F)
 YESTERDAY
  MAXIMUM         66    408 PM  72     -6
  MINIMUM         43    403 AM  50     -7
  AVERAGE         55            61     -6

PRECIPITATION (IN)
  YESTERDAY        0.00          0.14  -0.14
  MONTH TO DATE    2.03          2.05  -0.02
  SINCE SEP 1      2.03          2.05  -0.02
  SINCE JAN 1     24.14         22.57   1.57

SNOWFALL (IN)
  YESTERDAY        0.0
  MONTH TO DATE    0.0
  SINCE SEP 1      0.0
  SINCE JUL 1      0.0
  SNOW DEPTH       0

DEGREE DAYS
 HEATING
  YESTERDAY       10                    5
  MONTH TO DATE   67                   14
  SINCE SEP 1     67                   14
  SINCE JUL 1     93                    0

 COOLING
  YESTERDAY        0                   -1
  MONTH TO DATE   50                   14
  SINCE SEP 1     50                   14
  SINCE JAN 1    535                   -5
...................................................


WIND (MPH)
  HIGHEST WIND SPEED    18   HIGHEST WIND DIRECTION    SW (240)
  HIGHEST GUST SPEED    26   HIGHEST GUST DIRECTION    SW (230)
  AVERAGE WIND SPEED     6.4




RELATIVE HUMIDITY (PERCENT)
 HIGHEST   100
 LOWEST     45
 AVERAGE    73

..........................................................


THE  TRI CITIES MI CLIMATE NORMALS FOR TODAY
                         NORMAL
 MAXIMUM TEMPERATURE (F)   72
 MINIMUM TEMPERATURE (F)   50


SUNRISE AND SUNSET
SEPTEMBER 17 2014.....SUNRISE   718 AM EDT   SUNSET   743 PM EDT
SEPTEMBER 18 2014.....SUNRISE   719 AM EDT   SUNSET   741 PM EDT


-  INDICATES NEGATIVE NUMBERS.
R  INDICATES RECORD WAS SET OR TIED.
MM INDICATES DATA IS MISSING.
T  INDICATES TRACE AMOUNT.




$$
