000
CDUS43 KDTX 212030
CLIMBS


CLIMATE REPORT
NATIONAL WEATHER SERVICE DETROIT/PONTIAC MI
429 PM EDT FRI JUL 21 2017


...................................

...THE TRI CITIES MI CLIMATE SUMMARY FOR JULY 21 2017...
VALID TODAY AS OF 0400 PM LOCAL TIME.

CLIMATE NORMAL PERIOD 1981 TO 2010
CLIMATE RECORD PERIOD 1898 TO 2017


WEATHER ITEM   OBSERVED TIME   NORMAL DEPARTURE LAST
                VALUE   (LST)  VALUE  FROM      YEAR
                                      NORMAL
......................................................
TEMPERATURE (F)
 TODAY
  MAXIMUM         87    241 PM  82      5       86
  MINIMUM         67    604 AM  60      7       68
  AVERAGE         77            71      6       77

PRECIPITATION (IN)
  TODAY            0.00          0.08  -0.08     0.53
  MONTH TO DATE    0.40          1.71  -1.31     2.33
  SINCE JUN 1     11.16          4.69   6.47     4.10
  SINCE JAN 1     26.42         16.34  10.08    15.94

SNOWFALL (IN)
  TODAY            0.0           0.0    0.0      0.0
  MONTH TO DATE    0.0           0.0    0.0      0.0
  SINCE JUN 1      0.0           0.0    0.0      0.0
  SINCE JUL 1      0.0           0.0    0.0      0.0
  SNOW DEPTH       0

DEGREE DAYS
 HEATING
  TODAY            0             0      0        0
  MONTH TO DATE    0             2     -2        2
  SINCE JUN 1     27            61    -34       28
  SINCE JUL 1      0             2     -2        2

 COOLING
  TODAY           12             6      6       12
  MONTH TO DATE  167           140     27      168
  SINCE JUN 1    318           264     54      303
  SINCE JAN 1    344           300     44      381
......................................................


WIND (MPH)
  HIGHEST WIND SPEED    13   HIGHEST WIND DIRECTION     W (270)
  HIGHEST GUST SPEED    16   HIGHEST GUST DIRECTION    SW (220)
  AVERAGE WIND SPEED     5.4


SKY COVER
  AVERAGE SKY COVER 0.1


WEATHER CONDITIONS
 THE FOLLOWING WEATHER WAS RECORDED TODAY.
  NO SIGNIFICANT WEATHER WAS OBSERVED.


..........................................................


THE TRI CITIES MI CLIMATE NORMALS FOR TOMORROW
                         NORMAL
 MAXIMUM TEMPERATURE (F)   82
 MINIMUM TEMPERATURE (F)   60


SUNRISE AND SUNSET
JULY 21 2017..........SUNRISE   615 AM EDT   SUNSET   910 PM EDT
JULY 22 2017..........SUNRISE   616 AM EDT   SUNSET   909 PM EDT


-  INDICATES NEGATIVE NUMBERS.
R  INDICATES RECORD WAS SET OR TIED.
MM INDICATES DATA IS MISSING.
T  INDICATES TRACE AMOUNT.




$$
