417
CDUS43 KDTX 290542
CLIMBS


CLIMATE REPORT
NATIONAL WEATHER SERVICE DETROIT/PONTIAC MI
142 AM EDT FRI JUL 29 2016


...................................

...THE TRI CITIES MI CLIMATE SUMMARY FOR JULY 28 2016...

CLIMATE NORMAL PERIOD 1981 TO 2010
CLIMATE RECORD PERIOD 1898 TO 2016


WEATHER ITEM   OBSERVED TIME   NORMAL DEPARTURE LAST
                VALUE   (LST)  VALUE  FROM      YEAR
                                      NORMAL
......................................................
TEMPERATURE (F)
 YESTERDAY
  MAXIMUM         80    218 PM  81     -1       93
  MINIMUM         63    515 AM  60      3       67
  AVERAGE         72            71      1

PRECIPITATION (IN)
  YESTERDAY        0.00          0.08  -0.08
  MONTH TO DATE    3.13          2.31   0.82
  SINCE JUN 1      4.90          5.29  -0.39
  SINCE JAN 1     16.74         16.94  -0.20

SNOWFALL (IN)
  YESTERDAY        0.0
  MONTH TO DATE    0.0
  SINCE JUN 1      0.0
  SINCE JUL 1      0.0
  SNOW DEPTH       0

DEGREE DAYS
 HEATING
  YESTERDAY        0                    0
  MONTH TO DATE    2                    0
  SINCE JUN 1     28                  -33
  SINCE JUL 1      2                    0

 COOLING
  YESTERDAY        7                    1
  MONTH TO DATE  254                   72
  SINCE JUN 1    389                   83
  SINCE JAN 1    467                  125
......................................................


WIND (MPH)
  HIGHEST WIND SPEED    17   HIGHEST WIND DIRECTION    NE (40)
  HIGHEST GUST SPEED    22   HIGHEST GUST DIRECTION    NE (30)
  AVERAGE WIND SPEED     7.9



WEATHER CONDITIONS
 THE FOLLOWING WEATHER WAS RECORDED YESTERDAY.
  FOG
  FOG W/VISIBILITY <= 1/4 MILE


RELATIVE HUMIDITY (PERCENT)
 HIGHEST   100
 LOWEST     58
 AVERAGE    79

..........................................................


THE TRI CITIES MI CLIMATE NORMALS FOR TODAY
                         NORMAL
 MAXIMUM TEMPERATURE (F)   81
 MINIMUM TEMPERATURE (F)   60


SUNRISE AND SUNSET
JULY 29 2016..........SUNRISE   623 AM EDT   SUNSET   902 PM EDT
JULY 30 2016..........SUNRISE   624 AM EDT   SUNSET   901 PM EDT


-  INDICATES NEGATIVE NUMBERS.
R  INDICATES RECORD WAS SET OR TIED.
MM INDICATES DATA IS MISSING.
T  INDICATES TRACE AMOUNT.




$$
