000
CDUS43 KDTX 260536
CLIMBS


CLIMATE REPORT
NATIONAL WEATHER SERVICE DETROIT/PONTIAC MI
1236 AM EST MON JAN 26 2015


...................................

...THE TRI CITIES MI CLIMATE SUMMARY FOR JANUARY 25 2015...

CLIMATE NORMAL PERIOD 1981 TO 2010
CLIMATE RECORD PERIOD 1898 TO 2015


WEATHER ITEM   OBSERVED TIME   NORMAL DEPARTURE LAST
                VALUE   (LST)  VALUE  FROM      YEAR
                                      NORMAL
......................................................
TEMPERATURE (F)
 YESTERDAY
  MAXIMUM         34   1237 AM  29      5       26
  MINIMUM         15   1159 PM  15      0        2
  AVERAGE         25            22      3

PRECIPITATION (IN)
  YESTERDAY        T             0.05  -0.05
  MONTH TO DATE    0.98          1.43  -0.45
  SINCE DEC 1      2.45          3.29  -0.84
  SINCE JAN 1      0.98          1.43  -0.45

SNOWFALL (IN)
  YESTERDAY        T
  MONTH TO DATE   10.5
  SINCE DEC 1     11.4
  SINCE JUL 1     14.3
  SNOW DEPTH       2

DEGREE DAYS
 HEATING
  YESTERDAY       40                   -3
  MONTH TO DATE 1098                   32
  SINCE DEC 1   2111                 -122
  SINCE JUL 1   3607                  -99

 COOLING
  YESTERDAY        0                    0
  MONTH TO DATE    0                    0
  SINCE DEC 1      0                    0
  SINCE JAN 1      0                    0
......................................................


WIND (MPH)
  HIGHEST WIND SPEED    22   HIGHEST WIND DIRECTION    NE (50)
  HIGHEST GUST SPEED    26   HIGHEST GUST DIRECTION    NE (40)
  AVERAGE WIND SPEED    15.5



WEATHER CONDITIONS
 THE FOLLOWING WEATHER WAS RECORDED YESTERDAY.
  LIGHT SNOW


RELATIVE HUMIDITY (PERCENT)
 HIGHEST    74
 LOWEST     59
 AVERAGE    67

..........................................................


THE TRI CITIES MI CLIMATE NORMALS FOR TODAY
                         NORMAL
 MAXIMUM TEMPERATURE (F)   29
 MINIMUM TEMPERATURE (F)   15


SUNRISE AND SUNSET
JANUARY 26 2015.......SUNRISE   759 AM EST   SUNSET   539 PM EST
JANUARY 27 2015.......SUNRISE   758 AM EST   SUNSET   541 PM EST


-  INDICATES NEGATIVE NUMBERS.
R  INDICATES RECORD WAS SET OR TIED.
MM INDICATES DATA IS MISSING.
T  INDICATES TRACE AMOUNT.




$$
