828
CDUS43 KDTX 100542
CLIMBS


CLIMATE REPORT
NATIONAL WEATHER SERVICE DETROIT/PONTIAC MI
1242 AM EST SAT DEC 10 2016


...................................

...THE TRI CITIES MI CLIMATE SUMMARY FOR DECEMBER 9 2016...

CLIMATE NORMAL PERIOD 1981 TO 2010
CLIMATE RECORD PERIOD 1898 TO 2016


WEATHER ITEM   OBSERVED TIME   NORMAL DEPARTURE LAST
                VALUE   (LST)  VALUE  FROM      YEAR
                                      NORMAL
......................................................
TEMPERATURE (F)
 YESTERDAY
  MAXIMUM         30    337 PM  35     -5       49
  MINIMUM         18    536 AM  23     -5       36
  AVERAGE         24            29     -5

PRECIPITATION (IN)
  YESTERDAY        T             0.07  -0.07
  MONTH TO DATE    0.10          0.61  -0.51
  SINCE DEC 1      0.10          0.61  -0.51
  SINCE JAN 1     30.47         30.29   0.18

SNOWFALL (IN)
  YESTERDAY        T
  MONTH TO DATE    2.6
  SINCE DEC 1      2.6
  SINCE JUL 1      4.2
  SNOW DEPTH       0

DEGREE DAYS
 HEATING
  YESTERDAY       41                    5
  MONTH TO DATE  283                  -26
  SINCE DEC 1    283                  -26
  SINCE JUL 1   1271                 -511

 COOLING
  YESTERDAY        0                    0
  MONTH TO DATE    0                    0
  SINCE DEC 1      0                    0
  SINCE JAN 1    844                  287
......................................................


WIND (MPH)
  HIGHEST WIND SPEED    16   HIGHEST WIND DIRECTION     W (250)
  HIGHEST GUST SPEED    18   HIGHEST GUST DIRECTION     W (260)
  AVERAGE WIND SPEED    10.5



WEATHER CONDITIONS
 THE FOLLOWING WEATHER WAS RECORDED YESTERDAY.
  LIGHT SNOW


RELATIVE HUMIDITY (PERCENT)
 HIGHEST    96
 LOWEST     58
 AVERAGE    77

..........................................................


THE TRI CITIES MI CLIMATE NORMALS FOR TODAY
                         NORMAL
 MAXIMUM TEMPERATURE (F)   35
 MINIMUM TEMPERATURE (F)   23


SUNRISE AND SUNSET
DECEMBER 10 2016......SUNRISE   759 AM EST   SUNSET   500 PM EST
DECEMBER 11 2016......SUNRISE   800 AM EST   SUNSET   500 PM EST


-  INDICATES NEGATIVE NUMBERS.
R  INDICATES RECORD WAS SET OR TIED.
MM INDICATES DATA IS MISSING.
T  INDICATES TRACE AMOUNT.




$$
