000
CDUS43 KDTX 240537
CLIMBS


CLIMATE REPORT
NATIONAL WEATHER SERVICE DETROIT/PONTIAC MI
1237 AM EST SAT FEB 24 2018


...................................

...THE TRI CITIES MI CLIMATE SUMMARY FOR FEBRUARY 23 2018...

CLIMATE NORMAL PERIOD 1981 TO 2010
CLIMATE RECORD PERIOD 1898 TO 2018


WEATHER ITEM   OBSERVED TIME   NORMAL DEPARTURE LAST
                VALUE   (LST)  VALUE  FROM      YEAR
                                      NORMAL
......................................................
TEMPERATURE (F)
 YESTERDAY
  MAXIMUM         44    348 PM  34     10       59
  MINIMUM         30   1252 AM  19     11       38
  AVERAGE         37            26     11

PRECIPITATION (IN)
  YESTERDAY        0.09          0.07   0.02
  MONTH TO DATE    2.63          1.25   1.38
  SINCE DEC 1      4.90          4.82   0.08
  SINCE JAN 1      3.87          2.96   0.91

SNOWFALL (IN)
  YESTERDAY        0.0
  MONTH TO DATE   13.5
  SINCE DEC 1     31.1
  SINCE JUL 1     31.1
  SNOW DEPTH       0

DEGREE DAYS
 HEATING
  YESTERDAY       28                  -11
  MONTH TO DATE  938                   -7
  SINCE DEC 1   3512                   75
  SINCE JUL 1   4743                 -167

 COOLING
  YESTERDAY        0                    0
  MONTH TO DATE    0                    0
  SINCE DEC 1      0                    0
  SINCE JAN 1      0                    0
......................................................


WIND (MPH)
  HIGHEST WIND SPEED    23   HIGHEST WIND DIRECTION     W (270)
  HIGHEST GUST SPEED    29   HIGHEST GUST DIRECTION     W (250)
  AVERAGE WIND SPEED    10.3



WEATHER CONDITIONS
 THE FOLLOWING WEATHER WAS RECORDED YESTERDAY.
  RAIN
  LIGHT RAIN
  FOG


RELATIVE HUMIDITY (PERCENT)
 HIGHEST   100
 LOWEST     78
 AVERAGE    89

..........................................................


THE TRI CITIES MI CLIMATE NORMALS FOR TODAY
                         NORMAL
 MAXIMUM TEMPERATURE (F)   34
 MINIMUM TEMPERATURE (F)   19


SUNRISE AND SUNSET
FEBRUARY 24 2018......SUNRISE   721 AM EST   SUNSET   619 PM EST
FEBRUARY 25 2018......SUNRISE   719 AM EST   SUNSET   620 PM EST


-  INDICATES NEGATIVE NUMBERS.
R  INDICATES RECORD WAS SET OR TIED.
MM INDICATES DATA IS MISSING.
T  INDICATES TRACE AMOUNT.




$$
