000
CDUS46 KHNX 050022
CLIMCE


CLIMATE REPORT
NATIONAL WEATHER SERVICE SAN JOAQUIN VALLEY, CA
422 PM PST SUN DEC 4 2016


...................................

...THE MERCED  CA CLIMATE SUMMARY FOR DECEMBER 4 2016...
VALID AS OF 0400 PM LOCAL TIME.

CLIMATE NORMAL PERIOD 1981 TO 2010
CLIMATE RECORD PERIOD 1998 TO 2016


WEATHER ITEM   OBSERVED TIME   RECORD YEAR NORMAL DEPARTURE LAST
                VALUE   (LST)  VALUE       VALUE  FROM      YEAR
                                                  NORMAL
..................................................................
TEMPERATURE (F)
 TODAY
  MAXIMUM         58    338 PM  70    2014  56      2       61
  MINIMUM         33    718 AM  25    2013  37     -4       37
                                      2004
  AVERAGE         46                        46      0       49

PRECIPITATION (IN)
  TODAY            0.00          0.16 1998   0.03  -0.03     0.00
  MONTH TO DATE    0.00                      0.11  -0.11     0.03
  SINCE OCT 1      2.32                      2.10   0.22     2.13
  SINCE JAN 1     13.26                     11.09   2.17     5.22

SNOWFALL (IN)
  TODAY            0.0
  MONTH TO DATE    0.0
  SINCE DEC 1      0.0
  SINCE JUL 1      0.0
  SNOW DEPTH       0

DEGREE DAYS
 HEATING
  TODAY           19                                        16
  MONTH TO DATE   81                                        72
  SINCE DEC 1     81                                        72
  SINCE JUL 1    426                                       525

 COOLING
  TODAY            0                                         0
  MONTH TO DATE    0                                         0
  SINCE DEC 1      0                                         0
  SINCE JAN 1   1649                                      1781
..................................................................


WIND (MPH)
  HIGHEST WIND SPEED     6   HIGHEST WIND DIRECTION    NW (300)
  HIGHEST GUST SPEED     8   HIGHEST GUST DIRECTION    NW (310)
  AVERAGE WIND SPEED     2.1




RELATIVE HUMIDITY (PERCENT)
 HIGHEST    92
 LOWEST     51
 AVERAGE    72

..........................................................


THE MERCED  CA CLIMATE NORMALS FOR TOMORROW
                         NORMAL    RECORD    YEAR
 MAXIMUM TEMPERATURE (F)   56        66      2014
 MINIMUM TEMPERATURE (F)   36        25      2013


SUNRISE AND SUNSET
DECEMBER  4 2016......SUNRISE   701 AM PST   SUNSET   445 PM PST
DECEMBER  5 2016......SUNRISE   702 AM PST   SUNSET   445 PM PST


-  INDICATES NEGATIVE NUMBERS.
R  INDICATES RECORD WAS SET OR TIED.
MM INDICATES DATA IS MISSING.
T  INDICATES TRACE AMOUNT.




$$
