000
CDUS46 KHNX 300821
CLIMCE


CLIMATE REPORT
NATIONAL WEATHER SERVICE SAN JOAQUIN VALLEY, CA
121 AM PDT MON MAR 30 2015


...................................

...THE MERCED  CA CLIMATE SUMMARY FOR MARCH 29 2015...

CLIMATE NORMAL PERIOD 1981 TO 2010
CLIMATE RECORD PERIOD 1998 TO 2015


WEATHER ITEM   OBSERVED TIME   RECORD YEAR NORMAL DEPARTURE
                VALUE   (LST)  VALUE       VALUE  FROM
                                                  NORMAL
...............................................................
TEMPERATURE (F)
 YESTERDAY
  MAXIMUM         84R   438 PM  84    2004  68     16
  MINIMUM         44    602 AM  32    1999  43      1
  AVERAGE         64                        55      9

PRECIPITATION (IN)
  YESTERDAY        0.00          0.49 2014   0.06  -0.06
  MONTH TO DATE    0.19                      1.97  -1.78
  SINCE OCT 1      6.01                     10.43  -4.42
  SINCE JAN 1      1.26                      6.92  -5.66

SNOWFALL (IN)
  YESTERDAY        0.0
  MONTH TO DATE    0.0
  SINCE MAR 1      0.0
  SINCE JUL 1      0.0
  SNOW DEPTH       0

DEGREE DAYS
 HEATING
  YESTERDAY        1
  MONTH TO DATE  126
  SINCE MAR 1    126
  SINCE JUL 1   1590

 COOLING
  YESTERDAY        0
  MONTH TO DATE   13
  SINCE MAR 1     13
  SINCE JAN 1     13
...............................................................


WIND (MPH)
  HIGHEST WIND SPEED    13   HIGHEST WIND DIRECTION     N (340)
  HIGHEST GUST SPEED    18   HIGHEST GUST DIRECTION    NW (330)
  AVERAGE WIND SPEED     5.2




RELATIVE HUMIDITY (PERCENT)
 HIGHEST    89
 LOWEST     20
 AVERAGE    55

..........................................................


THE MERCED  CA CLIMATE NORMALS FOR TODAY
                         NORMAL    RECORD    YEAR
 MAXIMUM TEMPERATURE (F)   68        83      2013
 MINIMUM TEMPERATURE (F)   43        40      2009
                                             2008


SUNRISE AND SUNSET
MARCH 30 2015.........SUNRISE   651 AM PDT   SUNSET   723 PM PDT
MARCH 31 2015.........SUNRISE   650 AM PDT   SUNSET   724 PM PDT


-  INDICATES NEGATIVE NUMBERS.
R  INDICATES RECORD WAS SET OR TIED.
MM INDICATES DATA IS MISSING.
T  INDICATES TRACE AMOUNT.




$$
