000
CDUS46 KHNX 190823
CLIMCE


CLIMATE REPORT
NATIONAL WEATHER SERVICE SAN JOAQUIN VALLEY, CA
1222 AM PST SUN NOV 19 2017


...................................

...THE MERCED  CA CLIMATE SUMMARY FOR NOVEMBER 18 2017...

CLIMATE NORMAL PERIOD 1981 TO 2010
CLIMATE RECORD PERIOD 1998 TO 2017


WEATHER ITEM   OBSERVED TIME   RECORD YEAR NORMAL DEPARTURE
                VALUE   (LST)  VALUE       VALUE  FROM
                                                  NORMAL
...............................................................
TEMPERATURE (F)
 YESTERDAY
  MAXIMUM         64    258 PM  81    2008  63      1
  MINIMUM         40   1153 PM  31    2000  40      0
  AVERAGE         52                        51      1

PRECIPITATION (IN)
  YESTERDAY        0.00          0.12 2012   0.04  -0.04
  MONTH TO DATE    0.67                      0.75  -0.08
  SINCE OCT 1      0.82                      1.56  -0.74
  SINCE JAN 1     12.64                     10.55   2.09

SNOWFALL (IN)
  YESTERDAY        0.0
  MONTH TO DATE    0.0
  SINCE SEP 1      0.0
  SINCE JUL 1      0.0
  SNOW DEPTH       0

DEGREE DAYS
 HEATING
  YESTERDAY       13
  MONTH TO DATE  146
  SINCE SEP 1    241
  SINCE JUL 1    241

 COOLING
  YESTERDAY        0
  MONTH TO DATE    0
  SINCE SEP 1    307
  SINCE JAN 1   1843
...............................................................


WIND (MPH)
  HIGHEST WIND SPEED    12   HIGHEST WIND DIRECTION    NW (310)
  HIGHEST GUST SPEED    14   HIGHEST GUST DIRECTION    NW (310)
  AVERAGE WIND SPEED     2.6




RELATIVE HUMIDITY (PERCENT)
 HIGHEST    92
 LOWEST     48
 AVERAGE    70

..........................................................


THE MERCED  CA CLIMATE NORMALS FOR TODAY
                         NORMAL    RECORD    YEAR
 MAXIMUM TEMPERATURE (F)   62        75      2008
 MINIMUM TEMPERATURE (F)   40        30      2000


SUNRISE AND SUNSET
NOVEMBER 19 2017......SUNRISE   646 AM PST   SUNSET   449 PM PST
NOVEMBER 20 2017......SUNRISE   647 AM PST   SUNSET   449 PM PST


-  INDICATES NEGATIVE NUMBERS.
R  INDICATES RECORD WAS SET OR TIED.
MM INDICATES DATA IS MISSING.
T  INDICATES TRACE AMOUNT.




$$
