000
CDUS46 KHNX 070829
CLIMCE


CLIMATE REPORT
NATIONAL WEATHER SERVICE SAN JOAQUIN VALLEY, CA
1227 AM PST SUN FEB 7 2016


...................................

...THE MERCED  CA CLIMATE SUMMARY FOR FEBRUARY 6 2016...

CLIMATE NORMAL PERIOD 1981 TO 2010
CLIMATE RECORD PERIOD 1998 TO 2016


WEATHER ITEM   OBSERVED TIME   RECORD YEAR NORMAL DEPARTURE
                VALUE   (LST)  VALUE       VALUE  FROM
                                                  NORMAL
...............................................................
TEMPERATURE (F)
 YESTERDAY
  MAXIMUM         64    449 PM  69    2015  58      6
  MINIMUM         33    720 AM  30    2003  38     -5
  AVERAGE         49                        48      1

PRECIPITATION (IN)
  YESTERDAY        0.00          0.34 2010   0.08  -0.08
  MONTH TO DATE    T                         0.44  -0.44
  SINCE OCT 1      8.21                      6.56   1.65
  SINCE JAN 1      4.49                      3.05   1.44

SNOWFALL (IN)
  YESTERDAY        0.0
  MONTH TO DATE    0.0
  SINCE DEC 1      0.0
  SINCE JUL 1      0.0
  SNOW DEPTH       0

DEGREE DAYS
 HEATING
  YESTERDAY       16
  MONTH TO DATE  116
  SINCE DEC 1   1219
  SINCE JUL 1   1672

 COOLING
  YESTERDAY        0
  MONTH TO DATE    0
  SINCE DEC 1      0
  SINCE JAN 1      0
...............................................................


WIND (MPH)
  HIGHEST WIND SPEED    10   HIGHEST WIND DIRECTION     S (180)
  HIGHEST GUST SPEED    43   HIGHEST GUST DIRECTION    SE (150)
  AVERAGE WIND SPEED     1.9




RELATIVE HUMIDITY (PERCENT)
 HIGHEST   100
 LOWEST     55
 AVERAGE    78

..........................................................


THE MERCED  CA CLIMATE NORMALS FOR TODAY
                         NORMAL    RECORD    YEAR
 MAXIMUM TEMPERATURE (F)   58        70      2015
                                             2011
 MINIMUM TEMPERATURE (F)   38        31      2001


SUNRISE AND SUNSET
FEBRUARY  7 2016......SUNRISE   700 AM PST   SUNSET   533 PM PST
FEBRUARY  8 2016......SUNRISE   659 AM PST   SUNSET   534 PM PST


-  INDICATES NEGATIVE NUMBERS.
R  INDICATES RECORD WAS SET OR TIED.
MM INDICATES DATA IS MISSING.
T  INDICATES TRACE AMOUNT.




$$
