000
CDUS46 KHNX 190823
CLIMCE


CLIMATE REPORT
NATIONAL WEATHER SERVICE SAN JOAQUIN VALLEY, CA
1222 AM PST FRI JAN 19 2018


...................................

...THE MERCED  CA CLIMATE SUMMARY FOR JANUARY 18 2018...

CLIMATE NORMAL PERIOD 1981 TO 2010
CLIMATE RECORD PERIOD 1998 TO 2018


WEATHER ITEM   OBSERVED TIME   RECORD YEAR NORMAL DEPARTURE
                VALUE   (LST)  VALUE       VALUE  FROM
                                                  NORMAL
...............................................................
TEMPERATURE (F)
 YESTERDAY
  MAXIMUM         56    423 PM  70    2014  53      3
                                      2000
  MINIMUM         46    103 AM  23    2007  37      9
  AVERAGE         51                        45      6

PRECIPITATION (IN)
  YESTERDAY        0.01          0.76 2016   0.08  -0.07
  MONTH TO DATE    0.89                      1.81  -0.92
  SINCE OCT 1      2.00                      5.32  -3.32
  SINCE JAN 1      0.89                      1.81  -0.92

SNOWFALL (IN)
  YESTERDAY        0.0
  MONTH TO DATE    0.0
  SINCE DEC 1      0.0
  SINCE JUL 1      0.0
  SNOW DEPTH       0

DEGREE DAYS
 HEATING
  YESTERDAY       14
  MONTH TO DATE  233
  SINCE DEC 1    786
  SINCE JUL 1   1140

 COOLING
  YESTERDAY        0
  MONTH TO DATE    0
  SINCE DEC 1      0
  SINCE JAN 1      0
...............................................................


WIND (MPH)
  HIGHEST WIND SPEED    18   HIGHEST WIND DIRECTION    NW (330)
  HIGHEST GUST SPEED    22   HIGHEST GUST DIRECTION    NW (320)
  AVERAGE WIND SPEED     6.0




RELATIVE HUMIDITY (PERCENT)
 HIGHEST   100
 LOWEST     77
 AVERAGE    89

..........................................................


THE MERCED  CA CLIMATE NORMALS FOR TODAY
                         NORMAL    RECORD    YEAR
 MAXIMUM TEMPERATURE (F)   53        71      2009
 MINIMUM TEMPERATURE (F)   37        25      2012
                                             2007


SUNRISE AND SUNSET
JANUARY 19 2018.......SUNRISE   714 AM PST   SUNSET   513 PM PST
JANUARY 20 2018.......SUNRISE   713 AM PST   SUNSET   514 PM PST


-  INDICATES NEGATIVE NUMBERS.
R  INDICATES RECORD WAS SET OR TIED.
MM INDICATES DATA IS MISSING.
T  INDICATES TRACE AMOUNT.




$$
