000
CDUS46 KHNX 260827
CLIMCE


CLIMATE REPORT
NATIONAL WEATHER SERVICE SAN JOAQUIN VALLEY, CA
125 AM PDT THU MAY 26 2016


...................................

...THE MERCED  CA CLIMATE SUMMARY FOR MAY 25 2016...

CLIMATE NORMAL PERIOD 1981 TO 2010
CLIMATE RECORD PERIOD 1998 TO 2016


WEATHER ITEM   OBSERVED TIME   RECORD YEAR NORMAL DEPARTURE
                VALUE   (LST)  VALUE       VALUE  FROM
                                                  NORMAL
...............................................................
TEMPERATURE (F)
 YESTERDAY
  MAXIMUM         81    346 PM  98    2014  84     -3
  MINIMUM         53    528 AM  46    2010  53      0
  AVERAGE         67                        69     -2

PRECIPITATION (IN)
  YESTERDAY        0.00          0.13 2010   0.01  -0.01
  MONTH TO DATE    0.11                      0.53  -0.42
  SINCE OCT 1     14.66                     12.01   2.65
  SINCE JAN 1     10.94                      8.50   2.44

SNOWFALL (IN)
  YESTERDAY        0.0
  MONTH TO DATE    0.0
  SINCE MAR 1      0.0
  SINCE JUL 1      0.0
  SNOW DEPTH       0

DEGREE DAYS
 HEATING
  YESTERDAY        0
  MONTH TO DATE   30
  SINCE MAR 1    369
  SINCE JUL 1   2266

 COOLING
  YESTERDAY        2
  MONTH TO DATE   84
  SINCE MAR 1    113
  SINCE JAN 1    113
...............................................................


WIND (MPH)
  HIGHEST WIND SPEED    16   HIGHEST WIND DIRECTION    NW (330)
  HIGHEST GUST SPEED    23   HIGHEST GUST DIRECTION    NW (300)
  AVERAGE WIND SPEED     8.7




RELATIVE HUMIDITY (PERCENT)
 HIGHEST    83
 LOWEST     28
 AVERAGE    56

..........................................................


THE MERCED  CA CLIMATE NORMALS FOR TODAY
                         NORMAL    RECORD    YEAR
 MAXIMUM TEMPERATURE (F)   85        97      2014
 MINIMUM TEMPERATURE (F)   54        48      2011


SUNRISE AND SUNSET
MAY 26 2016...........SUNRISE   546 AM PDT   SUNSET   814 PM PDT
MAY 27 2016...........SUNRISE   545 AM PDT   SUNSET   814 PM PDT


-  INDICATES NEGATIVE NUMBERS.
R  INDICATES RECORD WAS SET OR TIED.
MM INDICATES DATA IS MISSING.
T  INDICATES TRACE AMOUNT.




$$
