000
CDUS46 KHNX 280830
CLIMCE


CLIMATE REPORT
NATIONAL WEATHER SERVICE SAN JOAQUIN VALLEY, CA
1229 AM PST FRI NOV 28 2014


...................................

...THE MERCED  CA CLIMATE SUMMARY FOR NOVEMBER 27 2014...

CLIMATE NORMAL PERIOD 1981 TO 2010
CLIMATE RECORD PERIOD 1998 TO 2014


WEATHER ITEM   OBSERVED TIME   RECORD YEAR NORMAL DEPARTURE
                VALUE   (LST)  VALUE       VALUE  FROM
                                                  NORMAL
...............................................................
TEMPERATURE (F)
 YESTERDAY
  MAXIMUM         70R   309 PM  68    2013  59     11
  MINIMUM         42    739 AM  31    2005  38      4
  AVERAGE         56                        48      8

PRECIPITATION (IN)
  YESTERDAY        0.00          0.30 2010   0.03  -0.03
  MONTH TO DATE    0.51                      1.08  -0.57
  SINCE JUL 1      1.17                      2.20  -1.03
  SINCE JAN 1      5.13                     10.88  -5.75

SNOWFALL (IN)
  YESTERDAY        0.0
  MONTH TO DATE    0.0
  SINCE SEP 1      0.0
  SINCE JUL 1      0.0
  SNOW DEPTH       0

DEGREE DAYS
 HEATING
  YESTERDAY        9
  MONTH TO DATE  226
  SINCE SEP 1    253
  SINCE JUL 1    253

 COOLING
  YESTERDAY        0
  MONTH TO DATE    0
  SINCE SEP 1    499
  SINCE JAN 1   2147
...............................................................


WIND (MPH)
  HIGHEST WIND SPEED     8   HIGHEST WIND DIRECTION    NW (330)
  HIGHEST GUST SPEED     9   HIGHEST GUST DIRECTION    NW (330)
  AVERAGE WIND SPEED     1.6




RELATIVE HUMIDITY (PERCENT)
 HIGHEST    89
 LOWEST     44
 AVERAGE    67

..........................................................


THE MERCED  CA CLIMATE NORMALS FOR TODAY
                         NORMAL    RECORD    YEAR
 MAXIMUM TEMPERATURE (F)   58        68      2013
 MINIMUM TEMPERATURE (F)   38        30      2005


SUNRISE AND SUNSET
NOVEMBER 28 2014......SUNRISE   655 AM PST   SUNSET   446 PM PST
NOVEMBER 29 2014......SUNRISE   656 AM PST   SUNSET   445 PM PST


-  INDICATES NEGATIVE NUMBERS.
R  INDICATES RECORD WAS SET OR TIED.
MM INDICATES DATA IS MISSING.
T  INDICATES TRACE AMOUNT.




$$
