885
CDAK49 PAFG 230942
CLIMCG

CLIMATE REPORT
NATIONAL WEATHER SERVICE FAIRBANKS AK
1242 AM AKST MON JAN 23 2017


...................................

...THE MCGRATH AK CLIMATE SUMMARY FOR JANUARY 22 2017...

CLIMATE NORMAL PERIOD 1981 TO 2010
CLIMATE RECORD PERIOD 1946 TO 2017


WEATHER ITEM   OBSERVED TIME   RECORD YEAR NORMAL DEPARTURE LAST
                VALUE   (LST)  VALUE       VALUE  FROM      YEAR
                                                  NORMAL
..................................................................
TEMPERATURE (F)
 YESTERDAY
  MAXIMUM        -18        MM  39    2008   2    -20       MM
  MINIMUM        -41        MM -61    1989 -15    -26       MM
  AVERAGE        -29                        -6    -23       MM

PRECIPITATION (IN)
  YESTERDAY        0.00          0.73 1999   0.03  -0.03    MM
  MONTH TO DATE    0.41                      0.79  -0.38    MM
  SINCE DEC 1      1.38                      2.08  -0.70    MM
  SINCE JAN 1      0.41                      0.79  -0.38    MM

SNOWFALL (IN)
  YESTERDAY        0.0           6.4  1999   0.5   -0.5     MM
  MONTH TO DATE   12.5                      11.4    1.1     MM
  SINCE DEC 1     26.4                      31.6   -5.2     MM
  SINCE JUL 1     34.7                      62.6  -27.9     MM
  SNOW DEPTH      18

DEGREE DAYS
 HEATING
  YESTERDAY       94                        71     23       MM
  MONTH TO DATE 1685                      1582    103       MM
  SINCE DEC 1   3707                      3696     11       MM
  SINCE JUL 1   7453                      7819   -366       MM

 COOLING
  YESTERDAY        0                         0      0       MM
  MONTH TO DATE    0                         0      0       MM
  SINCE DEC 1      0                         0      0       MM
  SINCE JAN 1      0                         0      0       MM
..................................................................


WIND (MPH)
  HIGHEST GUST SPEED    MM   HIGHEST GUST DIRECTION    MM


SKY COVER
  AVERAGE SKY COVER 0.3


WEATHER CONDITIONS
 THE FOLLOWING WEATHER WAS RECORDED YESTERDAY.
  NO SIGNIFICANT WEATHER WAS OBSERVED.


RELATIVE HUMIDITY (PERCENT)
 HIGHEST    77
 LOWEST     62
 AVERAGE    70

..........................................................


THE MCGRATH AK CLIMATE NORMALS FOR TODAY
                         NORMAL    RECORD    YEAR
 MAXIMUM TEMPERATURE (F)    3        41      2000
 MINIMUM TEMPERATURE (F)  -15       -61      1989


SUNRISE AND SUNSET
JANUARY 23 2017.......SUNRISE  1017 AM AKST  SUNSET   453 PM AKST
JANUARY 24 2017.......SUNRISE  1015 AM AKST  SUNSET   456 PM AKST

-  INDICATES NEGATIVE NUMBERS.
R  INDICATES RECORD WAS SET OR TIED.
MM INDICATES DATA IS MISSING.
T  INDICATES TRACE AMOUNT.

&&

SNOW DEPTH IS MEASURED AT 3AM AKST/4AM AKDT.

----------------------------
AVAILABLE DAYLIGHT

AMOUNT OF DAYLIGHT TODAY  (HOUR:MIN)........6:36
GAIN/LOSS SINCE YESTERDAY (HOUR:MIN:SEC)....+0:05:29

$$
SDB JAN 17
