000
CDAK49 PAFG 190046
CLIMCG

CLIMATE REPORT
NATIONAL WEATHER SERVICE FAIRBANKS AK
346 PM AKST SUN FEB 18 2018


...................................

...THE MCGRATH AK CLIMATE SUMMARY FOR FEBRUARY 18 2018...
VALID TODAY AS OF 0300 PM LOCAL TIME.

CLIMATE NORMAL PERIOD 1981 TO 2010
CLIMATE RECORD PERIOD 1946 TO 2018


WEATHER ITEM   OBSERVED TIME   RECORD YEAR NORMAL DEPARTURE LAST
                VALUE   (LST)  VALUE       VALUE  FROM      YEAR
                                                  NORMAL
..................................................................
TEMPERATURE (F)
 TODAY
  MAXIMUM         26    259 PM  41    2006  14     12       16
  MINIMUM          7   1254 AM -48    1985  -8     15       -5
  AVERAGE         17                         3     14        6

PRECIPITATION (IN)
  TODAY            0.05          0.33 1988   0.03   0.02     0.11
  MONTH TO DATE    0.88                      0.60   0.28     0.29
  SINCE DEC 1      2.11                      2.98  -0.87     1.80
  SINCE JAN 1      0.98                      1.69  -0.71     0.83

SNOWFALL (IN)
  TODAY           MM             4.7  1988   0.5   MM        3.0
  MONTH TO DATE   12.1                       8.4    3.7      6.7
  SINCE DEC 1     22.5                      44.3  -21.8     35.3
  SINCE JUL 1     49.3                      75.3  -26.0     43.6
  SNOW DEPTH      22

DEGREE DAYS
 HEATING
  TODAY           48                        62    -14       59
  MONTH TO DATE 1064                      1176   -112     1208
  SINCE DEC 1   4606                      5506   -900     5448
  SINCE JUL 1   8031                      9629  -1598     9194

 COOLING
  TODAY            0                         0      0        0
  MONTH TO DATE    0                         0      0        0
  SINCE DEC 1      0                         0      0        0
  SINCE JAN 1      0                         0      0        0
..................................................................


WIND (MPH)
  HIGHEST GUST SPEED    16   HIGHEST GUST DIRECTION    SE (140)


SKY COVER
  AVERAGE SKY COVER 0.6


WEATHER CONDITIONS
 THE FOLLOWING WEATHER WAS RECORDED TODAY.
  SNOW
  LIGHT SNOW
  FOG


RELATIVE HUMIDITY (PERCENT)
 HIGHEST    88
 LOWEST     76
 AVERAGE    82

..........................................................


THE MCGRATH AK CLIMATE NORMALS FOR TOMORROW
                         NORMAL    RECORD    YEAR
 MAXIMUM TEMPERATURE (F)   15        46      2010
 MINIMUM TEMPERATURE (F)   -8       -50      1985


SUNRISE AND SUNSET
FEBRUARY 18 2018......SUNRISE   902 AM AKST  SUNSET   612 PM AKST
FEBRUARY 19 2018......SUNRISE   859 AM AKST  SUNSET   615 PM AKST

-  INDICATES NEGATIVE NUMBERS.
R  INDICATES RECORD WAS SET OR TIED.
MM INDICATES DATA IS MISSING.
T  INDICATES TRACE AMOUNT.

&&

SNOW DEPTH IS MEASURED AT 3AM AKST/4AM AKDT.

----------------------------
AVAILABLE DAYLIGHT

AMOUNT OF DAYLIGHT TODAY  (HOUR:MIN)........9:10
GAIN/LOSS SINCE YESTERDAY (HOUR:MIN:SEC)....+0:06:11

$$
FEB 18
