000
CDAK49 PAMC 011217
CLIMCG

CLIMATE REPORT
NATIONAL WEATHER SERVICE MCGRATH, AK
417 AM AKDT WED OCT 1 2014

...................................
...THE MCGRATH AIRPORT CLIMATE SUMMARY FOR SEPTEMBER 30 2014...

CLIMATE NORMAL PERIOD  1981 TO  2010
CLIMATE RECORD PERIOD  1940 TO  2014

WEATHER ITEM   OBSERVED TIME    RECORD YEAR NORMAL DEPARTURE LAST
               VALUE    (LST)   VALUE       VALUE  FROM      YEAR
                                                   NORMAL
...................................................................
TEMPERATURE
YESTERDAY
 MAXIMUM            48  0334 PM    58  1969     44       4     36
 MINIMUM            34  1217 AM     6  1957     29       5     29
 AVERAGE            41                          37       4     33

PRECIPITATION
(INCHES)
 YESTERDAY        0.00           1.00  1993   0.07   -0.07      T
 MONTH TO DATE    0.92                        2.49   -1.57   4.15
 SINCE SEP 1      0.92                        2.49   -1.57   4.15
 SINCE JAN 1      9.49                       13.86   -4.37  13.38

SNOWFALL
(INCHES)
 YESTERDAY         0.0            3.5  1965    0.1    -0.1      T
 MONTH TO DATE     0.0                         1.5    -1.5    0.7
 SINCE SEP 1       0.0                         1.5    -1.5    0.7
 SINCE JUL 1       0.0                         1.5    -1.5    0.7
 SNOW DEPTH (IN)     0                                          0

DEGREE DAYS
 HEATING
  YESTERDAY         24                          28      -4     32
  MONTH TO DATE    568                         613     -45    674
  SINCE SEP 1      568                         613     -45    674
  SINCE JUL 1      991                        1110    -119   1092

 COOLING
  YESTERDAY          0                           0       0      0
  MONTH TO DATE      0                           0       0      0
  SINCE SEP 1        0                           0       0      0
  SINCE JAN 1       11                          16      -5     78
...................................................................

WIND (MPH)
 HIGHEST WIND SPEED    12     HIGHEST WIND DIRECTION    290
 HIGHEST GUST SPEED    15     HIGHEST GUST DIRECTION    200
 AVERAGE WIND SPEED   4.3

WEATHER CONDITIONS
 THE FOLLOWING WEATHER WAS RECORDED YESTERDAY.
 NO SIGNIFICANT WEATHER WAS OBSERVED.

...................................................................

THE MCGRATH CLIMATE NORMALS FOR TODAY
                           NORMAL    RECORD   YEAR
 MAXIMUM TEMPERATURE (F)     44        62     2003
 MINIMUM TEMPERATURE (F)     29        16     2000

SUNRISE AND SUNSET
 OCT 1 2014..........SUNRISE  8:31 AM      SUNSET  7:52 PM
 OCT 2 2014..........SUNRISE  8:34 AM      SUNSET  7:49 PM

-  INDICATES NEGATIVE NUMBERS.
R  INDICATES RECORD HAS BEEN SET OR TIED.
MM INDICATES DATA IS MISSING.
T  INDICATES TRACE OF PRECIPITATION.

&&
-------------------------------------------------------------------

AMOUNT OF DAYLIGHT TODAY  (HOUR:MIN)........11 HOURS 21 MINUTES
LOSS SINCE YESTERDAY (HOUR:MIN:SEC)....-0:06:06

$$
JCD OCT 14
