085
CDAK49 PAFG 200050
CLIMCG

CLIMATE REPORT
NATIONAL WEATHER SERVICE FAIRBANKS AK
450 PM AKDT SAT AUG 19 2017


...................................

...THE MCGRATH AK CLIMATE SUMMARY FOR AUGUST 19 2017...
VALID TODAY AS OF 0400 PM LOCAL TIME.

CLIMATE NORMAL PERIOD 1981 TO 2010
CLIMATE RECORD PERIOD 1946 TO 2017


WEATHER ITEM   OBSERVED TIME   RECORD YEAR NORMAL DEPARTURE LAST
                VALUE   (LST)  VALUE       VALUE  FROM      YEAR
                                                  NORMAL
..................................................................
TEMPERATURE (F)
 TODAY
  MAXIMUM         56    238 PM  80    2004  63     -7       70
  MINIMUM         36    720 AM  32    1997  45     -9       52
                                      1969
  AVERAGE         46                        54     -8       61

PRECIPITATION (IN)
  TODAY            0.00          0.90 1978   0.08  -0.08     0.01
  MONTH TO DATE    3.00                      1.72   1.28     1.70
  SINCE JUN 1      6.01                      5.62   0.39     8.30
  SINCE JAN 1      9.00                     10.29  -1.29    10.95

SNOWFALL (IN)
  TODAY            0.0           0.0    MM   0.0    0.0      0.0
  MONTH TO DATE    0.0                       0.0    0.0      0.0
  SINCE JUN 1      T                         0.0    0.0      0.0
  SINCE JUL 1      0.0                       0.0    0.0      0.0
  SNOW DEPTH       0

DEGREE DAYS
 HEATING
  TODAY           19                        11      8        4
  MONTH TO DATE  137                       175    -38       79
  SINCE JUN 1    358                       576   -218      379
  SINCE JUL 1    199                       342   -143      189

 COOLING
  TODAY            0                         0      0        0
  MONTH TO DATE    5                         0      5        0
  SINCE JUN 1     37                        18     19       29
  SINCE JAN 1     37                        18     19       29
..................................................................


WIND (MPH)
  HIGHEST GUST SPEED     9   HIGHEST GUST DIRECTION     S (190)


SKY COVER
  AVERAGE SKY COVER 0.6


WEATHER CONDITIONS
 THE FOLLOWING WEATHER WAS RECORDED TODAY.
  NO SIGNIFICANT WEATHER WAS OBSERVED.


RELATIVE HUMIDITY (PERCENT)
 HIGHEST    92
 LOWEST     51
 AVERAGE    72

..........................................................


THE MCGRATH AK CLIMATE NORMALS FOR TOMORROW
                         NORMAL    RECORD    YEAR
 MAXIMUM TEMPERATURE (F)   63        82      1977
 MINIMUM TEMPERATURE (F)   45        30      2009
                                             2006


SUNRISE AND SUNSET
AUGUST 19 2017........SUNRISE   634 AM AKDT  SUNSET  1016 PM AKDT
AUGUST 20 2017........SUNRISE   637 AM AKDT  SUNSET  1013 PM AKDT

-  INDICATES NEGATIVE NUMBERS.
R  INDICATES RECORD WAS SET OR TIED.
MM INDICATES DATA IS MISSING.
T  INDICATES TRACE AMOUNT.

&&

SNOW DEPTH IS MEASURED AT 3AM AKST/4AM AKDT.

----------------------------
AVAILABLE DAYLIGHT

AMOUNT OF DAYLIGHT TODAY  (HOUR:MIN)........15:42
GAIN/LOSS SINCE YESTERDAY (HOUR:MIN:SEC)....-0:06:08

$$
AUG 17
