000
CDAK49 PAMC 080039
CLIMCG

CLIMATE REPORT
NATIONAL WEATHER SERVICE MCGRATH, AK
339 PM AKST SUN FEB 7 2016

...................................
...THE MCGRATH AIRPORT CLIMATE SUMMARY FOR FEBRUARY 7 2016...
VALID TODAY AS OF 2:00 PM LOCAL TIME

CLIMATE NORMAL PERIOD  1981 TO  2010
CLIMATE RECORD PERIOD  1940 TO  2016

WEATHER ITEM   OBSERVED TIME    RECORD YEAR NORMAL DEPARTURE LAST
               VALUE    (LST)   VALUE       VALUE  FROM      YEAR
                                                   NORMAL
...................................................................
TEMPERATURE
TODAY
 MAXIMUM            17  0107 PM    36  2003      9       8     -4
 MINIMUM            15  1155 AM   -53  1999    -11      26    -13
 AVERAGE            16                          -1      17     -9

PRECIPITATION
(INCHES)
 TODAY            0.00           0.95  1989   0.03   -0.03   0.00
 MONTH TO DATE    0.06                        0.23   -0.17   0.00
 SINCE DEC 1      0.61                        2.61   -2.00   1.67
 SINCE JAN 1      0.14                        1.32   -1.18   0.27

SNOWFALL
(INCHES)
 TODAY             0.0            9.9  1989    0.4    -0.4    0.0
 MONTH TO DATE     1.6                         3.2    -1.6    0.0
 SINCE DEC 1      15.6                        39.1   -23.5   21.6
 SINCE JUL 1      62.6                        70.1    -7.5   31.3
 SNOW DEPTH (IN)    19                                         13

DEGREE DAYS
 HEATING
  TODAY             49                          66     -17     74
  MONTH TO DATE    413                         472     -59    548
  SINCE DEC 1     4124                        4799    -675   4390
  SINCE JUL 1     8274                        8931    -657   8049

 COOLING
  TODAY              0                           0       0      0
  MONTH TO DATE      0                           0       0      0
  SINCE DEC 1        0                           0       0      0
  SINCE JAN 1        0                           0       0      0
...................................................................

WIND (MPH)
 HIGHEST WIND SPEED     5     HIGHEST WIND DIRECTION    310
 HIGHEST GUST SPEED     6     HIGHEST GUST DIRECTION    140
 AVERAGE WIND SPEED    MM

SKY COVER
  POSSIBLE SUNSHINE  MM            AVERAGE SKY COVER MM

WEATHER CONDITIONS
 THE FOLLOWING WEATHER WAS RECORDED TODAY.
FOG


RELATIVE HUMIDITY
 HIGHEST RH     MM PERCENT       MM
 LOWEST  RH     MM PERCENT       MM
 AVERAGE RH     MM PERCENT       MM
...................................................................

THE MCGRATH CLIMATE NORMALS FOR TOMORROW
                        NORMAL    RECORD   YEAR
 MAXIMUM TEMPERATURE       9        40     2003
 MINIMUM TEMPERATURE     -11       -55     1999

SUNRISE AND SUNSET
 FEB 7 2016..........SUNRISE  9:38 AM      SUNSET  5:37 PM
 FEB 8 2016..........SUNRISE  9:35 AM      SUNSET  5:40 PM

-  INDICATES NEGATIVE NUMBERS.
R  INDICATES RECORD HAS BEEN SET OR TIED.
MM INDICATES DATA IS MISSING.
T  INDICATES TRACE OF PRECIPITATION.

&&
-------------------------------------------------------------------

AMOUNT OF DAYLIGHT TODAY  (HOUR:MIN)........7 HOURS 59 MINUTES
GAIN/LOSS SINCE YESTERDAY (HOUR:MIN:SEC)....+0:06:03

$$
*** FEB 16
