000
CDAK49 PAMC 251115
CLIMCG

CLIMATE REPORT
NATIONAL WEATHER SERVICE MCGRATH, AK
316 AM AKDT FRI JUL 25 2014

...................................
...THE MCGRATH AIRPORT CLIMATE SUMMARY FOR JULY 24 2014...

CLIMATE NORMAL PERIOD  1981 TO  2010
CLIMATE RECORD PERIOD  1940 TO  2014

WEATHER ITEM   OBSERVED TIME    RECORD YEAR NORMAL DEPARTURE LAST
               VALUE    (LST)   VALUE       VALUE  FROM      YEAR
                                                   NORMAL
...................................................................
TEMPERATURE
YESTERDAY
 MAXIMUM            59  0428 PM    86  1968     68      -9     73
 MINIMUM            48  1138 PM    38  1954     50      -2     51
 AVERAGE            54                          59      -5     62

PRECIPITATION
(INCHES)
 YESTERDAY        0.18           0.93  1998   0.08    0.10   0.00
 MONTH TO DATE    1.96                        1.77    0.19   1.90
 SINCE JUN 1      3.48                        3.29    0.19   2.76
 SINCE JAN 1      6.21                        7.96   -1.75   6.62

SNOWFALL
(INCHES)
 YESTERDAY         0.0            0.0  2014    0.0     0.0    0.0
 MONTH TO DATE     0.0                         0.0     0.0    0.0
 SINCE JUN 1       0.0                         0.0     0.0    0.0
 SINCE JUL 1       0.0                         0.0     0.0    0.0
 SNOW DEPTH (IN)     0                                          0

DEGREE DAYS
 HEATING
  YESTERDAY         11                           6       5      3
  MONTH TO DATE    123                         125      -2    162
  SINCE JUN 1      428                         359      69    297
  SINCE JUL 1      123                         125      -2    162

 COOLING
  YESTERDAY          0                           0       0      0
  MONTH TO DATE     11                          11       0      4
  SINCE JUN 1       11                          16      -5     55
  SINCE JAN 1       11                          16      -5     64
...................................................................

WIND (MPH)
 HIGHEST WIND SPEED    14     HIGHEST WIND DIRECTION    360
 HIGHEST GUST SPEED    18     HIGHEST GUST DIRECTION    360
 AVERAGE WIND SPEED   5.3

WEATHER CONDITIONS
 THE FOLLOWING WEATHER WAS RECORDED YESTERDAY.
 FOG
 RAIN
...................................................................

THE MCGRATH CLIMATE NORMALS FOR TODAY
                           NORMAL    RECORD   YEAR
 MAXIMUM TEMPERATURE (F)     68        87     1968
 MINIMUM TEMPERATURE (F)     50        39     1965

SUNRISE AND SUNSET
 JUL 25 2014..........SUNRISE  5:21 AM      SUNSET 11:35 PM
 JUL 26 2014..........SUNRISE  5:24 AM      SUNSET 11:33 PM

-  INDICATES NEGATIVE NUMBERS.
R  INDICATES RECORD HAS BEEN SET OR TIED.
MM INDICATES DATA IS MISSING.
T  INDICATES TRACE OF PRECIPITATION.

&&
-------------------------------------------------------------------

AMOUNT OF DAYLIGHT TODAY  (HOUR:MIN)........18 HOURS 14 MINUTES
LOSS SINCE YESTERDAY (HOUR:MIN:SEC)....-0:05:39

$$
ADJ JUL 14
