000
CDAK49 PAMC 010903
CLIMCG

CLIMATE REPORT
NATIONAL WEATHER SERVICE MCGRATH, AK
103 AM AKDT TUE SEP 1 2015

...................................
...THE MCGRATH AIRPORT CLIMATE SUMMARY FOR AUGUST 31 2015...

CLIMATE NORMAL PERIOD  1981 TO  2015
CLIMATE RECORD PERIOD  1939 TO  2015

WEATHER ITEM   OBSERVED TIME    RECORD YEAR NORMAL DEPARTURE LAST
               VALUE    (LST)   VALUE       VALUE  FROM      YEAR
                                                   NORMAL
...................................................................
TEMPERATURE
YESTERDAY
 MAXIMUM            54  0655 PM    70  1978     60      -6     54
 MINIMUM            36  1143 PM    29  1962     42      -6     31
 AVERAGE            45                          51      -6     43

PRECIPITATION
(INCHES)
 YESTERDAY           T           0.60  1950   0.09   -0.09      T
 MONTH TO DATE    2.74                        2.80   -0.06   1.74
 SINCE JUN 1      7.68                        6.70    0.98   5.84
 SINCE JAN 1      9.02                       11.37   -2.35   8.57

SNOWFALL
(INCHES)
 YESTERDAY         0.0              T  1948    0.0     0.0    0.0
 MONTH TO DATE     0.0                         0.0     0.0    0.0
 SINCE JUN 1       0.0                         0.0     0.0    0.0
 SINCE JUL 1       0.0                         0.0     0.0    0.0
 SNOW DEPTH (IN)     0                                          0

DEGREE DAYS
 HEATING
  YESTERDAY         20                          14       6     22
  MONTH TO DATE    325                         325       0    236
  SINCE JUN 1     1288                         731     557    728
  SINCE JUL 1     1095                         497     598    423

 COOLING
  YESTERDAY          0                           0       0      0
  MONTH TO DATE      5                           0       5      0
  SINCE JUN 1       31                          16      15     11
  SINCE JAN 1       MM                          16      MM     11
...................................................................

WIND (MPH)
 HIGHEST WIND SPEED    12     HIGHEST WIND DIRECTION    320
 HIGHEST GUST SPEED    17     HIGHEST GUST DIRECTION    290
 AVERAGE WIND SPEED   5.8

WEATHER CONDITIONS
 THE FOLLOWING WEATHER WAS RECORDED YESTERDAY.
  RAIN

...................................................................

THE MCGRATH CLIMATE NORMALS FOR TODAY
                           NORMAL    RECORD   YEAR
 MAXIMUM TEMPERATURE (F)     60        72     1977
 MINIMUM TEMPERATURE (F)     42        27     1984

SUNRISE AND SUNSET
 SEP 1 2015..........SUNRISE  7:09 AM      SUNSET  9:35 PM
 SEP 2 2015..........SUNRISE  7:12 AM      SUNSET  9:31 PM

-  INDICATES NEGATIVE NUMBERS.
R  INDICATES RECORD HAS BEEN SET OR TIED.
MM INDICATES DATA IS MISSING.
T  INDICATES TRACE OF PRECIPITATION.

&&
-------------------------------------------------------------------

AMOUNT OF DAYLIGHT TODAY  (HOUR:MIN)........14 HOURS 26 MINUTES
GAIN/LOSS SINCE YESTERDAY (HOUR:MIN:SEC)....-0:06:08

$$
TR SEP 15
