000
CDAK49 PAMC 281107
CLIMCG

CLIMATE REPORT
NATIONAL WEATHER SERVICE MCGRATH, AK
307 AM AKDT THU JUL 28 2016

...................................
...THE MCGRATH AIRPORT CLIMATE SUMMARY FOR JULY 27 2016...

CLIMATE NORMAL PERIOD  1981 TO  2010
CLIMATE RECORD PERIOD  1940 TO  2016

WEATHER ITEM   OBSERVED TIME    RECORD YEAR NORMAL DEPARTURE LAST
               VALUE    (LST)   VALUE       VALUE  FROM      YEAR
                                                   NORMAL
...................................................................
TEMPERATURE
YESTERDAY
 MAXIMUM            72  0748 PM    86  1953     67       5     69
 MINIMUM            53  0621 AM    36  2014     50       3     53
 AVERAGE            63                          59       4     61

PRECIPITATION
(INCHES)
 YESTERDAY        0.00           1.45  2003   0.09   -0.09   0.16
 MONTH TO DATE    3.13                        2.03    1.10   3.12
 SINCE JUN 1      5.54                        3.55    1.99   4.20
 SINCE JAN 1      8.35                        8.22    0.13   5.54

SNOWFALL
(INCHES)
 YESTERDAY         0.0            0.0  2016    0.0     0.0    0.0
 MONTH TO DATE     0.0                         0.0     0.0    0.0
 SINCE JUN 1       0.0                         0.0     0.0    0.0
 SINCE JUL 1       0.0                         0.0     0.0    0.0
 SNOW DEPTH (IN)     0                                          0

DEGREE DAYS
 HEATING
  YESTERDAY          2                           7      -5      4
  MONTH TO DATE    107                         144     -37     MM
  SINCE JUN 1      297                         378     -81    949
  SINCE JUL 1      107                         144     -37     MM

 COOLING
  YESTERDAY          0                           0       0      0
  MONTH TO DATE     22                          11      11     MM
  SINCE JUN 1       28                          16      12     26
  SINCE JAN 1       28                          16      12     MM
...................................................................

WIND (MPH)
 HIGHEST WIND SPEED     8     HIGHEST WIND DIRECTION    260
 HIGHEST GUST SPEED    11     HIGHEST GUST DIRECTION    260
 AVERAGE WIND SPEED   1.6

WEATHER CONDITIONS
 THE FOLLOWING WEATHER WAS RECORDED YESTERDAY.
  NO SIGNIFICANT WEATHER WAS OBSERVED.
...................................................................

THE MCGRATH CLIMATE NORMALS FOR TODAY
                           NORMAL    RECORD   YEAR
 MAXIMUM TEMPERATURE (F)     67        85     2013
 MINIMUM TEMPERATURE (F)     50        37     1941

SUNRISE AND SUNSET
 JUL 28 2016..........SUNRISE  5:31 AM      SUNSET 11:25 PM
 JUL 29 2016..........SUNRISE  5:34 AM      SUNSET 11:22 PM

-  INDICATES NEGATIVE NUMBERS.
R  INDICATES RECORD HAS BEEN SET OR TIED.
MM INDICATES DATA IS MISSING.
T  INDICATES TRACE OF PRECIPITATION.

&&
-------------------------------------------------------------------

AMOUNT OF DAYLIGHT TODAY  (HOUR:MIN)........17 HOURS 54 MINUTES
LOSS SINCE YESTERDAY (HOUR:MIN:SEC)....-0:05:48

$$
SBY JUL 16
