000
CDUS43 KGLD 130743
CLIMCK

CLIMATE REPORT
NATIONAL WEATHER SERVICE GOODLAND
140 AM MDT SUN JUL 13 2014

...................................

...THE MCCOOK NE CLIMATE SUMMARY FOR JULY 12 2014...

CLIMATE NORMAL PERIOD 1981 TO 2010
CLIMATE RECORD PERIOD 1896 TO 2014


WEATHER ITEM   OBSERVED TIME   RECORD YEAR NORMAL DEPARTURE LAST
                VALUE   (LST)  VALUE       VALUE  FROM      YEAR
                                                  NORMAL
..................................................................
TEMPERATURE (F)
 YESTERDAY
  MAXIMUM         87    313 PM 110    1939  90     -3      104
  MINIMUM         69   1159 PM  51    1922  62      7       72
  AVERAGE         78                        76      2       88

PRECIPITATION (IN)
  YESTERDAY        0.00                      0.11  -0.11     0.00
  MONTH TO DATE    0.97                      1.28  -0.31     0.73
  SINCE JUN 1      9.02                      4.66   4.36     1.83
  SINCE JAN 1     13.98                     12.60   1.38     6.72

..................................................................

THE MCCOOK NE CLIMATE NORMALS FOR TODAY
                         NORMAL    RECORD    YEAR
 MAXIMUM TEMPERATURE (F)   90       108      1954
 MINIMUM TEMPERATURE (F)   62        46      1987

-  INDICATES NEGATIVE NUMBERS.
R  INDICATES RECORD WAS SET OR TIED.
MM INDICATES DATA IS MISSING.
T  INDICATES TRACE AMOUNT.

$$
