000
CDUS43 KGLD 300748
CLIMCK

CLIMATE REPORT
NATIONAL WEATHER SERVICE GOODLAND
142 AM MDT TUE SEP 30 2014

...................................

...THE MCCOOK NE CLIMATE SUMMARY FOR SEPTEMBER 29 2014...

CLIMATE NORMAL PERIOD 1981 TO 2010
CLIMATE RECORD PERIOD 1896 TO 2014

WEATHER ITEM   OBSERVED TIME   RECORD YEAR NORMAL DEPARTURE LAST
                VALUE   (LST)  VALUE       VALUE  FROM      YEAR
                                                  NORMAL
..................................................................
TEMPERATURE (F)
 YESTERDAY
  MAXIMUM         84    107 PM  95    1931  73     11       80
  MINIMUM         58    700 AM  23    1984  43     15       40
  AVERAGE         71                        58     13       60

PRECIPITATION (IN)
  YESTERDAY        0.13                      0.05   0.08     0.00
  MONTH TO DATE    1.68                      1.40   0.28     2.35
  SINCE SEP 1      1.68                      1.40   0.28     2.35
  SINCE JAN 1     22.63                     19.11   3.52    11.52

..................................................................

THE MCCOOK NE CLIMATE NORMALS FOR TODAY
                         NORMAL    RECORD    YEAR
 MAXIMUM TEMPERATURE (F)   73        95      1928
 MINIMUM TEMPERATURE (F)   42        22      1912

-  INDICATES NEGATIVE NUMBERS.
R  INDICATES RECORD WAS SET OR TIED.
MM INDICATES DATA IS MISSING.
T  INDICATES TRACE AMOUNT.

$$
