000
CDUS42 KFFC 300848
CLIMCN


CLIMATE REPORT
NATIONAL WEATHER SERVICE PEACHTREE CITY GA
448 AM EDT SAT MAY 30 2015


...................................

...THE MACON CLIMATE SUMMARY FOR MAY 29 2015...

CLIMATE NORMAL PERIOD 1981 TO 2010
CLIMATE RECORD PERIOD 1899 TO 2015


WEATHER ITEM   OBSERVED TIME   RECORD YEAR NORMAL DEPARTURE LAST
                VALUE   (LST)  VALUE       VALUE  FROM      YEAR
                                                  NORMAL
..................................................................
TEMPERATURE (F)
 YESTERDAY
  MAXIMUM         88    436 PM  98    2011  88      0       88
                                      1914
  MINIMUM         61    552 AM  50    1968  64     -3       64
  AVERAGE         75                        76     -1       76

PRECIPITATION (IN)
  YESTERDAY        0.00          2.74 2001   0.11  -0.11      T
  MONTH TO DATE    1.15                      2.49  -1.34     2.94
  SINCE MAR 1      9.70                     10.00  -0.30    14.33
  SINCE JAN 1     16.50                     18.60  -2.10    22.16

DEGREE DAYS
 HEATING
  YESTERDAY        0                         0      0        0
  MONTH TO DATE    6                        11     -5       18
  SINCE MAR 1    258                       393   -135      493
  SINCE JUL 1   2471                      2318    153     2626

 COOLING
  YESTERDAY       10                        11     -1       11
  MONTH TO DATE  234                       206     28      200
  SINCE MAR 1    358                       287     71      252
  SINCE JAN 1    358                       290     68      253
..................................................................


WIND (MPH)
  RESULTANT WIND SPEED   3   RESULTANT WIND DIRECTION  SE (130)
  HIGHEST WIND SPEED    MM   HIGHEST WIND DIRECTION     N (360)
  HIGHEST GUST SPEED    MM   HIGHEST GUST DIRECTION    NW (330)
  AVERAGE WIND SPEED     3.1


SKY COVER
  AVERAGE SKY COVER 0.1


WEATHER CONDITIONS
 THE FOLLOWING WEATHER WAS RECORDED YESTERDAY.
  FOG


RELATIVE HUMIDITY (PERCENT)
 HIGHEST    93          1200 AM
 LOWEST     36           400 PM
 AVERAGE    65

..........................................................


THE MACON CLIMATE NORMALS FOR TODAY
                         NORMAL    RECORD    YEAR
 MAXIMUM TEMPERATURE (F)   88        98      1898
 MINIMUM TEMPERATURE (F)   64        49      1984


SUNRISE AND SUNSET
MAY 30 2015...........SUNRISE   628 AM EDT   SUNSET   836 PM EDT
MAY 31 2015...........SUNRISE   628 AM EDT   SUNSET   837 PM EDT


-  INDICATES NEGATIVE NUMBERS.
R  INDICATES RECORD WAS SET OR TIED.
MM INDICATES DATA IS MISSING.
T  INDICATES TRACE AMOUNT.




$$
