000
CDUS42 KFFC 222037
CLIMCN


CLIMATE REPORT
NATIONAL WEATHER SERVICE PEACHTREE CITY GA
437 PM EDT SAT JUL 22 2017


...................................

...THE MACON CLIMATE SUMMARY FOR JULY 22 2017...
VALID TODAY AS OF 0400 PM LOCAL TIME.

CLIMATE NORMAL PERIOD 1981 TO 2010
CLIMATE RECORD PERIOD 1899 TO 2017


WEATHER ITEM   OBSERVED TIME   RECORD YEAR NORMAL DEPARTURE LAST
                VALUE   (LST)  VALUE       VALUE  FROM      YEAR
                                                  NORMAL
..................................................................
TEMPERATURE (F)
 TODAY
  MAXIMUM         94    329 PM 102    1983  93      1       94
                                      1977
  MINIMUM         72    435 AM  61    1947  71      1       72
  AVERAGE         83                        82      1       83

PRECIPITATION (IN)
  TODAY            0.00          3.19 1992   0.16  -0.16     0.00
  MONTH TO DATE    2.82                      3.58  -0.76     1.52
  SINCE JUN 1      8.08                      7.64   0.44     3.41
  SINCE JAN 1     31.81                     26.47   5.34    21.37

DEGREE DAYS
 HEATING
  TODAY            0                         0      0        0
  MONTH TO DATE    0                         0      0        0
  SINCE JUN 1      0                         0      0        0
  SINCE JUL 1      0                         0      0        0

 COOLING
  TODAY           18                        17      1       18
  MONTH TO DATE  392                       368     24      427
  SINCE JUN 1    786                       787     -1      922
  SINCE JAN 1   1231                      1100    131     1274
..................................................................


WIND (MPH)
  RESULTANT WIND SPEED   3   RESULTANT WIND DIRECTION   S (200)
  HIGHEST WIND SPEED    12   HIGHEST WIND DIRECTION    SW (220)
  HIGHEST GUST SPEED    17   HIGHEST GUST DIRECTION     S (200)
  AVERAGE WIND SPEED     3.5


SKY COVER
  AVERAGE SKY COVER 0.1


WEATHER CONDITIONS
 THE FOLLOWING WEATHER WAS RECORDED TODAY.
  NO SIGNIFICANT WEATHER WAS OBSERVED.


RELATIVE HUMIDITY (PERCENT)
 HIGHEST    93           200 AM
 LOWEST     49           300 PM
 AVERAGE    71

..........................................................


THE MACON CLIMATE NORMALS FOR TOMORROW
                         NORMAL    RECORD    YEAR
 MAXIMUM TEMPERATURE (F)   93       102      1987
                                             1952
                                             1907
 MINIMUM TEMPERATURE (F)   71        62      1966
                                             1947


SUNRISE AND SUNSET
JULY 22 2017..........SUNRISE   642 AM EDT   SUNSET   840 PM EDT
JULY 23 2017..........SUNRISE   643 AM EDT   SUNSET   839 PM EDT


-  INDICATES NEGATIVE NUMBERS.
R  INDICATES RECORD WAS SET OR TIED.
MM INDICATES DATA IS MISSING.
T  INDICATES TRACE AMOUNT.




$$
