000
CDUS42 KFFC 272036
CLIMCN


CLIMATE REPORT
NATIONAL WEATHER SERVICE PEACHTREE CITY GA
436 PM EDT WED JUL 27 2016


...................................

...THE MACON CLIMATE SUMMARY FOR JULY 27 2016...
VALID TODAY AS OF 0400 PM LOCAL TIME.

CLIMATE NORMAL PERIOD 1981 TO 2010
CLIMATE RECORD PERIOD 1899 TO 2016


WEATHER ITEM   OBSERVED TIME   RECORD YEAR NORMAL DEPARTURE LAST
                VALUE   (LST)  VALUE       VALUE  FROM      YEAR
                                                  NORMAL
..................................................................
TEMPERATURE (F)
 TODAY
  MAXIMUM         95    329 PM 100    1993  93      2       97
                                      1968
                                      1940
  MINIMUM         75    627 AM  60    1911  71      4       69
  AVERAGE         85                        82      3       83

PRECIPITATION (IN)
  TODAY            0.00          2.20 1980   0.16  -0.16     0.00
  MONTH TO DATE    1.69                      4.36  -2.67     1.35
  SINCE JUN 1      3.58                      8.42  -4.84     5.13
  SINCE JAN 1     21.54                     27.25  -5.71    21.63

DEGREE DAYS
 HEATING
  TODAY            0                         0      0        0
  MONTH TO DATE    0                         0      0        0
  SINCE JUN 1      0                         0      0        0
  SINCE JUL 1      0                         0      0        0

 COOLING
  TODAY           20                        17      3       18
  MONTH TO DATE  529                       453     76      510
  SINCE JUN 1   1024                       872    152      991
  SINCE JAN 1   1376                      1185    191     1376
..................................................................


WIND (MPH)
  RESULTANT WIND SPEED   6   RESULTANT WIND DIRECTION   W (250)
  HIGHEST WIND SPEED    16   HIGHEST WIND DIRECTION    SW (240)
  HIGHEST GUST SPEED    22   HIGHEST GUST DIRECTION     W (250)
  AVERAGE WIND SPEED     6.1


SKY COVER
  AVERAGE SKY COVER 0.3


WEATHER CONDITIONS
 THE FOLLOWING WEATHER WAS RECORDED TODAY.
  NO SIGNIFICANT WEATHER WAS OBSERVED.


RELATIVE HUMIDITY (PERCENT)
 HIGHEST    94           500 AM
 LOWEST     46           300 PM
 AVERAGE    70

..........................................................


THE MACON CLIMATE NORMALS FOR TOMORROW
                         NORMAL    RECORD    YEAR
 MAXIMUM TEMPERATURE (F)   93       101      1993
                                             1952
 MINIMUM TEMPERATURE (F)   71        62      1911


SUNRISE AND SUNSET
JULY 27 2016..........SUNRISE   646 AM EDT   SUNSET   836 PM EDT
JULY 28 2016..........SUNRISE   646 AM EDT   SUNSET   836 PM EDT


-  INDICATES NEGATIVE NUMBERS.
R  INDICATES RECORD WAS SET OR TIED.
MM INDICATES DATA IS MISSING.
T  INDICATES TRACE AMOUNT.




$$
