000
CDUS42 KFFC 200921
CLIMCN


CLIMATE REPORT
NATIONAL WEATHER SERVICE PEACHTREE CITY GA
420 AM EST MON FEB 20 2017


...................................

...THE MACON CLIMATE SUMMARY FOR FEBRUARY 19 2017...

CLIMATE NORMAL PERIOD 1981 TO 2010
CLIMATE RECORD PERIOD 1899 TO 2017


WEATHER ITEM   OBSERVED TIME   RECORD YEAR NORMAL DEPARTURE LAST
                VALUE   (LST)  VALUE       VALUE  FROM      YEAR
                                                  NORMAL
..................................................................
TEMPERATURE (F)
 YESTERDAY
  MAXIMUM         75    422 PM  82    1956  63     12       66
  MINIMUM         46    531 AM  17    1958  39      7       34
  AVERAGE         61                        51     10       50

PRECIPITATION (IN)
  YESTERDAY        0.00          2.22 1924   0.17  -0.17     0.00
  MONTH TO DATE    1.51                      2.96  -1.45     2.66
  SINCE DEC 1     18.72                     11.24   7.48    17.80
  SINCE JAN 1     12.77                      7.20   5.57     5.18

SNOWFALL (IN)
  YESTERDAY        0.0           0.0  2002   0.0    0.0      0.0
  MONTH TO DATE    0.0                       0.0    0.0       T
  SINCE DEC 1      0.0                       0.5   -0.5       T
  SINCE JUL 1      0.0                       0.5   -0.5       T
  SNOW DEPTH       0

DEGREE DAYS
 HEATING
  YESTERDAY        4                        14    -10       15
  MONTH TO DATE  172                       302   -130      318
  SINCE DEC 1    905                      1412   -507     1165
  SINCE JUL 1   1147                      1807   -660     1437

 COOLING
  YESTERDAY        0                         0      0        0
  MONTH TO DATE    4                         0      4        0
  SINCE DEC 1     10                         4      6       42
  SINCE JAN 1      8                         1      7        0
..................................................................


WIND (MPH)
  RESULTANT WIND SPEED   3   RESULTANT WIND DIRECTION  NW (320)
  HIGHEST WIND SPEED    13   HIGHEST WIND DIRECTION     N (10)
  HIGHEST GUST SPEED    16   HIGHEST GUST DIRECTION     N (350)
  AVERAGE WIND SPEED     4.0


SKY COVER
  AVERAGE SKY COVER 0.5


WEATHER CONDITIONS
 THE FOLLOWING WEATHER WAS RECORDED YESTERDAY.
  FOG
  HAZE


RELATIVE HUMIDITY (PERCENT)
 HIGHEST   100           300 AM
 LOWEST     41           400 PM
 AVERAGE    71

..........................................................


THE MACON CLIMATE NORMALS FOR TODAY
                         NORMAL    RECORD    YEAR
 MAXIMUM TEMPERATURE (F)   63        80      1991
                                             1986
 MINIMUM TEMPERATURE (F)   39        18      2015


SUNRISE AND SUNSET
FEBRUARY 20 2017......SUNRISE   712 AM EST   SUNSET   625 PM EST
FEBRUARY 21 2017......SUNRISE   711 AM EST   SUNSET   626 PM EST


-  INDICATES NEGATIVE NUMBERS.
R  INDICATES RECORD WAS SET OR TIED.
MM INDICATES DATA IS MISSING.
T  INDICATES TRACE AMOUNT.




$$
