997
CDUS42 KFFC 240817
CLIMCN


CLIMATE REPORT
NATIONAL WEATHER SERVICE PEACHTREE CITY GA
416 AM EDT TUE MAY 24 2016


...................................

...THE MACON CLIMATE SUMMARY FOR MAY 23 2016...

CLIMATE NORMAL PERIOD 1981 TO 2010
CLIMATE RECORD PERIOD 1899 TO 2016


WEATHER ITEM   OBSERVED TIME   RECORD YEAR NORMAL DEPARTURE LAST
                VALUE   (LST)  VALUE       VALUE  FROM      YEAR
                                                  NORMAL
..................................................................
TEMPERATURE (F)
 YESTERDAY
  MAXIMUM         84    409 PM  98    1956  86     -2       85
                                      1941
  MINIMUM         53    547 AM  42    2002  62     -9       53
  AVERAGE         69                        74     -5       69

PRECIPITATION (IN)
  YESTERDAY        0.00          3.47 1957   0.09  -0.09     0.00
  MONTH TO DATE    1.96                      1.87   0.09     0.80
  SINCE MAR 1     12.23                      9.38   2.85     9.35
  SINCE JAN 1     17.96                     17.98  -0.02    16.15

DEGREE DAYS
 HEATING
  YESTERDAY        0                         0      0        0
  MONTH TO DATE   11                        11      0        6
  SINCE MAR 1    268                       393   -125      258
  SINCE JUL 1   1798                      2318   -520     2471

 COOLING
  YESTERDAY        4                         9     -5        4
  MONTH TO DATE  146                       146      0      167
  SINCE MAR 1    265                       227     38      291
  SINCE JAN 1    266                       230     36      291
..................................................................


WIND (MPH)
  RESULTANT WIND SPEED   1   RESULTANT WIND DIRECTION   N (360)
  HIGHEST WIND SPEED    12   HIGHEST WIND DIRECTION    NW (310)
  HIGHEST GUST SPEED    16   HIGHEST GUST DIRECTION     E (70)
  AVERAGE WIND SPEED     3.5


SKY COVER
  AVERAGE SKY COVER 0.1


WEATHER CONDITIONS
 THE FOLLOWING WEATHER WAS RECORDED YESTERDAY.
  NO SIGNIFICANT WEATHER WAS OBSERVED.


RELATIVE HUMIDITY (PERCENT)
 HIGHEST    93           500 AM
 LOWEST     31           300 PM
 AVERAGE    62

..........................................................


THE MACON CLIMATE NORMALS FOR TODAY
                         NORMAL    RECORD    YEAR
 MAXIMUM TEMPERATURE (F)   87        97      1960
 MINIMUM TEMPERATURE (F)   62        46      1931


SUNRISE AND SUNSET
MAY 24 2016...........SUNRISE   630 AM EDT   SUNSET   833 PM EDT
MAY 25 2016...........SUNRISE   630 AM EDT   SUNSET   834 PM EDT


-  INDICATES NEGATIVE NUMBERS.
R  INDICATES RECORD WAS SET OR TIED.
MM INDICATES DATA IS MISSING.
T  INDICATES TRACE AMOUNT.




$$
