000
CDUS42 KMLB 160635
CLIMCO


CLIMATE REPORT
NATIONAL WEATHER SERVICE MELBOURNE
235 AM EDT WED APR 16 2014


...................................

...THE ORLANDO  CLIMATE SUMMARY FOR APRIL 15 2014...

CLIMATE NORMAL PERIOD 1981 TO 2010
CLIMATE RECORD PERIOD 1892 TO 2014


WEATHER ITEM   OBSERVED TIME   RECORD YEAR NORMAL DEPARTURE LAST
                VALUE   (LST)  VALUE       VALUE  FROM      YEAR
                                                  NORMAL
..................................................................
TEMPERATURE (F)
 YESTERDAY
  MAXIMUM         89   1213 PM  96    1922  82      7       90
  MINIMUM         65    350 AM  41    1907  60      5       65
  AVERAGE         77                        71      6       78

PRECIPITATION (IN)
  YESTERDAY        1.38R         1.20 1902   0.08   1.30     0.00
  MONTH TO DATE    2.30                      1.48   0.82     1.13
  SINCE MAR 1      6.82                      5.25   1.57     2.40
  SINCE JAN 1     11.86                      9.98   1.88     3.31

SNOWFALL (IN)
  YESTERDAY        0.0
  MONTH TO DATE    0.0
  SINCE MAR 1      0.0
  SINCE JUL 1      0.0

DEGREE DAYS
 HEATING
  YESTERDAY        0                         0      0        0
  MONTH TO DATE    0                        11    -11        0
  SINCE MAR 1     42                        70    -28      149
  SINCE JUL 1    406                       569   -163      461

 COOLING
  YESTERDAY       12                         6      6       13
  MONTH TO DATE  122                        83     39      137
  SINCE MAR 1    229                       201     28      188
  SINCE JAN 1    379                       305     74      388
..................................................................


WIND (MPH)
  HIGHEST WIND SPEED    28   HIGHEST WIND DIRECTION     W (260)
  HIGHEST GUST SPEED    35   HIGHEST GUST DIRECTION     W (250)
  AVERAGE WIND SPEED    11.4


SKY COVER
  AVERAGE SKY COVER 0.7


WEATHER CONDITIONS
 THE FOLLOWING WEATHER WAS RECORDED YESTERDAY.
  THUNDERSTORM
  HEAVY RAIN
  LIGHT RAIN
  FOG
  HAZE


RELATIVE HUMIDITY (PERCENT)
 HIGHEST    93           600 AM
 LOWEST     50          1200 PM
 AVERAGE    72

..........................................................


THE ORLANDO  CLIMATE NORMALS FOR TODAY
                         NORMAL    RECORD    YEAR
 MAXIMUM TEMPERATURE (F)   83        94      1922
 MINIMUM TEMPERATURE (F)   60        45      1950
                                             1943


SUNRISE AND SUNSET
APRIL 16 2014.........SUNRISE   659 AM EDT   SUNSET   752 PM EDT
APRIL 17 2014.........SUNRISE   658 AM EDT   SUNSET   752 PM EDT


-  INDICATES NEGATIVE NUMBERS.
R  INDICATES RECORD WAS SET OR TIED.
MM INDICATES DATA IS MISSING.
T  INDICATES TRACE AMOUNT.




$$
