000
CDUS42 KMLB 212131
CLIMCO


CLIMATE REPORT
NATIONAL WEATHER SERVICE MELBOURNE FL
431 PM EST TUE NOV 21 2017


...................................

...THE ORLANDO  CLIMATE SUMMARY FOR NOVEMBER 21 2017...
VALID TODAY AS OF 0400 PM LOCAL TIME.

CLIMATE NORMAL PERIOD 1981 TO 2010
CLIMATE RECORD PERIOD 1892 TO 2017


WEATHER ITEM   OBSERVED TIME   RECORD YEAR NORMAL DEPARTURE LAST
                VALUE   (LST)  VALUE       VALUE  FROM      YEAR
                                                  NORMAL
..................................................................
TEMPERATURE (F)
 TODAY
  MAXIMUM         75   1138 AM  89    1922  77     -2       69
  MINIMUM         63    613 AM  30    1937  57      6       38
                                      1914
  AVERAGE         69                        67      2       54

PRECIPITATION (IN)
  TODAY            0.04          1.30 1912   0.06  -0.02     0.00
  MONTH TO DATE    0.10                      1.50  -1.40     0.02
  SINCE SEP 1     17.78                     10.87   6.91    10.05
  SINCE JAN 1     46.20                     47.48  -1.28    51.74

SNOWFALL (IN)
  TODAY            0.0
  MONTH TO DATE    0.0
  SINCE SEP 1      0.0
  SINCE JUL 1      0.0

DEGREE DAYS
 HEATING
  TODAY            0                         2     -2       11
  MONTH TO DATE    1                        25    -24       17
  SINCE SEP 1     19                        30    -11       17
  SINCE JUL 1     19                        30    -11       17

 COOLING
  TODAY            4                         4      0        0
  MONTH TO DATE  125                       115     10       95
  SINCE SEP 1    969                       929     40      984
  SINCE JAN 1   3567                      3322    245     3657
..................................................................


WIND (MPH)
  HIGHEST WIND SPEED    17   HIGHEST WIND DIRECTION     E (110)
  HIGHEST GUST SPEED    22   HIGHEST GUST DIRECTION     E (110)
  AVERAGE WIND SPEED     6.4


SKY COVER
  AVERAGE SKY COVER 0.8


WEATHER CONDITIONS
 THE FOLLOWING WEATHER WAS RECORDED TODAY.
  RAIN
  LIGHT RAIN
  FOG


RELATIVE HUMIDITY (PERCENT)
 HIGHEST    97           200 PM
 LOWEST     73          1000 AM
 AVERAGE    85

..........................................................


THE ORLANDO  CLIMATE NORMALS FOR TOMORROW
                         NORMAL    RECORD    YEAR
 MAXIMUM TEMPERATURE (F)   77        87      1973
                                             1922
                                             1907
 MINIMUM TEMPERATURE (F)   57        32      1937


SUNRISE AND SUNSET
NOVEMBER 21 2017......SUNRISE   653 AM EST   SUNSET   530 PM EST
NOVEMBER 22 2017......SUNRISE   653 AM EST   SUNSET   529 PM EST


-  INDICATES NEGATIVE NUMBERS.
R  INDICATES RECORD WAS SET OR TIED.
MM INDICATES DATA IS MISSING.
T  INDICATES TRACE AMOUNT.




$$
