000
CDUS42 KMLB 030629
CLIMCO


CLIMATE REPORT
NATIONAL WEATHER SERVICE MELBOURNE FL
229 AM EDT TUE MAY 3 2016


...................................

...THE ORLANDO  CLIMATE SUMMARY FOR MAY 2 2016...

CLIMATE NORMAL PERIOD 1981 TO 2010
CLIMATE RECORD PERIOD 1892 TO 2016


WEATHER ITEM   OBSERVED TIME   RECORD YEAR NORMAL DEPARTURE LAST
                VALUE   (LST)  VALUE       VALUE  FROM      YEAR
                                                  NORMAL
..................................................................
TEMPERATURE (F)
 YESTERDAY
  MAXIMUM         92    332 PM  97    1906  86      6       82
  MINIMUM         70    510 AM  49    1925  63      7       60
  AVERAGE         81                        74      7       71

PRECIPITATION (IN)
  YESTERDAY        1.66          1.70 2013   0.07   1.59     0.00
  MONTH TO DATE    1.66                      0.14   1.52     0.00
  SINCE MAR 1      8.24                      6.59   1.65     4.96
  SINCE JAN 1     15.58                     11.32   4.26    13.06

SNOWFALL (IN)
  YESTERDAY        0.0
  MONTH TO DATE    0.0
  SINCE MAR 1      0.0
  SINCE JUL 1      0.0

DEGREE DAYS
 HEATING
  YESTERDAY        0                         0      0        0
  MONTH TO DATE    0                         0      0        0
  SINCE MAR 1     16                        71    -55       16
  SINCE JUL 1    370                       570   -200      486

 COOLING
  YESTERDAY       16                         9      7        6
  MONTH TO DATE   30                        18     12       14
  SINCE MAR 1    489                       335    154      666
  SINCE JAN 1    551                       439    112      740
..................................................................


WIND (MPH)
  HIGHEST WIND SPEED    22   HIGHEST WIND DIRECTION     E (100)
  HIGHEST GUST SPEED    25   HIGHEST GUST DIRECTION     E (110)
  AVERAGE WIND SPEED     7.7


SKY COVER
  AVERAGE SKY COVER 0.5


WEATHER CONDITIONS
 THE FOLLOWING WEATHER WAS RECORDED YESTERDAY.
  THUNDERSTORM
  HEAVY RAIN
  RAIN
  LIGHT RAIN
  FOG


RELATIVE HUMIDITY (PERCENT)
 HIGHEST    93           400 AM
 LOWEST     41           200 PM
 AVERAGE    67

..........................................................


THE ORLANDO  CLIMATE NORMALS FOR TODAY
                         NORMAL    RECORD    YEAR
 MAXIMUM TEMPERATURE (F)   86        99      1915
 MINIMUM TEMPERATURE (F)   63        47      1925


SUNRISE AND SUNSET
MAY  3 2016...........SUNRISE   643 AM EDT   SUNSET   802 PM EDT
MAY  4 2016...........SUNRISE   642 AM EDT   SUNSET   802 PM EDT


-  INDICATES NEGATIVE NUMBERS.
R  INDICATES RECORD WAS SET OR TIED.
MM INDICATES DATA IS MISSING.
T  INDICATES TRACE AMOUNT.




$$
