000
CDUS42 KMLB 260629
CLIMCO


CLIMATE REPORT
NATIONAL WEATHER SERVICE MELBOURNE FL
228 AM EDT FRI MAY 26 2017


...................................

...THE ORLANDO  CLIMATE SUMMARY FOR MAY 25 2017...

CLIMATE NORMAL PERIOD 1981 TO 2010
CLIMATE RECORD PERIOD 1892 TO 2017


WEATHER ITEM   OBSERVED TIME   RECORD YEAR NORMAL DEPARTURE LAST
                VALUE   (LST)  VALUE       VALUE  FROM      YEAR
                                                  NORMAL
..................................................................
TEMPERATURE (F)
 YESTERDAY
  MAXIMUM         86    339 PM  98    1962  90     -4       89
  MINIMUM         66   1157 PM  53    1931  69     -3       68
  AVERAGE         76                        79     -3       79

PRECIPITATION (IN)
  YESTERDAY        T             1.52 2001   0.15  -0.15     0.00
  MONTH TO DATE    2.08                      2.41  -0.33     4.73
  SINCE MAR 1      2.18                      8.86  -6.68    11.31
  SINCE JAN 1      5.11                     13.59  -8.48    18.65

SNOWFALL (IN)
  YESTERDAY        0.0
  MONTH TO DATE    0.0
  SINCE MAR 1      0.0
  SINCE JUL 1      0.0

DEGREE DAYS
 HEATING
  YESTERDAY        0                         0      0        0
  MONTH TO DATE    0                         0      0        0
  SINCE MAR 1     40                        71    -31       16
  SINCE JUL 1    209                       570   -361      370

 COOLING
  YESTERDAY       11                        14     -3       14
  MONTH TO DATE  301                       293      8      301
  SINCE MAR 1    754                       610    144      760
  SINCE JAN 1    955                       714    241      822
..................................................................


WIND (MPH)
  HIGHEST WIND SPEED    24   HIGHEST WIND DIRECTION    SW (240)
  HIGHEST GUST SPEED    31   HIGHEST GUST DIRECTION    SW (240)
  AVERAGE WIND SPEED    11.2


SKY COVER
  AVERAGE SKY COVER 0.5


WEATHER CONDITIONS
 THE FOLLOWING WEATHER WAS RECORDED YESTERDAY.
  LIGHT RAIN


RELATIVE HUMIDITY (PERCENT)
 HIGHEST   100          1200 AM
 LOWEST     31           400 PM
 AVERAGE    66

..........................................................


THE ORLANDO  CLIMATE NORMALS FOR TODAY
                         NORMAL    RECORD    YEAR
 MAXIMUM TEMPERATURE (F)   90        99      1953
 MINIMUM TEMPERATURE (F)   69        54      1931


SUNRISE AND SUNSET
MAY 26 2017...........SUNRISE   630 AM EDT   SUNSET   815 PM EDT
MAY 27 2017...........SUNRISE   629 AM EDT   SUNSET   816 PM EDT


-  INDICATES NEGATIVE NUMBERS.
R  INDICATES RECORD WAS SET OR TIED.
MM INDICATES DATA IS MISSING.
T  INDICATES TRACE AMOUNT.




$$
