878
CDUS43 KDMX 260633 RRA
CLIMCW

CLIMATE REPORT
NATIONAL WEATHER SERVICE DES MOINES IA
1233 AM CST SUN FEB 26 2017

...................................

...THE MASON CITY IA CLIMATE SUMMARY FOR FEBRUARY 25 2017...

CLIMATE NORMAL PERIOD 1981 TO 2010
CLIMATE RECORD PERIOD 1893 TO 2017


WEATHER ITEM   OBSERVED TIME   RECORD YEAR NORMAL DEPARTURE LAST
                VALUE   (LST)  VALUE       VALUE  FROM      YEAR
                                                  NORMAL
..................................................................
TEMPERATURE (F)
 YESTERDAY
  MAXIMUM         23    413 PM  62    2000  33    -10       33
  MINIMUM         11    742 AM -23    1940  16     -5       26
  AVERAGE         17                        24     -7       30

PRECIPITATION (IN)
  YESTERDAY        0.00          0.88 1951   0.04  -0.04     0.00
  MONTH TO DATE    1.53                      0.86   0.67     0.67
  SINCE DEC 1      5.60                      2.92   2.68     4.86
  SINCE JAN 1      3.44                      1.68   1.76     1.23

SNOWFALL (IN)
  YESTERDAY        0.0           6.1  2007   0.2   -0.2      0.0
  MONTH TO DATE    8.8                       7.0    1.8     13.2
  SINCE DEC 1     39.4                      27.1   12.3     31.9
  SINCE JUL 1     39.4                      31.8    7.6     41.9
  SNOW DEPTH      MM

DEGREE DAYS
 HEATING
  YESTERDAY       48                        41      7       35
  MONTH TO DATE  868                      1121   -253     1063
  SINCE DEC 1   3637                      4052   -415     3633
  SINCE JUL 1   4801                      5732   -931     4988

 COOLING
  YESTERDAY        0                         0      0        0
  MONTH TO DATE    0                         0      0        0
  SINCE DEC 1      0                         0      0        0
  SINCE JAN 1      0                         0      0        0
..................................................................


WIND (MPH)
  HIGHEST WIND SPEED    24   HIGHEST WIND DIRECTION    NW (310)
  HIGHEST GUST SPEED    30   HIGHEST GUST DIRECTION    NW (310)
  AVERAGE WIND SPEED    15.2


SKY COVER
  POSSIBLE SUNSHINE  MM
  AVERAGE SKY COVER 0.3


WEATHER CONDITIONS
 THE FOLLOWING WEATHER WAS RECORDED YESTERDAY.
  NO SIGNIFICANT WEATHER WAS OBSERVED.


RELATIVE HUMIDITY (PERCENT)
 HIGHEST    88           400 AM
 LOWEST     65           300 PM
 AVERAGE    77

..........................................................


THE MASON CITY IA CLIMATE NORMALS FOR TODAY
                         NORMAL    RECORD    YEAR
 MAXIMUM TEMPERATURE (F)   33        57      1976
 MINIMUM TEMPERATURE (F)   17       -20      1963


SUNRISE AND SUNSET
FEBRUARY 26 2017......SUNRISE   654 AM CST   SUNSET   559 PM CST
FEBRUARY 27 2017......SUNRISE   652 AM CST   SUNSET   600 PM CST


-  INDICATES NEGATIVE NUMBERS.
R  INDICATES RECORD WAS SET OR TIED.
MM INDICATES DATA IS MISSING.
T  INDICATES TRACE AMOUNT.

$$

SMALL
