000
CDUS43 KDMX 230635 RRA
CLIMCW

CLIMATE REPORT
NATIONAL WEATHER SERVICE DES MOINES IA
132 AM CDT THU OCT 23 2014

...................................

...THE MASON CITY IA CLIMATE SUMMARY FOR OCTOBER 22 2014...

CLIMATE NORMAL PERIOD 1981 TO 2010
CLIMATE RECORD PERIOD 1893 TO 2014


WEATHER ITEM   OBSERVED TIME   RECORD YEAR NORMAL DEPARTURE LAST
                VALUE   (LST)  VALUE       VALUE  FROM      YEAR
                                                  NORMAL
..................................................................
TEMPERATURE (F)
 YESTERDAY
  MAXIMUM         62    241 PM  87    1899  57      5       45
  MINIMUM         38    654 AM  12    1896  35      3       30
  AVERAGE         50                        46      4       38

PRECIPITATION (IN)
  YESTERDAY        T             1.86 1979   0.07  -0.07     0.00
  MONTH TO DATE    1.79                      1.83  -0.04     1.84
  SINCE SEP 1      4.38                      5.10  -0.72     2.99
  SINCE JAN 1     33.03                     31.46   1.57    36.37

SNOWFALL (IN)
  YESTERDAY       MM             3.0  1979   0.0   MM        0.0
  MONTH TO DATE    0.0                       0.1   -0.1      0.0
  SINCE SEP 1      0.0                       0.1   -0.1      0.0
  SINCE JUL 1      0.0                       0.1   -0.1      0.0
  SNOW DEPTH       0

DEGREE DAYS
 HEATING
  YESTERDAY       15                        19     -4       27
  MONTH TO DATE  362                       334     28      294
  SINCE SEP 1    536                       511     25      414
  SINCE JUL 1    557                       547     10      452

 COOLING
  YESTERDAY        0                         0      0        0
  MONTH TO DATE    0                         2     -2        6
  SINCE SEP 1     33                        56    -23      126
  SINCE JAN 1    544                       612    -68      718
..................................................................


WIND (MPH)
  HIGHEST WIND SPEED    24   HIGHEST WIND DIRECTION     S (160)
  HIGHEST GUST SPEED    30   HIGHEST GUST DIRECTION    SE (150)
  AVERAGE WIND SPEED    14.9


SKY COVER
  POSSIBLE SUNSHINE  MM
  AVERAGE SKY COVER 0.4


WEATHER CONDITIONS
 THE FOLLOWING WEATHER WAS RECORDED YESTERDAY.
  LIGHT RAIN
  FOG


RELATIVE HUMIDITY (PERCENT)
 HIGHEST   100           600 AM
 LOWEST     51           200 PM
 AVERAGE    76

..........................................................


THE MASON CITY IA CLIMATE NORMALS FOR TODAY
                         NORMAL    RECORD    YEAR
 MAXIMUM TEMPERATURE (F)   57        82      1963
 MINIMUM TEMPERATURE (F)   34        12      1896


SUNRISE AND SUNSET
OCTOBER 23 2014.......SUNRISE   737 AM CDT   SUNSET   618 PM CDT
OCTOBER 24 2014.......SUNRISE   738 AM CDT   SUNSET   616 PM CDT


-  INDICATES NEGATIVE NUMBERS.
R  INDICATES RECORD WAS SET OR TIED.
MM INDICATES DATA IS MISSING.
T  INDICATES TRACE AMOUNT.

$$

REV
