000
CDUS43 KDMX 230634 RRA
CLIMCW

CLIMATE REPORT
NATIONAL WEATHER SERVICE DES MOINES IA
1233 AM CST THU NOV 23 2017


...................................

...THE MASON CITY IA CLIMATE SUMMARY FOR NOVEMBER 22 2017...

CLIMATE NORMAL PERIOD 1981 TO 2010
CLIMATE RECORD PERIOD 1893 TO 2017


WEATHER ITEM   OBSERVED TIME   RECORD YEAR NORMAL DEPARTURE LAST
                VALUE   (LST)  VALUE       VALUE  FROM      YEAR
                                                  NORMAL
..................................................................
TEMPERATURE (F)
 YESTERDAY
  MAXIMUM         34    209 PM  65    1966  39     -5       36
  MINIMUM         11    739 AM  -5    1935  21    -10       33
  AVERAGE         23                        30     -7       35

PRECIPITATION (IN)
  YESTERDAY        0.00          1.13 1963   0.06  -0.06     0.47
  MONTH TO DATE    0.27                      1.44  -1.17     0.51
  SINCE SEP 1      7.53                      7.16   0.37    13.70
  SINCE JAN 1     30.45                     33.52  -3.07    44.96

SNOWFALL (IN)
  YESTERDAY        0.0           6.4  1909   0.1   -0.1      0.0
  MONTH TO DATE    T                         2.4   -2.4       T
  SINCE SEP 1      0.2                       2.8   -2.6       T
  SINCE JUL 1      0.2                       2.8   -2.6       T
  SNOW DEPTH       0

DEGREE DAYS
 HEATING
  YESTERDAY       42                        35      7       30
  MONTH TO DATE  728                       639     89      448
  SINCE SEP 1   1268                      1341    -73      921
  SINCE JUL 1   1291                      1377    -86      939

 COOLING
  YESTERDAY        0                         0      0        0
  MONTH TO DATE    0                         0      0        0
  SINCE SEP 1    104                        60     44       89
  SINCE JAN 1    603                       616    -13      697
..................................................................


WIND (MPH)
  HIGHEST WIND SPEED    18   HIGHEST WIND DIRECTION     S (200)
  HIGHEST GUST SPEED    23   HIGHEST GUST DIRECTION     S (200)
  AVERAGE WIND SPEED     9.4


SKY COVER
  POSSIBLE SUNSHINE  MM
  AVERAGE SKY COVER 0.3


WEATHER CONDITIONS
 THE FOLLOWING WEATHER WAS RECORDED YESTERDAY.
  HAZE


RELATIVE HUMIDITY (PERCENT)
 HIGHEST    92           800 AM
 LOWEST     41           200 PM
 AVERAGE    67

..........................................................


THE MASON CITY IA CLIMATE NORMALS FOR TODAY
                         NORMAL    RECORD    YEAR
 MAXIMUM TEMPERATURE (F)   38        58      1931
 MINIMUM TEMPERATURE (F)   20        -9      1898


SUNRISE AND SUNSET
NOVEMBER 23 2017......SUNRISE   716 AM CST   SUNSET   443 PM CST
NOVEMBER 24 2017......SUNRISE   718 AM CST   SUNSET   442 PM CST


-  INDICATES NEGATIVE NUMBERS.
R  INDICATES RECORD WAS SET OR TIED.
MM INDICATES DATA IS MISSING.
T  INDICATES TRACE AMOUNT.




$$
