000
CDUS41 KCTP 230635
CLIMDT


CLIMATE REPORT
NATIONAL WEATHER SERVICE STATE COLLEGE PA
235 AM EDT SAT AUG 23 2014


...................................

...THE HARRISBURG PA CLIMATE SUMMARY FOR AUGUST 22 2014...

CLIMATE NORMAL PERIOD 1981 TO 2010
CLIMATE RECORD PERIOD 1888 TO 2014


WEATHER ITEM   OBSERVED TIME   RECORD YEAR NORMAL DEPARTURE LAST
                VALUE   (LST)  VALUE       VALUE  FROM      YEAR
                                                  NORMAL
..................................................................
TEMPERATURE (F)
 YESTERDAY
  MAXIMUM         81    305 PM  99    1983  83     -2       84
  MINIMUM         67    355 AM  50    1988  64      3       69
                                      1982
                                      1969
  AVERAGE         74                        73      1       77

PRECIPITATION (IN)
  YESTERDAY        T             1.65 1990   0.10  -0.10     0.06
  MONTH TO DATE    3.63                      2.27   1.36     2.17
  SINCE JUN 1     11.75                     10.48   1.27    11.17
  SINCE JAN 1     33.39                     26.01   7.38    23.33

DEGREE DAYS
 HEATING
  YESTERDAY        0                         0      0        0
  MONTH TO DATE    0                         0      0        0
  SINCE JUN 1      1                        18    -17        2
  SINCE JUL 1      0                         0      0        0

 COOLING
  YESTERDAY        9                         8      1       12
  MONTH TO DATE  172                       210    -38      148
  SINCE JUN 1    769                       761      8      780
  SINCE JAN 1    829                       826      3      863
..................................................................


WIND (MPH)
  HIGHEST WIND SPEED    15   HIGHEST WIND DIRECTION    SE (130)
  HIGHEST GUST SPEED    19   HIGHEST GUST DIRECTION    SE (140)
  AVERAGE WIND SPEED     4.3


SKY COVER
  POSSIBLE SUNSHINE  MM
  AVERAGE SKY COVER 0.9


WEATHER CONDITIONS
 THE FOLLOWING WEATHER WAS RECORDED YESTERDAY.
  LIGHT RAIN
  FOG
  HAZE


RELATIVE HUMIDITY (PERCENT)
 HIGHEST    90          1200 AM
 LOWEST     69           400 PM
 AVERAGE    80

..........................................................


THE HARRISBURG PA CLIMATE NORMALS FOR TODAY
                         NORMAL    RECORD    YEAR
 MAXIMUM TEMPERATURE (F)   83        97      1968
 MINIMUM TEMPERATURE (F)   64        50      1981


SUNRISE AND SUNSET
AUGUST 23 2014........SUNRISE   626 AM EDT   SUNSET   753 PM EDT
AUGUST 24 2014........SUNRISE   627 AM EDT   SUNSET   751 PM EDT


-  INDICATES NEGATIVE NUMBERS.
R  INDICATES RECORD WAS SET OR TIED.
MM INDICATES DATA IS MISSING.
T  INDICATES TRACE AMOUNT.




$$
