000
CDUS41 KCTP 182321
CLIMDT


CLIMATE REPORT
NATIONAL WEATHER SERVICE STATE COLLEGE PA
620 PM EST SAT NOV 18 2017


...................................

...THE HARRISBURG PA CLIMATE SUMMARY FOR NOVEMBER 18 2017...
VALID TODAY AS OF 0500 PM LOCAL TIME.

CLIMATE NORMAL PERIOD 1981 TO 2010
CLIMATE RECORD PERIOD 1888 TO 2017


WEATHER ITEM   OBSERVED TIME   RECORD YEAR NORMAL DEPARTURE LAST
                VALUE   (LST)  VALUE       VALUE  FROM      YEAR
                                                  NORMAL
..................................................................
TEMPERATURE (F)
 TODAY
  MAXIMUM         43    459 PM  76    1928  52     -9       67
                                      1921
  MINIMUM         29    333 AM  16    1959  34     -5       34
  AVERAGE         36                        43     -7       51

PRECIPITATION (IN)
  TODAY            1.12          1.30 1892   0.11   1.01     0.00
  MONTH TO DATE    2.15                      1.83   0.32     0.27
  SINCE SEP 1      9.02                      9.17  -0.15     5.95
  SINCE JAN 1     43.23                     36.11   7.12    36.72

SNOWFALL (IN)
  TODAY            0.0           0.5  2007   0.0    0.0      0.0
                                      1984
  MONTH TO DATE    T                         0.1   -0.1      0.0
  SINCE SEP 1      T                         0.1   -0.1      0.0
  SINCE JUL 1      T                         0.1   -0.1      0.0
  SNOW DEPTH       0

DEGREE DAYS
 HEATING
  TODAY           29                        22      7       14
  MONTH TO DATE  382                       335     47      281
  SINCE SEP 1    590                       745   -155      528
  SINCE JUL 1    592                       747   -155      528

 COOLING
  TODAY            0                         0      0        0
  MONTH TO DATE    0                         0      0        0
  SINCE SEP 1    216                       106    110      251
  SINCE JAN 1   1214                      1002    212     1515
..................................................................


WIND (MPH)
  HIGHEST WIND SPEED     9   HIGHEST WIND DIRECTION    SE (120)
  HIGHEST GUST SPEED    10   HIGHEST GUST DIRECTION    SE (140)
  AVERAGE WIND SPEED     3.9


SKY COVER
  POSSIBLE SUNSHINE  MM
  AVERAGE SKY COVER 0.9


WEATHER CONDITIONS
 THE FOLLOWING WEATHER WAS RECORDED TODAY.
  RAIN
  LIGHT RAIN
  FOG


RELATIVE HUMIDITY (PERCENT)
 HIGHEST   100          1100 AM
 LOWEST     75          1200 AM
 AVERAGE    88

..........................................................


THE HARRISBURG PA CLIMATE NORMALS FOR TOMORROW
                         NORMAL    RECORD    YEAR
 MAXIMUM TEMPERATURE (F)   52        72      1928
                                             1921
                                             1913
 MINIMUM TEMPERATURE (F)   34        18      1924


SUNRISE AND SUNSET
NOVEMBER 18 2017......SUNRISE   656 AM EST   SUNSET   448 PM EST
NOVEMBER 19 2017......SUNRISE   658 AM EST   SUNSET   447 PM EST


-  INDICATES NEGATIVE NUMBERS.
R  INDICATES RECORD WAS SET OR TIED.
MM INDICATES DATA IS MISSING.
T  INDICATES TRACE AMOUNT.




$$
