000
CDUS41 KCTP 122116
CLIMDT


CLIMATE REPORT
NATIONAL WEATHER SERVICE STATE COLLEGE PA
516 PM EDT SAT JUL 12 2014


...................................

...THE HARRISBURG PA CLIMATE SUMMARY FOR JULY 12 2014...
VALID TODAY AS OF 0500 PM LOCAL TIME.

CLIMATE NORMAL PERIOD 1981 TO 2010
CLIMATE RECORD PERIOD 1888 TO 2014


WEATHER ITEM   OBSERVED TIME   RECORD YEAR NORMAL DEPARTURE LAST
                VALUE   (LST)  VALUE       VALUE  FROM      YEAR
                                                  NORMAL
..................................................................
TEMPERATURE (F)
 TODAY
  MAXIMUM         88   1215 PM  97    1966  86      2       76
                                      1908
  MINIMUM         69    450 AM  49    1945  67      2       70
  AVERAGE         79                        76      3       73

PRECIPITATION (IN)
  TODAY            0.80          2.52 1949   0.15   0.65     0.21
  MONTH TO DATE    1.27                      1.76  -0.49     1.61
  SINCE JUN 1      5.05                      5.36  -0.31     5.38
  SINCE JAN 1     26.69                     20.89   5.80    17.54

DEGREE DAYS
 HEATING
  TODAY            0                         0      0        0
  MONTH TO DATE    0                         0      0        0
  SINCE JUN 1      1                        18    -17        2
  SINCE JUL 1      0                         0      0        0

 COOLING
  TODAY           14                        11      3        8
  MONTH TO DATE  168                       130     38      163
  SINCE JUN 1    415                       343     72      387
  SINCE JAN 1    475                       408     67      470
..................................................................


WIND (MPH)
  HIGHEST WIND SPEED    20   HIGHEST WIND DIRECTION     W (280)
  HIGHEST GUST SPEED    24   HIGHEST GUST DIRECTION     W (290)
  AVERAGE WIND SPEED     5.2


SKY COVER
  POSSIBLE SUNSHINE  MM
  AVERAGE SKY COVER 0.6


WEATHER CONDITIONS
 THE FOLLOWING WEATHER WAS RECORDED TODAY.
  THUNDERSTORM
  HEAVY RAIN
  RAIN
  LIGHT RAIN
  FOG
  HAZE


RELATIVE HUMIDITY (PERCENT)
 HIGHEST    90           300 AM
 LOWEST     55          1100 AM
 AVERAGE    73

..........................................................


THE HARRISBURG PA CLIMATE NORMALS FOR TOMORROW
                         NORMAL    RECORD    YEAR
 MAXIMUM TEMPERATURE (F)   86        99      1966
 MINIMUM TEMPERATURE (F)   67        54      1978


SUNRISE AND SUNSET
JULY 12 2014..........SUNRISE   548 AM EDT   SUNSET   837 PM EDT
JULY 13 2014..........SUNRISE   549 AM EDT   SUNSET   837 PM EDT


-  INDICATES NEGATIVE NUMBERS.
R  INDICATES RECORD WAS SET OR TIED.
MM INDICATES DATA IS MISSING.
T  INDICATES TRACE AMOUNT.




$$
