000
CDUS41 KCTP 172239
CLIMDT


CLIMATE REPORT
NATIONAL WEATHER SERVICE STATE COLLEGE PA
539 PM EST WED JAN 17 2018


...................................

...THE HARRISBURG PA CLIMATE SUMMARY FOR JANUARY 17 2018...
VALID TODAY AS OF 0500 PM LOCAL TIME.

CLIMATE NORMAL PERIOD 1981 TO 2010
CLIMATE RECORD PERIOD 1888 TO 2018


WEATHER ITEM   OBSERVED TIME   RECORD YEAR NORMAL DEPARTURE LAST
                VALUE   (LST)  VALUE       VALUE  FROM      YEAR
                                                  NORMAL
..................................................................
TEMPERATURE (F)
 TODAY
  MAXIMUM         31    221 AM  65    1990  37     -6       41
  MINIMUM         19   1101 AM  -6    1982  23     -4       34
  AVERAGE         25                        30     -5       38

PRECIPITATION (IN)
  TODAY            0.02          1.42 1994   0.10  -0.08     0.26
  MONTH TO DATE    1.59                      1.60  -0.01     1.33
  SINCE DEC 1      2.77                      4.83  -2.06     3.69
  SINCE JAN 1      1.59                      1.60  -0.01     1.33

SNOWFALL (IN)
  TODAY            0.2          14.3  1994   0.3   -0.1      0.0
  MONTH TO DATE    3.9                       4.4   -0.5      0.9
  SINCE DEC 1     10.0                       9.5    0.5      1.7
  SINCE JUL 1     10.0                      10.1   -0.1      1.7
  SNOW DEPTH       4

DEGREE DAYS
 HEATING
  TODAY           40                        35      5       27
  MONTH TO DATE  712                       592    120      542
  SINCE DEC 1   1708                      1554    154     1439
  SINCE JUL 1   2563                      2593    -30     2225

 COOLING
  TODAY            0                         0      0        0
  MONTH TO DATE    0                         0      0        0
  SINCE DEC 1      0                         0      0        0
  SINCE JAN 1      0                         0      0        0
..................................................................


WIND (MPH)
  HIGHEST WIND SPEED    22   HIGHEST WIND DIRECTION    NW (320)
  HIGHEST GUST SPEED    27   HIGHEST GUST DIRECTION    NW (320)
  AVERAGE WIND SPEED    14.9


SKY COVER
  POSSIBLE SUNSHINE  MM
  AVERAGE SKY COVER 0.8


WEATHER CONDITIONS
 THE FOLLOWING WEATHER WAS RECORDED TODAY.
  LIGHT SNOW
  FOG
  HAZE


RELATIVE HUMIDITY (PERCENT)
 HIGHEST   100          1200 AM
 LOWEST     54           400 PM
 AVERAGE    77

..........................................................


THE HARRISBURG PA CLIMATE NORMALS FOR TOMORROW
                         NORMAL    RECORD    YEAR
 MAXIMUM TEMPERATURE (F)   37        66      1990
 MINIMUM TEMPERATURE (F)   23        -7      1994


SUNRISE AND SUNSET
JANUARY 17 2018.......SUNRISE   727 AM EST   SUNSET   508 PM EST
JANUARY 18 2018.......SUNRISE   726 AM EST   SUNSET   509 PM EST


-  INDICATES NEGATIVE NUMBERS.
R  INDICATES RECORD WAS SET OR TIED.
MM INDICATES DATA IS MISSING.
T  INDICATES TRACE AMOUNT.




$$
