000
CDUS41 KCTP 170617
CLIMDT


CLIMATE REPORT
NATIONAL WEATHER SERVICE STATE COLLEGE PA
117 AM EST TUE JAN 17 2017


...................................

...THE HARRISBURG PA CLIMATE SUMMARY FOR JANUARY 16 2017...

CLIMATE NORMAL PERIOD 1981 TO 2010
CLIMATE RECORD PERIOD 1888 TO 2017


WEATHER ITEM   OBSERVED TIME   RECORD YEAR NORMAL DEPARTURE LAST
                VALUE   (LST)  VALUE       VALUE  FROM      YEAR
                                                  NORMAL
..................................................................
TEMPERATURE (F)
 YESTERDAY
  MAXIMUM         37    443 PM  62    1990  37      0       49
  MINIMUM         19    619 AM  -4    1893  23     -4       36
  AVERAGE         28                        30     -2       43

PRECIPITATION (IN)
  YESTERDAY        T             2.12 1924   0.09  -0.09     0.15
  MONTH TO DATE    1.07                      1.50  -0.43     1.85
  SINCE DEC 1      3.43                      4.73  -1.30     6.14
  SINCE JAN 1      1.07                      1.50  -0.43     1.85

SNOWFALL (IN)
  YESTERDAY        0.0          19.7  1945   0.3   -0.3      0.0
  MONTH TO DATE    0.9                       4.1   -3.2      0.3
  SINCE DEC 1      1.7                       9.2   -7.5      0.3
  SINCE JUL 1      1.7                       9.8   -8.1      0.3
  SNOW DEPTH       0

DEGREE DAYS
 HEATING
  YESTERDAY       37                        35      2       22
  MONTH TO DATE  515                       557    -42      507
  SINCE DEC 1   1412                      1519   -107     1106
  SINCE JUL 1   2198                      2558   -360     1881

 COOLING
  YESTERDAY        0                         0      0        0
  MONTH TO DATE    0                         0      0        0
  SINCE DEC 1      0                         0      0        0
  SINCE JAN 1      0                         0      0        0
..................................................................


WIND (MPH)
  HIGHEST WIND SPEED     6   HIGHEST WIND DIRECTION    SE (140)
  HIGHEST GUST SPEED    11   HIGHEST GUST DIRECTION    NE (50)
  AVERAGE WIND SPEED     1.4


SKY COVER
  POSSIBLE SUNSHINE  MM
  AVERAGE SKY COVER 0.7


WEATHER CONDITIONS
 THE FOLLOWING WEATHER WAS RECORDED YESTERDAY.
  LIGHT RAIN
  FOG
  HAZE


RELATIVE HUMIDITY (PERCENT)
 HIGHEST   100           700 AM
 LOWEST     64           200 PM
 AVERAGE    82

..........................................................


THE HARRISBURG PA CLIMATE NORMALS FOR TODAY
                         NORMAL    RECORD    YEAR
 MAXIMUM TEMPERATURE (F)   37        65      1990
 MINIMUM TEMPERATURE (F)   23        -6      1982


SUNRISE AND SUNSET
JANUARY 17 2017.......SUNRISE   727 AM EST   SUNSET   508 PM EST
JANUARY 18 2017.......SUNRISE   726 AM EST   SUNSET   510 PM EST


-  INDICATES NEGATIVE NUMBERS.
R  INDICATES RECORD WAS SET OR TIED.
MM INDICATES DATA IS MISSING.
T  INDICATES TRACE AMOUNT.




$$
