000
CDUS41 KCTP 240623
CLIMDT


CLIMATE REPORT
NATIONAL WEATHER SERVICE STATE COLLEGE PA
222 AM EDT SUN MAY 24 2015


...................................

...THE HARRISBURG PA CLIMATE SUMMARY FOR MAY 23 2015...

CLIMATE NORMAL PERIOD 1981 TO 2010
CLIMATE RECORD PERIOD 1888 TO 2015


WEATHER ITEM   OBSERVED TIME   RECORD YEAR NORMAL DEPARTURE LAST
                VALUE   (LST)  VALUE       VALUE  FROM      YEAR
                                                  NORMAL
..................................................................
TEMPERATURE (F)
 YESTERDAY
  MAXIMUM         71    455 PM  94    1925  74     -3       75
  MINIMUM         47    447 AM  40    2002  55     -8       52
  AVERAGE         59                        64     -5       64

PRECIPITATION (IN)
  YESTERDAY        0.00          1.41 1979   0.12  -0.12     0.00
  MONTH TO DATE    1.85                      2.78  -0.93     3.80
  SINCE MAR 1      7.48                      9.25  -1.77    13.59
  SINCE JAN 1     11.07                     14.52  -3.45    20.30

SNOWFALL (IN)
  YESTERDAY        0.0           0.0  2002   0.0    0.0      0.0
                                      2001
  MONTH TO DATE    0.0                       0.0    0.0      0.0
  SINCE MAR 1     11.8                       5.6    6.2      1.4
  SINCE JUL 1     39.2                      30.6    8.6     44.0
  SNOW DEPTH       0

DEGREE DAYS
 HEATING
  YESTERDAY        6                         3      3        1
  MONTH TO DATE   45                       127    -82       98
  SINCE MAR 1   1284                      1242     42     1373
  SINCE JUL 1   5587                      5230    357     5717

 COOLING
  YESTERDAY        0                         3     -3        0
  MONTH TO DATE   93                        34     59       33
  SINCE MAR 1     93                        41     52       39
  SINCE JAN 1     93                        41     52       39
..................................................................


WIND (MPH)
  HIGHEST WIND SPEED    17   HIGHEST WIND DIRECTION    NW (320)
  HIGHEST GUST SPEED    21   HIGHEST GUST DIRECTION    NW (330)
  AVERAGE WIND SPEED     6.5


SKY COVER
  POSSIBLE SUNSHINE  MM
  AVERAGE SKY COVER 0.1


WEATHER CONDITIONS
 THE FOLLOWING WEATHER WAS RECORDED YESTERDAY.
  NO SIGNIFICANT WEATHER WAS OBSERVED.


RELATIVE HUMIDITY (PERCENT)
 HIGHEST    61           900 PM
 LOWEST     22           300 PM
 AVERAGE    42

..........................................................


THE HARRISBURG PA CLIMATE NORMALS FOR TODAY
                         NORMAL    RECORD    YEAR
 MAXIMUM TEMPERATURE (F)   74        91      1964
 MINIMUM TEMPERATURE (F)   55        35      1963


SUNRISE AND SUNSET
MAY 24 2015...........SUNRISE   544 AM EDT   SUNSET   824 PM EDT
MAY 25 2015...........SUNRISE   544 AM EDT   SUNSET   825 PM EDT


-  INDICATES NEGATIVE NUMBERS.
R  INDICATES RECORD WAS SET OR TIED.
MM INDICATES DATA IS MISSING.
T  INDICATES TRACE AMOUNT.




$$
