000
CDUS41 KCTP 250633
CLIMDT


CLIMATE REPORT
NATIONAL WEATHER SERVICE STATE COLLEGE PA
233 AM EDT FRI JUL 25 2014


...................................

...THE HARRISBURG PA CLIMATE SUMMARY FOR JULY 24 2014...

CLIMATE NORMAL PERIOD 1981 TO 2010
CLIMATE RECORD PERIOD 1888 TO 2014


WEATHER ITEM   OBSERVED TIME   RECORD YEAR NORMAL DEPARTURE LAST
                VALUE   (LST)  VALUE       VALUE  FROM      YEAR
                                                  NORMAL
..................................................................
TEMPERATURE (F)
 YESTERDAY
  MAXIMUM         81    312 PM  96    2001  85     -4       80
                                      1999
                                      1965
  MINIMUM         62   1159 PM  54    1947  66     -4       60
  AVERAGE         72                        76     -4       70

PRECIPITATION (IN)
  YESTERDAY        0.00          2.22 1918   0.14  -0.14     0.00
  MONTH TO DATE    2.57                      3.62  -1.05     4.03
  SINCE JUN 1      6.35                      7.22  -0.87     7.80
  SINCE JAN 1     27.99                     22.75   5.24    19.96

DEGREE DAYS
 HEATING
  YESTERDAY        0                         0      0        0
  MONTH TO DATE    0                         0      0        0
  SINCE JUN 1      1                        18    -17        2
  SINCE JUL 1      0                         0      0        0

 COOLING
  YESTERDAY        7                        11     -4        5
  MONTH TO DATE  299                       262     37      361
  SINCE JUN 1    546                       475     71      585
  SINCE JAN 1    606                       540     66      668
..................................................................


WIND (MPH)
  HIGHEST WIND SPEED    16   HIGHEST WIND DIRECTION    NW (320)
  HIGHEST GUST SPEED    28   HIGHEST GUST DIRECTION    NW (310)
  AVERAGE WIND SPEED     8.2


SKY COVER
  POSSIBLE SUNSHINE  MM
  AVERAGE SKY COVER 0.7


WEATHER CONDITIONS
 THE FOLLOWING WEATHER WAS RECORDED YESTERDAY.
  NO SIGNIFICANT WEATHER WAS OBSERVED.


RELATIVE HUMIDITY (PERCENT)
 HIGHEST    74          1200 AM
 LOWEST     39           300 PM
 AVERAGE    57

..........................................................


THE HARRISBURG PA CLIMATE NORMALS FOR TODAY
                         NORMAL    RECORD    YEAR
 MAXIMUM TEMPERATURE (F)   85        99      1940
 MINIMUM TEMPERATURE (F)   66        53      1953


SUNRISE AND SUNSET
JULY 25 2014..........SUNRISE   559 AM EDT   SUNSET   828 PM EDT
JULY 26 2014..........SUNRISE   600 AM EDT   SUNSET   827 PM EDT


-  INDICATES NEGATIVE NUMBERS.
R  INDICATES RECORD WAS SET OR TIED.
MM INDICATES DATA IS MISSING.
T  INDICATES TRACE AMOUNT.




$$
