000
CDUS41 KCTP 290608
CLIMDT


CLIMATE REPORT
NATIONAL WEATHER SERVICE STATE COLLEGE PA
208 AM EDT WED MAR 29 2017


...................................

...THE HARRISBURG PA CLIMATE SUMMARY FOR MARCH 28 2017...

CLIMATE NORMAL PERIOD 1981 TO 2010
CLIMATE RECORD PERIOD 1888 TO 2017


WEATHER ITEM   OBSERVED TIME   RECORD YEAR NORMAL DEPARTURE LAST
                VALUE   (LST)  VALUE       VALUE  FROM      YEAR
                                                  NORMAL
..................................................................
TEMPERATURE (F)
 YESTERDAY
  MAXIMUM         58   1031 PM  84    1989  55      3       62
                                      1945
  MINIMUM         49    417 AM  18    1923  36     13       45
  AVERAGE         54                        46      8       54

PRECIPITATION (IN)
  YESTERDAY        0.44          1.68 1984   0.12   0.32     0.47
  MONTH TO DATE    3.78                      3.02   0.76     1.30
  SINCE MAR 1      3.78                      3.02   0.76     1.30
  SINCE JAN 1      8.16                      8.29  -0.13    11.22

SNOWFALL (IN)
  YESTERDAY        0.0           8.0  1891   0.1   -0.1      0.0
  MONTH TO DATE   18.4                       5.0   13.4      0.2
  SINCE MAR 1     18.4                       5.0   13.4      0.2
  SINCE JUL 1     23.9                      30.0   -6.1     37.9
  SNOW DEPTH       0

DEGREE DAYS
 HEATING
  YESTERDAY       11                        19     -8       11
  MONTH TO DATE  704                       667     37      477
  SINCE MAR 1    704                       667     37      477
  SINCE JUL 1   3942                      4655   -713     3849

 COOLING
  YESTERDAY        0                         0      0        0
  MONTH TO DATE    0                         0      0        1
  SINCE MAR 1      0                         0      0        1
  SINCE JAN 1      0                         0      0        1
..................................................................


WIND (MPH)
  HIGHEST WIND SPEED    14   HIGHEST WIND DIRECTION     N (340)
  HIGHEST GUST SPEED    19   HIGHEST GUST DIRECTION    NW (320)
  AVERAGE WIND SPEED     5.3


SKY COVER
  POSSIBLE SUNSHINE  MM
  AVERAGE SKY COVER 1.0


WEATHER CONDITIONS
 THE FOLLOWING WEATHER WAS RECORDED YESTERDAY.
  HEAVY RAIN
  RAIN
  LIGHT RAIN
  FOG
  FOG W/VISIBILITY <= 1/4 MILE


RELATIVE HUMIDITY (PERCENT)
 HIGHEST   100           100 AM
 LOWEST     72          1100 PM
 AVERAGE    86

..........................................................


THE HARRISBURG PA CLIMATE NORMALS FOR TODAY
                         NORMAL    RECORD    YEAR
 MAXIMUM TEMPERATURE (F)   55        86      1945
 MINIMUM TEMPERATURE (F)   37        14      1923


SUNRISE AND SUNSET
MARCH 29 2017.........SUNRISE   655 AM EDT   SUNSET   729 PM EDT
MARCH 30 2017.........SUNRISE   654 AM EDT   SUNSET   730 PM EDT


-  INDICATES NEGATIVE NUMBERS.
R  INDICATES RECORD WAS SET OR TIED.
MM INDICATES DATA IS MISSING.
T  INDICATES TRACE AMOUNT.




$$
