000
CDUS41 KCTP 220621
CLIMDT


CLIMATE REPORT
NATIONAL WEATHER SERVICE STATE COLLEGE PA
221 AM EDT MON SEP 22 2014


...................................

...THE HARRISBURG PA CLIMATE SUMMARY FOR SEPTEMBER 21 2014...

CLIMATE NORMAL PERIOD 1981 TO 2010
CLIMATE RECORD PERIOD 1888 TO 2014


WEATHER ITEM   OBSERVED TIME   RECORD YEAR NORMAL DEPARTURE LAST
                VALUE   (LST)  VALUE       VALUE  FROM      YEAR
                                                  NORMAL
..................................................................
TEMPERATURE (F)
 YESTERDAY
  MAXIMUM         86    339 PM  94    1895  74     12       74
  MINIMUM         60    207 AM  35    1956  54      6       61
  AVERAGE         73                        64      9       68

PRECIPITATION (IN)
  YESTERDAY        0.36          2.80 1979   0.14   0.22     0.78
  MONTH TO DATE    0.70                      2.79  -2.09     1.16
  SINCE SEP 1      0.70                      2.79  -2.09     1.16
  SINCE JAN 1     34.37                     29.73   4.64    25.43

DEGREE DAYS
 HEATING
  YESTERDAY        0                         3     -3        0
  MONTH TO DATE   21                        27     -6       40
  SINCE SEP 1     21                        27     -6       40
  SINCE JUL 1     21                        29     -8       40

 COOLING
  YESTERDAY        8                         2      6        3
  MONTH TO DATE  129                        85     44      108
  SINCE SEP 1    129                        85     44      108
  SINCE JAN 1   1030                       981     49     1060
..................................................................


WIND (MPH)
  HIGHEST WIND SPEED    20   HIGHEST WIND DIRECTION    SW (220)
  HIGHEST GUST SPEED    24   HIGHEST GUST DIRECTION    SW (220)
  AVERAGE WIND SPEED     5.4


SKY COVER
  POSSIBLE SUNSHINE  MM
  AVERAGE SKY COVER 0.7


WEATHER CONDITIONS
 THE FOLLOWING WEATHER WAS RECORDED YESTERDAY.
  HEAVY RAIN
  RAIN
  LIGHT RAIN
  FOG
  HAZE


RELATIVE HUMIDITY (PERCENT)
 HIGHEST   100           500 AM
 LOWEST     44           300 PM
 AVERAGE    72

..........................................................


THE HARRISBURG PA CLIMATE NORMALS FOR TODAY
                         NORMAL    RECORD    YEAR
 MAXIMUM TEMPERATURE (F)   73        95      1970
                                             1931
 MINIMUM TEMPERATURE (F)   54        37      1904


SUNRISE AND SUNSET
SEPTEMBER 22 2014.....SUNRISE   655 AM EDT   SUNSET   704 PM EDT
SEPTEMBER 23 2014.....SUNRISE   656 AM EDT   SUNSET   703 PM EDT


-  INDICATES NEGATIVE NUMBERS.
R  INDICATES RECORD WAS SET OR TIED.
MM INDICATES DATA IS MISSING.
T  INDICATES TRACE AMOUNT.




$$
