000
CDUS41 KCTP 282217
CLIMDT


CLIMATE REPORT
NATIONAL WEATHER SERVICE STATE COLLEGE PA
517 PM EST SUN DEC 28 2014


...................................

...THE HARRISBURG PA CLIMATE SUMMARY FOR DECEMBER 28 2014...
VALID TODAY AS OF 0500 PM LOCAL TIME.

CLIMATE NORMAL PERIOD 1981 TO 2010
CLIMATE RECORD PERIOD 1888 TO 2014


WEATHER ITEM   OBSERVED TIME   RECORD YEAR NORMAL DEPARTURE LAST
                VALUE   (LST)  VALUE       VALUE  FROM      YEAR
                                                  NORMAL
..................................................................
TEMPERATURE (F)
 TODAY
  MAXIMUM         49    359 PM  65    1982  38     11       56
                                      1946
  MINIMUM         40    420 AM   0    1960  24     16       22
  AVERAGE         45                        31     14       39

PRECIPITATION (IN)
  TODAY            0.06          1.04 1942   0.09  -0.03     0.00
  MONTH TO DATE    3.26                      2.98   0.28     2.93
  SINCE DEC 1      3.26                      2.98   0.28     2.93
  SINCE JAN 1     43.65                     40.49   3.16    41.82

SNOWFALL (IN)
  TODAY            0.0
  MONTH TO DATE    2.1
  SINCE DEC 1      2.1
  SINCE JUL 1      4.5
  SNOW DEPTH       0

DEGREE DAYS
 HEATING
  TODAY           20                        34    -14       26
  MONTH TO DATE  775                       861    -86      855
  SINCE DEC 1    775                       861    -86      855
  SINCE JUL 1   1788                      1900   -112     1908

 COOLING
  TODAY            0                         0      0        0
  MONTH TO DATE    0                         0      0        0
  SINCE DEC 1      0                         0      0        0
  SINCE JAN 1   1050                      1002     48     1105
..................................................................


WIND (MPH)
  HIGHEST WIND SPEED    13   HIGHEST WIND DIRECTION    NW (310)
  HIGHEST GUST SPEED    15   HIGHEST GUST DIRECTION    NW (320)
  AVERAGE WIND SPEED     4.4


SKY COVER
  POSSIBLE SUNSHINE  MM
  AVERAGE SKY COVER 0.9


WEATHER CONDITIONS
 THE FOLLOWING WEATHER WAS RECORDED TODAY.
  RAIN
  LIGHT RAIN
  FOG
  HAZE


RELATIVE HUMIDITY (PERCENT)
 HIGHEST    93           600 AM
 LOWEST     67           100 AM
 AVERAGE    80

..........................................................


THE HARRISBURG PA CLIMATE NORMALS FOR TOMORROW
                         NORMAL    RECORD    YEAR
 MAXIMUM TEMPERATURE (F)   38        75      1984
 MINIMUM TEMPERATURE (F)   24        -2      1917


SUNRISE AND SUNSET
DECEMBER 28 2014......SUNRISE   729 AM EST   SUNSET   449 PM EST
DECEMBER 29 2014......SUNRISE   729 AM EST   SUNSET   449 PM EST


-  INDICATES NEGATIVE NUMBERS.
R  INDICATES RECORD WAS SET OR TIED.
MM INDICATES DATA IS MISSING.
T  INDICATES TRACE AMOUNT.




$$
