000
CDUS41 KCTP 010607
CLIMDT


CLIMATE REPORT
NATIONAL WEATHER SERVICE STATE COLLEGE PA
206 AM EDT SAT OCT 1 2016


...................................

...THE HARRISBURG PA CLIMATE SUMMARY FOR SEPTEMBER 30 2016...

CLIMATE NORMAL PERIOD 1981 TO 2010
CLIMATE RECORD PERIOD 1888 TO 2016


WEATHER ITEM   OBSERVED TIME   RECORD YEAR NORMAL DEPARTURE LAST
                VALUE   (LST)  VALUE       VALUE  FROM      YEAR
                                                  NORMAL
..................................................................
TEMPERATURE (F)
 YESTERDAY
  MAXIMUM         60    956 PM  89    1986  70    -10       73
                                      1953
  MINIMUM         54    729 AM  35    1942  50      4       58
  AVERAGE         57                        60     -3       66

PRECIPITATION (IN)
  YESTERDAY        0.57          3.22 2010   0.14   0.43     0.36
  MONTH TO DATE    4.42                      4.07   0.35     8.25
  SINCE SEP 1      4.42                      4.07   0.35     8.25
  SINCE JAN 1     35.19                     31.01   4.18    32.88

DEGREE DAYS
 HEATING
  YESTERDAY        8                         6      2        0
  MONTH TO DATE   21                        69    -48        7
  SINCE SEP 1     21                        70    -49        7
  SINCE JUL 1     21                        72    -51        7

 COOLING
  YESTERDAY        0                         1     -1        1
  MONTH TO DATE  223                        97    126      206
  SINCE SEP 1    223                        97    126      206
  SINCE JAN 1   1487                       993    494     1326
..................................................................


WIND (MPH)
  HIGHEST WIND SPEED    16   HIGHEST WIND DIRECTION     E (80)
  HIGHEST GUST SPEED    23   HIGHEST GUST DIRECTION    NE (50)
  AVERAGE WIND SPEED     7.3


SKY COVER
  POSSIBLE SUNSHINE  MM
  AVERAGE SKY COVER 1.0


WEATHER CONDITIONS
 THE FOLLOWING WEATHER WAS RECORDED YESTERDAY.
  HEAVY RAIN
  RAIN
  LIGHT RAIN
  FOG


RELATIVE HUMIDITY (PERCENT)
 HIGHEST   100           100 AM
 LOWEST     90           800 PM
 AVERAGE    95

..........................................................


THE HARRISBURG PA CLIMATE NORMALS FOR TODAY
                         NORMAL    RECORD    YEAR
 MAXIMUM TEMPERATURE (F)   69        90      1927
 MINIMUM TEMPERATURE (F)   50        35      1947


SUNRISE AND SUNSET
OCTOBER  1 2016.......SUNRISE   704 AM EDT   SUNSET   649 PM EDT
OCTOBER  2 2016.......SUNRISE   705 AM EDT   SUNSET   647 PM EDT


-  INDICATES NEGATIVE NUMBERS.
R  INDICATES RECORD WAS SET OR TIED.
MM INDICATES DATA IS MISSING.
T  INDICATES TRACE AMOUNT.




$$
