000
CDUS41 KCTP 220642
CLIMDT


CLIMATE REPORT
NATIONAL WEATHER SERVICE STATE COLLEGE PA
142 AM EST WED FEB 22 2017


...................................

...THE HARRISBURG PA CLIMATE SUMMARY FOR FEBRUARY 21 2017...

CLIMATE NORMAL PERIOD 1981 TO 2010
CLIMATE RECORD PERIOD 1888 TO 2017


WEATHER ITEM   OBSERVED TIME   RECORD YEAR NORMAL DEPARTURE LAST
                VALUE   (LST)  VALUE       VALUE  FROM      YEAR
                                                  NORMAL
..................................................................
TEMPERATURE (F)
 YESTERDAY
  MAXIMUM         53    322 PM  71    1997  42     11       48
  MINIMUM         32    346 AM   4    2015  26      6       30
  AVERAGE         43                        34      9       39

PRECIPITATION (IN)
  YESTERDAY        0.00          1.65 1902   0.09  -0.09     0.03
  MONTH TO DATE    1.21                      1.75  -0.54     3.10
  SINCE DEC 1      6.20                      7.86  -1.66    12.02
  SINCE JAN 1      3.84                      4.63  -0.79     7.73

SNOWFALL (IN)
  YESTERDAY        0.0           8.0  1929   0.4   -0.4      0.0
  MONTH TO DATE    3.6                       8.3   -4.7      7.1
  SINCE DEC 1      5.5                      22.2  -16.7     37.7
  SINCE JUL 1      5.5                      22.8  -17.3     37.7
  SNOW DEPTH       0

DEGREE DAYS
 HEATING
  YESTERDAY       22                        31     -9       26
  MONTH TO DATE  551                       693   -142      712
  SINCE DEC 1   2344                      2743   -399     2405
  SINCE JUL 1   3130                      3782   -652     3180

 COOLING
  YESTERDAY        0                         0      0        0
  MONTH TO DATE    0                         0      0        0
  SINCE DEC 1      0                         0      0        0
  SINCE JAN 1      0                         0      0        0
..................................................................


WIND (MPH)
  HIGHEST WIND SPEED    13   HIGHEST WIND DIRECTION    SE (150)
  HIGHEST GUST SPEED    21   HIGHEST GUST DIRECTION    SE (130)
  AVERAGE WIND SPEED     5.4


SKY COVER
  POSSIBLE SUNSHINE  MM
  AVERAGE SKY COVER 0.9


WEATHER CONDITIONS
 THE FOLLOWING WEATHER WAS RECORDED YESTERDAY.
  NO SIGNIFICANT WEATHER WAS OBSERVED.


RELATIVE HUMIDITY (PERCENT)
 HIGHEST    70          1100 PM
 LOWEST     36          1200 PM
 AVERAGE    53

..........................................................


THE HARRISBURG PA CLIMATE NORMALS FOR TODAY
                         NORMAL    RECORD    YEAR
 MAXIMUM TEMPERATURE (F)   43        71      1974
 MINIMUM TEMPERATURE (F)   27         4      1963


SUNRISE AND SUNSET
FEBRUARY 22 2017......SUNRISE   650 AM EST   SUNSET   551 PM EST
FEBRUARY 23 2017......SUNRISE   649 AM EST   SUNSET   552 PM EST


-  INDICATES NEGATIVE NUMBERS.
R  INDICATES RECORD WAS SET OR TIED.
MM INDICATES DATA IS MISSING.
T  INDICATES TRACE AMOUNT.




$$
