000
CDUS41 KCTP 242124
CLIMDT


CLIMATE REPORT
NATIONAL WEATHER SERVICE STATE COLLEGE PA
524 PM EDT MON JUL 24 2017


...................................

...THE HARRISBURG PA CLIMATE SUMMARY FOR JULY 24 2017...
VALID TODAY AS OF 0500 PM LOCAL TIME.

CLIMATE NORMAL PERIOD 1981 TO 2010
CLIMATE RECORD PERIOD 1888 TO 2017


WEATHER ITEM   OBSERVED TIME   RECORD YEAR NORMAL DEPARTURE LAST
                VALUE   (LST)  VALUE       VALUE  FROM      YEAR
                                                  NORMAL
..................................................................
TEMPERATURE (F)
 TODAY
  MAXIMUM         87    345 PM  96    2001  85      2       95
                                      1999
                                      1965
  MINIMUM         70    602 AM  54    1947  66      4       68
  AVERAGE         79                        76      3       82

PRECIPITATION (IN)
  TODAY            0.58          2.22 1918   0.14   0.44     0.17
  MONTH TO DATE    8.66                      3.62   5.04     3.59
  SINCE JUN 1     12.22                      7.22   5.00     8.05
  SINCE JAN 1     28.67                     22.75   5.92    25.24

DEGREE DAYS
 HEATING
  TODAY            0                         0      0        0
  MONTH TO DATE    0                         0      0        0
  SINCE JUN 1      7                        18    -11        5
  SINCE JUL 1      0                         0      0        0

 COOLING
  TODAY           14                        11      3       17
  MONTH TO DATE  337                       262     75      340
  SINCE JUN 1    602                       475    127      606
  SINCE JAN 1    679                       540    139      703
..................................................................


WIND (MPH)
  HIGHEST WIND SPEED    22   HIGHEST WIND DIRECTION    NW (320)
  HIGHEST GUST SPEED    28   HIGHEST GUST DIRECTION    NW (320)
  AVERAGE WIND SPEED     5.6


SKY COVER
  POSSIBLE SUNSHINE  MM
  AVERAGE SKY COVER 0.7


WEATHER CONDITIONS
 THE FOLLOWING WEATHER WAS RECORDED TODAY.
  HEAVY RAIN
  LIGHT RAIN
  FOG


RELATIVE HUMIDITY (PERCENT)
 HIGHEST   100           300 AM
 LOWEST     55           400 PM
 AVERAGE    78

..........................................................


THE HARRISBURG PA CLIMATE NORMALS FOR TOMORROW
                         NORMAL    RECORD    YEAR
 MAXIMUM TEMPERATURE (F)   85        99      1940
 MINIMUM TEMPERATURE (F)   66        53      1953


SUNRISE AND SUNSET
JULY 24 2017..........SUNRISE   558 AM EDT   SUNSET   829 PM EDT
JULY 25 2017..........SUNRISE   559 AM EDT   SUNSET   828 PM EDT


-  INDICATES NEGATIVE NUMBERS.
R  INDICATES RECORD WAS SET OR TIED.
MM INDICATES DATA IS MISSING.
T  INDICATES TRACE AMOUNT.




$$
