000
CDUS43 KLOT 250635
CLIMDW


CLIMATE REPORT
NATIONAL WEATHER SERVICE CHICAGO IL
1234 AM CST SUN FEB 25 2018


...................................

...THE CHICAGO-MIDWAY CLIMATE SUMMARY FOR FEBRUARY 24 2018...

CLIMATE NORMAL PERIOD 1981 TO 2010
CLIMATE RECORD PERIOD 1928 TO 2018


WEATHER ITEM   OBSERVED TIME   RECORD YEAR NORMAL DEPARTURE LAST
                VALUE   (LST)  VALUE       VALUE  FROM      YEAR
                                                  NORMAL
..................................................................
TEMPERATURE (F)
 YESTERDAY
  MAXIMUM         51   1159 PM  64    1930  39     12       44
  MINIMUM         35    824 AM  -5    1967  24     11       33
  AVERAGE         43                        32     11       39

PRECIPITATION (IN)
  YESTERDAY        0.08          1.36 2001   0.08   0.00     0.07
  MONTH TO DATE    4.35                      1.60   2.75     0.91
  SINCE DEC 1      5.43                      6.23  -0.80     4.87
  SINCE JAN 1      5.26                      3.66   1.60     3.62

DEGREE DAYS
 HEATING
  YESTERDAY       22                        33    -11       26
  MONTH TO DATE  888                       883      5      604
  SINCE DEC 1   3234                      3244    -10     2836
  SINCE JUL 1   4217                      4379   -162     3548

 COOLING
  YESTERDAY        0                         0      0        0
  MONTH TO DATE    0                         0      0        0
  SINCE DEC 1      0                         0      0        0
  SINCE JAN 1      0                         0      0        0
..................................................................


WIND (MPH)
  RESULTANT WIND SPEED  10   RESULTANT WIND DIRECTION   E (70)
  HIGHEST WIND SPEED    22   HIGHEST WIND DIRECTION    SE (130)
  HIGHEST GUST SPEED    29   HIGHEST GUST DIRECTION     S (170)
  AVERAGE WIND SPEED    13.8



WEATHER CONDITIONS
 THE FOLLOWING WEATHER WAS RECORDED YESTERDAY.
  RAIN
  LIGHT RAIN
  FOG
  HAZE


..........................................................


THE CHICAGO-MIDWAY CLIMATE NORMALS FOR TODAY
                         NORMAL    RECORD    YEAR
 MAXIMUM TEMPERATURE (F)   39        73      2000
 MINIMUM TEMPERATURE (F)   25        -5      1967


SUNRISE AND SUNSET
FEBRUARY 25 2018......SUNRISE   632 AM CST   SUNSET   537 PM CST
FEBRUARY 26 2018......SUNRISE   630 AM CST   SUNSET   538 PM CST


-  INDICATES NEGATIVE NUMBERS.
R  INDICATES RECORD WAS SET OR TIED.
MM INDICATES DATA IS MISSING.
T  INDICATES TRACE AMOUNT.




$$
