000
CDUS43 KLOT 280645
CLIMDW


CLIMATE REPORT
NATIONAL WEATHER SERVICE CHICAGO IL
144 AM CDT SAT MAR 28 2015


...................................

...THE CHICAGO-MIDWAY CLIMATE SUMMARY FOR MARCH 27 2015...

CLIMATE NORMAL PERIOD 1981 TO 2010
CLIMATE RECORD PERIOD 1928 TO 2015


WEATHER ITEM   OBSERVED TIME   RECORD YEAR NORMAL DEPARTURE LAST
                VALUE   (LST)  VALUE       VALUE  FROM      YEAR
                                                  NORMAL
..................................................................
TEMPERATURE (F)
 YESTERDAY
  MAXIMUM         34   1203 AM  82    1945  51    -17       54
  MINIMUM         25    726 AM  13    1965  35    -10       35
  AVERAGE         30                        43    -13       45

PRECIPITATION (IN)
  YESTERDAY        0.01          1.06 1976   0.09  -0.08     0.12
  MONTH TO DATE    0.44                      2.32  -1.88     1.02
  SINCE MAR 1      0.44                      2.32  -1.88     1.02
  SINCE JAN 1      1.78                      6.32  -4.54     3.51

DEGREE DAYS
 HEATING
  YESTERDAY       35                        22     13       20
  MONTH TO DATE  735                       727      8      914
  SINCE MAR 1    735                       727      8      914
  SINCE JUL 1   5457                      5238    219     6116

 COOLING
  YESTERDAY        0                         0      0        0
  MONTH TO DATE    0                         0      0        0
  SINCE MAR 1      0                         0      0        0
  SINCE JAN 1      0                         0      0        0
..................................................................


WIND (MPH)
  RESULTANT WIND SPEED  13   RESULTANT WIND DIRECTION   N (10)
  HIGHEST WIND SPEED    21   HIGHEST WIND DIRECTION     N (20)
  HIGHEST GUST SPEED    28   HIGHEST GUST DIRECTION     N (350)
  AVERAGE WIND SPEED    13.1



WEATHER CONDITIONS
 THE FOLLOWING WEATHER WAS RECORDED YESTERDAY.
  LIGHT SNOW
  FOG


..........................................................


THE CHICAGO-MIDWAY CLIMATE NORMALS FOR TODAY
                         NORMAL    RECORD    YEAR
 MAXIMUM TEMPERATURE (F)   52        78      1968
 MINIMUM TEMPERATURE (F)   35         9      1934


SUNRISE AND SUNSET
MARCH 28 2015.........SUNRISE   641 AM CDT   SUNSET   712 PM CDT
MARCH 29 2015.........SUNRISE   639 AM CDT   SUNSET   713 PM CDT


-  INDICATES NEGATIVE NUMBERS.
R  INDICATES RECORD WAS SET OR TIED.
MM INDICATES DATA IS MISSING.
T  INDICATES TRACE AMOUNT.




$$
