867
CDUS43 KLOT 280632
CLIMDW


CLIMATE REPORT
NATIONAL WEATHER SERVICE CHICAGO IL
131 AM CDT SAT MAY 28 2016


...................................

...THE CHICAGO-MIDWAY CLIMATE SUMMARY FOR MAY 27 2016...

CLIMATE NORMAL PERIOD 1981 TO 2010
CLIMATE RECORD PERIOD 1928 TO 2016


WEATHER ITEM   OBSERVED TIME   RECORD YEAR NORMAL DEPARTURE LAST
                VALUE   (LST)  VALUE       VALUE  FROM      YEAR
                                                  NORMAL
..................................................................
TEMPERATURE (F)
 YESTERDAY
  MAXIMUM         84   1202 PM  97    2012  74     10       77
  MINIMUM         69    545 AM  35    1961  55     14       64
  AVERAGE         77                        64     13       71

PRECIPITATION (IN)
  YESTERDAY        0.14          1.49 1973   0.13   0.01     0.06
  MONTH TO DATE    4.59                      3.55   1.04     3.11
  SINCE MAR 1      9.97                      9.91   0.06     6.53
  SINCE JAN 1     10.75                     13.91  -3.16     7.87

DEGREE DAYS
 HEATING
  YESTERDAY        0                         4     -4        0
  MONTH TO DATE  180                       176      4      125
  SINCE MAR 1   1237                      1436   -199     1321
  SINCE JUL 1   4875                      5947  -1072     6043

 COOLING
  YESTERDAY       12                         3      9        6
  MONTH TO DATE   53                        48      5       86
  SINCE MAR 1     66                        61      5       86
  SINCE JAN 1     66                        61      5       86
..................................................................


WIND (MPH)
  RESULTANT WIND SPEED  11   RESULTANT WIND DIRECTION   S (180)
  HIGHEST WIND SPEED    30   HIGHEST WIND DIRECTION     S (160)
  HIGHEST GUST SPEED    40   HIGHEST GUST DIRECTION     S (160)
  AVERAGE WIND SPEED    10.9



WEATHER CONDITIONS
 THE FOLLOWING WEATHER WAS RECORDED YESTERDAY.
  THUNDERSTORM
  RAIN
  LIGHT RAIN
  FOG


..........................................................


THE CHICAGO-MIDWAY CLIMATE NORMALS FOR TODAY
                         NORMAL    RECORD    YEAR
 MAXIMUM TEMPERATURE (F)   74        94      2012
                                             2006
 MINIMUM TEMPERATURE (F)   55        40      1930


SUNRISE AND SUNSET
MAY 28 2016...........SUNRISE   520 AM CDT   SUNSET   817 PM CDT
MAY 29 2016...........SUNRISE   520 AM CDT   SUNSET   817 PM CDT


-  INDICATES NEGATIVE NUMBERS.
R  INDICATES RECORD WAS SET OR TIED.
MM INDICATES DATA IS MISSING.
T  INDICATES TRACE AMOUNT.




$$
