000
CDUS43 KLOT 022140
CLIMDW


CLIMATE REPORT
NATIONAL WEATHER SERVICE CHICAGO IL
439 PM CDT TUE JUN 2 2015


...................................

...THE CHICAGO-MIDWAY CLIMATE SUMMARY FOR JUNE 2 2015...
VALID TODAY AS OF 0400 PM LOCAL TIME.

CLIMATE NORMAL PERIOD 1981 TO 2010
CLIMATE RECORD PERIOD 1928 TO 2015


WEATHER ITEM   OBSERVED TIME   RECORD YEAR NORMAL DEPARTURE
                VALUE   (LST)  VALUE       VALUE  FROM
                                                  NORMAL
...............................................................
TEMPERATURE (F)
 TODAY
  MAXIMUM         71    230 PM  92    1944  76     -5
  MINIMUM         45    422 AM  44    1946  57    -12
                                      1929
  AVERAGE         58                        66     -8

PRECIPITATION (IN)
  TODAY            0.00          2.35 1950   0.14  -0.14
  MONTH TO DATE    0.00                      0.29  -0.29
  SINCE JUN 1      0.00                      0.29  -0.29
  SINCE JAN 1      8.89                     14.78  -5.89

DEGREE DAYS
 HEATING
  TODAY            7                         3      4
  MONTH TO DATE   17                         6     11
  SINCE JUN 1     17                         6     11
  SINCE JUL 1   6080                      5965    115

 COOLING
  TODAY            0                         4     -4
  MONTH TO DATE    0                         8     -8
  SINCE JUN 1      0                         8     -8
  SINCE JAN 1    106                        82     24
...............................................................


WIND (MPH)
  RESULTANT WIND SPEED   3   RESULTANT WIND DIRECTION   E (80)
  HIGHEST WIND SPEED    15   HIGHEST WIND DIRECTION     E (80)
  HIGHEST GUST SPEED    19   HIGHEST GUST DIRECTION     E (70)
  AVERAGE WIND SPEED     3.5


SKY COVER
  POSSIBLE SUNSHINE  MM
  AVERAGE SKY COVER 0.2


WEATHER CONDITIONS
 THE FOLLOWING WEATHER WAS RECORDED TODAY.
  NO SIGNIFICANT WEATHER WAS OBSERVED.


..........................................................


THE CHICAGO-MIDWAY CLIMATE NORMALS FOR TOMORROW
                         NORMAL    RECORD    YEAR
 MAXIMUM TEMPERATURE (F)   76        98      1934
 MINIMUM TEMPERATURE (F)   58        37      1945


SUNRISE AND SUNSET
JUNE  2 2015..........SUNRISE   518 AM CDT   SUNSET   820 PM CDT
JUNE  3 2015..........SUNRISE   518 AM CDT   SUNSET   821 PM CDT


-  INDICATES NEGATIVE NUMBERS.
R  INDICATES RECORD WAS SET OR TIED.
MM INDICATES DATA IS MISSING.
T  INDICATES TRACE AMOUNT.




$$
