000
CDUS43 KLOT 240636
CLIMDW


CLIMATE REPORT
NATIONAL WEATHER SERVICE CHICAGO IL
135 AM CDT SUN JUL 24 2016


...................................

...THE CHICAGO-MIDWAY CLIMATE SUMMARY FOR JULY 23 2016...

CLIMATE NORMAL PERIOD 1981 TO 2010
CLIMATE RECORD PERIOD 1928 TO 2016


WEATHER ITEM   OBSERVED TIME   RECORD YEAR NORMAL DEPARTURE LAST
                VALUE   (LST)  VALUE       VALUE  FROM      YEAR
                                                  NORMAL
..................................................................
TEMPERATURE (F)
 YESTERDAY
  MAXIMUM         92    351 PM 109    1934  84      8       86
  MINIMUM         72   1014 PM  51    1947  68      4       67
  AVERAGE         82                        76      6       77

PRECIPITATION (IN)
  YESTERDAY        1.30          2.31 2011   0.14   1.16     0.00
  MONTH TO DATE    4.27                      2.89   1.38     2.18
  SINCE JUN 1      5.83                      6.95  -1.12     5.14
  SINCE JAN 1     17.55                     21.44  -3.89    14.03

DEGREE DAYS
 HEATING
  YESTERDAY        0                         0      0        0
  MONTH TO DATE    0                         0      0        4
  SINCE JUN 1      6                        31    -25       24
  SINCE JUL 1      0                         0      0        4

 COOLING
  YESTERDAY       17                        11      6       12
  MONTH TO DATE  278                       251     27      204
  SINCE JUN 1    566                       461    105      386
  SINCE JAN 1    673                       535    138      492
..................................................................


WIND (MPH)
  RESULTANT WIND SPEED   2   RESULTANT WIND DIRECTION  SW (230)
  HIGHEST WIND SPEED    31   HIGHEST WIND DIRECTION     W (290)
  HIGHEST GUST SPEED    40   HIGHEST GUST DIRECTION    NW (300)
  AVERAGE WIND SPEED     6.4



WEATHER CONDITIONS
 THE FOLLOWING WEATHER WAS RECORDED YESTERDAY.
  THUNDERSTORM
  HEAVY RAIN
  RAIN
  LIGHT RAIN
  FOG


..........................................................


THE CHICAGO-MIDWAY CLIMATE NORMALS FOR TODAY
                         NORMAL    RECORD    YEAR
 MAXIMUM TEMPERATURE (F)   84       107      1934
 MINIMUM TEMPERATURE (F)   68        55      1938
                                             1931


SUNRISE AND SUNSET
JULY 24 2016..........SUNRISE   538 AM CDT   SUNSET   817 PM CDT
JULY 25 2016..........SUNRISE   539 AM CDT   SUNSET   816 PM CDT


-  INDICATES NEGATIVE NUMBERS.
R  INDICATES RECORD WAS SET OR TIED.
MM INDICATES DATA IS MISSING.
T  INDICATES TRACE AMOUNT.




$$
