000
CDUS44 KMEG 230631
CLIMEG


CLIMATE REPORT
NATIONAL WEATHER SERVICE MEMPHIS TN
131 AM CDT THU OCT 23 2014


...................................

...THE MEMPHIS/GERMANTOWN WFO CLIMATE SUMMARY FOR OCTOBER 22 2014...

CLIMATE NORMAL PERIOD 1981 TO 2010
CLIMATE RECORD PERIOD 1988 TO 2014


WEATHER ITEM   OBSERVED TIME   RECORD YEAR NORMAL DEPARTURE LAST
                VALUE   (LST)  VALUE       VALUE  FROM      YEAR
                                                  NORMAL
..................................................................
TEMPERATURE (F)
 YESTERDAY
  MAXIMUM         67    300 PM  84    2010  72     -5       67
                                      2004
  MINIMUM         49    900 PM  29    1987  48      1       52
  AVERAGE         58                        60     -2       60

PRECIPITATION (IN)
  YESTERDAY        0.00          2.48 2009   0.15  -0.15     0.02
  MONTH TO DATE    3.73                      3.03   0.70     2.05
  SINCE SEP 1      8.82                      6.31   2.51     5.75
  SINCE JAN 1     51.78                     42.32   9.46    54.11

SNOWFALL (IN)
  YESTERDAY        0.0          MM      MM   0.0    0.0      0.0
  MONTH TO DATE    0.0                       0.0    0.0      0.0
  SINCE SEP 1      0.0                       0.0    0.0      0.0
  SINCE JUL 1      0.0                       0.0    0.0      0.0
  SNOW DEPTH      MM

DEGREE DAYS
 HEATING
  YESTERDAY        7                         7      0        5
  MONTH TO DATE   59                        95    -36       70
  SINCE SEP 1     64                       113    -49       70
  SINCE JUL 1     64                       113    -49       70

 COOLING
  YESTERDAY        0                         1     -1        0
  MONTH TO DATE   79                        54     25       88
  SINCE SEP 1    366                       311     55      411
  SINCE JAN 1   1947                      1906     41     1959
..................................................................







THE MEMPHIS/GERMANTOWN WFO CLIMATE NORMALS FOR TODAY
                         NORMAL    RECORD    YEAR
 MAXIMUM TEMPERATURE (F)   72        87      2000
 MINIMUM TEMPERATURE (F)   47        33      2006


SUNRISE AND SUNSET
OCTOBER 23 2014.......SUNRISE   712 AM CDT   SUNSET   614 PM CDT
OCTOBER 24 2014.......SUNRISE   713 AM CDT   SUNSET   613 PM CDT


-  INDICATES NEGATIVE NUMBERS.
R  INDICATES RECORD WAS SET OR TIED.
MM INDICATES DATA IS MISSING.
T  INDICATES TRACE AMOUNT.




$$
