433
CDUS44 KMEG 220741
CLIMEG


CLIMATE REPORT
NATIONAL WEATHER SERVICE MEMPHIS TN
141 AM CST SUN JAN 22 2017


...................................

...THE MEMPHIS/GERMANTOWN WFO CLIMATE SUMMARY FOR JANUARY 21 2017...

CLIMATE NORMAL PERIOD 1981 TO 2010
CLIMATE RECORD PERIOD 1988 TO 2017


WEATHER ITEM   OBSERVED TIME   RECORD YEAR NORMAL DEPARTURE LAST
                VALUE   (LST)  VALUE       VALUE  FROM      YEAR
                                                  NORMAL
..................................................................
TEMPERATURE (F)
 YESTERDAY
  MAXIMUM         72R   300 PM  66    1997  49     23       37
  MINIMUM         57    500 AM  15    2011  30     27       32
                                      1994
  AVERAGE         65                        39     26       35

PRECIPITATION (IN)
  YESTERDAY        0.00          0.95 1993   0.13  -0.13     0.33
  MONTH TO DATE    3.27                      2.70   0.57     2.40
  SINCE DEC 1     10.58                      8.64   1.94     7.95
  SINCE JAN 1      3.27                      2.70   0.57     2.40

SNOWFALL (IN)
  YESTERDAY        0.0           T    2014                   0.0
                                      2008
  MONTH TO DATE    1.0                                        T
  SINCE DEC 1      1.0                                        T
  SINCE JUL 1      1.0                                        T
  SNOW DEPTH       0

DEGREE DAYS
 HEATING
  YESTERDAY        0                        26    -26       30
  MONTH TO DATE  363                       546   -183      567
  SINCE DEC 1   1038                      1271   -233      964
  SINCE JUL 1   1360                      1870   -510     1345

 COOLING
  YESTERDAY        0                         0      0        0
  MONTH TO DATE    0                         0      0        0
  SINCE DEC 1      5                         1      4       13
  SINCE JAN 1      0                         0      0        0
..................................................................







THE MEMPHIS/GERMANTOWN WFO CLIMATE NORMALS FOR TODAY
                         NORMAL    RECORD    YEAR
 MAXIMUM TEMPERATURE (F)   49        75      1999
 MINIMUM TEMPERATURE (F)   30        14      2014


SUNRISE AND SUNSET
JANUARY 22 2017.......SUNRISE   704 AM CST   SUNSET   518 PM CST
JANUARY 23 2017.......SUNRISE   704 AM CST   SUNSET   519 PM CST


-  INDICATES NEGATIVE NUMBERS.
R  INDICATES RECORD WAS SET OR TIED.
MM INDICATES DATA IS MISSING.
T  INDICATES TRACE AMOUNT.




$$
