000
CDUS44 KMEG 042147
CLIMEG


CLIMATE REPORT
NATIONAL WEATHER SERVICE MEMPHIS TN
446 PM CDT TUE AUG 4 2015


...................................

...THE MEMPHIS/GERMANTOWN WFO CLIMATE SUMMARY FOR AUGUST 4 2015...
VALID TODAY AS OF 0400 PM LOCAL TIME.

CLIMATE NORMAL PERIOD 1981 TO 2010
CLIMATE RECORD PERIOD 1988 TO 2015


WEATHER ITEM   OBSERVED TIME   RECORD YEAR NORMAL DEPARTURE LAST
                VALUE   (LST)  VALUE       VALUE  FROM      YEAR
                                                  NORMAL
..................................................................
TEMPERATURE (F)
 TODAY
  MAXIMUM         98        MM 103    2010  91      7       92
  MINIMUM         73        MM  65    2014  71      2       65
  AVERAGE         86                        81      5       79

PRECIPITATION (IN)
  TODAY            0.00          0.71 2000   0.13  -0.13     0.00
  MONTH TO DATE    T                         0.54  -0.54      T
  SINCE JUN 1      7.77                      8.76  -0.99    16.04
  SINCE JAN 1     29.45                     33.25  -3.80    41.62

SNOWFALL (IN)
  TODAY            0.0

DEGREE DAYS
 HEATING
  TODAY            0                         0      0        0
  MONTH TO DATE    0                         0      0        0
  SINCE JUN 1      0                         2     -2        0
  SINCE JUL 1      0                         0      0        0

 COOLING
  TODAY           21                        16      5       14
  MONTH TO DATE   72                        64      8       56
  SINCE JUN 1   1090                       941    149      830
  SINCE JAN 1   1390                      1192    198     1129
..................................................................







THE MEMPHIS/GERMANTOWN WFO CLIMATE NORMALS FOR TOMORROW
                         NORMAL    RECORD    YEAR
 MAXIMUM TEMPERATURE (F)   91        98      2010
                                             2008
                                             1987
 MINIMUM TEMPERATURE (F)   71        67      2014


SUNRISE AND SUNSET
AUGUST  4 2015........SUNRISE   610 AM CDT   SUNSET   800 PM CDT
AUGUST  5 2015........SUNRISE   611 AM CDT   SUNSET   759 PM CDT


-  INDICATES NEGATIVE NUMBERS.
R  INDICATES RECORD WAS SET OR TIED.
MM INDICATES DATA IS MISSING.
T  INDICATES TRACE AMOUNT.




$$
