000
CDUS44 KMEG 270642
CLIMEG


CLIMATE REPORT
NATIONAL WEATHER SERVICE MEMPHIS TN
142 AM CDT TUE JUN 27 2017


...................................

...THE MEMPHIS/GERMANTOWN WFO CLIMATE SUMMARY FOR JUNE 26 2017...

CLIMATE NORMAL PERIOD 1981 TO 2010
CLIMATE RECORD PERIOD 1988 TO 2017


WEATHER ITEM   OBSERVED TIME   RECORD YEAR NORMAL DEPARTURE LAST
                VALUE   (LST)  VALUE       VALUE  FROM      YEAR
                                                  NORMAL
..................................................................
TEMPERATURE (F)
 YESTERDAY
  MAXIMUM         87        MM  99    1998  90     -3       95
  MINIMUM         62R       MM  62    2001  70     -8       73
  AVERAGE         75                        80     -5       84

PRECIPITATION (IN)
  YESTERDAY        0.00          1.56 1997   0.12  -0.12     0.00
  MONTH TO DATE    3.67                      3.16   0.51     2.83
  SINCE JUN 1      3.67                      3.16   0.51     2.83
  SINCE JAN 1     24.58                     27.65  -3.07    39.28

SNOWFALL (IN)
  YESTERDAY        0.0          MM      MM                   0.0
  MONTH TO DATE    0.0                                       0.0
  SINCE JUN 1      0.0                                       0.0
  SINCE JUL 1      1.4                                       0.9
  SNOW DEPTH       0

DEGREE DAYS
 HEATING
  YESTERDAY        0                         0      0        0
  MONTH TO DATE    0                         0      0        0
  SINCE JUN 1      0                         0      0        0
  SINCE JUL 1   2240                      3412  -1172     2485

 COOLING
  YESTERDAY       10                        15     -5       19
  MONTH TO DATE  313                       320     -7      416
  SINCE JUN 1    313                       320     -7      416
  SINCE JAN 1    658                       571     87      661
..................................................................







THE MEMPHIS/GERMANTOWN WFO CLIMATE NORMALS FOR TODAY
                         NORMAL    RECORD    YEAR
 MAXIMUM TEMPERATURE (F)   90       100      1998
 MINIMUM TEMPERATURE (F)   70        57      2012


SUNRISE AND SUNSET
JUNE 27 2017..........SUNRISE   547 AM CDT   SUNSET   818 PM CDT
JUNE 28 2017..........SUNRISE   547 AM CDT   SUNSET   818 PM CDT


-  INDICATES NEGATIVE NUMBERS.
R  INDICATES RECORD WAS SET OR TIED.
MM INDICATES DATA IS MISSING.
T  INDICATES TRACE AMOUNT.




$$
