000
CDUS44 KMEG 080734
CLIMEG


CLIMATE REPORT
NATIONAL WEATHER SERVICE MEMPHIS TN
133 AM CST THU DEC 8 2016


...................................

...THE MEMPHIS/GERMANTOWN WFO CLIMATE SUMMARY FOR DECEMBER 7 2016...

CLIMATE NORMAL PERIOD 1981 TO 2010
CLIMATE RECORD PERIOD 1988 TO 2016


WEATHER ITEM   OBSERVED TIME   RECORD YEAR NORMAL DEPARTURE LAST
                VALUE   (LST)  VALUE       VALUE  FROM      YEAR
                                                  NORMAL
..................................................................
TEMPERATURE (F)
 YESTERDAY
  MAXIMUM         46        MM  76    1998  54     -8       63
  MINIMUM         39        MM  21    2013  34      5       34
                                      2006
  AVERAGE         43                        44     -1       49

PRECIPITATION (IN)
  YESTERDAY        0.00          0.30 1998   0.21  -0.21     0.00
  MONTH TO DATE    1.68                      1.41   0.27     0.10
  SINCE DEC 1      1.68                      1.41   0.27     0.10
  SINCE JAN 1     58.24                     50.36   7.88    48.49

SNOWFALL (IN)
  YESTERDAY        0.0          MM      MM   0.0    0.0      0.0
  MONTH TO DATE    0.0                       0.0    0.0      0.0
  SINCE DEC 1      0.0                       0.0    0.0      0.0
  SINCE JUL 1      0.0                       0.0    0.0      0.0
  SNOW DEPTH       0

DEGREE DAYS
 HEATING
  YESTERDAY       22                        21      1       16
  MONTH TO DATE  139                       142     -3      136
  SINCE DEC 1    139                       142     -3      136
  SINCE JUL 1    461                       741   -280      517

 COOLING
  YESTERDAY        0                         0      0        0
  MONTH TO DATE    0                         0      0        0
  SINCE DEC 1      0                         0      0        0
  SINCE JAN 1   2423                      1926    497     2138
..................................................................







THE MEMPHIS/GERMANTOWN WFO CLIMATE NORMALS FOR TODAY
                         NORMAL    RECORD    YEAR
 MAXIMUM TEMPERATURE (F)   53        75      2007
 MINIMUM TEMPERATURE (F)   33        13      2006


SUNRISE AND SUNSET
DECEMBER  8 2016......SUNRISE   655 AM CST   SUNSET   447 PM CST
DECEMBER  9 2016......SUNRISE   656 AM CST   SUNSET   447 PM CST


-  INDICATES NEGATIVE NUMBERS.
R  INDICATES RECORD WAS SET OR TIED.
MM INDICATES DATA IS MISSING.
T  INDICATES TRACE AMOUNT.




$$
