000
CDUS44 KMEG 180741
CLIMEG


CLIMATE REPORT
NATIONAL WEATHER SERVICE MEMPHIS TN
139 AM CST MON DEC 18 2017


...................................

...THE MEMPHIS/GERMANTOWN WFO CLIMATE SUMMARY FOR DECEMBER 17 2017...

CLIMATE NORMAL PERIOD 1981 TO 2010
CLIMATE RECORD PERIOD 1988 TO 2017


WEATHER ITEM   OBSERVED TIME   RECORD YEAR NORMAL DEPARTURE LAST
                VALUE   (LST)  VALUE       VALUE  FROM      YEAR
                                                  NORMAL
..................................................................
TEMPERATURE (F)
 YESTERDAY
  MAXIMUM         49    249 PM  75    2016  51     -2       75
  MINIMUM         40    654 AM   7    1989  31      9       34
  AVERAGE         45                        41      4       55

PRECIPITATION (IN)
  YESTERDAY        0.68          1.62 1996   0.20   0.48     1.13
  MONTH TO DATE    1.66                      3.44  -1.78     3.55
  SINCE DEC 1      1.66                      3.44  -1.78     3.55
  SINCE JAN 1     47.79                     52.39  -4.60    60.11

SNOWFALL (IN)
  YESTERDAY        0.0          MM      MM                    T
  MONTH TO DATE    0.0                                        T
  SINCE DEC 1      0.0                                        T
  SINCE JUL 1      0.0                                        T
  SNOW DEPTH       0

DEGREE DAYS
 HEATING
  YESTERDAY       20                        24     -4       10
  MONTH TO DATE  349                       372    -23      393
  SINCE DEC 1    349                       372    -23      393
  SINCE JUL 1    854                       971   -117      715

 COOLING
  YESTERDAY        0                         0      0        0
  MONTH TO DATE    0                         0      0        0
  SINCE DEC 1      0                         0      0        0
  SINCE JAN 1   2124                      1926    198     2423
..................................................................







THE MEMPHIS/GERMANTOWN WFO CLIMATE NORMALS FOR TODAY
                         NORMAL    RECORD    YEAR
 MAXIMUM TEMPERATURE (F)   50        70      1990
 MINIMUM TEMPERATURE (F)   31        16      1989


SUNRISE AND SUNSET
DECEMBER 18 2017......SUNRISE   702 AM CST   SUNSET   450 PM CST
DECEMBER 19 2017......SUNRISE   703 AM CST   SUNSET   450 PM CST


-  INDICATES NEGATIVE NUMBERS.
R  INDICATES RECORD WAS SET OR TIED.
MM INDICATES DATA IS MISSING.
T  INDICATES TRACE AMOUNT.




$$
