000
CDUS44 KMEG 230634
CLIMEG


CLIMATE REPORT
NATIONAL WEATHER SERVICE MEMPHIS TN
133 AM CDT TUE SEP 23 2014


...................................

...THE MEMPHIS/GERMANTOWN WFO CLIMATE SUMMARY FOR SEPTEMBER 22 2014...

CLIMATE NORMAL PERIOD 1981 TO 2010
CLIMATE RECORD PERIOD 1988 TO 2014


WEATHER ITEM   OBSERVED TIME   RECORD YEAR NORMAL DEPARTURE LAST
                VALUE   (LST)  VALUE       VALUE  FROM      YEAR
                                                  NORMAL
..................................................................
TEMPERATURE (F)
 YESTERDAY
  MAXIMUM         76    300 PM  96    2010  82     -6       77
  MINIMUM         59    600 AM  44    1991  59      0       55
  AVERAGE         68                        71     -3       66

PRECIPITATION (IN)
  YESTERDAY        0.00          1.89 1992   0.11  -0.11     0.00
  MONTH TO DATE    5.09                      2.32   2.77     3.47
  SINCE SEP 1      5.09                      2.32   2.77     3.47
  SINCE JAN 1     48.05                     38.33   9.72    51.83

SNOWFALL (IN)
  YESTERDAY        0.0          MM      MM   0.0    0.0      0.0
  MONTH TO DATE    0.0                       0.0    0.0      0.0
  SINCE SEP 1      0.0                       0.0    0.0      0.0
  SINCE JUL 1      0.0                       0.0    0.0      0.0
  SNOW DEPTH       0

DEGREE DAYS
 HEATING
  YESTERDAY        0                         1     -1        0
  MONTH TO DATE    5                         5      0        0
  SINCE SEP 1      5                         5      0        0
  SINCE JUL 1      5                         5      0        0

 COOLING
  YESTERDAY        3                         7     -4        1
  MONTH TO DATE  234                       216     18      266
  SINCE SEP 1    234                       216     18      266
  SINCE JAN 1   1815                      1811      4     1814
..................................................................







THE MEMPHIS/GERMANTOWN WFO CLIMATE NORMALS FOR TODAY
                         NORMAL    RECORD    YEAR
 MAXIMUM TEMPERATURE (F)   82        96      2010
 MINIMUM TEMPERATURE (F)   58        44      1999


SUNRISE AND SUNSET
SEPTEMBER 23 2014.....SUNRISE   648 AM CDT   SUNSET   655 PM CDT
SEPTEMBER 24 2014.....SUNRISE   649 AM CDT   SUNSET   653 PM CDT


-  INDICATES NEGATIVE NUMBERS.
R  INDICATES RECORD WAS SET OR TIED.
MM INDICATES DATA IS MISSING.
T  INDICATES TRACE AMOUNT.




$$
