000
CDUS44 KMEG 012252
CLIMEG


CLIMATE REPORT
NATIONAL WEATHER SERVICE MEMPHIS TN
451 PM CST SUN FEB 1 2015


...................................

...THE MEMPHIS/GERMANTOWN WFO CLIMATE SUMMARY FOR FEBRUARY 1 2015...
VALID TODAY AS OF 0400 PM LOCAL TIME.

CLIMATE NORMAL PERIOD 1981 TO 2010
CLIMATE RECORD PERIOD 1988 TO 2015


WEATHER ITEM   OBSERVED TIME   RECORD YEAR NORMAL DEPARTURE LAST
                VALUE   (LST)  VALUE       VALUE  FROM      YEAR
                                                  NORMAL
..................................................................
TEMPERATURE (F)
 TODAY
  MAXIMUM         58    300 PM  68    2014  50      8       68
                                      2012
                                      1989
  MINIMUM         48    600 AM  17    1994  30     18       52
  AVERAGE         53                        40     13       60

PRECIPITATION (IN)
  TODAY            0.76          0.94 2011   0.15   0.61      T
  MONTH TO DATE    0.76                      0.15   0.61      T
  SINCE DEC 1      4.67                     10.05  -5.38     8.79
  SINCE JAN 1      2.10                      4.11  -2.01     3.23

SNOWFALL (IN)
  TODAY            0.0

DEGREE DAYS
 HEATING
  TODAY           12                        25    -13        5
  MONTH TO DATE   12                        25    -13        5
  SINCE DEC 1   1406                      1555   -149     1654
  SINCE JUL 1   2085                      2154    -69     2314

 COOLING
  TODAY            0                         0      0        0
  MONTH TO DATE    0                         0      0        0
  SINCE DEC 1      0                         1     -1        1
  SINCE JAN 1      0                         0      0        0
..................................................................







THE MEMPHIS/GERMANTOWN WFO CLIMATE NORMALS FOR TOMORROW
                         NORMAL    RECORD    YEAR
 MAXIMUM TEMPERATURE (F)   50        74      1989
 MINIMUM TEMPERATURE (F)   30        16      1994


SUNRISE AND SUNSET
FEBRUARY  1 2015......SUNRISE   658 AM CST   SUNSET   528 PM CST
FEBRUARY  2 2015......SUNRISE   658 AM CST   SUNSET   529 PM CST


-  INDICATES NEGATIVE NUMBERS.
R  INDICATES RECORD WAS SET OR TIED.
MM INDICATES DATA IS MISSING.
T  INDICATES TRACE AMOUNT.




$$
