000
CDUS44 KMEG 130733
CLIMEG


CLIMATE REPORT
NATIONAL WEATHER SERVICE MEMPHIS TN
131 AM CST SAT FEB 13 2016


...................................

...THE MEMPHIS/GERMANTOWN WFO CLIMATE SUMMARY FOR FEBRUARY 12 2016...

CLIMATE NORMAL PERIOD 1981 TO 2010
CLIMATE RECORD PERIOD 1988 TO 2016


WEATHER ITEM   OBSERVED TIME   RECORD YEAR NORMAL DEPARTURE LAST
                VALUE   (LST)  VALUE       VALUE  FROM      YEAR
                                                  NORMAL
..................................................................
TEMPERATURE (F)
 YESTERDAY
  MAXIMUM         53        MM  75    1999  53      0       40
  MINIMUM         28        MM  16    1995  32     -4       24
  AVERAGE         41                        42     -1       32

PRECIPITATION (IN)
  YESTERDAY        0.00          0.95 2000   0.16  -0.16     0.00
  MONTH TO DATE    1.98                      1.95   0.03     0.77
  SINCE DEC 1     10.27                     11.85  -1.58     4.68
  SINCE JAN 1      4.72                      5.91  -1.19     2.11

SNOWFALL (IN)
  YESTERDAY        0.0           T    2014   0.0    0.0      0.0
                                      2008
                                      2006
  MONTH TO DATE    T                         0.5   -0.5       T
  SINCE DEC 1      0.9                       0.9    0.0       T
  SINCE JUL 1      0.9                       0.9    0.0      0.3
  SNOW DEPTH       0

DEGREE DAYS
 HEATING
  YESTERDAY       24                        23      1       33
  MONTH TO DATE  261                       287    -26      290
  SINCE DEC 1   1434                      1817   -383     1684
  SINCE JUL 1   1815                      2416   -601     2363

 COOLING
  YESTERDAY        0                         0      0        0
  MONTH TO DATE    0                         0      0        0
  SINCE DEC 1     13                         1     12        0
  SINCE JAN 1      0                         0      0        0
..................................................................







THE MEMPHIS/GERMANTOWN WFO CLIMATE NORMALS FOR TODAY
                         NORMAL    RECORD    YEAR
 MAXIMUM TEMPERATURE (F)   53        74      1990
 MINIMUM TEMPERATURE (F)   32        16      1995


SUNRISE AND SUNSET
FEBRUARY 13 2016......SUNRISE   648 AM CST   SUNSET   539 PM CST
FEBRUARY 14 2016......SUNRISE   647 AM CST   SUNSET   540 PM CST


-  INDICATES NEGATIVE NUMBERS.
R  INDICATES RECORD WAS SET OR TIED.
MM INDICATES DATA IS MISSING.
T  INDICATES TRACE AMOUNT.




$$
