000
CDUS44 KJAN 012206
CLIMEI


CLIMATE REPORT
NATIONAL WEATHER SERVICE JACKSON MS
505 PM CDT SUN MAY 1 2016


...................................

...THE MERIDIAN CLIMATE SUMMARY FOR MAY 1 2016...
VALID AS OF 0500 PM LOCAL TIME.

CLIMATE NORMAL PERIOD 1981 TO 2010
CLIMATE RECORD PERIOD 1889 TO 2016


WEATHER ITEM   OBSERVED TIME   RECORD YEAR NORMAL DEPARTURE LAST
                VALUE   (LST)  VALUE       VALUE  FROM      YEAR
                                                  NORMAL
..................................................................
TEMPERATURE (F)
 TODAY
  MAXIMUM         76    359 PM  91    1959  80     -4       76
                                      1951
  MINIMUM         60    450 AM  40    1988  54      6       49
                                      1908
  AVERAGE         68

PRECIPITATION (IN)
  TODAY            0.63          2.67 2013   0.15   0.48     0.00
  MONTH TO DATE    0.63                      0.15   0.48     0.00
  SINCE MAR 1     17.16                     10.35   6.81    10.06
  SINCE JAN 1     24.65                     21.08   3.57    20.90

SNOWFALL (IN)
  TODAY            0.0

..................................................................










-  INDICATES NEGATIVE NUMBERS.
R  INDICATES RECORD WAS SET OR TIED.
MM INDICATES DATA IS MISSING.
T  INDICATES TRACE AMOUNT.




$$
