000
CDUS44 KJAN 300730
CLIMEI


CLIMATE REPORT
NATIONAL WEATHER SERVICE JACKSON MS
225 AM CDT WED JUL 30 2014


...................................

...THE MERIDIAN CLIMATE SUMMARY FOR JULY 29 2014...

CLIMATE NORMAL PERIOD 1981 TO 2010
CLIMATE RECORD PERIOD 1889 TO 2014


WEATHER ITEM   OBSERVED TIME   RECORD YEAR NORMAL DEPARTURE LAST
                VALUE   (LST)  VALUE       VALUE  FROM      YEAR
                                                  NORMAL
..................................................................
TEMPERATURE (F)
 YESTERDAY
  MAXIMUM         88    228 PM 102    1930  92     -4       91
  MINIMUM         63   1158 PM  61    1994  70     -7       71
  AVERAGE         76                        81     -5       81

PRECIPITATION (IN)
  YESTERDAY        0.00          1.97 1962   0.17  -0.17     0.00
  MONTH TO DATE    1.89                      4.82  -2.93     4.61
  SINCE JUN 1      4.43                      9.22  -4.79    11.20
  SINCE JAN 1     36.15                     34.65   1.50    45.83

SNOWFALL (IN)
  YESTERDAY        0.0           0.0    MM   0.0    0.0      0.0
  MONTH TO DATE    0.0                       0.0    0.0      0.0
  SINCE JUN 1      0.0                       0.0    0.0      0.0
  SINCE JUL 1      0.0                       0.0    0.0      0.0

DEGREE DAYS
 HEATING
  YESTERDAY        0                         0      0        0
  MONTH TO DATE    0                         0      0        0
  SINCE JUN 1      0                         0      0        0
  SINCE JUL 1      0                         0      0        0

 COOLING
  YESTERDAY       11                        16     -5       16
  MONTH TO DATE  408                       455    -47      408
  SINCE JUN 1    818                       835    -17      828
  SINCE JAN 1   1088                      1118    -30     1088
..................................................................


WIND (MPH)
  HIGHEST WIND SPEED    17   HIGHEST WIND DIRECTION     N (350)
  HIGHEST GUST SPEED    21   HIGHEST GUST DIRECTION     N (340)
  AVERAGE WIND SPEED     5.8


SKY COVER
  POSSIBLE SUNSHINE  MM
  AVERAGE SKY COVER 0.1


WEATHER CONDITIONS
 THE FOLLOWING WEATHER WAS RECORDED YESTERDAY.
  NO SIGNIFICANT WEATHER WAS OBSERVED.


RELATIVE HUMIDITY (PERCENT)
 HIGHEST    93           200 AM
 LOWEST     43          1100 AM
 AVERAGE    68

..........................................................


THE MERIDIAN CLIMATE NORMALS FOR TODAY
                         NORMAL    RECORD    YEAR
 MAXIMUM TEMPERATURE (F)   92       102      1986
 MINIMUM TEMPERATURE (F)   70        60      1897


SUNRISE AND SUNSET
JULY 30 2014..........SUNRISE   608 AM CDT   SUNSET   754 PM CDT
JULY 31 2014..........SUNRISE   609 AM CDT   SUNSET   753 PM CDT


-  INDICATES NEGATIVE NUMBERS.
R  INDICATES RECORD WAS SET OR TIED.
MM INDICATES DATA IS MISSING.
T  INDICATES TRACE AMOUNT.




$$
