000
CDUS44 KJAN 232106
CLIMEI


CLIMATE REPORT
NATIONAL WEATHER SERVICE JACKSON MS
405 PM CDT SUN APR 23 2017


...................................

...THE MERIDIAN CLIMATE SUMMARY FOR APRIL 23 2017...
VALID TODAY AS OF 0400 PM LOCAL TIME.

CLIMATE NORMAL PERIOD 1981 TO 2010
CLIMATE RECORD PERIOD 1889 TO 2017


WEATHER ITEM   OBSERVED TIME   RECORD YEAR NORMAL DEPARTURE LAST
                VALUE   (LST)  VALUE       VALUE  FROM      YEAR
                                                  NORMAL
..................................................................
TEMPERATURE (F)
 TODAY
  MAXIMUM         64   1050 AM  90    1960  78    -14       80
  MINIMUM         54    648 AM  33    1986  51      3       51
  AVERAGE         59                        65     -6       66

PRECIPITATION (IN)
  TODAY            0.03          1.91 1898   0.15  -0.12     0.00
  MONTH TO DATE    6.72                      3.75   2.97     3.85
  SINCE MAR 1     12.49                      9.17   3.32    16.23
  SINCE JAN 1     22.06                     19.90   2.16    23.72

SNOWFALL (IN)
  TODAY            0.0           0.0    MM   0.0    0.0      0.0
  MONTH TO DATE    0.0                       0.1   -0.1      0.0
  SINCE MAR 1      0.0                       0.3   -0.3      0.0
  SINCE JUL 1      0.8                       0.6    0.2       T

DEGREE DAYS
 HEATING
  TODAY            6                         3      3        0
  MONTH TO DATE   28                       114    -86       63
  SINCE MAR 1    218                       421   -203      245
  SINCE JUL 1   1346                      2518  -1172     1807

 COOLING
  TODAY            0                         2     -2        1
  MONTH TO DATE  101                        37     64       19
  SINCE MAR 1    175                        54    121       51
  SINCE JAN 1    221                        61    160       56
..................................................................


WIND (MPH)
  HIGHEST WIND SPEED    16   HIGHEST WIND DIRECTION     W (280)
  HIGHEST GUST SPEED    22   HIGHEST GUST DIRECTION    NW (310)
  AVERAGE WIND SPEED     9.2


SKY COVER
  POSSIBLE SUNSHINE  MM
  AVERAGE SKY COVER 1.0


WEATHER CONDITIONS
 THE FOLLOWING WEATHER WAS RECORDED TODAY.
  LIGHT RAIN


RELATIVE HUMIDITY (PERCENT)
 HIGHEST    93          1200 AM
 LOWEST     65          1100 AM
 AVERAGE    79

..........................................................


THE MERIDIAN CLIMATE NORMALS FOR TOMORROW
                         NORMAL    RECORD    YEAR
 MAXIMUM TEMPERATURE (F)   78        91      1958
 MINIMUM TEMPERATURE (F)   52        37      2012
                                             1910
                                             1903


SUNRISE AND SUNSET
APRIL 23 2017.........SUNRISE   616 AM CDT   SUNSET   730 PM CDT
APRIL 24 2017.........SUNRISE   615 AM CDT   SUNSET   731 PM CDT


-  INDICATES NEGATIVE NUMBERS.
R  INDICATES RECORD WAS SET OR TIED.
MM INDICATES DATA IS MISSING.
T  INDICATES TRACE AMOUNT.




$$
