000
CDUS44 KJAN 102209
CLIMEI


CLIMATE REPORT
NATIONAL WEATHER SERVICE JACKSON MS
408 PM CST SAT DEC 10 2016


...................................

...THE MERIDIAN CLIMATE SUMMARY FOR DECEMBER 10 2016...
VALID TODAY AS OF 0400 PM LOCAL TIME.

CLIMATE NORMAL PERIOD 1981 TO 2010
CLIMATE RECORD PERIOD 1889 TO 2016


WEATHER ITEM   OBSERVED TIME   RECORD YEAR NORMAL DEPARTURE LAST
                VALUE   (LST)  VALUE       VALUE  FROM      YEAR
                                                  NORMAL
..................................................................
TEMPERATURE (F)
 TODAY
  MAXIMUM         54    258 PM  81    2007  60     -6       72
  MINIMUM         26    701 AM  16    1995  36    -10       47
  AVERAGE         40                        48     -8       60

PRECIPITATION (IN)
  TODAY            0.00          2.57 2008   0.18  -0.18     0.00
  MONTH TO DATE    1.43                      1.81  -0.38     1.26
  SINCE DEC 1      1.43                      1.81  -0.38     1.26
  SINCE JAN 1     43.26                     52.91  -9.65    54.40

SNOWFALL (IN)
  TODAY            0.0           0.0  2001   0.0    0.0      0.0
  MONTH TO DATE    0.0                       0.0    0.0      0.0
  SINCE DEC 1      0.0                       0.0    0.0      0.0
  SINCE JUL 1      0.0                       0.0    0.0      0.0

DEGREE DAYS
 HEATING
  TODAY           25                        17      8        5
  MONTH TO DATE  164                       161      3      124
  SINCE DEC 1    164                       161      3      124
  SINCE JUL 1    373                       611   -238      375

 COOLING
  TODAY            0                         0      0        0
  MONTH TO DATE    0                         0      0        0
  SINCE DEC 1      0                         0      0        0
  SINCE JAN 1   2856                      2029    827     2295
..................................................................


WIND (MPH)
  HIGHEST WIND SPEED    12   HIGHEST WIND DIRECTION    NE (50)
  HIGHEST GUST SPEED    16   HIGHEST GUST DIRECTION    NE (30)
  AVERAGE WIND SPEED     5.3


SKY COVER
  POSSIBLE SUNSHINE  MM
  AVERAGE SKY COVER 0.0


WEATHER CONDITIONS
 THE FOLLOWING WEATHER WAS RECORDED TODAY.
  NO SIGNIFICANT WEATHER WAS OBSERVED.


RELATIVE HUMIDITY (PERCENT)
 HIGHEST    75           500 AM
 LOWEST     19           200 PM
 AVERAGE    47

..........................................................


THE MERIDIAN CLIMATE NORMALS FOR TOMORROW
                         NORMAL    RECORD    YEAR
 MAXIMUM TEMPERATURE (F)   60        81      1931
 MINIMUM TEMPERATURE (F)   36        16      1898


SUNRISE AND SUNSET
DECEMBER 10 2016......SUNRISE   646 AM CST   SUNSET   450 PM CST
DECEMBER 11 2016......SUNRISE   646 AM CST   SUNSET   450 PM CST


-  INDICATES NEGATIVE NUMBERS.
R  INDICATES RECORD WAS SET OR TIED.
MM INDICATES DATA IS MISSING.
T  INDICATES TRACE AMOUNT.




$$
