945
CDUS44 KJAN 220701
CLIMEI


CLIMATE REPORT
NATIONAL WEATHER SERVICE JACKSON MS
157 AM CDT SAT JUL 22 2017


...................................

...THE MERIDIAN CLIMATE SUMMARY FOR JULY 21 2017...

CLIMATE NORMAL PERIOD 1981 TO 2010
CLIMATE RECORD PERIOD 1889 TO 2017


WEATHER ITEM   OBSERVED TIME   RECORD YEAR NORMAL DEPARTURE LAST
                VALUE   (LST)  VALUE       VALUE  FROM      YEAR
                                                  NORMAL
..................................................................
TEMPERATURE (F)
 YESTERDAY
  MAXIMUM         94   1013 AM 103    1981  92      2      102
  MINIMUM         74   1159 PM  61    1947  70      4       75
  AVERAGE         84                        81      3       89

PRECIPITATION (IN)
  YESTERDAY        0.90          1.81 1917   0.16   0.74     0.00
  MONTH TO DATE    4.14                      3.51   0.63     1.20
  SINCE JUN 1     15.23                      7.91   7.32     6.11
  SINCE JAN 1     43.87                     33.34  10.53    31.10

SNOWFALL (IN)
  YESTERDAY        0.0           0.0    MM   0.0    0.0      0.0
  MONTH TO DATE    0.0                       0.0    0.0      0.0
  SINCE JUN 1      0.0                       0.0    0.0      0.0
  SINCE JUL 1      0.0                       0.0    0.0      0.0

DEGREE DAYS
 HEATING
  YESTERDAY        0                         0      0        0
  MONTH TO DATE    0                         0      0        0
  SINCE JUN 1      0                         0      0        0
  SINCE JUL 1      0                         0      0        0

 COOLING
  YESTERDAY       19                        16      3       24
  MONTH TO DATE  384                       327     57      431
  SINCE JUN 1    783                       707     76      975
  SINCE JAN 1   1276                       990    286     1287
..................................................................


WIND (MPH)
  HIGHEST WIND SPEED    29   HIGHEST WIND DIRECTION     S (170)
  HIGHEST GUST SPEED    35   HIGHEST GUST DIRECTION     S (160)
  AVERAGE WIND SPEED     3.2


SKY COVER
  POSSIBLE SUNSHINE  MM
  AVERAGE SKY COVER 0.2


WEATHER CONDITIONS
 THE FOLLOWING WEATHER WAS RECORDED YESTERDAY.
  THUNDERSTORM
  HEAVY RAIN
  RAIN
  LIGHT RAIN
  FOG


RELATIVE HUMIDITY (PERCENT)
 HIGHEST    97          1200 AM
 LOWEST     60          1000 AM
 AVERAGE    79

..........................................................


THE MERIDIAN CLIMATE NORMALS FOR TODAY
                         NORMAL    RECORD    YEAR
 MAXIMUM TEMPERATURE (F)   92       104      1981
 MINIMUM TEMPERATURE (F)   70        58      1947


SUNRISE AND SUNSET
JULY 22 2017..........SUNRISE   603 AM CDT   SUNSET   759 PM CDT
JULY 23 2017..........SUNRISE   604 AM CDT   SUNSET   759 PM CDT


-  INDICATES NEGATIVE NUMBERS.
R  INDICATES RECORD WAS SET OR TIED.
MM INDICATES DATA IS MISSING.
T  INDICATES TRACE AMOUNT.




$$
