000
CDUS44 KJAN 180757
CLIMEI


CLIMATE REPORT
NATIONAL WEATHER SERVICE JACKSON MS
255 AM CDT THU SEP 18 2014


...................................

...THE MERIDIAN CLIMATE SUMMARY FOR SEPTEMBER 17 2014...

CLIMATE NORMAL PERIOD 1981 TO 2010
CLIMATE RECORD PERIOD 1889 TO 2014


WEATHER ITEM   OBSERVED TIME   RECORD YEAR NORMAL DEPARTURE LAST
                VALUE   (LST)  VALUE       VALUE  FROM      YEAR
                                                  NORMAL
..................................................................
TEMPERATURE (F)
 YESTERDAY
  MAXIMUM         92    405 PM  99    1953  87      5       91
                                      1927
  MINIMUM         68    607 AM  49    1961  63      5       61
  AVERAGE         80                        75      5       76

PRECIPITATION (IN)
  YESTERDAY        0.00          1.70 1913   0.11  -0.11     0.00
  MONTH TO DATE    0.66                      1.94  -1.28      T
  SINCE SEP 1      0.66                      1.94  -1.28      T
  SINCE JAN 1     39.02                     40.90  -1.88    49.52

SNOWFALL (IN)
  YESTERDAY        0.0           0.0  2002   0.0    0.0      0.0
                                      2001
  MONTH TO DATE    0.0                       0.0    0.0      0.0
  SINCE SEP 1      0.0                       0.0    0.0      0.0
  SINCE JUL 1      0.0                       0.0    0.0      0.0

DEGREE DAYS
 HEATING
  YESTERDAY        0                         0      0        0
  MONTH TO DATE    0                         0      0        0
  SINCE SEP 1      0                         0      0        0
  SINCE JUL 1      0                         0      0        0

 COOLING
  YESTERDAY       15                        10      5       11
  MONTH TO DATE  252                       204     48      242
  SINCE SEP 1    252                       204     48      242
  SINCE JAN 1   1845                      1824     21     1822
..................................................................


WIND (MPH)
  HIGHEST WIND SPEED    14   HIGHEST WIND DIRECTION    NE (30)
  HIGHEST GUST SPEED    17   HIGHEST GUST DIRECTION    NE (30)
  AVERAGE WIND SPEED     4.2


SKY COVER
  POSSIBLE SUNSHINE  MM
  AVERAGE SKY COVER 0.1


WEATHER CONDITIONS
 THE FOLLOWING WEATHER WAS RECORDED YESTERDAY.
  FOG


RELATIVE HUMIDITY (PERCENT)
 HIGHEST    97           100 AM
 LOWEST     38           100 PM
 AVERAGE    68

..........................................................


THE MERIDIAN CLIMATE NORMALS FOR TODAY
                         NORMAL    RECORD    YEAR
 MAXIMUM TEMPERATURE (F)   86       100      1927
 MINIMUM TEMPERATURE (F)   62        45      1903


SUNRISE AND SUNSET
SEPTEMBER 18 2014.....SUNRISE   641 AM CDT   SUNSET   657 PM CDT
SEPTEMBER 19 2014.....SUNRISE   641 AM CDT   SUNSET   656 PM CDT


-  INDICATES NEGATIVE NUMBERS.
R  INDICATES RECORD WAS SET OR TIED.
MM INDICATES DATA IS MISSING.
T  INDICATES TRACE AMOUNT.




$$
