944
CDUS44 KJAN 212213
CLIMEI


CLIMATE REPORT
NATIONAL WEATHER SERVICE JACKSON MS
412 PM CST SUN JAN 21 2018


...................................

...THE MERIDIAN CLIMATE SUMMARY FOR JANUARY 21 2018...
VALID TODAY AS OF 0400 PM LOCAL TIME.

CLIMATE NORMAL PERIOD 1981 TO 2010
CLIMATE RECORD PERIOD 1889 TO 2018


WEATHER ITEM   OBSERVED TIME   RECORD YEAR NORMAL DEPARTURE LAST
                VALUE   (LST)  VALUE       VALUE  FROM      YEAR
                                                  NORMAL
..................................................................
TEMPERATURE (F)
 TODAY
  MAXIMUM         75    342 PM  80    1982  57     18       74
                                      1937
  MINIMUM         38    350 AM   5    1985  33      5       60
  AVERAGE         57                        45     12       67

PRECIPITATION (IN)
  TODAY            0.00          2.46 1935   0.18  -0.18     1.97
  MONTH TO DATE    0.77                      3.27  -2.50     6.62
  SINCE DEC 1      4.86                      8.33  -3.47    10.52
  SINCE JAN 1      0.77                      3.27  -2.50     6.62

SNOWFALL (IN)
  TODAY            0.0           1.1  1987   0.0    0.0      0.0
  MONTH TO DATE    0.3                       0.1    0.2      0.8
  SINCE DEC 1      5.3                       0.2    5.1      0.8
  SINCE JUL 1      5.3                       0.2    5.1      0.8

DEGREE DAYS
 HEATING
  TODAY            8                        20    -12        0
  MONTH TO DATE  533                       431    102      191
  SINCE DEC 1   1064                       989     75      595
  SINCE JUL 1   1405                      1439    -34      804

 COOLING
  TODAY            0                         0      0        2
  MONTH TO DATE    2                         0      2       24
  SINCE DEC 1      5                         6     -1       42
  SINCE JAN 1      2                         0      2       24
..................................................................


WIND (MPH)
  HIGHEST WIND SPEED    17   HIGHEST WIND DIRECTION     S (160)
  HIGHEST GUST SPEED    21   HIGHEST GUST DIRECTION     S (170)
  AVERAGE WIND SPEED     6.8


SKY COVER
  POSSIBLE SUNSHINE  MM
  AVERAGE SKY COVER 0.1


WEATHER CONDITIONS
 THE FOLLOWING WEATHER WAS RECORDED TODAY.
  FOG


RELATIVE HUMIDITY (PERCENT)
 HIGHEST   100           700 AM
 LOWEST     36           300 PM
 AVERAGE    68

..........................................................


THE MERIDIAN CLIMATE NORMALS FOR TOMORROW
                         NORMAL    RECORD    YEAR
 MAXIMUM TEMPERATURE (F)   57        80      1937
 MINIMUM TEMPERATURE (F)   33         9      1984


SUNRISE AND SUNSET
JANUARY 21 2018.......SUNRISE   655 AM CST   SUNSET   518 PM CST
JANUARY 22 2018.......SUNRISE   654 AM CST   SUNSET   519 PM CST


-  INDICATES NEGATIVE NUMBERS.
R  INDICATES RECORD WAS SET OR TIED.
MM INDICATES DATA IS MISSING.
T  INDICATES TRACE AMOUNT.




$$
