000
CDUS44 KMEG 200648
CLIMEM


CLIMATE REPORT
NATIONAL WEATHER SERVICE MEMPHIS TN
147 AM CDT MON OCT 20 2014


...................................

...THE MEMPHIS CLIMATE SUMMARY FOR OCTOBER 19 2014...

CLIMATE NORMAL PERIOD 1981 TO 2010
CLIMATE RECORD PERIOD 1872 TO 2014


WEATHER ITEM   OBSERVED TIME   RECORD YEAR NORMAL DEPARTURE LAST
                VALUE   (LST)  VALUE       VALUE  FROM      YEAR
                                                  NORMAL
..................................................................
TEMPERATURE (F)
 YESTERDAY
  MAXIMUM         69    336 PM  89    2005  73     -4       61
  MINIMUM         48    640 AM  30    1948  53     -5       43
  AVERAGE         59                        63     -4       52

PRECIPITATION (IN)
  YESTERDAY        0.00          2.07 1905   0.14  -0.14     0.03
  MONTH TO DATE    3.35                      2.33   1.02     2.02
  SINCE SEP 1      8.10                      5.42   2.68     4.71
  SINCE JAN 1     51.82                     40.80  11.02    50.66

SNOWFALL (IN)
  YESTERDAY        0.0           T    1989   0.0    0.0      0.0
  MONTH TO DATE    0.0                       0.0    0.0      0.0
  SINCE SEP 1      0.0                       0.0    0.0      0.0
  SINCE JUL 1      0.0                       0.0    0.0      0.0
  SNOW DEPTH       0

DEGREE DAYS
 HEATING
  YESTERDAY        6                         4      2       13
  MONTH TO DATE   30                        50    -20       33
  SINCE SEP 1     31                        61    -30       33
  SINCE JUL 1     31                        61    -30       33

 COOLING
  YESTERDAY        0                         2     -2        0
  MONTH TO DATE   88                        71     17      103
  SINCE SEP 1    433                       387     46      504
  SINCE JAN 1   2139                      2222    -83     2230
..................................................................


WIND (MPH)
  HIGHEST WIND SPEED    12   HIGHEST WIND DIRECTION    NE (60)
  HIGHEST GUST SPEED    23   HIGHEST GUST DIRECTION    NE (60)
  AVERAGE WIND SPEED     3.5


SKY COVER
  POSSIBLE SUNSHINE  MM
  AVERAGE SKY COVER 0.4


WEATHER CONDITIONS
 THE FOLLOWING WEATHER WAS RECORDED YESTERDAY.
  NO SIGNIFICANT WEATHER WAS OBSERVED.


RELATIVE HUMIDITY (PERCENT)
 HIGHEST    86           700 AM
 LOWEST     40           300 PM
 AVERAGE    63

..........................................................


THE MEMPHIS CLIMATE NORMALS FOR TODAY
                         NORMAL    RECORD    YEAR
 MAXIMUM TEMPERATURE (F)   73        88      1941
 MINIMUM TEMPERATURE (F)   52        34      1964


SUNRISE AND SUNSET
OCTOBER 20 2014.......SUNRISE   710 AM CDT   SUNSET   619 PM CDT
OCTOBER 21 2014.......SUNRISE   711 AM CDT   SUNSET   618 PM CDT


-  INDICATES NEGATIVE NUMBERS.
R  INDICATES RECORD WAS SET OR TIED.
MM INDICATES DATA IS MISSING.
T  INDICATES TRACE AMOUNT.




$$
