000
CDUS44 KMEG 040634
CLIMEM


CLIMATE REPORT
NATIONAL WEATHER SERVICE MEMPHIS TN
134 AM CDT TUE AUG 4 2015


...................................

...THE MEMPHIS CLIMATE SUMMARY FOR AUGUST 3 2015...

CLIMATE NORMAL PERIOD 1981 TO 2010
CLIMATE RECORD PERIOD 1872 TO 2015


WEATHER ITEM   OBSERVED TIME   RECORD YEAR NORMAL DEPARTURE LAST
                VALUE   (LST)  VALUE       VALUE  FROM      YEAR
                                                  NORMAL
..................................................................
TEMPERATURE (F)
 YESTERDAY
  MAXIMUM         98    159 PM 106    2011  92      6       92
  MINIMUM         74    538 AM  61    1880  74      0       73
  AVERAGE         86                        83      3       83

PRECIPITATION (IN)
  YESTERDAY        0.00          1.16 1932   0.12  -0.12     0.00
  MONTH TO DATE    0.00                      0.36  -0.36      T
  SINCE JUN 1      9.64                      8.58   1.06    15.96
  SINCE JAN 1     29.86                     32.86  -3.00    41.92

SNOWFALL (IN)
  YESTERDAY        0.0          MM      MM   0.0    0.0      0.0
  MONTH TO DATE    0.0                       0.0    0.0      0.0
  SINCE JUN 1      0.0                       0.0    0.0      0.0
  SINCE JUL 1      0.0                       0.0    0.0      0.0
  SNOW DEPTH       0

DEGREE DAYS
 HEATING
  YESTERDAY        0                         0      0        0
  MONTH TO DATE    0                         0      0        0
  SINCE JUN 1      0                         0      0        0
  SINCE JUL 1      0                         0      0        0

 COOLING
  YESTERDAY       21                        18      3       18
  MONTH TO DATE   64                        54     10       48
  SINCE JUN 1   1154                      1041    113      892
  SINCE JAN 1   1508                      1362    146     1203
..................................................................


WIND (MPH)
  HIGHEST WIND SPEED    12   HIGHEST WIND DIRECTION     W (270)
  HIGHEST GUST SPEED    18   HIGHEST GUST DIRECTION    NW (310)
  AVERAGE WIND SPEED     2.8


SKY COVER
  POSSIBLE SUNSHINE  MM
  AVERAGE SKY COVER 0.4


WEATHER CONDITIONS
 THE FOLLOWING WEATHER WAS RECORDED YESTERDAY.
  NO SIGNIFICANT WEATHER WAS OBSERVED.


RELATIVE HUMIDITY (PERCENT)
 HIGHEST    82           200 AM
 LOWEST     35           200 PM
 AVERAGE    59

..........................................................


THE MEMPHIS CLIMATE NORMALS FOR TODAY
                         NORMAL    RECORD    YEAR
 MAXIMUM TEMPERATURE (F)   92       104      2010
 MINIMUM TEMPERATURE (F)   74        58      1912


SUNRISE AND SUNSET
AUGUST  4 2015........SUNRISE   611 AM CDT   SUNSET   800 PM CDT
AUGUST  5 2015........SUNRISE   612 AM CDT   SUNSET   759 PM CDT


-  INDICATES NEGATIVE NUMBERS.
R  INDICATES RECORD WAS SET OR TIED.
MM INDICATES DATA IS MISSING.
T  INDICATES TRACE AMOUNT.




$$
