000
CDUS44 KMEG 140738
CLIMEM


CLIMATE REPORT
NATIONAL WEATHER SERVICE MEMPHIS TN
137 AM CST THU DEC 14 2017


...................................

...THE MEMPHIS CLIMATE SUMMARY FOR DECEMBER 13 2017...

CLIMATE NORMAL PERIOD 1981 TO 2010
CLIMATE RECORD PERIOD 1872 TO 2017


WEATHER ITEM   OBSERVED TIME   RECORD YEAR NORMAL DEPARTURE LAST
                VALUE   (LST)  VALUE       VALUE  FROM      YEAR
                                                  NORMAL
..................................................................
TEMPERATURE (F)
 YESTERDAY
  MAXIMUM         58    413 PM  76    1984  52      6       49
                                      1927
                                      1889
  MINIMUM         28    424 AM   5    1962  35     -7       38
  AVERAGE         43                        44     -1       44

PRECIPITATION (IN)
  YESTERDAY        0.00          3.32 1892   0.20  -0.20     0.02
  MONTH TO DATE    1.11                      2.57  -1.46     3.11
  SINCE DEC 1      1.11                      2.57  -1.46     3.11
  SINCE JAN 1     45.23                     50.51  -5.28    57.37

SNOWFALL (IN)
  YESTERDAY        0.0           2.5  1958   0.0    0.0      0.0
  MONTH TO DATE    0.0                       0.0    0.0      0.0
  SINCE DEC 1      0.0                       0.0    0.0      0.0
  SINCE JUL 1      0.0                       T      0.0      0.0
  SNOW DEPTH       0

DEGREE DAYS
 HEATING
  YESTERDAY       22                        21      1       21
  MONTH TO DATE  244                       256    -12      278
  SINCE DEC 1    244                       256    -12      278
  SINCE JUL 1    690                       755    -65      548

 COOLING
  YESTERDAY        0                         0      0        0
  MONTH TO DATE    0                         0      0        0
  SINCE DEC 1      0                         0      0        0
  SINCE JAN 1   2302                      2256     46     2804
..................................................................


WIND (MPH)
  HIGHEST WIND SPEED    24   HIGHEST WIND DIRECTION    SW (220)
  HIGHEST GUST SPEED    34   HIGHEST GUST DIRECTION     S (200)
  AVERAGE WIND SPEED     9.2


SKY COVER
  POSSIBLE SUNSHINE  MM
  AVERAGE SKY COVER 0.1


WEATHER CONDITIONS
 THE FOLLOWING WEATHER WAS RECORDED YESTERDAY.
  NO SIGNIFICANT WEATHER WAS OBSERVED.


RELATIVE HUMIDITY (PERCENT)
 HIGHEST    72           300 AM
 LOWEST     28           300 PM
 AVERAGE    50

..........................................................


THE MEMPHIS CLIMATE NORMALS FOR TODAY
                         NORMAL    RECORD    YEAR
 MAXIMUM TEMPERATURE (F)   52        77      1984
 MINIMUM TEMPERATURE (F)   35         9      1917


SUNRISE AND SUNSET
DECEMBER 14 2017......SUNRISE   700 AM CST   SUNSET   449 PM CST
DECEMBER 15 2017......SUNRISE   701 AM CST   SUNSET   450 PM CST


-  INDICATES NEGATIVE NUMBERS.
R  INDICATES RECORD WAS SET OR TIED.
MM INDICATES DATA IS MISSING.
T  INDICATES TRACE AMOUNT.




$$
