000
CDUS44 KMEG 200737
CLIMEM


CLIMATE REPORT
NATIONAL WEATHER SERVICE MEMPHIS TN
137 AM CST SAT DEC 20 2014


...................................

...THE MEMPHIS CLIMATE SUMMARY FOR DECEMBER 19 2014...

CLIMATE NORMAL PERIOD 1981 TO 2010
CLIMATE RECORD PERIOD 1872 TO 2014


WEATHER ITEM   OBSERVED TIME   RECORD YEAR NORMAL DEPARTURE LAST
                VALUE   (LST)  VALUE       VALUE  FROM      YEAR
                                                  NORMAL
..................................................................
TEMPERATURE (F)
 YESTERDAY
  MAXIMUM         45    425 PM  74    1889  51     -6       62
  MINIMUM         40   1159 PM   8    1884  34      6       46
  AVERAGE         43                        43      0       54

PRECIPITATION (IN)
  YESTERDAY        T             2.89 2002   0.18  -0.18     0.00
  MONTH TO DATE    1.97                      3.69  -1.72     2.64
  SINCE DEC 1      1.97                      3.69  -1.72     2.64
  SINCE JAN 1     57.00                     51.63   5.37    57.25

SNOWFALL (IN)
  YESTERDAY        0.0           1.8  1929   0.0    0.0      0.0
  MONTH TO DATE    0.0                       0.0    0.0       T
  SINCE DEC 1      0.0                       0.0    0.0       T
  SINCE JUL 1      0.2                       T      0.2       T
  SNOW DEPTH       0

DEGREE DAYS
 HEATING
  YESTERDAY       22                        22      0       11
  MONTH TO DATE  332                       387    -55      422
  SINCE DEC 1    332                       387    -55      422
  SINCE JUL 1    941                       886     55     1007

 COOLING
  YESTERDAY        0                         0      0        0
  MONTH TO DATE    0                         0      0        3
  SINCE DEC 1      0                         0      0        3
  SINCE JAN 1   2161                      2256    -95     2245
..................................................................


WIND (MPH)
  HIGHEST WIND SPEED    12   HIGHEST WIND DIRECTION     E (70)
  HIGHEST GUST SPEED    17   HIGHEST GUST DIRECTION    NE (50)
  AVERAGE WIND SPEED     6.7


SKY COVER
  POSSIBLE SUNSHINE  MM
  AVERAGE SKY COVER 1.0


WEATHER CONDITIONS
 THE FOLLOWING WEATHER WAS RECORDED YESTERDAY.
  LIGHT RAIN


RELATIVE HUMIDITY (PERCENT)
 HIGHEST    82           300 AM
 LOWEST     65           100 PM
 AVERAGE    74

..........................................................


THE MEMPHIS CLIMATE NORMALS FOR TODAY
                         NORMAL    RECORD    YEAR
 MAXIMUM TEMPERATURE (F)   51        74      1931
 MINIMUM TEMPERATURE (F)   34         3      1901


SUNRISE AND SUNSET
DECEMBER 20 2014......SUNRISE   704 AM CST   SUNSET   452 PM CST
DECEMBER 21 2014......SUNRISE   704 AM CST   SUNSET   452 PM CST


-  INDICATES NEGATIVE NUMBERS.
R  INDICATES RECORD WAS SET OR TIED.
MM INDICATES DATA IS MISSING.
T  INDICATES TRACE AMOUNT.




$$
