000
CDUS44 KMEG 240637
CLIMEM


CLIMATE REPORT
NATIONAL WEATHER SERVICE MEMPHIS TN
135 AM CDT FRI MAR 24 2017


...................................

...THE MEMPHIS CLIMATE SUMMARY FOR MARCH 23 2017...

CLIMATE NORMAL PERIOD 1981 TO 2010
CLIMATE RECORD PERIOD 1872 TO 2017


WEATHER ITEM   OBSERVED TIME   RECORD YEAR NORMAL DEPARTURE LAST
                VALUE   (LST)  VALUE       VALUE  FROM      YEAR
                                                  NORMAL
..................................................................
TEMPERATURE (F)
 YESTERDAY
  MAXIMUM         79    452 PM  85    1910  66     13       73
  MINIMUM         50    400 AM  26    1885  46      4       57
  AVERAGE         65                        56      9       65

PRECIPITATION (IN)
  YESTERDAY        0.00          2.91 1912   0.18  -0.18     0.00
  MONTH TO DATE    3.15                      3.74  -0.59    11.77
  SINCE MAR 1      3.15                      3.74  -0.59    11.77
  SINCE JAN 1      8.81                     12.11  -3.30    19.62

SNOWFALL (IN)
  YESTERDAY        0.0           1.2  1968   0.0    0.0      0.0
  MONTH TO DATE    T                         0.4   -0.4      0.0
  SINCE MAR 1      T                         0.4   -0.4      0.0
  SINCE JUL 1      2.0                       3.8   -1.8      0.3
  SNOW DEPTH       0

DEGREE DAYS
 HEATING
  YESTERDAY        0                        10    -10        0
  MONTH TO DATE  274                       290    -16      167
  SINCE MAR 1    274                       290    -16      167
  SINCE JUL 1   1973                      2740   -767     2038

 COOLING
  YESTERDAY        0                         1     -1        0
  MONTH TO DATE   11                         8      3       12
  SINCE MAR 1     11                         8      3       12
  SINCE JAN 1     33                        11     22       15
..................................................................


WIND (MPH)
  HIGHEST WIND SPEED    17   HIGHEST WIND DIRECTION     S (160)
  HIGHEST GUST SPEED    23   HIGHEST GUST DIRECTION    SE (150)
  AVERAGE WIND SPEED    MM


SKY COVER
  POSSIBLE SUNSHINE  MM
  AVERAGE SKY COVER 0.2


WEATHER CONDITIONS
 THE FOLLOWING WEATHER WAS RECORDED YESTERDAY.
  NO SIGNIFICANT WEATHER WAS OBSERVED.


RELATIVE HUMIDITY (PERCENT)
 HIGHEST    57          1100 PM
 LOWEST     26          1000 AM
 AVERAGE    42

..........................................................


THE MEMPHIS CLIMATE NORMALS FOR TODAY
                         NORMAL    RECORD    YEAR
 MAXIMUM TEMPERATURE (F)   67        86      1929
                                             1910
 MINIMUM TEMPERATURE (F)   46        20      1968


SUNRISE AND SUNSET
MARCH 24 2017.........SUNRISE   658 AM CDT   SUNSET   715 PM CDT
MARCH 25 2017.........SUNRISE   656 AM CDT   SUNSET   716 PM CDT


-  INDICATES NEGATIVE NUMBERS.
R  INDICATES RECORD WAS SET OR TIED.
MM INDICATES DATA IS MISSING.
T  INDICATES TRACE AMOUNT.




$$
