000
CDUS41 KCLE 270527
CLIMFD


CLIMATE REPORT
NATIONAL WEATHER SERVICE CLEVELAND OH
1227 AM EST THU NOV 27 2014


...................................

...THE MANSFIELD OH CLIMATE SUMMARY FOR NOVEMBER 26 2014...

CLIMATE NORMAL PERIOD 1981 TO 2010
CLIMATE RECORD PERIOD 1916 TO 2014


WEATHER ITEM   OBSERVED TIME   RECORD YEAR NORMAL DEPARTURE LAST
                VALUE   (LST)  VALUE       VALUE  FROM      YEAR
                                                  NORMAL
..................................................................
TEMPERATURE (F)
 YESTERDAY
  MAXIMUM         34    352 PM  65    2006  44    -10       33
  MINIMUM         28   1126 PM   7    1950  29     -1       29
  AVERAGE         31                        37     -6       31

PRECIPITATION (IN)
  YESTERDAY        0.00                      0.12  -0.12     0.08
  MONTH TO DATE    1.83                      3.32  -1.49     2.24
  SINCE SEP 1      5.13                      9.58  -4.45     9.91
  SINCE JAN 1     34.35                     40.41  -6.06    38.83

SNOWFALL (IN)
  YESTERDAY        0.0                       0.2   -0.2      0.8
  MONTH TO DATE    4.4                       1.7    2.7      1.5
  SINCE SEP 1      4.4                       2.2    2.2      1.5
  SINCE JUL 1      4.4                       2.2    2.2      1.5
  SNOW DEPTH       0

DEGREE DAYS
 HEATING
  YESTERDAY       34                        28      6       34
  MONTH TO DATE  754                       596    158      663
  SINCE SEP 1   1252                      1139    113     1151
  SINCE JUL 1   1279                      1164    115     1179

 COOLING
  YESTERDAY        0                         0      0        0
  MONTH TO DATE    0                         0      0        0
  SINCE SEP 1     69                        70     -1       99
  SINCE JAN 1    623                       632     -9      741
..................................................................


WIND (MPH)
  HIGHEST WIND SPEED    12   HIGHEST WIND DIRECTION    NW (320)
  HIGHEST GUST SPEED    13   HIGHEST GUST DIRECTION    NW (330)
  AVERAGE WIND SPEED     4.9


SKY COVER
  POSSIBLE SUNSHINE  MM
  AVERAGE SKY COVER 1.0


WEATHER CONDITIONS
 THE FOLLOWING WEATHER WAS RECORDED YESTERDAY.
  FOG


RELATIVE HUMIDITY (PERCENT)
 HIGHEST    92           800 PM
 LOWEST     69           100 PM
 AVERAGE    81

..........................................................


THE MANSFIELD OH CLIMATE NORMALS FOR TODAY
                         NORMAL    RECORD    YEAR
 MAXIMUM TEMPERATURE (F)   44        70      1990
 MINIMUM TEMPERATURE (F)   29        -1      1930


SUNRISE AND SUNSET
NOVEMBER 27 2014......SUNRISE   731 AM EST   SUNSET   504 PM EST
NOVEMBER 28 2014......SUNRISE   732 AM EST   SUNSET   504 PM EST


-  INDICATES NEGATIVE NUMBERS.
R  INDICATES RECORD WAS SET OR TIED.
MM INDICATES DATA IS MISSING.
T  INDICATES TRACE AMOUNT.




$$
