000
CDUS41 KCLE 010545
CLIMFD


CLIMATE REPORT
NATIONAL WEATHER SERVICE CLEVELAND OH
145 AM EDT FRI AUG 1 2014


...................................

...THE MANSFIELD OH CLIMATE SUMMARY FOR JULY 31 2014...

CLIMATE NORMAL PERIOD 1981 TO 2010
CLIMATE RECORD PERIOD 1916 TO 2014


WEATHER ITEM   OBSERVED TIME   RECORD YEAR NORMAL DEPARTURE LAST
                VALUE   (LST)  VALUE       VALUE  FROM      YEAR
                                                  NORMAL
..................................................................
TEMPERATURE (F)
 YESTERDAY
  MAXIMUM         79    427 PM  96    1933  81     -2       77
  MINIMUM         59    603 AM  45    1936  61     -2       63
  AVERAGE         69                        71     -2       70

PRECIPITATION (IN)
  YESTERDAY        0.00                      0.13  -0.13     0.19
  MONTH TO DATE    2.74                      4.38  -1.64     6.18
  SINCE JUN 1      9.22                      9.13   0.09    13.17
  SINCE JAN 1     25.55                     26.46  -0.91    27.04

SNOWFALL (IN)
  YESTERDAY        0.0                       0.0    0.0      0.0
  MONTH TO DATE    0.0                       0.0    0.0      0.0
  SINCE JUN 1      0.0                       0.0    0.0      0.0
  SINCE JUL 1      0.0                       0.0    0.0      0.0
  SNOW DEPTH       0

DEGREE DAYS
 HEATING
  YESTERDAY        0                         0      0        0
  MONTH TO DATE   17                         0     17       10
  SINCE JUN 1     41                        61    -20       49
  SINCE JUL 1     17                         8      9       10

 COOLING
  YESTERDAY        4                         6     -2        5
  MONTH TO DATE  137                       210    -73      238
  SINCE JUN 1    306                       344    -38      386
  SINCE JAN 1    369                       390    -21      481
..................................................................


WIND (MPH)
  HIGHEST WIND SPEED    14   HIGHEST WIND DIRECTION     W (250)
  HIGHEST GUST SPEED    18   HIGHEST GUST DIRECTION     W (250)
  AVERAGE WIND SPEED     6.1


SKY COVER
  POSSIBLE SUNSHINE  MM
  AVERAGE SKY COVER 0.2


WEATHER CONDITIONS
 THE FOLLOWING WEATHER WAS RECORDED YESTERDAY.
  NO SIGNIFICANT WEATHER WAS OBSERVED.


RELATIVE HUMIDITY (PERCENT)
 HIGHEST   100           200 AM
 LOWEST     45           500 PM
 AVERAGE    73

..........................................................


THE MANSFIELD OH CLIMATE NORMALS FOR TODAY
                         NORMAL    RECORD    YEAR
 MAXIMUM TEMPERATURE (F)   81        94      1935
                                             1933
 MINIMUM TEMPERATURE (F)   61        41      1947


SUNRISE AND SUNSET
AUGUST  1 2014........SUNRISE   626 AM EDT   SUNSET   846 PM EDT
AUGUST  2 2014........SUNRISE   627 AM EDT   SUNSET   845 PM EDT


-  INDICATES NEGATIVE NUMBERS.
R  INDICATES RECORD WAS SET OR TIED.
MM INDICATES DATA IS MISSING.
T  INDICATES TRACE AMOUNT.




$$
