000
CDUS44 KBRO 280626
CLIMFE


CLIMATE REPORT
NATIONAL WEATHER SERVICE BROWNSVILLE TX
126 AM CDT FRI AUG 28 2015


...................................

...THE MCALLEN CLIMATE SUMMARY FOR AUGUST 27 2015...

CLIMATE NORMAL PERIOD 1981 TO 2010
CLIMATE RECORD PERIOD 1941 TO 2015


WEATHER ITEM   OBSERVED TIME   RECORD YEAR NORMAL DEPARTURE LAST
                VALUE   (LST)  VALUE       VALUE  FROM      YEAR
                                                  NORMAL
..................................................................
TEMPERATURE (F)
 YESTERDAY
  MAXIMUM         97    306 PM 103    2009  97      0      102
  MINIMUM         76   1156 PM  67    1961  76      0       78
  AVERAGE         87                        87      0

PRECIPITATION (IN)
  YESTERDAY        0.00          1.00 1953   0.11  -0.11     0.00
  MONTH TO DATE    2.65                      1.75   0.90     1.11
  SINCE JUN 1      8.29                      6.33   1.96     2.01
  SINCE JAN 1     19.76                     13.11   6.65     4.89

SNOWFALL (IN)
  YESTERDAY        0.0
  MONTH TO DATE    0.0
  SINCE JUN 1      0.0
  SINCE JUL 1      0.0

DEGREE DAYS
 HEATING
  YESTERDAY        0                         0      0        0
  MONTH TO DATE    0                         0      0        0
  SINCE JUN 1      0                         0      0        0
  SINCE JUL 1      0                         0      0        0

 COOLING
  YESTERDAY       22                        22      0       25
  MONTH TO DATE  703                       612     91      670
  SINCE JUN 1   2097                      1914    183     2052
  SINCE JAN 1   3342                      3169    173     3108
..................................................................


WIND (MPH)
  HIGHEST WIND SPEED    15   HIGHEST WIND DIRECTION    NE (50)
  HIGHEST GUST SPEED    20   HIGHEST GUST DIRECTION     N (20)
  AVERAGE WIND SPEED     6.4



WEATHER CONDITIONS
 THE FOLLOWING WEATHER WAS RECORDED YESTERDAY.
  NO SIGNIFICANT WEATHER WAS OBSERVED.


RELATIVE HUMIDITY (PERCENT)
 HIGHEST    85
 LOWEST     28
 AVERAGE    57

..........................................................


THE MCALLEN CLIMATE NORMALS FOR TODAY
                         NORMAL    RECORD    YEAR
 MAXIMUM TEMPERATURE (F)   97       104      2012
 MINIMUM TEMPERATURE (F)   76        67      1958


SUNRISE AND SUNSET
AUGUST 28 2015........SUNRISE   711 AM CDT   SUNSET   757 PM CDT
AUGUST 29 2015........SUNRISE   712 AM CDT   SUNSET   756 PM CDT


-  INDICATES NEGATIVE NUMBERS.
R  INDICATES RECORD WAS SET OR TIED.
MM INDICATES DATA IS MISSING.
T  INDICATES TRACE AMOUNT.




$$
