000
CDUS44 KBRO 260625
CLIMFE


CLIMATE REPORT
NATIONAL WEATHER SERVICE BROWNSVILLE TX
125 AM CDT TUE MAY 26 2015


...................................

...THE MCALLEN CLIMATE SUMMARY FOR MAY 25 2015...

CLIMATE NORMAL PERIOD 1981 TO 2010
CLIMATE RECORD PERIOD 1941 TO 2015


WEATHER ITEM   OBSERVED TIME   RECORD YEAR NORMAL DEPARTURE LAST
                VALUE   (LST)  VALUE       VALUE  FROM      YEAR
                                                  NORMAL
..................................................................
TEMPERATURE (F)
 YESTERDAY
  MAXIMUM         93    256 PM 101    2009  94     -1       92
  MINIMUM         76   1249 AM  59    1967  74      2       77
  AVERAGE         85                        84      1

PRECIPITATION (IN)
  YESTERDAY        0.00          0.46 2007   0.08  -0.08     0.00
  MONTH TO DATE    3.76                      1.79   1.97     0.50
  SINCE MAR 1      9.74                      4.16   5.58     1.70
  SINCE JAN 1     10.33                      6.32   4.01     2.58

SNOWFALL (IN)
  YESTERDAY        0.0
  MONTH TO DATE    0.0
  SINCE MAR 1      0.0
  SINCE JUL 1      0.0

DEGREE DAYS
 HEATING
  YESTERDAY        0                         0      0        0
  MONTH TO DATE    0                         0      0        0
  SINCE MAR 1     66                        46     20      107
  SINCE JUL 1    756                       579    177      883

 COOLING
  YESTERDAY       20                        19      1       20
  MONTH TO DATE  451                       409     42      319
  SINCE MAR 1   1047                       981     66      804
  SINCE JAN 1   1132                      1140     -8      932
..................................................................


WIND (MPH)
  HIGHEST WIND SPEED    25   HIGHEST WIND DIRECTION    SE (150)
  HIGHEST GUST SPEED    33   HIGHEST GUST DIRECTION    SE (150)
  AVERAGE WIND SPEED    14.4



WEATHER CONDITIONS
 THE FOLLOWING WEATHER WAS RECORDED YESTERDAY.
  NO SIGNIFICANT WEATHER WAS OBSERVED.


RELATIVE HUMIDITY (PERCENT)
 HIGHEST    88
 LOWEST     62
 AVERAGE    75

..........................................................


THE MCALLEN CLIMATE NORMALS FOR TODAY
                         NORMAL    RECORD    YEAR
 MAXIMUM TEMPERATURE (F)   94       100      1955
 MINIMUM TEMPERATURE (F)   74        63      1947
                                             1951
                                             1967


SUNRISE AND SUNSET
MAY 26 2015...........SUNRISE   642 AM CDT   SUNSET   818 PM CDT
MAY 27 2015...........SUNRISE   642 AM CDT   SUNSET   819 PM CDT


-  INDICATES NEGATIVE NUMBERS.
R  INDICATES RECORD WAS SET OR TIED.
MM INDICATES DATA IS MISSING.
T  INDICATES TRACE AMOUNT.




$$
