000
CDUS44 KBRO 210626
CLIMFE


CLIMATE REPORT
NATIONAL WEATHER SERVICE BROWNSVILLE TX
126 AM CDT SAT OCT 21 2017


...................................

...THE MCALLEN CLIMATE SUMMARY FOR OCTOBER 20 2017...

CLIMATE NORMAL PERIOD 1981 TO 2010
CLIMATE RECORD PERIOD 1961 TO 2017


WEATHER ITEM   OBSERVED TIME   RECORD YEAR NORMAL DEPARTURE LAST
                VALUE   (LST)  VALUE       VALUE  FROM      YEAR
                                                  NORMAL
..................................................................
TEMPERATURE (F)
 YESTERDAY
  MAXIMUM         92    318 PM 100    2016  87      5      100
  MINIMUM         72    650 AM  44    1989  66      6       73
  AVERAGE         82                        76      6

PRECIPITATION (IN)
  YESTERDAY        0.00          2.13 2002   0.06  -0.06     0.09
  MONTH TO DATE    6.00                      1.44   4.56     0.14
  SINCE SEP 1      8.44                      5.91   2.53     1.83
  SINCE JAN 1     15.23                     19.48  -4.25    11.13

SNOWFALL (IN)
  YESTERDAY        0.0
  MONTH TO DATE    0.0
  SINCE SEP 1      0.0
  SINCE JUL 1      0.0

DEGREE DAYS
 HEATING
  YESTERDAY        0                         0      0        0
  MONTH TO DATE    0                         0      0        0
  SINCE SEP 1      0                         0      0        0
  SINCE JUL 1      0                         0      0        0

 COOLING
  YESTERDAY       17                        12      5       22
  MONTH TO DATE  311                       269     42      402
  SINCE SEP 1    961                       817    144     1123
  SINCE JAN 1   5227                      4068   1159     5025
..................................................................


WIND (MPH)
  HIGHEST WIND SPEED    17   HIGHEST WIND DIRECTION    SE (120)
  HIGHEST GUST SPEED    23   HIGHEST GUST DIRECTION    SE (120)
  AVERAGE WIND SPEED     8.4



WEATHER CONDITIONS
 THE FOLLOWING WEATHER WAS RECORDED YESTERDAY.
  FOG


RELATIVE HUMIDITY (PERCENT)
 HIGHEST    93
 LOWEST     47
 AVERAGE    70

..........................................................


THE MCALLEN CLIMATE NORMALS FOR TODAY
                         NORMAL    RECORD    YEAR
 MAXIMUM TEMPERATURE (F)   87        95      2004
                                             1984
 MINIMUM TEMPERATURE (F)   66        46      1964


SUNRISE AND SUNSET
OCTOBER 21 2017.......SUNRISE   735 AM CDT   SUNSET   659 PM CDT
OCTOBER 22 2017.......SUNRISE   736 AM CDT   SUNSET   658 PM CDT


-  INDICATES NEGATIVE NUMBERS.
R  INDICATES RECORD WAS SET OR TIED.
MM INDICATES DATA IS MISSING.
T  INDICATES TRACE AMOUNT.




$$
