000
CDUS44 KBRO 270625
CLIMFE


CLIMATE REPORT
NATIONAL WEATHER SERVICE BROWNSVILLE TX
125 AM CDT WED AUG 27 2014


...................................

...THE MCALLEN CLIMATE SUMMARY FOR AUGUST 26 2014...

CLIMATE NORMAL PERIOD 1981 TO 2010
CLIMATE RECORD PERIOD 1941 TO 2014


WEATHER ITEM   OBSERVED TIME   RECORD YEAR NORMAL DEPARTURE LAST
                VALUE   (LST)  VALUE       VALUE  FROM      YEAR
                                                  NORMAL
..................................................................
TEMPERATURE (F)
 YESTERDAY
  MAXIMUM        102    307 PM 103    1978  97      5       90
  MINIMUM         77    626 AM  67    1961  77      0       76
  AVERAGE         90                        87      3

PRECIPITATION (IN)
  YESTERDAY        0.00          2.00 1970   0.10  -0.10      T
  MONTH TO DATE    1.11                      1.64  -0.53     0.42
  SINCE JUN 1      2.01                      6.22  -4.21     2.46
  SINCE JAN 1      4.89                     13.00  -8.11     5.88

SNOWFALL (IN)
  YESTERDAY        0.0
  MONTH TO DATE    0.0
  SINCE JUN 1      0.0
  SINCE JUL 1      0.0

DEGREE DAYS
 HEATING
  YESTERDAY        0                         0      0        0
  MONTH TO DATE    0                         0      0        0
  SINCE JUN 1      0                         0      0        0
  SINCE JUL 1      0                         0      0        0

 COOLING
  YESTERDAY       25                        22      3       18
  MONTH TO DATE  645                       590     55      605
  SINCE JUN 1   2027                      1892    135     1980
  SINCE JAN 1   3083                      3147    -64     3276
..................................................................


WIND (MPH)
  HIGHEST WIND SPEED    18   HIGHEST WIND DIRECTION     E (90)
  HIGHEST GUST SPEED    24   HIGHEST GUST DIRECTION     E (90)
  AVERAGE WIND SPEED     6.5



WEATHER CONDITIONS
 THE FOLLOWING WEATHER WAS RECORDED YESTERDAY.
  NO SIGNIFICANT WEATHER WAS OBSERVED.


RELATIVE HUMIDITY (PERCENT)
 HIGHEST    91
 LOWEST     31
 AVERAGE    61

..........................................................


THE MCALLEN CLIMATE NORMALS FOR TODAY
                         NORMAL    RECORD    YEAR
 MAXIMUM TEMPERATURE (F)   97       103      2009
 MINIMUM TEMPERATURE (F)   76        67      1961


SUNRISE AND SUNSET
AUGUST 27 2014........SUNRISE   711 AM CDT   SUNSET   758 PM CDT
AUGUST 28 2014........SUNRISE   711 AM CDT   SUNSET   757 PM CDT


-  INDICATES NEGATIVE NUMBERS.
R  INDICATES RECORD WAS SET OR TIED.
MM INDICATES DATA IS MISSING.
T  INDICATES TRACE AMOUNT.




$$
