000
CDUS44 KBRO 182236
CLIMFE


CLIMATE REPORT
NATIONAL WEATHER SERVICE BROWNSVILLE TX
436 PM CST SUN FEB 18 2018


...................................

...THE MCALLEN CLIMATE SUMMARY FOR FEBRUARY 18 2018...
VALID TODAY AS OF 0400 PM LOCAL TIME.

CLIMATE NORMAL PERIOD 1981 TO 2010
CLIMATE RECORD PERIOD 1961 TO 2018


WEATHER ITEM   OBSERVED TIME   RECORD YEAR NORMAL DEPARTURE LAST
                VALUE   (LST)  VALUE       VALUE  FROM      YEAR
                                                  NORMAL
..................................................................
TEMPERATURE (F)
 TODAY
  MAXIMUM         88    201 PM  98    1986  76     12       93
  MINIMUM         72    735 AM  37    1979  55     17       60
  AVERAGE         80                        65     15       77

PRECIPITATION (IN)
  TODAY            0.00          0.33 2010   0.04  -0.04     0.00
  MONTH TO DATE    0.17                      0.78  -0.61     0.33
  SINCE DEC 1      1.94                      3.02  -1.08     1.94
  SINCE JAN 1      0.71                      1.83  -1.12     1.31

SNOWFALL (IN)
  TODAY            0.0
  MONTH TO DATE    0.0
  SINCE DEC 1      0.3
  SINCE JUL 1      0.3
  SNOW DEPTH       0

DEGREE DAYS
 HEATING
  TODAY            0                         3     -3        0
  MONTH TO DATE   59                        79    -20        8
  SINCE DEC 1    513                       446     67      181
  SINCE JUL 1    542                       506     36      188

 COOLING
  TODAY           15                         4     11       12
  MONTH TO DATE  107                        54     53      172
  SINCE DEC 1    233                       199     34      534
  SINCE JAN 1    145                       116     29      351
..................................................................


WIND (MPH)
  HIGHEST WIND SPEED    32   HIGHEST WIND DIRECTION    SE (140)
  HIGHEST GUST SPEED    38   HIGHEST GUST DIRECTION    SE (130)
  AVERAGE WIND SPEED    17.6



WEATHER CONDITIONS
 THE FOLLOWING WEATHER WAS RECORDED TODAY.
  NO SIGNIFICANT WEATHER WAS OBSERVED.


..........................................................


THE MCALLEN CLIMATE NORMALS FOR TOMORROW
                         NORMAL    RECORD    YEAR
 MAXIMUM TEMPERATURE (F)   76        97      1986
 MINIMUM TEMPERATURE (F)   55        37      1964


SUNRISE AND SUNSET
FEBRUARY 18 2018......SUNRISE   706 AM CST   SUNSET   628 PM CST
FEBRUARY 19 2018......SUNRISE   705 AM CST   SUNSET   629 PM CST


-  INDICATES NEGATIVE NUMBERS.
R  INDICATES RECORD WAS SET OR TIED.
MM INDICATES DATA IS MISSING.
T  INDICATES TRACE AMOUNT.




$$
