000
CDUS44 KBRO 302144
CLIMFE


CLIMATE REPORT
NATIONAL WEATHER SERVICE BROWNSVILLE TX
444 PM CDT SUN APR 30 2017


...................................

...THE MCALLEN CLIMATE SUMMARY FOR APRIL 30 2017...
VALID TODAY AS OF 0400 PM LOCAL TIME.

CLIMATE NORMAL PERIOD 1981 TO 2010
CLIMATE RECORD PERIOD 1961 TO 2017


WEATHER ITEM   OBSERVED TIME   RECORD YEAR NORMAL DEPARTURE LAST
                VALUE   (LST)  VALUE       VALUE  FROM      YEAR
                                                  NORMAL
..................................................................
TEMPERATURE (F)
 TODAY
  MAXIMUM         90    259 PM 101    2016  89      1      101
  MINIMUM         70    613 AM  52    1996  69      1       79
  AVERAGE         80                        79      1       90

PRECIPITATION (IN)
  TODAY            0.00          1.04 2003   0.06  -0.06      T
  MONTH TO DATE    0.73                      1.34  -0.61     0.59
  SINCE MAR 1      3.25                      2.37   0.88     0.62
  SINCE JAN 1      4.88                      4.53   0.35     1.02

SNOWFALL (IN)
  TODAY            0.0
  MONTH TO DATE    0.0
  SINCE MAR 1      0.0
  SINCE JUL 1      0.0
  SNOW DEPTH       0

DEGREE DAYS
 HEATING
  TODAY            0                         0      0        0
  MONTH TO DATE    0                         3     -3        1
  SINCE MAR 1      1                        46    -45        7
  SINCE JUL 1    189                       579   -390      318

 COOLING
  TODAY           15                        14      1       25
  MONTH TO DATE  489                       354    135      461
  SINCE MAR 1    850                       572    278      822
  SINCE JAN 1   1331                       731    600     1027
..................................................................


WIND (MPH)
  HIGHEST WIND SPEED    35   HIGHEST WIND DIRECTION     N (350)
  HIGHEST GUST SPEED    46   HIGHEST GUST DIRECTION     N (350)
  AVERAGE WIND SPEED    14.8



WEATHER CONDITIONS
 THE FOLLOWING WEATHER WAS RECORDED TODAY.
  NO SIGNIFICANT WEATHER WAS OBSERVED.


..........................................................


THE MCALLEN CLIMATE NORMALS FOR TOMORROW
                         NORMAL    RECORD    YEAR
 MAXIMUM TEMPERATURE (F)   89       100      1980
 MINIMUM TEMPERATURE (F)   69        57      1994


SUNRISE AND SUNSET
APRIL 30 2017.........SUNRISE   656 AM CDT   SUNSET   804 PM CDT
MAY  1 2017...........SUNRISE   655 AM CDT   SUNSET   805 PM CDT


-  INDICATES NEGATIVE NUMBERS.
R  INDICATES RECORD WAS SET OR TIED.
MM INDICATES DATA IS MISSING.
T  INDICATES TRACE AMOUNT.




$$
