000
CDUS44 KBRO 250633
CLIMFE


CLIMATE REPORT
NATIONAL WEATHER SERVICE BROWNSVILLE TX
131 AM CDT FRI JUL 25 2014


...................................

...THE MCALLEN CLIMATE SUMMARY FOR JULY 24 2014...

CLIMATE NORMAL PERIOD 1981 TO 2010
CLIMATE RECORD PERIOD 1941 TO 2014


WEATHER ITEM   OBSERVED TIME   RECORD YEAR NORMAL DEPARTURE LAST
                VALUE   (LST)  VALUE       VALUE  FROM      YEAR
                                                  NORMAL
..................................................................
TEMPERATURE (F)
 YESTERDAY
  MAXIMUM        103    237 PM 105    2009  98      5      101
                                      1980
  MINIMUM         78    642 AM  68    1952  77      1       79
                                      1974
  AVERAGE         91                        87      4

PRECIPITATION (IN)
  YESTERDAY        0.00          0.55 1949   0.05  -0.05     0.00
  MONTH TO DATE    0.60                      1.66  -1.06     1.16
  SINCE JUN 1      0.90                      4.24  -3.34     2.04
  SINCE JAN 1      3.78                     11.02  -7.24     5.46

SNOWFALL (IN)
  YESTERDAY        0.0
  MONTH TO DATE    0.0
  SINCE JUN 1      0.0
  SINCE JUL 1      0.0

DEGREE DAYS
 HEATING
  YESTERDAY        0                         0      0        0
  MONTH TO DATE    0                         0      0        0
  SINCE JUN 1      0                         0      0        0
  SINCE JUL 1      0                         0      0        0

 COOLING
  YESTERDAY       26                        22      4       25
  MONTH TO DATE  535                       518     17      517
  SINCE JUN 1   1205                      1146     59     1194
  SINCE JAN 1   2261                      2401   -140     2490
..................................................................


WIND (MPH)
  HIGHEST WIND SPEED    23   HIGHEST WIND DIRECTION    SE (120)
  HIGHEST GUST SPEED    32   HIGHEST GUST DIRECTION    SE (130)
  AVERAGE WIND SPEED     9.7



WEATHER CONDITIONS
 THE FOLLOWING WEATHER WAS RECORDED YESTERDAY.
  NO SIGNIFICANT WEATHER WAS OBSERVED.


RELATIVE HUMIDITY (PERCENT)
 HIGHEST    91
 LOWEST     31
 AVERAGE    61

..........................................................


THE MCALLEN CLIMATE NORMALS FOR TODAY
                         NORMAL    RECORD    YEAR
 MAXIMUM TEMPERATURE (F)   98       105      2009
 MINIMUM TEMPERATURE (F)   77        67      1976


SUNRISE AND SUNSET
JULY 25 2014..........SUNRISE   655 AM CDT   SUNSET   824 PM CDT
JULY 26 2014..........SUNRISE   656 AM CDT   SUNSET   823 PM CDT


-  INDICATES NEGATIVE NUMBERS.
R  INDICATES RECORD WAS SET OR TIED.
MM INDICATES DATA IS MISSING.
T  INDICATES TRACE AMOUNT.




$$
