000
CDUS44 KBRO 180628
CLIMFE


CLIMATE REPORT
NATIONAL WEATHER SERVICE BROWNSVILLE TX
128 AM CDT THU SEP 18 2014


...................................

...THE MCALLEN CLIMATE SUMMARY FOR SEPTEMBER 17 2014...

CLIMATE NORMAL PERIOD 1981 TO 2010
CLIMATE RECORD PERIOD 1941 TO 2014


WEATHER ITEM   OBSERVED TIME   RECORD YEAR NORMAL DEPARTURE LAST
                VALUE   (LST)  VALUE       VALUE  FROM      YEAR
                                                  NORMAL
..................................................................
TEMPERATURE (F)
 YESTERDAY
  MAXIMUM         91    415 PM 102    1968  93     -2       88
  MINIMUM         75    642 AM  61    2008  73      2       76
                                      1945
  AVERAGE         83                        83      0

PRECIPITATION (IN)
  YESTERDAY        0.00          0.95 2003   0.15  -0.15     0.54
  MONTH TO DATE    6.30                      2.78   3.52     5.99
  SINCE SEP 1      6.30                      2.78   3.52     5.99
  SINCE JAN 1     13.16                     16.35  -3.19    11.93

SNOWFALL (IN)
  YESTERDAY        0.0
  MONTH TO DATE    0.0
  SINCE SEP 1      0.0
  SINCE JUL 1      0.0

DEGREE DAYS
 HEATING
  YESTERDAY        0                         0      0        0
  MONTH TO DATE    0                         0      0        0
  SINCE SEP 1      0                         0      0        0
  SINCE JUL 1      0                         0      0        0

 COOLING
  YESTERDAY       18                        18      0       17
  MONTH TO DATE  311                       333    -22      319
  SINCE SEP 1    311                       333    -22      319
  SINCE JAN 1   3506                      3584    -78     3706
..................................................................


WIND (MPH)
  HIGHEST WIND SPEED    16   HIGHEST WIND DIRECTION    SE (130)
  HIGHEST GUST SPEED    21   HIGHEST GUST DIRECTION    SE (120)
  AVERAGE WIND SPEED     8.2



WEATHER CONDITIONS
 THE FOLLOWING WEATHER WAS RECORDED YESTERDAY.
  NO SIGNIFICANT WEATHER WAS OBSERVED.


RELATIVE HUMIDITY (PERCENT)
 HIGHEST   100
 LOWEST     59
 AVERAGE    80

..........................................................


THE MCALLEN CLIMATE NORMALS FOR TODAY
                         NORMAL    RECORD    YEAR
 MAXIMUM TEMPERATURE (F)   93       100      2011
                                             1968
                                             1987
 MINIMUM TEMPERATURE (F)   73        61      1945
                                             1951
                                             1961


SUNRISE AND SUNSET
SEPTEMBER 18 2014.....SUNRISE   720 AM CDT   SUNSET   734 PM CDT
SEPTEMBER 19 2014.....SUNRISE   720 AM CDT   SUNSET   733 PM CDT


-  INDICATES NEGATIVE NUMBERS.
R  INDICATES RECORD WAS SET OR TIED.
MM INDICATES DATA IS MISSING.
T  INDICATES TRACE AMOUNT.




$$
