000
CDUS44 KBRO 010626
CLIMFE


CLIMATE REPORT
NATIONAL WEATHER SERVICE BROWNSVILLE TX
126 AM CDT WED OCT 1 2014


...................................

...THE MCALLEN CLIMATE SUMMARY FOR SEPTEMBER 30 2014...

CLIMATE NORMAL PERIOD 1981 TO 2010
CLIMATE RECORD PERIOD 1941 TO 2014


WEATHER ITEM   OBSERVED TIME   RECORD YEAR NORMAL DEPARTURE LAST
                VALUE   (LST)  VALUE       VALUE  FROM      YEAR
                                                  NORMAL
..................................................................
TEMPERATURE (F)
 YESTERDAY
  MAXIMUM         89    435 PM  98    2011  90     -1       91
                                      2005
                                      1966
  MINIMUM         75    652 AM  54    1967  70      5       73
                                      1975
  AVERAGE         82                        80      2

PRECIPITATION (IN)
  YESTERDAY        T             3.20 1985   0.11  -0.11     0.00
  MONTH TO DATE   11.23                      4.47   6.76     6.22
  SINCE SEP 1     11.23                      4.47   6.76     6.22
  SINCE JAN 1     18.09                     18.04   0.05    12.16

SNOWFALL (IN)
  YESTERDAY        0.0
  MONTH TO DATE    0.0
  SINCE SEP 1      0.0
  SINCE JUL 1      0.0

DEGREE DAYS
 HEATING
  YESTERDAY        0                         0      0        0
  MONTH TO DATE    0                         0      0        0
  SINCE SEP 1      0                         0      0        0
  SINCE JUL 1      0                         0      0        0

 COOLING
  YESTERDAY       17                        15      2       17
  MONTH TO DATE  527                       548    -21      545
  SINCE SEP 1    527                       548    -21      545
  SINCE JAN 1   3722                      3799    -77     3932
..................................................................


WIND (MPH)
  HIGHEST WIND SPEED     8   HIGHEST WIND DIRECTION    SE (150)
  HIGHEST GUST SPEED    10   HIGHEST GUST DIRECTION     S (170)
  AVERAGE WIND SPEED     3.2



WEATHER CONDITIONS
 THE FOLLOWING WEATHER WAS RECORDED YESTERDAY.
  LIGHT RAIN
  FOG


RELATIVE HUMIDITY (PERCENT)
 HIGHEST   100
 LOWEST     59
 AVERAGE    80

..........................................................


THE MCALLEN CLIMATE NORMALS FOR TODAY
                         NORMAL    RECORD    YEAR
 MAXIMUM TEMPERATURE (F)   90        98      2009
                                             2005
                                             1966
 MINIMUM TEMPERATURE (F)   70        54      1975


SUNRISE AND SUNSET
OCTOBER  1 2014.......SUNRISE   725 AM CDT   SUNSET   719 PM CDT
OCTOBER  2 2014.......SUNRISE   726 AM CDT   SUNSET   718 PM CDT


-  INDICATES NEGATIVE NUMBERS.
R  INDICATES RECORD WAS SET OR TIED.
MM INDICATES DATA IS MISSING.
T  INDICATES TRACE AMOUNT.




$$
