000
CDUS46 KMFR 210036
CLIMFR


CLIMATE REPORT
NATIONAL WEATHER SERVICE MEDFORD, OR
436 PM PST SAT JAN 20 2018


...................................

...THE MEDFORD OR CLIMATE SUMMARY FOR JANUARY 20 2018...
VALID TODAY AS OF 0400 PM LOCAL TIME.

CLIMATE NORMAL PERIOD 1981 TO 2010
CLIMATE RECORD PERIOD 1911 TO 2018


WEATHER ITEM   OBSERVED TIME   RECORD YEAR NORMAL DEPARTURE LAST
                VALUE   (LST)  VALUE       VALUE  FROM      YEAR
                                                  NORMAL
..................................................................
TEMPERATURE (F)
 TODAY
  MAXIMUM         49    346 PM  71    1961  48      1       53
  MINIMUM         35    505 AM   8    1937  33      2       40
  AVERAGE         42                        41      1       47

PRECIPITATION (IN)
  TODAY            T             2.20 1943   0.07  -0.07     0.01
  MONTH TO DATE    1.14                      1.70  -0.56     4.32
  SINCE OCT 1      5.75                      9.34  -3.59    16.01
  SINCE JAN 1      1.14                      1.70  -0.56     4.32

SNOWFALL (IN)
  TODAY            0.0                       0.1   -0.1      0.0
  MONTH TO DATE    0.0                       0.9   -0.9     11.4
  SINCE JUL 1      0.0                       2.6   -2.6     11.8
  SNOW DEPTH       0

DEGREE DAYS
 HEATING
  TODAY           23                        24     -1       18
  MONTH TO DATE  432                       507    -75      592
  SINCE DEC 1   1258                      1304    -46     1444
  SINCE JUL 1   2193                      2273    -80     2217

 COOLING
  TODAY            0                         0      0        0
  MONTH TO DATE    0                         0      0        0
  SINCE DEC 1      0                         0      0        0
  SINCE JAN 1      0                         0      0        0
..................................................................


WIND (MPH)
  HIGHEST WIND SPEED     8   HIGHEST WIND DIRECTION     N (340)
  HIGHEST GUST SPEED    10   HIGHEST GUST DIRECTION     N (360)
  AVERAGE WIND SPEED     2.3


SKY COVER
  POSSIBLE SUNSHINE  MM
  AVERAGE SKY COVER 0.7


WEATHER CONDITIONS
 THE FOLLOWING WEATHER WAS RECORDED TODAY.
  LIGHT RAIN


RELATIVE HUMIDITY (PERCENT)
 HIGHEST   100           500 AM
 LOWEST     56           200 PM
 AVERAGE    78

..........................................................


THE MEDFORD OR CLIMATE NORMALS FOR TOMORROW
                         NORMAL    RECORD    YEAR
 MAXIMUM TEMPERATURE (F)   49        71      1981
 MINIMUM TEMPERATURE (F)   33         1      1962


SUNRISE AND SUNSET
JANUARY 20 2018.......SUNRISE   735 AM PST   SUNSET   510 PM PST
JANUARY 21 2018.......SUNRISE   734 AM PST   SUNSET   512 PM PST


-  INDICATES NEGATIVE NUMBERS.
R  INDICATES RECORD WAS SET OR TIED.
MM INDICATES DATA IS MISSING.
T  INDICATES TRACE AMOUNT.




$$
