000
CDUS46 KMFR 070037
CLIMFR


CLIMATE REPORT
NATIONAL WEATHER SERVICE MEDFORD, OR
437 PM PST SAT FEB 6 2016


...................................

...THE MEDFORD OR CLIMATE SUMMARY FOR FEBRUARY 6 2016...
VALID TODAY AS OF 0400 PM LOCAL TIME.

CLIMATE NORMAL PERIOD 1981 TO 2010
CLIMATE RECORD PERIOD 1911 TO 2016


WEATHER ITEM   OBSERVED TIME   RECORD YEAR NORMAL DEPARTURE LAST
                VALUE   (LST)  VALUE       VALUE  FROM      YEAR
                                                  NORMAL
..................................................................
TEMPERATURE (F)
 TODAY
  MAXIMUM         58    359 PM  67    1963  52      6       56
  MINIMUM         44    322 AM  12    1989  34     10       49
  AVERAGE         51                        43      8       53

PRECIPITATION (IN)
  TODAY            0.00          0.75 2015   0.07  -0.07     0.75
  MONTH TO DATE    0.25                      0.42  -0.17     2.31
  SINCE OCT 1     14.23                     10.49   3.74    10.41
  SINCE JAN 1      4.47                      2.85   1.62     3.56

SNOWFALL (IN)
  TODAY            0.0                       0.0    0.0      0.0
  MONTH TO DATE    1.2                       0.1    1.1      0.0
  SINCE JUL 1      1.9                       3.1   -1.2       T
  SNOW DEPTH       0

DEGREE DAYS
 HEATING
  TODAY           14                        22     -8       12
  MONTH TO DATE  136                       134      2       91
  SINCE DEC 1   1509                      1697   -188     1386
  SINCE JUL 1   2313                      2666   -353     2060

 COOLING
  TODAY            0                         0      0        0
  MONTH TO DATE    0                         0      0        0
  SINCE DEC 1      0                         0      0        0
  SINCE JAN 1      0                         0      0        0
..................................................................


WIND (MPH)
  HIGHEST WIND SPEED     7   HIGHEST WIND DIRECTION    NE (30)
  HIGHEST GUST SPEED     8   HIGHEST GUST DIRECTION    SW (230)
  AVERAGE WIND SPEED     1.5


SKY COVER
  POSSIBLE SUNSHINE  MM
  AVERAGE SKY COVER 0.9


WEATHER CONDITIONS
 THE FOLLOWING WEATHER WAS RECORDED TODAY.
  LIGHT RAIN


RELATIVE HUMIDITY (PERCENT)
 HIGHEST    89           400 AM
 LOWEST     66          1200 PM
 AVERAGE    78

..........................................................


THE MEDFORD OR CLIMATE NORMALS FOR TOMORROW
                         NORMAL    RECORD    YEAR
 MAXIMUM TEMPERATURE (F)   53        67      1996
                                             1954
 MINIMUM TEMPERATURE (F)   34        13      1929


SUNRISE AND SUNSET
FEBRUARY  6 2016......SUNRISE   720 AM PST   SUNSET   532 PM PST
FEBRUARY  7 2016......SUNRISE   719 AM PST   SUNSET   533 PM PST


-  INDICATES NEGATIVE NUMBERS.
R  INDICATES RECORD WAS SET OR TIED.
MM INDICATES DATA IS MISSING.
T  INDICATES TRACE AMOUNT.




$$
