000
CDUS46 KMFR 232150
CLIMFR

CLIMATE REPORT
NATIONAL WEATHER SERVICE MEDFORD, OR
149 PM PST MON JAN 23 2017


...................................

...THE MEDFORD OR CLIMATE SUMMARY FOR JANUARY 22 2017...

CLIMATE NORMAL PERIOD 1981 TO 2010
CLIMATE RECORD PERIOD 1911 TO 2017


WEATHER ITEM   OBSERVED TIME   RECORD YEAR NORMAL DEPARTURE LAST
                VALUE   (LST)  VALUE       VALUE  FROM      YEAR
                                                  NORMAL
..................................................................
TEMPERATURE (F)
 YESTERDAY
  MAXIMUM         49   1234 AM  70    1970  49      0       57
  MINIMUM         35   1159 PM   0    1962  33      2       43
  AVERAGE         42                        41      1       50

PRECIPITATION (IN)
  YESTERDAY        0.26          1.34 1972   0.07   0.19     0.60
  MONTH TO DATE    4.88                      1.84   3.04     3.19
  SINCE OCT 1     16.57                      9.48   7.09    12.95
  SINCE JAN 1      4.88                      1.84   3.04     3.19

SNOWFALL (IN)
  YESTERDAY        0.0                       0.1   -0.1      0.0
  MONTH TO DATE   11.4                       1.0   10.4      0.0
  SINCE JUL 1     11.8                       2.7    9.1      0.7
  SNOW DEPTH       0

DEGREE DAYS
 HEATING
  YESTERDAY       23                        24     -1       15
  MONTH TO DATE  636                       555     81      499
  SINCE DEC 1   1488                      1352    136     1199
  SINCE JUL 1   2261                      2321    -60     2003

 COOLING
  YESTERDAY        0                         0      0        0
  MONTH TO DATE    0                         0      0        0
  SINCE DEC 1      0                         0      0        0
  SINCE JAN 1      0                         0      0        0
..................................................................


WIND (MPH)
  HIGHEST WIND SPEED    37   HIGHEST WIND DIRECTION    SE (150)
  HIGHEST GUST SPEED    45   HIGHEST GUST DIRECTION    SE (150)
  AVERAGE WIND SPEED     6.9


SKY COVER
  POSSIBLE SUNSHINE  MM
  AVERAGE SKY COVER 0.6


WEATHER CONDITIONS
 THE FOLLOWING WEATHER WAS RECORDED YESTERDAY.
  RAIN
  LIGHT RAIN
  FOG


RELATIVE HUMIDITY (PERCENT)
 HIGHEST    92           600 AM
 LOWEST     52          1200 AM
 AVERAGE    72

..........................................................


THE MEDFORD OR CLIMATE NORMALS FOR TODAY
                         NORMAL    RECORD    YEAR
 MAXIMUM TEMPERATURE (F)   49        67      2014
 MINIMUM TEMPERATURE (F)   33         5      1962


SUNRISE AND SUNSET
JANUARY 23 2017.......SUNRISE   733 AM PST   SUNSET   514 PM PST
JANUARY 24 2017.......SUNRISE   732 AM PST   SUNSET   516 PM PST


-  INDICATES NEGATIVE NUMBERS.
R  INDICATES RECORD WAS SET OR TIED.
MM INDICATES DATA IS MISSING.
T  INDICATES TRACE AMOUNT.

&&

LOW TEMPERATURE THIS MORNING...30 DEGREES
24-HOUR PRECIPITATION..........TRACE

$$
