000
CDUS46 KMFR 031208
CLIMFR

CLIMATE REPORT
NATIONAL WEATHER SERVICE MEDFORD, OR
505 AM PDT MON AUG 3 2015


...................................

...THE MEDFORD OR CLIMATE SUMMARY FOR AUGUST 2 2015...

CLIMATE NORMAL PERIOD 1981 TO 2010
CLIMATE RECORD PERIOD 1911 TO 2015


WEATHER ITEM   OBSERVED TIME   RECORD YEAR NORMAL DEPARTURE LAST
                VALUE   (LST)  VALUE       VALUE  FROM      YEAR
                                                  NORMAL
..................................................................
TEMPERATURE (F)
 YESTERDAY
  MAXIMUM         83   1249 PM 105    1993  93    -10       99
  MINIMUM         70    749 AM  45    1956  59     11       67
  AVERAGE         77                        76      1       83

PRECIPITATION (IN)
  YESTERDAY        T             0.10 2003   0.01  -0.01     0.00
  MONTH TO DATE    0.01                      0.02  -0.01     0.00
  SINCE OCT 1     14.29                     17.40  -3.11    12.44
  SINCE JAN 1      7.44                      9.76  -2.32    10.76

SNOWFALL (IN)
  YESTERDAY        0.0                       0.0    0.0      0.0
  MONTH TO DATE    0.0                       0.0    0.0      0.0
  SINCE JUL 1      0.0                       0.0    0.0      0.0
  SNOW DEPTH       0

DEGREE DAYS
 HEATING
  YESTERDAY        0                         0      0        0
  MONTH TO DATE    0                         0      0        0
  SINCE JUN 1     10                        60    -50       22
  SINCE JUL 1      0                         6     -6        0

 COOLING
  YESTERDAY       12                        11      1       18
  MONTH TO DATE   35                        22     13       37
  SINCE JUN 1    771                       416    355      619
  SINCE JAN 1    816                       454    362      675
..................................................................


WIND (MPH)
  HIGHEST WIND SPEED    22   HIGHEST WIND DIRECTION     N (10)
  HIGHEST GUST SPEED    24   HIGHEST GUST DIRECTION     N (10)
  AVERAGE WIND SPEED     2.9


SKY COVER
  POSSIBLE SUNSHINE  MM
  AVERAGE SKY COVER 0.6


WEATHER CONDITIONS
 THE FOLLOWING WEATHER WAS RECORDED YESTERDAY.
  RAIN
  HAZE


RELATIVE HUMIDITY (PERCENT)
 HIGHEST    73          1100 PM
 LOWEST     34          1200 AM
 AVERAGE    54

..........................................................


THE MEDFORD OR CLIMATE NORMALS FOR TODAY
                         NORMAL    RECORD    YEAR
 MAXIMUM TEMPERATURE (F)   93       106      1987
                                             1961
 MINIMUM TEMPERATURE (F)   59        44      1956


SUNRISE AND SUNSET
AUGUST  3 2015........SUNRISE   606 AM PDT   SUNSET   829 PM PDT
AUGUST  4 2015........SUNRISE   607 AM PDT   SUNSET   828 PM PDT


-  INDICATES NEGATIVE NUMBERS.
R  INDICATES RECORD WAS SET OR TIED.
MM INDICATES DATA IS MISSING.
T  INDICATES TRACE AMOUNT.

&&

LOW TEMPERATURE THIS MORNING...67 DEGREES
24-HOUR PRECIPITATION..........TRACE

$$
