000
CDUS46 KMFR 231335
CLIMFR

CLIMATE REPORT
NATIONAL WEATHER SERVICE MEDFORD, OR
500 AM PDT WED JUL 23 2014


...................................

...THE MEDFORD OR CLIMATE SUMMARY FOR JULY 22 2014...

CLIMATE NORMAL PERIOD 1981 TO 2010
CLIMATE RECORD PERIOD 1911 TO 2014


WEATHER ITEM   OBSERVED TIME   RECORD YEAR NORMAL DEPARTURE LAST
                VALUE   (LST)  VALUE       VALUE  FROM      YEAR
                                                  NORMAL
..................................................................
TEMPERATURE (F)
 YESTERDAY
  MAXIMUM         89    243 PM 106    2006  92     -3      102
                                      1928
  MINIMUM         66   1159 PM  43    1965  58      8       60
  AVERAGE         78                        75      3       81

PRECIPITATION (IN)
  YESTERDAY        T             0.33 1987   0.01  -0.01     0.00
  MONTH TO DATE    0.01                      0.21  -0.20     0.00
  SINCE SEP 1     15.11                     17.88  -2.77    16.88
  SINCE JAN 1     10.67                      9.67   1.00     4.13

SNOWFALL (IN)
  YESTERDAY        0.0                       0.0    0.0      0.0
  MONTH TO DATE    0.0                       0.0    0.0      0.0
  SINCE JUL 1      0.0                       0.0    0.0      0.0
  SNOW DEPTH       0

DEGREE DAYS
 HEATING
  YESTERDAY        0                         0      0        0
  MONTH TO DATE    0                         1     -1        0
  SINCE JUN 1     22                        55    -33       35
  SINCE JUL 1      0                         1     -1        0

 COOLING
  YESTERDAY       13                        10      3       16
  MONTH TO DATE  353                       189    164      308
  SINCE JUN 1    464                       297    167      454
  SINCE JAN 1    520                       335    185      489
..................................................................


WIND (MPH)
  HIGHEST WIND SPEED    22   HIGHEST WIND DIRECTION     S (160)
  HIGHEST GUST SPEED    24   HIGHEST GUST DIRECTION     S (170)
  AVERAGE WIND SPEED     6.2


SKY COVER
  POSSIBLE SUNSHINE  MM
  AVERAGE SKY COVER 0.4


WEATHER CONDITIONS
 THE FOLLOWING WEATHER WAS RECORDED YESTERDAY.

  THUNDERSTORM
  LIGHT RAIN


RELATIVE HUMIDITY (PERCENT)
 HIGHEST    81          1000 PM
 LOWEST     29          1200 AM
 AVERAGE    55

..........................................................


THE MEDFORD OR CLIMATE NORMALS FOR TODAY
                         NORMAL    RECORD    YEAR
 MAXIMUM TEMPERATURE (F)   93       107      2006
 MINIMUM TEMPERATURE (F)   58        44      1922


SUNRISE AND SUNSET
JULY 23 2014..........SUNRISE   555 AM PDT   SUNSET   840 PM PDT
JULY 24 2014..........SUNRISE   556 AM PDT   SUNSET   839 PM PDT


-  INDICATES NEGATIVE NUMBERS.
R  INDICATES RECORD WAS SET OR TIED.
MM INDICATES DATA IS MISSING.
T  INDICATES TRACE AMOUNT.

&&

LOW TEMPERATURE THIS MORNING............. 63
24 HOUR PRECIPITATION.................... TRACE

$$
