000
CDUS46 KMFR 281812
CLIMFR

CLIMATE REPORT
NATIONAL WEATHER SERVICE MEDFORD, OR
1110 AM PDT THU APR 28 2016


...................................

...THE MEDFORD OR CLIMATE SUMMARY FOR APRIL 27 2016...

CLIMATE NORMAL PERIOD 1981 TO 2010
CLIMATE RECORD PERIOD 1911 TO 2016


WEATHER ITEM   OBSERVED TIME   RECORD YEAR NORMAL DEPARTURE LAST
                VALUE   (LST)  VALUE       VALUE  FROM      YEAR
                                                  NORMAL
..................................................................
TEMPERATURE (F)
 YESTERDAY
  MAXIMUM         62    321 PM  95    1926  68     -6       87
  MINIMUM         46    426 AM  27    1955  43      3       43
  AVERAGE         54                        55     -1       65

PRECIPITATION (IN)
  YESTERDAY        0.05          0.64 2010   0.04   0.01     0.00
  MONTH TO DATE    0.90                      1.25  -0.35     0.60
  SINCE OCT 1     18.36                     15.04   3.32    13.35
  SINCE JAN 1      8.60                      7.40   1.20     6.50

SNOWFALL (IN)
  YESTERDAY       MM                         0.0   MM        0.0
  MONTH TO DATE    0.0                       0.1   -0.1      0.0
  SINCE JUL 1      1.9                       4.2   -2.3       T
  SNOW DEPTH       0

DEGREE DAYS
 HEATING
  YESTERDAY       11                        10      1        0
  MONTH TO DATE  186                       337   -151      322
  SINCE MAR 1    631                       855   -224      677
  SINCE JUL 1   3305                      3969   -664     3117

 COOLING
  YESTERDAY        0                         0      0        0
  MONTH TO DATE   17                         0     17        0
  SINCE MAR 1     17                         0     17        0
  SINCE JAN 1     17                         0     17        0
..................................................................


WIND (MPH)
  HIGHEST WIND SPEED    16   HIGHEST WIND DIRECTION     N (10)
  HIGHEST GUST SPEED    21   HIGHEST GUST DIRECTION     N (360)
  AVERAGE WIND SPEED     5.1


SKY COVER
  POSSIBLE SUNSHINE  MM
  AVERAGE SKY COVER 0.9


WEATHER CONDITIONS
 THE FOLLOWING WEATHER WAS RECORDED YESTERDAY.
  LIGHT RAIN


RELATIVE HUMIDITY (PERCENT)
 HIGHEST    83           800 PM
 LOWEST     47          1200 PM
 AVERAGE    65

..........................................................


THE MEDFORD OR CLIMATE NORMALS FOR TODAY
                         NORMAL    RECORD    YEAR
 MAXIMUM TEMPERATURE (F)   68        96      1926
 MINIMUM TEMPERATURE (F)   43        26      1967


SUNRISE AND SUNSET
APRIL 28 2016.........SUNRISE   610 AM PDT   SUNSET   808 PM PDT
APRIL 29 2016.........SUNRISE   609 AM PDT   SUNSET   810 PM PDT


-  INDICATES NEGATIVE NUMBERS.
R  INDICATES RECORD WAS SET OR TIED.
MM INDICATES DATA IS MISSING.
T  INDICATES TRACE AMOUNT.

&&

LOW TEMPERATURE THIS MORNING....47 DEGREES
24-HOUR PRECIPITATION.........0.05 INCHES

$$
