349
CDUS46 KMFR 230835
CLIMFR


CLIMATE REPORT
NATIONAL WEATHER SERVICE MEDFORD, OR
135 AM PDT FRI JUN 23 2017


...................................

...THE MEDFORD OR CLIMATE SUMMARY FOR JUNE 22 2017...

CLIMATE NORMAL PERIOD 1981 TO 2010
CLIMATE RECORD PERIOD 1911 TO 2017


WEATHER ITEM   OBSERVED TIME   RECORD YEAR NORMAL DEPARTURE LAST
                VALUE   (LST)  VALUE       VALUE  FROM      YEAR
                                                  NORMAL
..................................................................
TEMPERATURE (F)
 YESTERDAY
  MAXIMUM         97    437 PM 111    1992  84     13       88
  MINIMUM         56    526 AM  40    1993  53      3       55
                                      1943
  AVERAGE         77                        68      9       72

PRECIPITATION (IN)
  YESTERDAY        0.00          0.74 1958   0.02  -0.02     0.00
  MONTH TO DATE    0.37                      0.52  -0.15     0.57
  SINCE OCT 1     24.64                     17.00   7.64    19.32
  SINCE JAN 1     12.95                      9.36   3.59     9.56

SNOWFALL (IN)
  YESTERDAY        0.0                       0.0    0.0      0.0
  MONTH TO DATE    0.0                       0.0    0.0      0.0
  SINCE JUL 1     11.8                       4.1    7.7      1.9
  SNOW DEPTH       0

DEGREE DAYS
 HEATING
  YESTERDAY        0                         1     -1        0
  MONTH TO DATE   45                        47     -2       40
  SINCE JUN 1     45                        47     -2       40
  SINCE JUL 1   4063                      4244   -181     3460

 COOLING
  YESTERDAY       12                         4      8        7
  MONTH TO DATE  103                        63     40      130
  SINCE JUN 1    103                        63     40      130
  SINCE JAN 1    190                       101     89      191
..................................................................


WIND (MPH)
  HIGHEST WIND SPEED    16   HIGHEST WIND DIRECTION     N (340)
  HIGHEST GUST SPEED    20   HIGHEST GUST DIRECTION     N (350)
  AVERAGE WIND SPEED     4.0


SKY COVER
  POSSIBLE SUNSHINE  MM
  AVERAGE SKY COVER 0.0


WEATHER CONDITIONS
 THE FOLLOWING WEATHER WAS RECORDED YESTERDAY.
  NO SIGNIFICANT WEATHER WAS OBSERVED.


RELATIVE HUMIDITY (PERCENT)
 HIGHEST    72           600 AM
 LOWEST     14           400 PM
 AVERAGE    43

..........................................................


THE MEDFORD OR CLIMATE NORMALS FOR TODAY
                         NORMAL    RECORD    YEAR
 MAXIMUM TEMPERATURE (F)   84       104      1926
 MINIMUM TEMPERATURE (F)   53        39      1920


SUNRISE AND SUNSET
JUNE 23 2017..........SUNRISE   535 AM PDT   SUNSET   852 PM PDT
JUNE 24 2017..........SUNRISE   536 AM PDT   SUNSET   852 PM PDT


-  INDICATES NEGATIVE NUMBERS.
R  INDICATES RECORD WAS SET OR TIED.
MM INDICATES DATA IS MISSING.
T  INDICATES TRACE AMOUNT.




$$
