000
CDUS46 KMFR 290854
CLIMFR


CLIMATE REPORT
NATIONAL WEATHER SERVICE MEDFORD, OR
154 AM PDT SAT APR 29 2017


...................................

...THE MEDFORD OR CLIMATE SUMMARY FOR APRIL 28 2017...

CLIMATE NORMAL PERIOD 1981 TO 2010
CLIMATE RECORD PERIOD 1911 TO 2017


WEATHER ITEM   OBSERVED TIME   RECORD YEAR NORMAL DEPARTURE LAST
                VALUE   (LST)  VALUE       VALUE  FROM      YEAR
                                                  NORMAL
..................................................................
TEMPERATURE (F)
 YESTERDAY
  MAXIMUM         65    529 PM  96    1926  68     -3       69
  MINIMUM         36    513 AM  26    1967  43     -7       47
  AVERAGE         51                        55     -4       58

PRECIPITATION (IN)
  YESTERDAY        0.00          0.59 1948   0.05  -0.05     0.00
  MONTH TO DATE    0.95                      1.30  -0.35     0.90
  SINCE OCT 1     23.69                     15.09   8.60    18.36
  SINCE JAN 1     12.00                      7.45   4.55     8.60

SNOWFALL (IN)
  YESTERDAY        0.0                       0.0    0.0      0.0
  MONTH TO DATE    0.0                       0.1   -0.1      0.0
  SINCE JUL 1     11.8                       4.2    7.6      1.9
  SNOW DEPTH       0

DEGREE DAYS
 HEATING
  YESTERDAY       14                        10      4        7
  MONTH TO DATE  361                       347     14      193
  SINCE MAR 1    830                       865    -35      638
  SINCE JUL 1   3875                      3979   -104     3312

 COOLING
  YESTERDAY        0                         0      0        0
  MONTH TO DATE    0                         0      0       17
  SINCE MAR 1      0                         0      0       17
  SINCE JAN 1      0                         0      0       17
..................................................................


WIND (MPH)
  HIGHEST WIND SPEED    10   HIGHEST WIND DIRECTION    NW (330)
  HIGHEST GUST SPEED    13   HIGHEST GUST DIRECTION     N (340)
  AVERAGE WIND SPEED     3.1


SKY COVER
  POSSIBLE SUNSHINE  MM
  AVERAGE SKY COVER 0.2


WEATHER CONDITIONS
 THE FOLLOWING WEATHER WAS RECORDED YESTERDAY.
  NO SIGNIFICANT WEATHER WAS OBSERVED.


RELATIVE HUMIDITY (PERCENT)
 HIGHEST    85           500 AM
 LOWEST     27           300 PM
 AVERAGE    56

..........................................................


THE MEDFORD OR CLIMATE NORMALS FOR TODAY
                         NORMAL    RECORD    YEAR
 MAXIMUM TEMPERATURE (F)   69        90      1957
 MINIMUM TEMPERATURE (F)   43        28      1914
                                             1911


SUNRISE AND SUNSET
APRIL 29 2017.........SUNRISE   609 AM PDT   SUNSET   809 PM PDT
APRIL 30 2017.........SUNRISE   608 AM PDT   SUNSET   810 PM PDT


-  INDICATES NEGATIVE NUMBERS.
R  INDICATES RECORD WAS SET OR TIED.
MM INDICATES DATA IS MISSING.
T  INDICATES TRACE AMOUNT.




$$
