000
CDUS46 KMFR 210035
CLIMFR


CLIMATE REPORT
NATIONAL WEATHER SERVICE MEDFORD, OR
435 PM PST MON FEB 20 2017


...................................

...THE MEDFORD OR CLIMATE SUMMARY FOR FEBRUARY 20 2017...
VALID TODAY AS OF 0400 PM LOCAL TIME.

CLIMATE NORMAL PERIOD 1981 TO 2010
CLIMATE RECORD PERIOD 1911 TO 2017


WEATHER ITEM   OBSERVED TIME   RECORD YEAR NORMAL DEPARTURE LAST
                VALUE   (LST)  VALUE       VALUE  FROM      YEAR
                                                  NORMAL
..................................................................
TEMPERATURE (F)
 TODAY
  MAXIMUM         61    258 PM  72    1982  56      5       54
  MINIMUM         41    625 AM  18    1920  34      7       37
  AVERAGE         51                        45      6       46

PRECIPITATION (IN)
  TODAY            0.06          1.66 1956   0.07  -0.01     0.00
  MONTH TO DATE    3.15                      1.44   1.71     0.85
  SINCE OCT 1     19.73                     11.51   8.22    14.83
  SINCE JAN 1      8.04                      3.87   4.17     5.07

SNOWFALL (IN)
  TODAY            0.0                       0.0    0.0      0.0
  MONTH TO DATE    0.0                       0.4   -0.4      1.2
  SINCE JUL 1     11.8                       3.4    8.4      1.9
  SNOW DEPTH       0

DEGREE DAYS
 HEATING
  TODAY           14                        20     -6       19
  MONTH TO DATE  347                       427    -80      335
  SINCE DEC 1   2072                      1990     82     1708
  SINCE JUL 1   2845                      2959   -114     2512

 COOLING
  TODAY            0                         0      0        0
  MONTH TO DATE    0                         0      0        0
  SINCE DEC 1      0                         0      0        0
  SINCE JAN 1      0                         0      0        0
..................................................................


WIND (MPH)
  HIGHEST WIND SPEED    18   HIGHEST WIND DIRECTION     W (260)
  HIGHEST GUST SPEED    26   HIGHEST GUST DIRECTION     W (250)
  AVERAGE WIND SPEED     6.4


SKY COVER
  POSSIBLE SUNSHINE  MM
  AVERAGE SKY COVER 0.8


WEATHER CONDITIONS
 THE FOLLOWING WEATHER WAS RECORDED TODAY.
  LIGHT RAIN
  FOG
  FOG W/VISIBILITY <= 1/4 MILE


RELATIVE HUMIDITY (PERCENT)
 HIGHEST   100          1200 AM
 LOWEST     46           300 PM
 AVERAGE    73

..........................................................


THE MEDFORD OR CLIMATE NORMALS FOR TOMORROW
                         NORMAL    RECORD    YEAR
 MAXIMUM TEMPERATURE (F)   56        71      1973
 MINIMUM TEMPERATURE (F)   35        21      1975
                                             1955


SUNRISE AND SUNSET
FEBRUARY 20 2017......SUNRISE   700 AM PST   SUNSET   551 PM PST
FEBRUARY 21 2017......SUNRISE   659 AM PST   SUNSET   552 PM PST


-  INDICATES NEGATIVE NUMBERS.
R  INDICATES RECORD WAS SET OR TIED.
MM INDICATES DATA IS MISSING.
T  INDICATES TRACE AMOUNT.




$$
