000
CDUS44 KBMX 192142
CLIMGM


CLIMATE REPORT
NATIONAL WEATHER SERVICE BIRMINGHAM, AL
438 PM CDT FRI SEP 19 2014


...................................

...THE MONTGOMERY CLIMATE SUMMARY FOR SEPTEMBER 19 2014...
VALID AS OF 0400 PM LOCAL TIME.

CLIMATE NORMAL PERIOD 1981 TO 2010
CLIMATE RECORD PERIOD 1872 TO 2014


WEATHER ITEM   OBSERVED TIME   RECORD YEAR NORMAL DEPARTURE LAST
                VALUE   (LST)  VALUE       VALUE  FROM      YEAR
                                                  NORMAL
..................................................................
TEMPERATURE (F)
 TODAY
  MAXIMUM         93    156 PM 102    1925  87      6       90
  MINIMUM         67    523 AM  49    1903  64      3       66
  AVERAGE         80                        75      5       78

PRECIPITATION (IN)
  TODAY            0.00          1.64 1892   0.13  -0.13     0.00
  MONTH TO DATE    0.51                      2.60  -2.09     0.10
  SINCE SEP 1      0.51                      2.60  -2.09     0.10
  SINCE JAN 1     40.26                     39.31   0.95    43.11

DEGREE DAYS

 COOLING
  TODAY           15                        11      4       13
  MONTH TO DATE  336                       247     89      301
  SINCE SEP 1    336                       247     89      301
  SINCE JAN 1   2235                      2036    199     2123
..................................................................


WIND (MPH)
  HIGHEST WIND SPEED    14   HIGHEST WIND DIRECTION    NE (50)
  HIGHEST GUST SPEED    20   HIGHEST GUST DIRECTION     E (90)
  AVERAGE WIND SPEED     4.4


SKY COVER
  AVERAGE SKY COVER 0.0


WEATHER CONDITIONS
 THE FOLLOWING WEATHER WAS RECORDED TODAY.
  NO SIGNIFICANT WEATHER WAS OBSERVED.


RELATIVE HUMIDITY (PERCENT)
 HIGHEST    90           400 AM
 LOWEST     36           200 PM
 AVERAGE    63

..........................................................


THE MONTGOMERY CLIMATE NORMALS FOR TOMORROW
                         NORMAL    RECORD    YEAR
 MAXIMUM TEMPERATURE (F)   86       101      1925
 MINIMUM TEMPERATURE (F)   64        50      1889


SUNRISE AND SUNSET
SEPTEMBER 19 2014.....SUNRISE   632 AM CDT   SUNSET   646 PM CDT
SEPTEMBER 20 2014.....SUNRISE   632 AM CDT   SUNSET   645 PM CDT


-  INDICATES NEGATIVE NUMBERS.
R  INDICATES RECORD WAS SET OR TIED.
MM INDICATES DATA IS MISSING.
T  INDICATES TRACE AMOUNT.




$$
