000
CDUS44 KBMX 260811
CLIMGM


CLIMATE REPORT
NATIONAL WEATHER SERVICE BIRMINGHAM, AL
209 AM CST FRI DEC 26 2014


...................................

...THE MONTGOMERY CLIMATE SUMMARY FOR DECEMBER 25 2014...

CLIMATE NORMAL PERIOD 1981 TO 2010
CLIMATE RECORD PERIOD 1872 TO 2014


WEATHER ITEM   OBSERVED TIME   RECORD YEAR NORMAL DEPARTURE LAST
                VALUE   (LST)  VALUE       VALUE  FROM      YEAR
                                                  NORMAL
..................................................................
TEMPERATURE (F)
 YESTERDAY
  MAXIMUM         56    330 PM  81    1987  58     -2       50
  MINIMUM         34   1159 PM   5    1983  36     -2       25
  AVERAGE         45                        47     -2       38

PRECIPITATION (IN)
  YESTERDAY        0.00          1.72 2012   0.15  -0.15     0.00
  MONTH TO DATE    3.20                      3.99  -0.79     7.18
  SINCE DEC 1      3.20                      3.99  -0.79     7.18
  SINCE JAN 1     46.91                     52.20  -5.29    54.44

SNOWFALL (IN)
  YESTERDAY        0.0                       0.0    0.0      0.0
  MONTH TO DATE    0.0                       0.1   -0.1      0.0
  SINCE DEC 1      0.0                       0.1   -0.1      0.0
  SINCE JUL 1      0.0                       0.1   -0.1      0.0
  SNOW DEPTH       0

DEGREE DAYS
 HEATING
  YESTERDAY       20                        18      2       27
  MONTH TO DATE  304                       406   -102      315
  SINCE DEC 1    304                       406   -102      315
  SINCE JUL 1    767                       777    -10      683
..................................................................


WIND (MPH)
  HIGHEST WIND SPEED    10   HIGHEST WIND DIRECTION     W (280)
  HIGHEST GUST SPEED    14   HIGHEST GUST DIRECTION     W (280)
  AVERAGE WIND SPEED     2.6


SKY COVER
  AVERAGE SKY COVER 0.0


WEATHER CONDITIONS
 THE FOLLOWING WEATHER WAS RECORDED YESTERDAY.
  NO SIGNIFICANT WEATHER WAS OBSERVED.


RELATIVE HUMIDITY (PERCENT)
 HIGHEST    85           400 AM
 LOWEST     47           200 PM
 AVERAGE    66

..........................................................


THE MONTGOMERY CLIMATE NORMALS FOR TODAY
                         NORMAL    RECORD    YEAR
 MAXIMUM TEMPERATURE (F)   58        80      1987
 MINIMUM TEMPERATURE (F)   36         8      1983


SUNRISE AND SUNSET
DECEMBER 26 2014......SUNRISE   645 AM CST   SUNSET   447 PM CST
DECEMBER 27 2014......SUNRISE   645 AM CST   SUNSET   448 PM CST


-  INDICATES NEGATIVE NUMBERS.
R  INDICATES RECORD WAS SET OR TIED.
MM INDICATES DATA IS MISSING.
T  INDICATES TRACE AMOUNT.




$$
