446
CDUS44 KBMX 140741
CLIMGM


CLIMATE REPORT
NATIONAL WEATHER SERVICE BIRMINGHAM, AL
140 AM CST SUN FEB 14 2016


...................................

...THE MONTGOMERY CLIMATE SUMMARY FOR FEBRUARY 13 2016...

CLIMATE NORMAL PERIOD 1981 TO 2010
CLIMATE RECORD PERIOD 1872 TO 2016


WEATHER ITEM   OBSERVED TIME   RECORD YEAR NORMAL DEPARTURE LAST
                VALUE   (LST)  VALUE       VALUE  FROM      YEAR
                                                  NORMAL
..................................................................
TEMPERATURE (F)
 YESTERDAY
  MAXIMUM         53    356 PM  85    1962  61     -8       51
  MINIMUM         36   1159 PM  -5    1899  39     -3       28
  AVERAGE         45                        50     -5       40

PRECIPITATION (IN)
  YESTERDAY        0.00          2.88 1927   0.19  -0.19     0.00
  MONTH TO DATE    1.45                      2.43  -0.98     1.32
  SINCE DEC 1     20.83                     11.94   8.89     9.03
  SINCE JAN 1      6.70                      7.08  -0.38     4.14

SNOWFALL (IN)
  YESTERDAY        0.0                       0.0    0.0      0.0
  MONTH TO DATE    0.0                       0.0    0.0      0.0
  SINCE DEC 1      T                         0.1   -0.1      0.0
  SINCE JUL 1      T                         0.1   -0.1      0.0
  SNOW DEPTH       0

DEGREE DAYS
 HEATING
  YESTERDAY       20                        15      5       25
  MONTH TO DATE  205                       212     -7      236
  SINCE DEC 1    993                      1303   -310     1181
  SINCE JUL 1   1180                      1674   -494     1644
..................................................................


WIND (MPH)
  HIGHEST WIND SPEED    18   HIGHEST WIND DIRECTION    NW (320)
  HIGHEST GUST SPEED    24   HIGHEST GUST DIRECTION     N (340)
  AVERAGE WIND SPEED     8.1


SKY COVER
  AVERAGE SKY COVER 0.0


WEATHER CONDITIONS
 THE FOLLOWING WEATHER WAS RECORDED YESTERDAY.
  NO SIGNIFICANT WEATHER WAS OBSERVED.


RELATIVE HUMIDITY (PERCENT)
 HIGHEST    54           400 AM
 LOWEST     15           300 PM
 AVERAGE    35

..........................................................


THE MONTGOMERY CLIMATE NORMALS FOR TODAY
                         NORMAL    RECORD    YEAR
 MAXIMUM TEMPERATURE (F)   62        80      1962
                                             1903
 MINIMUM TEMPERATURE (F)   39         8      1899


SUNRISE AND SUNSET
FEBRUARY 14 2016......SUNRISE   630 AM CST   SUNSET   530 PM CST
FEBRUARY 15 2016......SUNRISE   629 AM CST   SUNSET   531 PM CST


-  INDICATES NEGATIVE NUMBERS.
R  INDICATES RECORD WAS SET OR TIED.
MM INDICATES DATA IS MISSING.
T  INDICATES TRACE AMOUNT.




$$
