000
CDUS44 KBMX 230114
CLIMGM


CLIMATE REPORT
NATIONAL WEATHER SERVICE BIRMINGHAM, AL
814 PM CDT SAT JUL 22 2017


...................................

...THE MONTGOMERY CLIMATE SUMMARY FOR JULY 22 2017...
VALID TODAY AS OF 0700 PM LOCAL TIME.

CLIMATE NORMAL PERIOD 1981 TO 2010
CLIMATE RECORD PERIOD 1872 TO 2017


WEATHER ITEM   OBSERVED TIME   RECORD YEAR NORMAL DEPARTURE LAST
                VALUE   (LST)  VALUE       VALUE  FROM      YEAR
                                                  NORMAL
..................................................................
TEMPERATURE (F)
 TODAY
  MAXIMUM         94    259 PM 100    2006  92      2       94
                                      1993
                                      1878
  MINIMUM         73    514 AM  63    1971  72      1       74
  AVERAGE         84                        82      2       84

PRECIPITATION (IN)
  TODAY            0.00          3.70 2013   0.17  -0.17     0.02
  MONTH TO DATE    3.17                      3.88  -0.71     5.07
  SINCE JUN 1     15.21                      7.95   7.26     7.80
  SINCE JAN 1     49.13                     31.39  17.74    30.03

DEGREE DAYS
 COOLING
  TODAY           19                        17      2       19
  MONTH TO DATE  424                       368     56      439
  SINCE JUN 1    860                       787     73      957
  SINCE JAN 1   1442                      1126    316     1418
..................................................................


WIND (MPH)
  HIGHEST WIND SPEED     9   HIGHEST WIND DIRECTION     S (200)
  HIGHEST GUST SPEED    11   HIGHEST GUST DIRECTION    SW (210)
  AVERAGE WIND SPEED     2.6


SKY COVER
  AVERAGE SKY COVER 0.1


WEATHER CONDITIONS
 THE FOLLOWING WEATHER WAS RECORDED TODAY.
  FOG
  HAZE


RELATIVE HUMIDITY (PERCENT)
 HIGHEST    87          1200 AM
 LOWEST     46           300 PM
 AVERAGE    67

..........................................................


THE MONTGOMERY CLIMATE NORMALS FOR TOMORROW
                         NORMAL    RECORD    YEAR
 MAXIMUM TEMPERATURE (F)   92       103      1952
 MINIMUM TEMPERATURE (F)   72        61      1947


SUNRISE AND SUNSET
JULY 22 2017..........SUNRISE   554 AM CDT   SUNSET   750 PM CDT
JULY 23 2017..........SUNRISE   555 AM CDT   SUNSET   749 PM CDT


-  INDICATES NEGATIVE NUMBERS.
R  INDICATES RECORD WAS SET OR TIED.
MM INDICATES DATA IS MISSING.
T  INDICATES TRACE AMOUNT.




$$
