828
CDUS44 KBMX 250734
CLIMGM


CLIMATE REPORT
NATIONAL WEATHER SERVICE BIRMINGHAM, AL
234 AM CDT THU MAY 25 2017


...................................

...THE MONTGOMERY CLIMATE SUMMARY FOR MAY 24 2017...

CLIMATE NORMAL PERIOD 1981 TO 2010
CLIMATE RECORD PERIOD 1872 TO 2017


WEATHER ITEM   OBSERVED TIME   RECORD YEAR NORMAL DEPARTURE LAST
                VALUE   (LST)  VALUE       VALUE  FROM      YEAR
                                                  NORMAL
..................................................................
TEMPERATURE (F)
 YESTERDAY
  MAXIMUM         79    112 PM  96    1996  86     -7       89
  MINIMUM         60   1159 PM  47    1892  63     -3       58
  AVERAGE         70                        74     -4       74

PRECIPITATION (IN)
  YESTERDAY        0.23          1.87 1924   0.11   0.12     0.00
  MONTH TO DATE   12.28                      2.77   9.51     0.73
  SINCE MAR 1     18.76                     12.74   6.02    11.57
  SINCE JAN 1     33.46                     22.67  10.79    22.23

DEGREE DAYS
 COOLING
  YESTERDAY        5                        10     -5        9
  MONTH TO DATE  191                       163     28      173
  SINCE MAR 1    460                       258    202      346
  SINCE JAN 1    506                       264    242      359
..................................................................


WIND (MPH)
  HIGHEST WIND SPEED    22   HIGHEST WIND DIRECTION     W (280)
  HIGHEST GUST SPEED    29   HIGHEST GUST DIRECTION    SW (240)
  AVERAGE WIND SPEED     8.5


SKY COVER
  AVERAGE SKY COVER 0.6


WEATHER CONDITIONS
 THE FOLLOWING WEATHER WAS RECORDED YESTERDAY.
  HEAVY RAIN
  RAIN
  LIGHT RAIN
  FOG
  HAZE


RELATIVE HUMIDITY (PERCENT)
 HIGHEST    87           100 AM
 LOWEST     40           300 PM
 AVERAGE    64

..........................................................


THE MONTGOMERY CLIMATE NORMALS FOR TODAY
                         NORMAL    RECORD    YEAR
 MAXIMUM TEMPERATURE (F)   86        96      1915
 MINIMUM TEMPERATURE (F)   63        51      1983


SUNRISE AND SUNSET
MAY 25 2017...........SUNRISE   542 AM CDT   SUNSET   743 PM CDT
MAY 26 2017...........SUNRISE   542 AM CDT   SUNSET   744 PM CDT


-  INDICATES NEGATIVE NUMBERS.
R  INDICATES RECORD WAS SET OR TIED.
MM INDICATES DATA IS MISSING.
T  INDICATES TRACE AMOUNT.




$$
