000
CDUS44 KBMX 300035
CLIMGM


CLIMATE REPORT
NATIONAL WEATHER SERVICE BIRMINGHAM, AL
732 PM CDT SAT AUG 29 2015


...................................

...THE MONTGOMERY CLIMATE SUMMARY FOR AUGUST 29 2015...
VALID TODAY AS OF 0700 PM LOCAL TIME.

CLIMATE NORMAL PERIOD 1981 TO 2010
CLIMATE RECORD PERIOD 1994 TO 2015


WEATHER ITEM   OBSERVED TIME   RECORD YEAR NORMAL DEPARTURE LAST
                VALUE   (LST)  VALUE       VALUE  FROM      YEAR
                                                  NORMAL
..................................................................
TEMPERATURE (F)
 TODAY
  MAXIMUM         89   1254 PM 102    1951  91     -2       95
  MINIMUM         72    602 AM  56    1992  70      2       67
  AVERAGE         81                        80      1       81

PRECIPITATION (IN)
  TODAY            0.06          2.77 1974   0.13  -0.07     0.00
  MONTH TO DATE    1.64                      3.71  -2.07     3.29
  SINCE JUN 1     10.60                     13.02  -2.42    10.74
  SINCE JAN 1     31.10                     36.46  -5.36    39.63

DEGREE DAYS
 COOLING
  TODAY           16                        15      1       16
  MONTH TO DATE  535                       481     54      514
  SINCE JUN 1   1650                      1421    229     1494
  SINCE JAN 1   2188                      1760    428     1860
..................................................................


WIND (MPH)
  HIGHEST WIND SPEED    20   HIGHEST WIND DIRECTION     N (20)
  HIGHEST GUST SPEED    25   HIGHEST GUST DIRECTION     N (20)
  AVERAGE WIND SPEED     6.4


SKY COVER
  AVERAGE SKY COVER 0.1


WEATHER CONDITIONS
 THE FOLLOWING WEATHER WAS RECORDED TODAY.
  THUNDERSTORM
  RAIN
  LIGHT RAIN


RELATIVE HUMIDITY (PERCENT)
 HIGHEST    90           500 AM
 LOWEST     55           100 PM
 AVERAGE    73

..........................................................


THE MONTGOMERY CLIMATE NORMALS FOR TOMORROW
                         NORMAL    RECORD    YEAR
 MAXIMUM TEMPERATURE (F)   91       103      1948
 MINIMUM TEMPERATURE (F)   70        57      1968


SUNRISE AND SUNSET
AUGUST 29 2015........SUNRISE   619 AM CDT   SUNSET   714 PM CDT
AUGUST 30 2015........SUNRISE   619 AM CDT   SUNSET   713 PM CDT


-  INDICATES NEGATIVE NUMBERS.
R  INDICATES RECORD WAS SET OR TIED.
MM INDICATES DATA IS MISSING.
T  INDICATES TRACE AMOUNT.




$$
