000
CDUS44 KBMX 220852
CLIMGM


CLIMATE REPORT
NATIONAL WEATHER SERVICE BIRMINGHAM, AL
252 AM CST SUN JAN 22 2017


...................................

...THE MONTGOMERY CLIMATE SUMMARY FOR JANUARY 21 2017...

CLIMATE NORMAL PERIOD 1981 TO 2010
CLIMATE RECORD PERIOD 1872 TO 2017


WEATHER ITEM   OBSERVED TIME   RECORD YEAR NORMAL DEPARTURE LAST
                VALUE   (LST)  VALUE       VALUE  FROM      YEAR
                                                  NORMAL
..................................................................
TEMPERATURE (F)
 YESTERDAY
  MAXIMUM         72    402 PM  81    1999  58     14       59
  MINIMUM         61   1005 AM   0    1985  36     25       50
  AVERAGE         67                        47     20       55

PRECIPITATION (IN)
  YESTERDAY        2.06R         1.71 1877   0.16   1.90     1.58
  MONTH TO DATE   10.11                      2.97   7.14     3.36
  SINCE DEC 1     14.22                      7.83   6.39    17.49
  SINCE JAN 1     10.11                      2.97   7.14     3.36

SNOWFALL (IN)
  YESTERDAY        0.0                       0.0    0.0      0.0
  MONTH TO DATE    0.0                       0.0    0.0      0.0
  SINCE DEC 1      0.0                       0.1   -0.1      0.0
  SINCE JUL 1      0.0                       0.1   -0.1      0.0
  SNOW DEPTH       0

DEGREE DAYS
 HEATING
  YESTERDAY        0                        18    -18       10
  MONTH TO DATE  181                       398   -217      404
  SINCE DEC 1    530                       915   -385      623
  SINCE JUL 1    705                      1286   -581      810
..................................................................


WIND (MPH)
  HIGHEST WIND SPEED    33   HIGHEST WIND DIRECTION    SW (230)
  HIGHEST GUST SPEED    47   HIGHEST GUST DIRECTION    SW (240)
  AVERAGE WIND SPEED     8.1


SKY COVER
  AVERAGE SKY COVER 0.6


WEATHER CONDITIONS
 THE FOLLOWING WEATHER WAS RECORDED YESTERDAY.
  THUNDERSTORM
  HEAVY RAIN
  RAIN
  LIGHT RAIN
  FOG
  HAZE


RELATIVE HUMIDITY (PERCENT)
 HIGHEST    90           700 AM
 LOWEST     66           300 PM
 AVERAGE    78

..........................................................


THE MONTGOMERY CLIMATE NORMALS FOR TODAY
                         NORMAL    RECORD    YEAR
 MAXIMUM TEMPERATURE (F)   58        81      1937
 MINIMUM TEMPERATURE (F)   36        12      1985


SUNRISE AND SUNSET
JANUARY 22 2017.......SUNRISE   645 AM CST   SUNSET   510 PM CST
JANUARY 23 2017.......SUNRISE   644 AM CST   SUNSET   511 PM CST


-  INDICATES NEGATIVE NUMBERS.
R  INDICATES RECORD WAS SET OR TIED.
MM INDICATES DATA IS MISSING.
T  INDICATES TRACE AMOUNT.




$$
