000
CDUS44 KBMX 050751
CLIMGM


CLIMATE REPORT
NATIONAL WEATHER SERVICE BIRMINGHAM, AL
150 AM CST THU MAR 5 2015


...................................

...THE MONTGOMERY CLIMATE SUMMARY FOR MARCH 4 2015...

CLIMATE NORMAL PERIOD 1981 TO 2010
CLIMATE RECORD PERIOD 1994 TO 2015


WEATHER ITEM   OBSERVED TIME   RECORD YEAR NORMAL DEPARTURE LAST
                VALUE   (LST)  VALUE       VALUE  FROM      YEAR
                                                  NORMAL
..................................................................
TEMPERATURE (F)
 YESTERDAY
  MAXIMUM         81    328 PM  82    1976  67     14       44
                                      1955
                                      1880
  MINIMUM         64    502 AM  21    1943  43     21       33
  AVERAGE         73                        55     18       39

PRECIPITATION (IN)
  YESTERDAY        0.05          5.43 1929   0.19  -0.14     0.19
  MONTH TO DATE    0.18                      0.77  -0.59     0.34
  SINCE MAR 1      0.18                      0.77  -0.59     0.34
  SINCE JAN 1      7.84                     10.70  -2.86     8.01

SNOWFALL (IN)
  YESTERDAY        0.0                       0.0    0.0      0.0
  MONTH TO DATE    0.0                       0.0    0.0      0.0
  SINCE MAR 1      0.0                       0.0    0.0      0.0
  SINCE JUL 1      0.0                       0.1   -0.1      0.5
  SNOW DEPTH       0

DEGREE DAYS
 HEATING
  YESTERDAY        0                        11    -11       26
  MONTH TO DATE   23                        44    -21       48
  SINCE MAR 1     23                        44    -21       48
  SINCE JUL 1   1993                      1916     77     2006

 COOLING
  YESTERDAY        8                         0      8        0
  MONTH TO DATE   12                         0     12        0
  SINCE MAR 1     12                         0     12        0
  SINCE JAN 1     12                         6      6        7
..................................................................


WIND (MPH)
  HIGHEST WIND SPEED    18   HIGHEST WIND DIRECTION     S (190)
  HIGHEST GUST SPEED    25   HIGHEST GUST DIRECTION     S (170)
  AVERAGE WIND SPEED     8.5


SKY COVER
  AVERAGE SKY COVER 0.8


WEATHER CONDITIONS
 THE FOLLOWING WEATHER WAS RECORDED YESTERDAY.
  FOG


RELATIVE HUMIDITY (PERCENT)
 HIGHEST    93           400 AM
 LOWEST     54          1200 PM
 AVERAGE    74

..........................................................


THE MONTGOMERY CLIMATE NORMALS FOR TODAY
                         NORMAL    RECORD    YEAR
 MAXIMUM TEMPERATURE (F)   67        85      1989
                                             1880
 MINIMUM TEMPERATURE (F)   43        20      2002


SUNRISE AND SUNSET
MARCH  5 2015.........SUNRISE   609 AM CST   SUNSET   546 PM CST
MARCH  6 2015.........SUNRISE   607 AM CST   SUNSET   547 PM CST


-  INDICATES NEGATIVE NUMBERS.
R  INDICATES RECORD WAS SET OR TIED.
MM INDICATES DATA IS MISSING.
T  INDICATES TRACE AMOUNT.




$$
