000
CDUS44 KBMX 220850
CLIMGM


CLIMATE REPORT
NATIONAL WEATHER SERVICE BIRMINGHAM, AL
250 AM CST WED NOV 22 2017


...................................

...THE MONTGOMERY CLIMATE SUMMARY FOR NOVEMBER 21 2017...

CLIMATE NORMAL PERIOD 1981 TO 2010
CLIMATE RECORD PERIOD 1872 TO 2017


WEATHER ITEM   OBSERVED TIME   RECORD YEAR NORMAL DEPARTURE LAST
                VALUE   (LST)  VALUE       VALUE  FROM      YEAR
                                                  NORMAL
..................................................................
TEMPERATURE (F)
 YESTERDAY
  MAXIMUM         68    328 PM  83    2011  67      1       69
  MINIMUM         37    121 AM  21    1887  42     -5       27
  AVERAGE         53                        55     -2       48

PRECIPITATION (IN)
  YESTERDAY        0.00          3.22 1991   0.17  -0.17     0.00
  MONTH TO DATE    0.66                      3.08  -2.42      T
  SINCE SEP 1      8.55                      9.97  -1.42     2.36
  SINCE JAN 1     67.15                     46.68  20.47    35.40

SNOWFALL (IN)
  YESTERDAY        0.0                       0.0    0.0      0.0
  MONTH TO DATE    0.0                       0.0    0.0      0.0
  SINCE SEP 1      0.0                       0.0    0.0      0.0
  SINCE JUL 1      0.0                       0.0    0.0      0.0
  SNOW DEPTH       0

DEGREE DAYS
 HEATING
  YESTERDAY       12                        11      1       17
  MONTH TO DATE  156                       171    -15      105
  SINCE SEP 1    226                       262    -36      117
  SINCE JUL 1    226                       262    -36      117
..................................................................


WIND (MPH)
  HIGHEST WIND SPEED     9   HIGHEST WIND DIRECTION    NW (320)
  HIGHEST GUST SPEED    11   HIGHEST GUST DIRECTION    NW (330)
  AVERAGE WIND SPEED     2.6


SKY COVER
  AVERAGE SKY COVER 0.3


WEATHER CONDITIONS
 THE FOLLOWING WEATHER WAS RECORDED YESTERDAY.
  NO SIGNIFICANT WEATHER WAS OBSERVED.


RELATIVE HUMIDITY (PERCENT)
 HIGHEST    92           400 AM
 LOWEST     37           300 PM
 AVERAGE    65

..........................................................


THE MONTGOMERY CLIMATE NORMALS FOR TODAY
                         NORMAL    RECORD    YEAR
 MAXIMUM TEMPERATURE (F)   67        81      2011
                                             2010
                                             1983
 MINIMUM TEMPERATURE (F)   42        21      2000


SUNRISE AND SUNSET
NOVEMBER 22 2017......SUNRISE   621 AM CST   SUNSET   442 PM CST
NOVEMBER 23 2017......SUNRISE   622 AM CST   SUNSET   442 PM CST


-  INDICATES NEGATIVE NUMBERS.
R  INDICATES RECORD WAS SET OR TIED.
MM INDICATES DATA IS MISSING.
T  INDICATES TRACE AMOUNT.




$$
