000
CDUS44 KBMX 010801
CLIMGM


CLIMATE REPORT
NATIONAL WEATHER SERVICE BIRMINGHAM, AL
251 AM CDT SUN MAY 1 2016


...................................

...THE MONTGOMERY CLIMATE SUMMARY FOR APRIL 30 2016...

CLIMATE NORMAL PERIOD 1981 TO 2010
CLIMATE RECORD PERIOD 1872 TO 2016


WEATHER ITEM   OBSERVED TIME   RECORD YEAR NORMAL DEPARTURE LAST
                VALUE   (LST)  VALUE       VALUE  FROM      YEAR
                                                  NORMAL
..................................................................
TEMPERATURE (F)
 YESTERDAY
  MAXIMUM         87    150 PM  94    2007  80      7       79
  MINIMUM         65    538 AM  40    2008  56      9       51
  AVERAGE         76                        68      8       65

PRECIPITATION (IN)
  YESTERDAY        0.00          3.16 1953   0.11  -0.11     0.00
  MONTH TO DATE    6.62                      4.02   2.60     6.50
  SINCE MAR 1     10.84                      9.97   0.87     8.50
  SINCE JAN 1     21.50                     19.90   1.60    16.16

SNOWFALL (IN)
  YESTERDAY        0.0                       0.0    0.0      0.0
  MONTH TO DATE    0.0                       T      0.0      0.0
  SINCE MAR 1      0.0                       0.3   -0.3      0.0
  SINCE JUL 1      T                         0.4   -0.4      0.0
  SNOW DEPTH       0

DEGREE DAYS
 HEATING
  YESTERDAY        0                         1     -1        0
  MONTH TO DATE   37                        98    -61       13
  SINCE MAR 1    159                       354   -195      165
  SINCE JUL 1   1484                      2226   -742     2135

 COOLING
  YESTERDAY       11                         4      7        0
  MONTH TO DATE  100                        72     28      150
  SINCE MAR 1    173                        95     78      221
  SINCE JAN 1    186                       101     85      221
..................................................................


WIND (MPH)
  HIGHEST WIND SPEED    15   HIGHEST WIND DIRECTION     S (170)
  HIGHEST GUST SPEED    19   HIGHEST GUST DIRECTION     S (160)
  AVERAGE WIND SPEED     4.9


SKY COVER
  AVERAGE SKY COVER 0.0


WEATHER CONDITIONS
 THE FOLLOWING WEATHER WAS RECORDED YESTERDAY.
  HAZE


RELATIVE HUMIDITY (PERCENT)
 HIGHEST    93           500 AM
 LOWEST     45          1200 PM
 AVERAGE    69

..........................................................


THE MONTGOMERY CLIMATE NORMALS FOR TODAY
                         NORMAL    RECORD    YEAR
 MAXIMUM TEMPERATURE (F)   80        92      1901
 MINIMUM TEMPERATURE (F)   56        44      1999
                                             1996
                                             1908


SUNRISE AND SUNSET
MAY  1 2016...........SUNRISE   559 AM CDT   SUNSET   727 PM CDT
MAY  2 2016...........SUNRISE   558 AM CDT   SUNSET   728 PM CDT


-  INDICATES NEGATIVE NUMBERS.
R  INDICATES RECORD WAS SET OR TIED.
MM INDICATES DATA IS MISSING.
T  INDICATES TRACE AMOUNT.




$$
