000
CDUS44 KBMX 030706
CLIMGM


CLIMATE REPORT
NATIONAL WEATHER SERVICE BIRMINGHAM, AL
204 AM CDT WED JUN 3 2015


...................................

...THE MONTGOMERY CLIMATE SUMMARY FOR JUNE 2 2015...

CLIMATE NORMAL PERIOD 1981 TO 2010
CLIMATE RECORD PERIOD 1994 TO 2015


WEATHER ITEM   OBSERVED TIME   RECORD YEAR NORMAL DEPARTURE LAST
                VALUE   (LST)  VALUE       VALUE  FROM      YEAR
                                                  NORMAL
..................................................................
TEMPERATURE (F)
 YESTERDAY
  MAXIMUM         85    514 PM  99    2011  88     -3       79
  MINIMUM         68    221 AM  50    1972  65      3       68
  AVERAGE         77                        77      0       74

PRECIPITATION (IN)
  YESTERDAY        0.15          1.88 1938   0.12   0.03     0.01
  MONTH TO DATE    0.15                      0.23  -0.08     0.38
  SINCE JUN 1      0.15                      0.23  -0.08     0.38
  SINCE JAN 1     20.65                     23.67  -3.02    29.27

DEGREE DAYS
 COOLING
  YESTERDAY       12                        12      0        9
  MONTH TO DATE   23                        23      0       23
  SINCE JUN 1     23                        23      0       23
  SINCE JAN 1    561                       362    199      389
..................................................................


WIND (MPH)
  HIGHEST WIND SPEED    13   HIGHEST WIND DIRECTION     S (170)
  HIGHEST GUST SPEED    15   HIGHEST GUST DIRECTION     S (170)
  AVERAGE WIND SPEED     3.1


SKY COVER
  AVERAGE SKY COVER 0.6


WEATHER CONDITIONS
 THE FOLLOWING WEATHER WAS RECORDED YESTERDAY.
  RAIN
  LIGHT RAIN
  FOG


RELATIVE HUMIDITY (PERCENT)
 HIGHEST    97           300 AM
 LOWEST     55           600 PM
 AVERAGE    76

..........................................................


THE MONTGOMERY CLIMATE NORMALS FOR TODAY
                         NORMAL    RECORD    YEAR
 MAXIMUM TEMPERATURE (F)   88        99      2011
                                             1911
 MINIMUM TEMPERATURE (F)   66        49      1956


SUNRISE AND SUNSET
JUNE  3 2015..........SUNRISE   539 AM CDT   SUNSET   749 PM CDT
JUNE  4 2015..........SUNRISE   539 AM CDT   SUNSET   749 PM CDT


-  INDICATES NEGATIVE NUMBERS.
R  INDICATES RECORD WAS SET OR TIED.
MM INDICATES DATA IS MISSING.
T  INDICATES TRACE AMOUNT.




$$
