000
CDUS43 KFSD 010633
CLIMHE


CLIMATE REPORT
NATIONAL WEATHER SERVICE SIOUX FALLS SD
1233 AM CST WED MAR 1 2017


...................................

...THE MITCHELL SD CLIMATE SUMMARY FOR FEBRUARY 28 2017...

CLIMATE NORMAL PERIOD 1981 TO 2010
CLIMATE RECORD PERIOD 1893 TO 2017


WEATHER ITEM   OBSERVED TIME   RECORD YEAR NORMAL DEPARTURE LAST
                VALUE   (LST)  VALUE       VALUE  FROM      YEAR
                                                  NORMAL
..................................................................
TEMPERATURE (F)
 YESTERDAY
  MAXIMUM         37   1219 PM  67    1905  38     -1       48
  MINIMUM         29   1159 PM -35    1962  18     11       34
  AVERAGE         33                        28      5       41

PRECIPITATION (IN)
  YESTERDAY        T             1.23 2012   0.01  -0.01     0.09
  MONTH TO DATE    0.40                      0.34   0.06     0.45
  SINCE DEC 1      2.27                      1.01   1.26     1.93
  SINCE JAN 1      1.16                      0.56   0.60     0.90

SNOWFALL (IN)
  YESTERDAY        T            11.2  2007  MM     MM        0.0
  MONTH TO DATE    2.4                      MM     MM        2.9
  SINCE DEC 1     19.9                      MM     MM       24.0
  SINCE JUL 1     25.4                      MM     MM       37.2
  SNOW DEPTH       0

DEGREE DAYS
 HEATING
  YESTERDAY       32                        37     -5       24
  MONTH TO DATE  885                      1155   -270      954
  SINCE DEC 1   3640                      3954   -314     3572
  SINCE JUL 1   4734                      5522   -788     4755

 COOLING
  YESTERDAY        0                         0      0        0
  MONTH TO DATE    0                         0      0        0
  SINCE DEC 1      0                         0      0        0
  SINCE JAN 1      0                         0      0        0
..................................................................


WIND (MPH)
  HIGHEST WIND SPEED    17   HIGHEST WIND DIRECTION    NW (330)
  HIGHEST GUST SPEED    21   HIGHEST GUST DIRECTION    NW (330)
  AVERAGE WIND SPEED    11.8


SKY COVER
  POSSIBLE SUNSHINE  MM
  AVERAGE SKY COVER 0.8


WEATHER CONDITIONS
 THE FOLLOWING WEATHER WAS RECORDED YESTERDAY.
  LIGHT RAIN
  LIGHT SNOW
  FOG


RELATIVE HUMIDITY (PERCENT)
 HIGHEST    96          1000 AM
 LOWEST     75           100 PM
 AVERAGE    86

..........................................................


THE MITCHELL SD CLIMATE NORMALS FOR TODAY
                         NORMAL    RECORD    YEAR
 MAXIMUM TEMPERATURE (F)   38        75      1992
 MINIMUM TEMPERATURE (F)   19       -20      1962


SUNRISE AND SUNSET
MARCH  1 2017.........SUNRISE   708 AM CST   SUNSET   621 PM CST
MARCH  2 2017.........SUNRISE   707 AM CST   SUNSET   622 PM CST


-  INDICATES NEGATIVE NUMBERS.
R  INDICATES RECORD WAS SET OR TIED.
MM INDICATES DATA IS MISSING.
T  INDICATES TRACE AMOUNT.




$$
