254
CDUS46 KMFR 230835
CLIMHS


CLIMATE REPORT
NATIONAL WEATHER SERVICE MEDFORD, OR
135 AM PDT WED AUG 23 2017


...................................

...THE MT SHASTA CITY CA CLIMATE SUMMARY FOR AUGUST 22 2017...

CLIMATE NORMAL PERIOD 1981 TO 2010
CLIMATE RECORD PERIOD 1908 TO 2017


WEATHER ITEM   OBSERVED TIME   RECORD YEAR NORMAL DEPARTURE LAST
                VALUE   (LST)  VALUE       VALUE  FROM      YEAR
                                                  NORMAL
..................................................................
TEMPERATURE (F)
 YESTERDAY
  MAXIMUM         90    213 PM  97    1982  84      6       92
  MINIMUM         53    512 AM  34    1968  47      6       55
  AVERAGE         72                        66      6       74

PRECIPITATION (IN)
  YESTERDAY        0.14          0.41 1976   0.01   0.13     0.00
  MONTH TO DATE    0.14                      0.22  -0.08     0.00
  SINCE OCT 1     59.87                     42.42  17.45    42.31
  SINCE JAN 1     38.71                     27.21  11.50    32.82

SNOWFALL (IN)
  YESTERDAY       MM                         0.0   MM       MM
  MONTH TO DATE   MM                         0.0   MM       MM
  SINCE JUL 1     MM                         0.0   MM       MM
  SNOW DEPTH      MM

DEGREE DAYS
 HEATING
  YESTERDAY        0                         2     -2        0
  MONTH TO DATE    0                        24    -24        0
  SINCE JUN 1    105                       199    -94      102
  SINCE JUL 1      0                        57    -57       15

 COOLING
  YESTERDAY        7                         2      5        9
  MONTH TO DATE  180                        73    107      159
  SINCE JUN 1    523                       233    290      441
  SINCE JAN 1    537                       241    296      449
..................................................................


WIND (MPH)
  HIGHEST WIND SPEED     7   HIGHEST WIND DIRECTION    SE (130)
  HIGHEST GUST SPEED    12   HIGHEST GUST DIRECTION    SE (140)
  AVERAGE WIND SPEED     0.9


SKY COVER
  POSSIBLE SUNSHINE  MM
  AVERAGE SKY COVER 0.1


WEATHER CONDITIONS
 THE FOLLOWING WEATHER WAS RECORDED YESTERDAY.
  HEAVY RAIN
  LIGHT RAIN
  FOG
  HAZE


RELATIVE HUMIDITY (PERCENT)
 HIGHEST    93           600 AM
 LOWEST     32           100 PM

..........................................................


THE MT SHASTA CITY CA CLIMATE NORMALS FOR TODAY
                         NORMAL    RECORD    YEAR
 MAXIMUM TEMPERATURE (F)   84        96      1982
 MINIMUM TEMPERATURE (F)   47        34      1960


SUNRISE AND SUNSET
AUGUST 23 2017........SUNRISE   627 AM PDT   SUNSET   756 PM PDT
AUGUST 24 2017........SUNRISE   628 AM PDT   SUNSET   754 PM PDT


-  INDICATES NEGATIVE NUMBERS.
R  INDICATES RECORD WAS SET OR TIED.
MM INDICATES DATA IS MISSING.
T  INDICATES TRACE AMOUNT.




$$
