000
CDUS46 KMFR 310038
CLIMHS


CLIMATE REPORT
NATIONAL WEATHER SERVICE MEDFORD, OR
537 PM PDT WED JUL 30 2014


...................................

...THE MT SHASTA CITY CA CLIMATE SUMMARY FOR JULY 30 2014...
VALID TODAY AS OF 0500 PM LOCAL TIME.

CLIMATE NORMAL PERIOD 1981 TO 2010
CLIMATE RECORD PERIOD 1908 TO 2014


WEATHER ITEM   OBSERVED TIME   RECORD YEAR NORMAL DEPARTURE LAST
                VALUE   (LST)  VALUE       VALUE  FROM      YEAR
                                                  NORMAL
..................................................................
TEMPERATURE (F)
 TODAY
  MAXIMUM         97    122 PM  98    2003  88      9       84
  MINIMUM         52    406 AM  37    1919  50      2       47
  AVERAGE         75                        69      6       66

PRECIPITATION (IN)
  TODAY            0.00          1.12 1985   0.01  -0.01     0.00
  MONTH TO DATE    0.24                      0.38  -0.14     0.10
  SINCE SEP 1     14.89                     42.86 -27.97    27.88
  SINCE JAN 1     12.07                     26.98 -14.91     7.18

SNOWFALL (IN)
  TODAY           MM                         0.0   MM       MM
  MONTH TO DATE   MM                         0.0   MM       MM
  SINCE JUL 1     MM                         0.0   MM       MM
  SNOW DEPTH      MM

DEGREE DAYS
 HEATING
  TODAY            0                         1     -1        0
  MONTH TO DATE    1                        36    -35        0
  SINCE JUN 1     57                       178   -121       87
  SINCE JUL 1      1                        36    -35        0

 COOLING
  TODAY           10                         4      6        1
  MONTH TO DATE  279                       120    159      219
  SINCE JUN 1    337                       157    180      318
  SINCE JAN 1    346                       165    181      327
..................................................................


WIND (MPH)
  HIGHEST WIND SPEED     9   HIGHEST WIND DIRECTION    NW (300)
  HIGHEST GUST SPEED    15   HIGHEST GUST DIRECTION     N (340)
  AVERAGE WIND SPEED     1.8


SKY COVER
  POSSIBLE SUNSHINE  MM
  AVERAGE SKY COVER 0.0


WEATHER CONDITIONS
 THE FOLLOWING WEATHER WAS RECORDED TODAY.
  NO SIGNIFICANT WEATHER WAS OBSERVED.


RELATIVE HUMIDITY (PERCENT)
 HIGHEST    59           400 AM
 LOWEST     17           100 PM

..........................................................


THE MT SHASTA CITY CA CLIMATE NORMALS FOR TOMORROW
                         NORMAL    RECORD    YEAR
 MAXIMUM TEMPERATURE (F)   88        99      1977
 MINIMUM TEMPERATURE (F)   50        38      1989


SUNRISE AND SUNSET
JULY 30 2014..........SUNRISE   603 AM PDT   SUNSET   828 PM PDT
JULY 31 2014..........SUNRISE   604 AM PDT   SUNSET   827 PM PDT


-  INDICATES NEGATIVE NUMBERS.
R  INDICATES RECORD WAS SET OR TIED.
MM INDICATES DATA IS MISSING.
T  INDICATES TRACE AMOUNT.




$$
