000
CDUS46 KMFR 280838
CLIMHS


CLIMATE REPORT
NATIONAL WEATHER SERVICE MEDFORD, OR
1238 AM PST SAT FEB 28 2015


...................................

...THE MT SHASTA CITY CA CLIMATE SUMMARY FOR FEBRUARY 27 2015...

CLIMATE NORMAL PERIOD 1981 TO 2010
CLIMATE RECORD PERIOD 1908 TO 2015


WEATHER ITEM   OBSERVED TIME   RECORD YEAR NORMAL DEPARTURE LAST
                VALUE   (LST)  VALUE       VALUE  FROM      YEAR
                                                  NORMAL
..................................................................
TEMPERATURE (F)
 YESTERDAY
  MAXIMUM         54   1102 AM  71    1953  51      3       47
  MINIMUM         32    707 AM   3    1962  29      3       33
  AVERAGE         43                        40      3       40

PRECIPITATION (IN)
  YESTERDAY        0.06          2.44 2006   0.27  -0.21     0.96
  MONTH TO DATE   10.16                      6.96   3.20     5.69
  SINCE OCT 1     30.16                     29.23   0.93     7.01
  SINCE JAN 1     10.64                     14.02  -3.38     5.90

SNOWFALL (IN)
  YESTERDAY       MM                         0.7   MM       MM
  MONTH TO DATE   MM                        18.9   MM       MM
  SINCE JUL 1     MM                        72.2   MM        0.0
  SNOW DEPTH      MM

DEGREE DAYS
 HEATING
  YESTERDAY       22                        25     -3       25
  MONTH TO DATE  518                       724   -206      651
  SINCE DEC 1   1932                      2553   -621     2356
  SINCE JUL 1   2942                      3950  -1008     3593

 COOLING
  YESTERDAY        0                         0      0        0
  MONTH TO DATE    0                         0      0        0
  SINCE DEC 1      0                         0      0        0
  SINCE JAN 1      0                         0      0        0
..................................................................


WIND (MPH)
  HIGHEST WIND SPEED    13   HIGHEST WIND DIRECTION     W (290)
  HIGHEST GUST SPEED    21   HIGHEST GUST DIRECTION     N (10)
  AVERAGE WIND SPEED     3.0


SKY COVER
  POSSIBLE SUNSHINE  MM
  AVERAGE SKY COVER 0.4


WEATHER CONDITIONS
 THE FOLLOWING WEATHER WAS RECORDED YESTERDAY.
  RAIN
  LIGHT RAIN
  FOG


RELATIVE HUMIDITY (PERCENT)
 HIGHEST    92          1200 AM
 LOWEST     48          1100 AM

..........................................................


THE MT SHASTA CITY CA CLIMATE NORMALS FOR TODAY
                         NORMAL    RECORD    YEAR
 MAXIMUM TEMPERATURE (F)   51        67      1926
 MINIMUM TEMPERATURE (F)   29         9      1955


SUNRISE AND SUNSET
FEBRUARY 28 2015......SUNRISE   645 AM PST   SUNSET   559 PM PST
MARCH  1 2015.........SUNRISE   644 AM PST   SUNSET   600 PM PST


-  INDICATES NEGATIVE NUMBERS.
R  INDICATES RECORD WAS SET OR TIED.
MM INDICATES DATA IS MISSING.
T  INDICATES TRACE AMOUNT.




$$
