000
CDUS46 KMFR 160840
CLIMHS


CLIMATE REPORT
NATIONAL WEATHER SERVICE MEDFORD, OR
139 AM PDT WED APR 16 2014


...................................

...THE MT SHASTA CITY CA CLIMATE SUMMARY FOR APRIL 15 2014...

CLIMATE NORMAL PERIOD 1981 TO 2010
CLIMATE RECORD PERIOD 1908 TO 2014


WEATHER ITEM   OBSERVED TIME   RECORD YEAR NORMAL DEPARTURE LAST
                VALUE   (LST)  VALUE       VALUE  FROM      YEAR
                                                  NORMAL
..................................................................
TEMPERATURE (F)
 YESTERDAY
  MAXIMUM         68    216 PM  84    1947  61      7       47
  MINIMUM         39    249 AM  22    1995  33      6       33
  AVERAGE         54                        47      7       40

PRECIPITATION (IN)
  YESTERDAY        0.00          2.80 1965   0.10  -0.10     0.06
  MONTH TO DATE    0.54                      1.61  -1.07     0.75
  SINCE SEP 1     13.77                     37.74 -23.97    26.19
  SINCE JAN 1     10.95                     21.86 -10.91     5.49

SNOWFALL (IN)
  YESTERDAY       MM                         0.1   MM       MM
  MONTH TO DATE   MM                         3.8   MM       MM
  SINCE JUL 1      0.0                      89.9  -89.9     MM
  SNOW DEPTH      MM

DEGREE DAYS
 HEATING
  YESTERDAY       11                        18     -7       25
  MONTH TO DATE  202                       290    -88      258
  SINCE MAR 1    806                       994   -188      873
  SINCE JUL 1   4422                      4969   -547     4591

 COOLING
  YESTERDAY        0                         0      0        0
  MONTH TO DATE    0                         0      0        0
  SINCE MAR 1      0                         0      0        0
  SINCE JAN 1      0                         0      0        0
..................................................................


WIND (MPH)
  HIGHEST WIND SPEED    16   HIGHEST WIND DIRECTION    NW (300)
  HIGHEST GUST SPEED    27   HIGHEST GUST DIRECTION    NW (330)
  AVERAGE WIND SPEED     6.9


SKY COVER
  POSSIBLE SUNSHINE  MM
  AVERAGE SKY COVER 0.1


WEATHER CONDITIONS
 THE FOLLOWING WEATHER WAS RECORDED YESTERDAY.
  NO SIGNIFICANT WEATHER WAS OBSERVED.


RELATIVE HUMIDITY (PERCENT)
 HIGHEST    71           500 AM
 LOWEST     13           300 PM

..........................................................


THE MT SHASTA CITY CA CLIMATE NORMALS FOR TODAY
                         NORMAL    RECORD    YEAR
 MAXIMUM TEMPERATURE (F)   61        81      1947
 MINIMUM TEMPERATURE (F)   33        16      1963


SUNRISE AND SUNSET
APRIL 16 2014.........SUNRISE   628 AM PDT   SUNSET   751 PM PDT
APRIL 17 2014.........SUNRISE   627 AM PDT   SUNSET   752 PM PDT


-  INDICATES NEGATIVE NUMBERS.
R  INDICATES RECORD WAS SET OR TIED.
MM INDICATES DATA IS MISSING.
T  INDICATES TRACE AMOUNT.




$$
