000
CDUS46 KMFR 050842
CLIMHS


CLIMATE REPORT
NATIONAL WEATHER SERVICE MEDFORD, OR
1242 AM PST MON DEC 5 2016


...................................

...THE MT SHASTA CITY CA CLIMATE SUMMARY FOR DECEMBER 4 2016...

CLIMATE NORMAL PERIOD 1981 TO 2010
CLIMATE RECORD PERIOD 1908 TO 2016


WEATHER ITEM   OBSERVED TIME   RECORD YEAR NORMAL DEPARTURE LAST
                VALUE   (LST)  VALUE       VALUE  FROM      YEAR
                                                  NORMAL
..................................................................
TEMPERATURE (F)
 YESTERDAY
  MAXIMUM         50   1241 PM  71    1939  45      5       43
  MINIMUM         32    241 AM  11    2013  27      5       31
  AVERAGE         41                        36      5       37

PRECIPITATION (IN)
  YESTERDAY        0.01          2.66 1966   0.23  -0.22      T
  MONTH TO DATE    0.01                      0.90  -0.89     1.35
  SINCE OCT 1     16.48                      8.26   8.22     3.38
  SINCE JAN 1     49.38                     36.26  13.12    20.56

SNOWFALL (IN)
  YESTERDAY       MM                         0.5   MM       MM
  MONTH TO DATE   MM                         2.0   MM       MM
  SINCE JUL 1     MM                         9.8   MM       MM
  SNOW DEPTH      MM

DEGREE DAYS
 HEATING
  YESTERDAY       24                        29     -5       28
  MONTH TO DATE  106                       115     -9      106
  SINCE DEC 1    106                       115     -9      106
  SINCE JUL 1   1291                      1512   -221     1238

 COOLING
  YESTERDAY        0                         0      0        0
  MONTH TO DATE    0                         0      0        0
  SINCE DEC 1      0                         0      0        0
  SINCE JAN 1    513                       288    225      544
..................................................................


WIND (MPH)
  HIGHEST WIND SPEED     9   HIGHEST WIND DIRECTION    NW (310)
  HIGHEST GUST SPEED    19   HIGHEST GUST DIRECTION     W (290)
  AVERAGE WIND SPEED     2.3


SKY COVER
  POSSIBLE SUNSHINE  MM
  AVERAGE SKY COVER 0.4


WEATHER CONDITIONS
 THE FOLLOWING WEATHER WAS RECORDED YESTERDAY.
  LIGHT RAIN
  FOG
  HAZE


RELATIVE HUMIDITY (PERCENT)
 HIGHEST    92           900 PM
 LOWEST     58          1100 AM

..........................................................


THE MT SHASTA CITY CA CLIMATE NORMALS FOR TODAY
                         NORMAL    RECORD    YEAR
 MAXIMUM TEMPERATURE (F)   45        68      1944
 MINIMUM TEMPERATURE (F)   27         6      1972


SUNRISE AND SUNSET
DECEMBER  5 2016......SUNRISE   720 AM PST   SUNSET   440 PM PST
DECEMBER  6 2016......SUNRISE   721 AM PST   SUNSET   440 PM PST


-  INDICATES NEGATIVE NUMBERS.
R  INDICATES RECORD WAS SET OR TIED.
MM INDICATES DATA IS MISSING.
T  INDICATES TRACE AMOUNT.




$$
