000
CDUS46 KMFR 010840
CLIMHS


CLIMATE REPORT
NATIONAL WEATHER SERVICE MEDFORD, OR
140 AM PDT SAT NOV 1 2014


...................................

...THE MT SHASTA CITY CA CLIMATE SUMMARY FOR OCTOBER 31 2014...

CLIMATE NORMAL PERIOD 1981 TO 2010
CLIMATE RECORD PERIOD 1908 TO 2014


WEATHER ITEM   OBSERVED TIME   RECORD YEAR NORMAL DEPARTURE LAST
                VALUE   (LST)  VALUE       VALUE  FROM      YEAR
                                                  NORMAL
..................................................................
TEMPERATURE (F)
 YESTERDAY
  MAXIMUM         53    127 AM  79    1949  58     -5       65
  MINIMUM         42   1159 PM  18    1919  33      9       33
  AVERAGE         48                        46      2       49

PRECIPITATION (IN)
  YESTERDAY        1.10          3.25 1945   0.13   0.97     0.00
  MONTH TO DATE    4.83                      2.28   2.55     0.65
  SINCE SEP 1      7.39                      2.95   4.44     2.36
  SINCE JAN 1     19.67                     30.28 -10.61     9.54

SNOWFALL (IN)
  YESTERDAY       MM                         0.0   MM       MM
  MONTH TO DATE   MM                         0.2   MM        0.0
  SINCE JUL 1     MM                         0.2   MM        0.0
  SNOW DEPTH      MM

DEGREE DAYS
 HEATING
  YESTERDAY       17                        19     -2       16
  MONTH TO DATE  327                       427   -100      462
  SINCE SEP 1    402                       589   -187      627
  SINCE JUL 1    407                       664   -257      639

 COOLING
  YESTERDAY        0                         0      0        0
  MONTH TO DATE    0                         1     -1        0
  SINCE SEP 1     49                        28     21       47
  SINCE JAN 1    547                       288    259      474
..................................................................


WIND (MPH)
  HIGHEST WIND SPEED     9   HIGHEST WIND DIRECTION     E (80)
  HIGHEST GUST SPEED    17   HIGHEST GUST DIRECTION     E (90)
  AVERAGE WIND SPEED     1.4


SKY COVER
  POSSIBLE SUNSHINE  MM
  AVERAGE SKY COVER 0.9


WEATHER CONDITIONS
 THE FOLLOWING WEATHER WAS RECORDED YESTERDAY.
  HEAVY RAIN
  RAIN
  LIGHT RAIN
  FOG


RELATIVE HUMIDITY (PERCENT)
 HIGHEST   100           800 AM
 LOWEST     71

..........................................................


THE MT SHASTA CITY CA CLIMATE NORMALS FOR TODAY
                         NORMAL    RECORD    YEAR
 MAXIMUM TEMPERATURE (F)   58        85      1917
 MINIMUM TEMPERATURE (F)   33        15      2002


SUNRISE AND SUNSET
NOVEMBER  1 2014......SUNRISE   741 AM PDT   SUNSET   604 PM PDT
NOVEMBER  2 2014......SUNRISE   642 AM PST   SUNSET   503 PM PST


-  INDICATES NEGATIVE NUMBERS.
R  INDICATES RECORD WAS SET OR TIED.
MM INDICATES DATA IS MISSING.
T  INDICATES TRACE AMOUNT.




$$
