416
CDUS46 KMFR 270835
CLIMHS


CLIMATE REPORT
NATIONAL WEATHER SERVICE MEDFORD, OR
135 AM PDT TUE JUN 27 2017


...................................

...THE MT SHASTA CITY CA CLIMATE SUMMARY FOR JUNE 26 2017...

CLIMATE NORMAL PERIOD 1981 TO 2010
CLIMATE RECORD PERIOD 1908 TO 2017


WEATHER ITEM   OBSERVED TIME   RECORD YEAR NORMAL DEPARTURE LAST
                VALUE   (LST)  VALUE       VALUE  FROM      YEAR
                                                  NORMAL
..................................................................
TEMPERATURE (F)
 YESTERDAY
  MAXIMUM         86    128 PM  99    2015  80      6       91
  MINIMUM         52    540 AM  32    2012  48      4       52
                                      1914
  AVERAGE         69                        64      5       72

PRECIPITATION (IN)
  YESTERDAY        0.00          1.55 2001   0.03  -0.03     0.00
  MONTH TO DATE    1.33                      1.10   0.23     2.40
  SINCE OCT 1     59.73                     41.71  18.02    42.31
  SINCE JAN 1     38.57                     26.50  12.07    32.82

SNOWFALL (IN)
  YESTERDAY       MM                         0.0   MM       MM
  MONTH TO DATE   MM                         0.0   MM       MM
  SINCE JUL 1     MM                        91.8   MM       MM
  SNOW DEPTH      MM

DEGREE DAYS
 HEATING
  YESTERDAY        0                         3     -3        0
  MONTH TO DATE  105                       130    -25       87
  SINCE JUN 1    105                       130    -25       87
  SINCE JUL 1   5418                      5682   -264     4813

 COOLING
  YESTERDAY        4                         2      2        7
  MONTH TO DATE   92                        32     60       72
  SINCE JUN 1     92                        32     60       72
  SINCE JAN 1    106                        40     66       80
..................................................................


WIND (MPH)
  HIGHEST WIND SPEED     6   HIGHEST WIND DIRECTION     E (90)
  HIGHEST GUST SPEED    14   HIGHEST GUST DIRECTION    SE (150)
  AVERAGE WIND SPEED     1.6


SKY COVER
  POSSIBLE SUNSHINE  MM
  AVERAGE SKY COVER 0.0


WEATHER CONDITIONS
 THE FOLLOWING WEATHER WAS RECORDED YESTERDAY.
  NO SIGNIFICANT WEATHER WAS OBSERVED.


RELATIVE HUMIDITY (PERCENT)
 HIGHEST    89           400 AM
 LOWEST     20           100 PM

..........................................................


THE MT SHASTA CITY CA CLIMATE NORMALS FOR TODAY
                         NORMAL    RECORD    YEAR
 MAXIMUM TEMPERATURE (F)   81        97      2015
 MINIMUM TEMPERATURE (F)   48        30      1916


SUNRISE AND SUNSET
JUNE 27 2017..........SUNRISE   538 AM PDT   SUNSET   847 PM PDT
JUNE 28 2017..........SUNRISE   539 AM PDT   SUNSET   847 PM PDT


-  INDICATES NEGATIVE NUMBERS.
R  INDICATES RECORD WAS SET OR TIED.
MM INDICATES DATA IS MISSING.
T  INDICATES TRACE AMOUNT.




$$
