000
CDUS46 KMFR 310036
CLIMHS


CLIMATE REPORT
NATIONAL WEATHER SERVICE MEDFORD, OR
536 PM PDT SAT AUG 30 2014


...................................

...THE MT SHASTA CITY CA CLIMATE SUMMARY FOR AUGUST 30 2014...
VALID TODAY AS OF 0500 PM LOCAL TIME.

CLIMATE NORMAL PERIOD 1981 TO 2010
CLIMATE RECORD PERIOD 1908 TO 2014


WEATHER ITEM   OBSERVED TIME   RECORD YEAR NORMAL DEPARTURE LAST
                VALUE   (LST)  VALUE       VALUE  FROM      YEAR
                                                  NORMAL
..................................................................
TEMPERATURE (F)
 TODAY
  MAXIMUM         76    359 PM  97    1915  82     -6       87
  MINIMUM         54    644 AM  32    1927  46      8       50
  AVERAGE         65                        64      1       69

PRECIPITATION (IN)
  TODAY            0.00          1.05 1984   0.01  -0.01     0.00
  MONTH TO DATE    0.21                      0.32  -0.11      T
  SINCE SEP 1     15.10                     43.19 -28.09    27.88
  SINCE JAN 1     12.28                     27.31 -15.03     7.18

SNOWFALL (IN)
  TODAY           MM                         0.0   MM       MM
  MONTH TO DATE   MM                         0.0   MM       MM
  SINCE JUL 1     MM                         0.0   MM       MM
  SNOW DEPTH      MM

DEGREE DAYS
 HEATING
  TODAY            0                         3     -3        0
  MONTH TO DATE    1                        42    -41       12
  SINCE JUN 1     58                       217   -159       99
  SINCE JUL 1      2                        75    -73       12

 COOLING
  TODAY            0                         2     -2        4
  MONTH TO DATE  141                        89     52       92
  SINCE JUN 1    489                       249    240      414
  SINCE JAN 1    498                       257    241      423
..................................................................


WIND (MPH)
  HIGHEST WIND SPEED    10   HIGHEST WIND DIRECTION     N (350)
  HIGHEST GUST SPEED    17   HIGHEST GUST DIRECTION    NW (330)
  AVERAGE WIND SPEED     4.3


SKY COVER
  POSSIBLE SUNSHINE  MM
  AVERAGE SKY COVER 0.7


WEATHER CONDITIONS
 THE FOLLOWING WEATHER WAS RECORDED TODAY.
  HAZE


RELATIVE HUMIDITY (PERCENT)
 HIGHEST    67           500 AM
 LOWEST     31           200 PM

..........................................................


THE MT SHASTA CITY CA CLIMATE NORMALS FOR TOMORROW
                         NORMAL    RECORD    YEAR
 MAXIMUM TEMPERATURE (F)   82        96      1950
 MINIMUM TEMPERATURE (F)   46        34      1999


SUNRISE AND SUNSET
AUGUST 30 2014........SUNRISE   634 AM PDT   SUNSET   745 PM PDT
AUGUST 31 2014........SUNRISE   635 AM PDT   SUNSET   744 PM PDT


-  INDICATES NEGATIVE NUMBERS.
R  INDICATES RECORD WAS SET OR TIED.
MM INDICATES DATA IS MISSING.
T  INDICATES TRACE AMOUNT.




$$
