000
CDUS46 KMFR 250836
CLIMHS


CLIMATE REPORT
NATIONAL WEATHER SERVICE MEDFORD, OR
135 AM PDT SAT MAR 25 2017


...................................

...THE MT SHASTA CITY CA CLIMATE SUMMARY FOR MARCH 24 2017...

CLIMATE NORMAL PERIOD 1981 TO 2010
CLIMATE RECORD PERIOD 1908 TO 2017


WEATHER ITEM   OBSERVED TIME   RECORD YEAR NORMAL DEPARTURE LAST
                VALUE   (LST)  VALUE       VALUE  FROM      YEAR
                                                  NORMAL
..................................................................
TEMPERATURE (F)
 YESTERDAY
  MAXIMUM         41    454 PM  77    1960  56    -15       64
  MINIMUM         33   1025 PM  19    1988  31      2       36
  AVERAGE         37                        43     -6       50

PRECIPITATION (IN)
  YESTERDAY        1.25          2.54 2011   0.14   1.11      T
  MONTH TO DATE    5.57                      5.00   0.57    11.20
  SINCE OCT 1     48.88                     34.50  14.38    36.72
  SINCE JAN 1     27.72                     19.29   8.43    27.23

SNOWFALL (IN)
  YESTERDAY       MM                         0.3   MM       MM
  MONTH TO DATE   MM                        10.8   MM       MM
  SINCE JUL 1     MM                        83.7   MM       MM
  SNOW DEPTH      MM

DEGREE DAYS
 HEATING
  YESTERDAY       28                        22      6       15
  MONTH TO DATE  480                       558    -78      498
  SINCE MAR 1    480                       558    -78      498
  SINCE JUL 1   4377                      4533   -156     4013

 COOLING
  YESTERDAY        0                         0      0        0
  MONTH TO DATE    0                         0      0        0
  SINCE MAR 1      0                         0      0        0
  SINCE JAN 1      0                         0      0        0
..................................................................


WIND (MPH)
  HIGHEST WIND SPEED    10   HIGHEST WIND DIRECTION     E (90)
  HIGHEST GUST SPEED    21   HIGHEST GUST DIRECTION    SE (140)
  AVERAGE WIND SPEED     4.6


SKY COVER
  POSSIBLE SUNSHINE  MM
  AVERAGE SKY COVER 1.0


WEATHER CONDITIONS
 THE FOLLOWING WEATHER WAS RECORDED YESTERDAY.
  RAIN
  LIGHT RAIN
  HEAVY SNOW
  SNOW
  LIGHT SNOW
  FOG
  FOG W/VISIBILITY <= 1/4 MILE


RELATIVE HUMIDITY (PERCENT)
 HIGHEST    96           300 AM
 LOWEST     85          1200 PM

..........................................................


THE MT SHASTA CITY CA CLIMATE NORMALS FOR TODAY
                         NORMAL    RECORD    YEAR
 MAXIMUM TEMPERATURE (F)   56        74      1997
 MINIMUM TEMPERATURE (F)   31        15      1929


SUNRISE AND SUNSET
MARCH 25 2017.........SUNRISE   704 AM PDT   SUNSET   727 PM PDT
MARCH 26 2017.........SUNRISE   702 AM PDT   SUNSET   728 PM PDT


-  INDICATES NEGATIVE NUMBERS.
R  INDICATES RECORD WAS SET OR TIED.
MM INDICATES DATA IS MISSING.
T  INDICATES TRACE AMOUNT.




$$
