000
CDUS46 KMFR 200055
CLIMHS


CLIMATE REPORT
NATIONAL WEATHER SERVICE MEDFORD, OR
455 PM PST MON FEB 19 2018


...................................

...THE MT SHASTA CITY CA CLIMATE SUMMARY FOR FEBRUARY 19 2018...
VALID TODAY AS OF 0400 PM LOCAL TIME.

CLIMATE NORMAL PERIOD 1981 TO 2010
CLIMATE RECORD PERIOD 1908 TO 2018


WEATHER ITEM   OBSERVED TIME   RECORD YEAR NORMAL DEPARTURE LAST
                VALUE   (LST)  VALUE       VALUE  FROM      YEAR
                                                  NORMAL
..................................................................
TEMPERATURE (F)
 TODAY
  MAXIMUM         36   1255 PM  67    1995  49    -13       40
  MINIMUM         24    710 AM   7    1990  28     -4       34
  AVERAGE         30                        39     -9       37

PRECIPITATION (IN)
  TODAY            T             2.38 1956   0.28  -0.28     0.40
  MONTH TO DATE    0.09                      4.78  -4.69     9.23
  SINCE OCT 1     10.20                     27.05 -16.85    41.49
  SINCE JAN 1      4.37                     11.84  -7.47    20.33

SNOWFALL (IN)
  TODAY           MM                         0.8   MM       MM
  MONTH TO DATE   MM                        13.2   MM       MM
  SINCE JUL 1     MM                        66.5   MM       MM
  SNOW DEPTH      MM

DEGREE DAYS
 HEATING
  TODAY           35                        26      9       28
  MONTH TO DATE  427                       519    -92      441
  SINCE DEC 1   2039                      2348   -309     2431
  SINCE JUL 1   3290                      3745   -455     3616

 COOLING
  TODAY            0                         0      0        0
  MONTH TO DATE    0                         0      0        0
  SINCE DEC 1      0                         0      0        0
  SINCE JAN 1      0                         0      0        0
..................................................................


WIND (MPH)
  HIGHEST WIND SPEED    13   HIGHEST WIND DIRECTION    NW (320)
  HIGHEST GUST SPEED    22   HIGHEST GUST DIRECTION    NW (300)
  AVERAGE WIND SPEED     6.8


SKY COVER
  POSSIBLE SUNSHINE  MM
  AVERAGE SKY COVER 0.7


WEATHER CONDITIONS
 THE FOLLOWING WEATHER WAS RECORDED TODAY.
  LIGHT SNOW
  HAZE


RELATIVE HUMIDITY (PERCENT)
 HIGHEST    74           700 AM
 LOWEST     38          1200 PM

..........................................................


THE MT SHASTA CITY CA CLIMATE NORMALS FOR TOMORROW
                         NORMAL    RECORD    YEAR
 MAXIMUM TEMPERATURE (F)   49        70      1988
 MINIMUM TEMPERATURE (F)   28        12      1918
                                             1990


SUNRISE AND SUNSET
FEBRUARY 19 2018......SUNRISE   658 AM PST   SUNSET   548 PM PST
FEBRUARY 20 2018......SUNRISE   657 AM PST   SUNSET   550 PM PST


-  INDICATES NEGATIVE NUMBERS.
R  INDICATES RECORD WAS SET OR TIED.
MM INDICATES DATA IS MISSING.
T  INDICATES TRACE AMOUNT.




$$
