000
CDUS46 KMFR 040840
CLIMHS


CLIMATE REPORT
NATIONAL WEATHER SERVICE MEDFORD, OR
139 AM PDT TUE AUG 4 2015


...................................

...THE MT SHASTA CITY CA CLIMATE SUMMARY FOR AUGUST 3 2015...

CLIMATE NORMAL PERIOD 1981 TO 2010
CLIMATE RECORD PERIOD 1908 TO 2015


WEATHER ITEM   OBSERVED TIME   RECORD YEAR NORMAL DEPARTURE LAST
                VALUE   (LST)  VALUE       VALUE  FROM      YEAR
                                                  NORMAL
..................................................................
TEMPERATURE (F)
 YESTERDAY
  MAXIMUM         89    249 PM 100    1931  88      1       94
  MINIMUM         55    528 AM  34    1929  50      5       49
  AVERAGE         72                        69      3       72

PRECIPITATION (IN)
  YESTERDAY        0.00          0.18 2003   0.01  -0.01     0.00
  MONTH TO DATE    T                         0.03  -0.03     0.00
  SINCE OCT 1     36.40                     42.23  -5.83    13.18
  SINCE JAN 1     16.88                     27.02 -10.14    12.07

SNOWFALL (IN)
  YESTERDAY       MM                         0.0   MM       MM
  MONTH TO DATE   MM                         0.0   MM       MM
  SINCE JUL 1     MM                         0.0   MM       MM
  SNOW DEPTH      MM

DEGREE DAYS
 HEATING
  YESTERDAY        0                         1     -1        0
  MONTH TO DATE    0                         3     -3        0
  SINCE JUN 1     26                       178   -152       57
  SINCE JUL 1      5                        36    -31        1

 COOLING
  YESTERDAY        7                         4      3        7
  MONTH TO DATE   31                        12     19       26
  SINCE JUN 1    384                       172    212      374
  SINCE JAN 1    389                       180    209      383
..................................................................


WIND (MPH)
  HIGHEST WIND SPEED     6   HIGHEST WIND DIRECTION    SE (120)
  HIGHEST GUST SPEED    12   HIGHEST GUST DIRECTION    SE (140)
  AVERAGE WIND SPEED     0.9


SKY COVER
  POSSIBLE SUNSHINE  MM
  AVERAGE SKY COVER 0.0


WEATHER CONDITIONS
 THE FOLLOWING WEATHER WAS RECORDED YESTERDAY.
  NO SIGNIFICANT WEATHER WAS OBSERVED.


RELATIVE HUMIDITY (PERCENT)
 HIGHEST    86           500 AM
 LOWEST     17           400 PM

..........................................................


THE MT SHASTA CITY CA CLIMATE NORMALS FOR TODAY
                         NORMAL    RECORD    YEAR
 MAXIMUM TEMPERATURE (F)   87       100      1932
 MINIMUM TEMPERATURE (F)   50        37      1929


SUNRISE AND SUNSET
AUGUST  4 2015........SUNRISE   607 AM PDT   SUNSET   823 PM PDT
AUGUST  5 2015........SUNRISE   608 AM PDT   SUNSET   822 PM PDT


-  INDICATES NEGATIVE NUMBERS.
R  INDICATES RECORD WAS SET OR TIED.
MM INDICATES DATA IS MISSING.
T  INDICATES TRACE AMOUNT.




$$
