140
CDUS42 KMFL 202017
CLIMIA


CLIMATE REPORT
NATIONAL WEATHER SERVICE MIAMI, FL
417 PM EDT FRI OCT 20 2017


...................................

...THE MIAMI CLIMATE SUMMARY FOR OCTOBER 20 2017...
VALID TODAY AS OF 0400 PM LOCAL TIME.

CLIMATE NORMAL PERIOD 1981 TO 2010
CLIMATE RECORD PERIOD 1895 TO 2017


WEATHER ITEM   OBSERVED TIME   RECORD YEAR NORMAL DEPARTURE LAST
                VALUE   (LST)  VALUE       VALUE  FROM      YEAR
                                                  NORMAL
..................................................................
TEMPERATURE (F)
 TODAY
  MAXIMUM         89    111 PM  91    1910  86      3       85
  MINIMUM         76   1240 PM  54    1927  73      3       73
  AVERAGE         83                        79      4       79

PRECIPITATION (IN)
  TODAY            T             5.72 1926   0.17  -0.17     0.53
  MONTH TO DATE    7.32                      4.68   2.64     6.01
  SINCE JUN 1     59.28                     39.59  19.69    38.66
  SINCE JAN 1     72.76                     54.94  17.82    59.05

SNOWFALL (IN)
  TODAY            0.0
  MONTH TO DATE    0.0
  SINCE SEP 1      0.0
  SINCE JUL 1      0.0
  SNOW DEPTH       0

DEGREE DAYS
 HEATING
  TODAY            0                         0      0        0
  MONTH TO DATE    0                         0      0        0
  SINCE SEP 1      0                         0      0        0
  SINCE JUL 1      0                         0      0        0

 COOLING
  TODAY           18                        14      4       14
  MONTH TO DATE  378                       315     63      358
  SINCE SEP 1    979                       852    127      919
  SINCE JAN 1   4553                      3927    626     4151
..................................................................


WIND (MPH)
  HIGHEST WIND SPEED    23   HIGHEST WIND DIRECTION     E (80)
  HIGHEST GUST SPEED    27   HIGHEST GUST DIRECTION     E (90)
  AVERAGE WIND SPEED     9.2


SKY COVER
  AVERAGE SKY COVER 0.5


WEATHER CONDITIONS
 THE FOLLOWING WEATHER WAS RECORDED TODAY.
  LIGHT RAIN
  FOG


RELATIVE HUMIDITY (PERCENT)
 HIGHEST    85
 LOWEST     63
 AVERAGE    74

..........................................................


THE MIAMI CLIMATE NORMALS FOR TOMORROW
                         NORMAL    RECORD    YEAR
 MAXIMUM TEMPERATURE (F)   86        89      2006
                                             1987
                                             1950
 MINIMUM TEMPERATURE (F)   73        53      1989


SUNRISE AND SUNSET
OCTOBER 20 2017.......SUNRISE   723 AM EDT   SUNSET   649 PM EDT
OCTOBER 21 2017.......SUNRISE   723 AM EDT   SUNSET   648 PM EDT


-  INDICATES NEGATIVE NUMBERS.
R  INDICATES RECORD WAS SET OR TIED.
MM INDICATES DATA IS MISSING.
T  INDICATES TRACE AMOUNT.




$$
