000
CDUS42 KMFL 200825
CLIMIA


CLIMATE REPORT
NATIONAL WEATHER SERVICE MIAMI, FL
425 AM EDT SAT SEP 20 2014


...................................

...THE MIAMI CLIMATE SUMMARY FOR SEPTEMBER 19 2014...

CLIMATE NORMAL PERIOD 1981 TO 2010
CLIMATE RECORD PERIOD 1839 TO 2014


WEATHER ITEM   OBSERVED TIME   RECORD YEAR NORMAL DEPARTURE LAST
                VALUE   (LST)  VALUE       VALUE  FROM      YEAR
                                                  NORMAL
..................................................................
TEMPERATURE (F)
 YESTERDAY
  MAXIMUM         86   1148 AM  94    1995  89     -3       90
  MINIMUM         75    425 PM  68    1938  77     -2       74
  AVERAGE         81                        83     -2       82

PRECIPITATION (IN)
  YESTERDAY        0.99          2.47 1984   0.36   0.63     1.52
  MONTH TO DATE    5.15                      6.24  -1.09     7.79
  SINCE JUN 1     44.13                     31.29  12.84    31.10
  SINCE JAN 1     54.28                     46.64   7.64    50.47

SNOWFALL (IN)
  YESTERDAY        0.0
  MONTH TO DATE    0.0
  SINCE SEP 1      0.0
  SINCE JUL 1      0.0
  SNOW DEPTH       0

DEGREE DAYS
 HEATING
  YESTERDAY        0                         0      0
  MONTH TO DATE    0                         0      0
  SINCE SEP 1      0                         0      0
  SINCE JUL 1      0                         0      0

 COOLING
  YESTERDAY       16                        18     -2
  MONTH TO DATE  345                       344      1
  SINCE SEP 1    345                       344      1
  SINCE JAN 1   3640                      3419    221
..................................................................


WIND (MPH)
  HIGHEST WIND SPEED    21   HIGHEST WIND DIRECTION    SW (210)
  HIGHEST GUST SPEED    26   HIGHEST GUST DIRECTION    SW (210)
  AVERAGE WIND SPEED     2.6


SKY COVER
  POSSIBLE SUNSHINE  MM
  AVERAGE SKY COVER 0.8


WEATHER CONDITIONS
 THE FOLLOWING WEATHER WAS RECORDED YESTERDAY.
  THUNDERSTORM
  HEAVY RAIN
  RAIN
  LIGHT RAIN
  FOG


RELATIVE HUMIDITY (PERCENT)
 HIGHEST    94
 LOWEST     70
 AVERAGE    82

..........................................................


THE MIAMI CLIMATE NORMALS FOR TODAY
                         NORMAL    RECORD    YEAR
 MAXIMUM TEMPERATURE (F)   89        94      1992
                                             1987
 MINIMUM TEMPERATURE (F)   77        69      1907


SUNRISE AND SUNSET
SEPTEMBER 20 2014.....SUNRISE   709 AM EDT   SUNSET   720 PM EDT
SEPTEMBER 21 2014.....SUNRISE   709 AM EDT   SUNSET   719 PM EDT


-  INDICATES NEGATIVE NUMBERS.
R  INDICATES RECORD WAS SET OR TIED.
MM INDICATES DATA IS MISSING.
T  INDICATES TRACE AMOUNT.




$$
