000
CDUS42 KMFL 300821
CLIMIA


CLIMATE REPORT
NATIONAL WEATHER SERVICE MIAMI, FL
420 AM EDT SAT JUL 30 2016


...................................

...THE MIAMI CLIMATE SUMMARY FOR JULY 29 2016...

CLIMATE NORMAL PERIOD 1981 TO 2010
CLIMATE RECORD PERIOD 1895 TO 2016


WEATHER ITEM   OBSERVED TIME   RECORD YEAR NORMAL DEPARTURE LAST
                VALUE   (LST)  VALUE       VALUE  FROM      YEAR
                                                  NORMAL
..................................................................
TEMPERATURE (F)
 YESTERDAY
  MAXIMUM         90    354 PM  97    1990  91     -1       96
  MINIMUM         79   1146 AM  69    1910  78      1       79
                                      1906
  AVERAGE         85                        84      1       88

PRECIPITATION (IN)
  YESTERDAY        0.07          1.80 1912   0.20  -0.13      T
  MONTH TO DATE    4.11                      6.08  -1.97     3.86
  SINCE JUN 1     12.83                     15.75  -2.92     7.46
  SINCE JAN 1     33.22                     31.10   2.12    18.96

SNOWFALL (IN)
  YESTERDAY        0.0
  MONTH TO DATE    0.0
  SINCE JUN 1      0.0
  SINCE JUL 1      0.0
  SNOW DEPTH       0

DEGREE DAYS
 HEATING
  YESTERDAY        0                         0      0        0
  MONTH TO DATE    0                         0      0        0
  SINCE JUN 1      0                         0      0        0
  SINCE JUL 1      0                         0      0        0

 COOLING
  YESTERDAY       20                        20      0       23
  MONTH TO DATE  578                       553     25      578
  SINCE JUN 1   1139                      1085     54     1143
  SINCE JAN 1   2601                      2441    160     2820
..................................................................


WIND (MPH)
  HIGHEST WIND SPEED    15   HIGHEST WIND DIRECTION     S (190)
  HIGHEST GUST SPEED    22   HIGHEST GUST DIRECTION     S (190)
  AVERAGE WIND SPEED     3.9


SKY COVER
  POSSIBLE SUNSHINE  84 PERCENT
  AVERAGE SKY COVER 0.6


WEATHER CONDITIONS
 THE FOLLOWING WEATHER WAS RECORDED YESTERDAY.
  LIGHT RAIN


RELATIVE HUMIDITY (PERCENT)
 HIGHEST    88
 LOWEST     64
 AVERAGE    76

..........................................................


THE MIAMI CLIMATE NORMALS FOR TODAY
                         NORMAL    RECORD    YEAR
 MAXIMUM TEMPERATURE (F)   91        95      2015
                                             1999
 MINIMUM TEMPERATURE (F)   78        71      1928


SUNRISE AND SUNSET
JULY 30 2016..........SUNRISE   647 AM EDT   SUNSET   808 PM EDT
JULY 31 2016..........SUNRISE   647 AM EDT   SUNSET   807 PM EDT


-  INDICATES NEGATIVE NUMBERS.
R  INDICATES RECORD WAS SET OR TIED.
MM INDICATES DATA IS MISSING.
T  INDICATES TRACE AMOUNT.




$$
