672
CDUS42 KMFL 122115
CLIMIA


CLIMATE REPORT
NATIONAL WEATHER SERVICE MIAMI, FL
415 PM EST FRI FEB 12 2016


...................................

...THE MIAMI CLIMATE SUMMARY FOR FEBRUARY 12 2016...
VALID TODAY AS OF 0400 PM LOCAL TIME.

CLIMATE NORMAL PERIOD 1981 TO 2010
CLIMATE RECORD PERIOD 1895 TO 2016


WEATHER ITEM   OBSERVED TIME   RECORD YEAR NORMAL DEPARTURE LAST
                VALUE   (LST)  VALUE       VALUE  FROM      YEAR
                                                  NORMAL
..................................................................
TEMPERATURE (F)
 TODAY
  MAXIMUM         75    339 PM  86    1995  78     -3       76
                                      1994
  MINIMUM         55    433 AM  37    1902  62     -7       58
  AVERAGE         65                        70     -5       67

PRECIPITATION (IN)
  TODAY            0.00          2.08 1983   0.09  -0.09     0.00
  MONTH TO DATE    1.44                      0.95   0.49     0.67
  SINCE NOV 1     26.38                      7.88  18.50     5.60
  SINCE JAN 1      9.01                      2.57   6.44     1.62

SNOWFALL (IN)
  TODAY            0.0
  MONTH TO DATE    0.0
  SINCE DEC 1      0.0
  SINCE JUL 1      0.0
  SNOW DEPTH       0

DEGREE DAYS
 HEATING
  TODAY            0                         1     -1        0
  MONTH TO DATE   22                        12     10        1
  SINCE DEC 1     62                        99    -37       31
  SINCE JUL 1     62                       102    -40       42

 COOLING
  TODAY            0                         6     -6        2
  MONTH TO DATE   51                        66    -15       49
  SINCE DEC 1    560                       420    140      471
  SINCE JAN 1    172                       217    -45      251
..................................................................


WIND (MPH)
  HIGHEST WIND SPEED    14   HIGHEST WIND DIRECTION     E (80)
  HIGHEST GUST SPEED    16   HIGHEST GUST DIRECTION     E (100)
  AVERAGE WIND SPEED     3.5


SKY COVER
  AVERAGE SKY COVER 0.2


WEATHER CONDITIONS
 THE FOLLOWING WEATHER WAS RECORDED TODAY.
  NO SIGNIFICANT WEATHER WAS OBSERVED.


RELATIVE HUMIDITY (PERCENT)
 HIGHEST    72
 LOWEST     49
 AVERAGE    61

..........................................................


THE MIAMI CLIMATE NORMALS FOR TOMORROW
                         NORMAL    RECORD    YEAR
 MAXIMUM TEMPERATURE (F)   78        86      1982
 MINIMUM TEMPERATURE (F)   62        35      1899


SUNRISE AND SUNSET
FEBRUARY 12 2016......SUNRISE   659 AM EST   SUNSET   612 PM EST
FEBRUARY 13 2016......SUNRISE   658 AM EST   SUNSET   613 PM EST


-  INDICATES NEGATIVE NUMBERS.
R  INDICATES RECORD WAS SET OR TIED.
MM INDICATES DATA IS MISSING.
T  INDICATES TRACE AMOUNT.




$$
