000
CDUS42 KMFL 010825
CLIMIA


CLIMATE REPORT
NATIONAL WEATHER SERVICE MIAMI, FL
425 AM EDT TUE SEP 1 2015


...................................

...THE MIAMI CLIMATE SUMMARY FOR AUGUST 31 2015...

CLIMATE NORMAL PERIOD 1981 TO 2010
CLIMATE RECORD PERIOD 1895 TO 2015


WEATHER ITEM   OBSERVED TIME   RECORD YEAR NORMAL DEPARTURE LAST
                VALUE   (LST)  VALUE       VALUE  FROM      YEAR
                                                  NORMAL
..................................................................
TEMPERATURE (F)
 YESTERDAY
  MAXIMUM         91    149 PM  95    1998  90      1       92
  MINIMUM         78    349 AM  70    1942  77      1       81
  AVERAGE         85                        84      1       87

PRECIPITATION (IN)
  YESTERDAY        0.00          2.72 1973   0.32  -0.32      T
  MONTH TO DATE    9.02                      8.88   0.14     9.07
  SINCE JUN 1     18.53                     25.05  -6.52    38.98
  SINCE JAN 1     30.03                     40.40 -10.37    49.13

SNOWFALL (IN)
  YESTERDAY        0.0
  MONTH TO DATE    0.0
  SINCE JUN 1      0.0
  SINCE JUL 1      0.0
  SNOW DEPTH       0

DEGREE DAYS
 HEATING
  YESTERDAY        0                         0      0        0
  MONTH TO DATE    0                         0      0        0
  SINCE JUN 1      0                         0      0        0
  SINCE JUL 1      0                         0      0        0

 COOLING
  YESTERDAY       20                        19      1       22
  MONTH TO DATE  617                       595     22      626
  SINCE JUN 1   1801                      1719     82     1721
  SINCE JAN 1   3478                      3075    403     3295
..................................................................


WIND (MPH)
  HIGHEST WIND SPEED    17   HIGHEST WIND DIRECTION    SE (120)
  HIGHEST GUST SPEED    24   HIGHEST GUST DIRECTION    SE (120)
  AVERAGE WIND SPEED     7.2


SKY COVER
  POSSIBLE SUNSHINE  44 PERCENT
  AVERAGE SKY COVER 0.6


WEATHER CONDITIONS
 THE FOLLOWING WEATHER WAS RECORDED YESTERDAY.
  NO SIGNIFICANT WEATHER WAS OBSERVED.


RELATIVE HUMIDITY (PERCENT)
 HIGHEST    91
 LOWEST     68
 AVERAGE    80

..........................................................


THE MIAMI CLIMATE NORMALS FOR TODAY
                         NORMAL    RECORD    YEAR
 MAXIMUM TEMPERATURE (F)   90        95      2006
 MINIMUM TEMPERATURE (F)   77        69      1919


SUNRISE AND SUNSET
SEPTEMBER  1 2015.....SUNRISE   701 AM EDT   SUNSET   741 PM EDT
SEPTEMBER  2 2015.....SUNRISE   702 AM EDT   SUNSET   740 PM EDT


-  INDICATES NEGATIVE NUMBERS.
R  INDICATES RECORD WAS SET OR TIED.
MM INDICATES DATA IS MISSING.
T  INDICATES TRACE AMOUNT.




$$
