000
CDUS42 KMFL 230840
CLIMIA


CLIMATE REPORT
NATIONAL WEATHER SERVICE MIAMI, FL
440 AM EDT FRI JUN 23 2017


...................................

...THE MIAMI CLIMATE SUMMARY FOR JUNE 22 2017...

CLIMATE NORMAL PERIOD 1981 TO 2010
CLIMATE RECORD PERIOD 1895 TO 2017


WEATHER ITEM   OBSERVED TIME   RECORD YEAR NORMAL DEPARTURE LAST
                VALUE   (LST)  VALUE       VALUE  FROM      YEAR
                                                  NORMAL
..................................................................
TEMPERATURE (F)
 YESTERDAY
  MAXIMUM         90    303 PM  98    2009  90      0       90
  MINIMUM         79   1200 AM  68    1938  76      3       74
  AVERAGE         85                        83      2       82

PRECIPITATION (IN)
  YESTERDAY        0.00          2.60 2003   0.34  -0.34     0.00
  MONTH TO DATE   13.30                      7.07   6.23     6.61
  SINCE JUN 1     13.30                      7.07   6.23     6.61
  SINCE JAN 1     26.78                     22.42   4.36    27.00

SNOWFALL (IN)
  YESTERDAY        0.0
  MONTH TO DATE    0.0
  SINCE JUN 1      0.0
  SINCE JUL 1      0.0
  SNOW DEPTH       0

DEGREE DAYS
 HEATING
  YESTERDAY        0                         0      0        0
  MONTH TO DATE    0                         0      0        0
  SINCE JUN 1      0                         0      0        0
  SINCE JUL 1     17                       128   -111       67

 COOLING
  YESTERDAY       20                        18      2       17
  MONTH TO DATE  402                       387     15      408
  SINCE JUN 1    402                       387     15      408
  SINCE JAN 1   2106                      1743    363     1870
..................................................................


WIND (MPH)
  HIGHEST WIND SPEED    18   HIGHEST WIND DIRECTION     E (110)
  HIGHEST GUST SPEED    24   HIGHEST GUST DIRECTION     E (100)
  AVERAGE WIND SPEED    11.8


SKY COVER
  POSSIBLE SUNSHINE  74 PERCENT
  AVERAGE SKY COVER 0.6


WEATHER CONDITIONS
 THE FOLLOWING WEATHER WAS RECORDED YESTERDAY.
  NO SIGNIFICANT WEATHER WAS OBSERVED.


RELATIVE HUMIDITY (PERCENT)
 HIGHEST    85
 LOWEST     52
 AVERAGE    69

..........................................................


THE MIAMI CLIMATE NORMALS FOR TODAY
                         NORMAL    RECORD    YEAR
 MAXIMUM TEMPERATURE (F)   90        94      1996
                                             1939
 MINIMUM TEMPERATURE (F)   76        68      1939


SUNRISE AND SUNSET
JUNE 23 2017..........SUNRISE   631 AM EDT   SUNSET   816 PM EDT
JUNE 24 2017..........SUNRISE   631 AM EDT   SUNSET   816 PM EDT


-  INDICATES NEGATIVE NUMBERS.
R  INDICATES RECORD WAS SET OR TIED.
MM INDICATES DATA IS MISSING.
T  INDICATES TRACE AMOUNT.




$$
