000
CDUS42 KMFL 290843
CLIMIA


CLIMATE REPORT
NATIONAL WEATHER SERVICE MIAMI, FL
443 AM EDT SAT APR 29 2017


...................................

...THE MIAMI CLIMATE SUMMARY FOR APRIL 28 2017...

CLIMATE NORMAL PERIOD 1981 TO 2010
CLIMATE RECORD PERIOD 1895 TO 2017


WEATHER ITEM   OBSERVED TIME   RECORD YEAR NORMAL DEPARTURE LAST
                VALUE   (LST)  VALUE       VALUE  FROM      YEAR
                                                  NORMAL
..................................................................
TEMPERATURE (F)
 YESTERDAY
  MAXIMUM         88    251 PM  93    1909  85      3       86
  MINIMUM         79    140 AM  53    1898  70      9       74
  AVERAGE         84                        77      7       80

PRECIPITATION (IN)
  YESTERDAY        0.00          2.59 1944   0.10  -0.10     0.00
  MONTH TO DATE    2.16                      2.95  -0.79     1.09
  SINCE NOV 1     14.06                     15.13  -1.07    29.49
  SINCE JAN 1     10.79                      9.82   0.97    12.12

SNOWFALL (IN)
  YESTERDAY        0.0
  MONTH TO DATE    0.0
  SINCE MAR 1      0.0
  SINCE JUL 1      0.0
  SNOW DEPTH       0

DEGREE DAYS
 HEATING
  YESTERDAY        0                         0      0        0
  MONTH TO DATE    0                         0      0        0
  SINCE MAR 1      3                        11     -8        0
  SINCE JUL 1     17                       127   -110       67

 COOLING
  YESTERDAY       19                        12      7       15
  MONTH TO DATE  358                       298     60      337
  SINCE MAR 1    629                       545     84      701
  SINCE JAN 1   1123                       867    256      958
..................................................................


WIND (MPH)
  HIGHEST WIND SPEED    23   HIGHEST WIND DIRECTION     E (100)
  HIGHEST GUST SPEED    29   HIGHEST GUST DIRECTION     E (110)
  AVERAGE WIND SPEED    13.8


SKY COVER
  POSSIBLE SUNSHINE  65 PERCENT
  AVERAGE SKY COVER 0.7


WEATHER CONDITIONS
 THE FOLLOWING WEATHER WAS RECORDED YESTERDAY.
  NO SIGNIFICANT WEATHER WAS OBSERVED.


RELATIVE HUMIDITY (PERCENT)
 HIGHEST    85
 LOWEST     59
 AVERAGE    72

..........................................................


THE MIAMI CLIMATE NORMALS FOR TODAY
                         NORMAL    RECORD    YEAR
 MAXIMUM TEMPERATURE (F)   85        92      1986
 MINIMUM TEMPERATURE (F)   70        48      1928


SUNRISE AND SUNSET
APRIL 29 2017.........SUNRISE   646 AM EDT   SUNSET   752 PM EDT
APRIL 30 2017.........SUNRISE   645 AM EDT   SUNSET   752 PM EDT


-  INDICATES NEGATIVE NUMBERS.
R  INDICATES RECORD WAS SET OR TIED.
MM INDICATES DATA IS MISSING.
T  INDICATES TRACE AMOUNT.




$$
