000
CDUS43 KIND 140534
CLIMIE


CLIMATE REPORT
NATIONAL WEATHER SERVICE INDIANAPOLIS IN
1232 AM EST THU DEC 14 2017


...................................

...THE MUNCIE IN CLIMATE SUMMARY FOR DECEMBER 13 2017...

CLIMATE NORMAL PERIOD 1981 TO 2010
CLIMATE RECORD PERIOD 9999 TO 9999


WEATHER ITEM   OBSERVED TIME   NORMAL DEPARTURE LAST
                VALUE   (LST)  VALUE  FROM      YEAR
                                      NORMAL
......................................................
TEMPERATURE (F)
 YESTERDAY
  MAXIMUM         40    720 PM  38      2       32
  MINIMUM         17    336 AM  24     -7       14
  AVERAGE         29            31     -2       23

PRECIPITATION (IN)
  YESTERDAY        0.03          0.09  -0.06     0.07
  MONTH TO DATE    0.17          1.26  -1.09     0.53
  SINCE DEC 1      0.17          1.26  -1.09     0.53
  SINCE JAN 1     46.81         38.50   8.31    39.34

DEGREE DAYS
 HEATING
  YESTERDAY       36            34      2       42
  MONTH TO DATE  385           413    -28      430
  SINCE DEC 1    385           413    -28      430
  SINCE JUL 1   1297          1548   -251     1132

 COOLING
  YESTERDAY        0             0      0        0
  MONTH TO DATE    0             0      0        0
  SINCE DEC 1      0             0      0        0
  SINCE JAN 1   1090           956    134     1355
......................................................


WIND (MPH)
  HIGHEST WIND SPEED    37   HIGHEST WIND DIRECTION     W (290)
  HIGHEST GUST SPEED    46   HIGHEST GUST DIRECTION     W (290)
  AVERAGE WIND SPEED    14.8


SKY COVER
  AVERAGE SKY COVER 0.8


WEATHER CONDITIONS
 THE FOLLOWING WEATHER WAS RECORDED YESTERDAY.
  LIGHT RAIN
  LIGHT SNOW
  FOG
  HAZE


RELATIVE HUMIDITY (PERCENT)
 HIGHEST    70           600 PM
 LOWEST     35           100 PM
 AVERAGE    53

..........................................................


THE MUNCIE IN CLIMATE NORMALS FOR TODAY
                         NORMAL
 MAXIMUM TEMPERATURE (F)   38
 MINIMUM TEMPERATURE (F)   24


SUNRISE AND SUNSET
DECEMBER 14 2017......SUNRISE   756 AM EST   SUNSET   516 PM EST
DECEMBER 15 2017......SUNRISE   757 AM EST   SUNSET   517 PM EST


-  INDICATES NEGATIVE NUMBERS.
R  INDICATES RECORD WAS SET OR TIED.
MM INDICATES DATA IS MISSING.
T  INDICATES TRACE AMOUNT.




$$
