000
CDUS43 KIND 060532
CLIMIE


CLIMATE REPORT
NATIONAL WEATHER SERVICE INDIANAPOLIS IN
131 AM EDT FRI MAY 6 2016


...................................

...THE MUNCIE IN CLIMATE SUMMARY FOR MAY 5 2016...

CLIMATE NORMAL PERIOD 1981 TO 2010
CLIMATE RECORD PERIOD 9999 TO 9999


WEATHER ITEM   OBSERVED TIME   NORMAL DEPARTURE LAST
                VALUE   (LST)  VALUE  FROM      YEAR
                                      NORMAL
......................................................
TEMPERATURE (F)
 YESTERDAY
  MAXIMUM         65        MM  69     -4       82
  MINIMUM         41        MM  48     -7       59
  AVERAGE         53            58     -5       71

PRECIPITATION (IN)
  YESTERDAY        0.02          0.14  -0.12     0.23
  MONTH TO DATE    0.56          0.62  -0.06     1.30
  SINCE MAR 1      8.82          7.24   1.58     8.46
  SINCE JAN 1     11.93         11.78   0.15    11.40

DEGREE DAYS
 HEATING
  YESTERDAY       12             8      4        0
  MONTH TO DATE   46            42      4       14
  SINCE MAR 1    926          1251   -325     1249
  SINCE JUL 1   4517          5634  -1117     6114

 COOLING
  YESTERDAY        0             1     -1        6
  MONTH TO DATE    1             5     -4       10
  SINCE MAR 1     11            20     -9       13
  SINCE JAN 1     11            20     -9       13
......................................................


WIND (MPH)
  HIGHEST WIND SPEED    15   HIGHEST WIND DIRECTION     N (10)
  HIGHEST GUST SPEED    20   HIGHEST GUST DIRECTION     N (20)
  AVERAGE WIND SPEED    10.1


SKY COVER
  AVERAGE SKY COVER 0.8


WEATHER CONDITIONS
 THE FOLLOWING WEATHER WAS RECORDED YESTERDAY.
  LIGHT RAIN
  FOG


RELATIVE HUMIDITY (PERCENT)
 HIGHEST    89           700 AM
 LOWEST     52           200 PM
 AVERAGE    71

..........................................................


THE MUNCIE IN CLIMATE NORMALS FOR TODAY
                         NORMAL
 MAXIMUM TEMPERATURE (F)   69
 MINIMUM TEMPERATURE (F)   48


SUNRISE AND SUNSET
MAY  6 2016...........SUNRISE   635 AM EDT   SUNSET   842 PM EDT
MAY  7 2016...........SUNRISE   633 AM EDT   SUNSET   843 PM EDT


-  INDICATES NEGATIVE NUMBERS.
R  INDICATES RECORD WAS SET OR TIED.
MM INDICATES DATA IS MISSING.
T  INDICATES TRACE AMOUNT.




$$
