000
CDUS43 KIND 300533
CLIMIE


CLIMATE REPORT
NATIONAL WEATHER SERVICE INDIANAPOLIS IN
131 AM EDT FRI SEP 30 2016


...................................

...THE MUNCIE IN CLIMATE SUMMARY FOR SEPTEMBER 29 2016...

CLIMATE NORMAL PERIOD 1981 TO 2010
CLIMATE RECORD PERIOD 9999 TO 9999


WEATHER ITEM   OBSERVED TIME   NORMAL DEPARTURE LAST
                VALUE   (LST)  VALUE  FROM      YEAR
                                      NORMAL
......................................................
TEMPERATURE (F)
 YESTERDAY
  MAXIMUM         72    314 PM  71      1       71
  MINIMUM         54    533 AM  48      6       58
  AVERAGE         63            60      3       65

PRECIPITATION (IN)
  YESTERDAY        0.03          0.09  -0.06     0.06
  MONTH TO DATE    3.46          2.87   0.59     2.17
  SINCE SEP 1      3.46          2.87   0.59     2.17
  SINCE JAN 1     32.74         30.78   1.96    33.65

DEGREE DAYS
 HEATING
  YESTERDAY        2             7     -5        0
  MONTH TO DATE    8            85    -77       53
  SINCE SEP 1      8            85    -77       53
  SINCE JUL 1     11            95    -84       68

 COOLING
  YESTERDAY        0             2     -2        0
  MONTH TO DATE  188           105     83      118
  SINCE SEP 1    188           105     83      118
  SINCE JAN 1   1288           939    349      879
......................................................


WIND (MPH)
  HIGHEST WIND SPEED    16   HIGHEST WIND DIRECTION    NE (40)
  HIGHEST GUST SPEED    20   HIGHEST GUST DIRECTION    NE (40)
  AVERAGE WIND SPEED     6.1


SKY COVER
  AVERAGE SKY COVER 0.9


WEATHER CONDITIONS
 THE FOLLOWING WEATHER WAS RECORDED YESTERDAY.
  LIGHT RAIN
  FOG


RELATIVE HUMIDITY (PERCENT)
 HIGHEST    93          1200 AM
 LOWEST     51           300 PM
 AVERAGE    72

..........................................................


THE MUNCIE IN CLIMATE NORMALS FOR TODAY
                         NORMAL
 MAXIMUM TEMPERATURE (F)   71
 MINIMUM TEMPERATURE (F)   48


SUNRISE AND SUNSET
SEPTEMBER 30 2016.....SUNRISE   737 AM EDT   SUNSET   725 PM EDT
OCTOBER  1 2016.......SUNRISE   738 AM EDT   SUNSET   723 PM EDT


-  INDICATES NEGATIVE NUMBERS.
R  INDICATES RECORD WAS SET OR TIED.
MM INDICATES DATA IS MISSING.
T  INDICATES TRACE AMOUNT.




$$
