000
CDUS43 KIND 260531
CLIMIE


CLIMATE REPORT
NATIONAL WEATHER SERVICE INDIANAPOLIS IN
131 AM EDT SUN OCT 26 2014


...................................

...THE MUNCIE IN CLIMATE SUMMARY FOR OCTOBER 25 2014...

CLIMATE NORMAL PERIOD 1981 TO 2010
CLIMATE RECORD PERIOD 9999 TO 9999


WEATHER ITEM   OBSERVED TIME   NORMAL DEPARTURE LAST
                VALUE   (LST)  VALUE  FROM      YEAR
                                      NORMAL
......................................................
TEMPERATURE (F)
 YESTERDAY
  MAXIMUM         76    238 PM  61     15       48
  MINIMUM         52   1202 AM  41     11       28
  AVERAGE         64            51     13       38

PRECIPITATION (IN)
  YESTERDAY        T             0.08  -0.08     0.00
  MONTH TO DATE    2.41          2.36   0.05     2.61
  SINCE SEP 1      5.98          5.32   0.66     6.40
  SINCE JAN 1     34.40         33.23   1.17    31.28

DEGREE DAYS
 HEATING
  YESTERDAY        1            14    -13       27
  MONTH TO DATE  274           272      2      268
  SINCE SEP 1    388           363     25      351
  SINCE JUL 1    414           373     41      377

 COOLING
  YESTERDAY        0             0      0        0
  MONTH TO DATE    9            13     -4       34
  SINCE SEP 1     76           118    -42      158
  SINCE JAN 1    831           952   -121      973
......................................................


WIND (MPH)
  HIGHEST WIND SPEED    18   HIGHEST WIND DIRECTION     W (290)
  HIGHEST GUST SPEED    27   HIGHEST GUST DIRECTION     W (280)
  AVERAGE WIND SPEED     9.4


SKY COVER
  AVERAGE SKY COVER 0.3


WEATHER CONDITIONS
 THE FOLLOWING WEATHER WAS RECORDED YESTERDAY.
  LIGHT RAIN


RELATIVE HUMIDITY (PERCENT)
 HIGHEST    89          1200 AM
 LOWEST     44           200 PM
 AVERAGE    67

..........................................................


THE MUNCIE IN CLIMATE NORMALS FOR TODAY
                         NORMAL
 MAXIMUM TEMPERATURE (F)   61
 MINIMUM TEMPERATURE (F)   41


SUNRISE AND SUNSET
OCTOBER 26 2014.......SUNRISE   804 AM EDT   SUNSET   646 PM EDT
OCTOBER 27 2014.......SUNRISE   805 AM EDT   SUNSET   645 PM EDT


-  INDICATES NEGATIVE NUMBERS.
R  INDICATES RECORD WAS SET OR TIED.
MM INDICATES DATA IS MISSING.
T  INDICATES TRACE AMOUNT.




$$
