000
CDUS43 KIND 170535
CLIMIE


CLIMATE REPORT
NATIONAL WEATHER SERVICE INDIANAPOLIS IN
133 AM EDT TUE OCT 17 2017


...................................

...THE MUNCIE IN CLIMATE SUMMARY FOR OCTOBER 16 2017...

CLIMATE NORMAL PERIOD 1981 TO 2010
CLIMATE RECORD PERIOD 9999 TO 9999


WEATHER ITEM   OBSERVED TIME   NORMAL DEPARTURE LAST
                VALUE   (LST)  VALUE  FROM      YEAR
                                      NORMAL
......................................................
TEMPERATURE (F)
 YESTERDAY
  MAXIMUM         63    352 PM  64     -1       77
  MINIMUM         44    825 PM  43      1       65
  AVERAGE         54            54      0       71

PRECIPITATION (IN)
  YESTERDAY        0.01          0.09  -0.08     0.04
  MONTH TO DATE    3.01          1.57   1.44     0.33
  SINCE SEP 1      4.85          4.53   0.32     5.03
  SINCE JAN 1     39.74         32.44   7.30    34.31

DEGREE DAYS
 HEATING
  YESTERDAY       11            12     -1        0
  MONTH TO DATE   31           154   -123       58
  SINCE SEP 1     86           245   -159       68
  SINCE JUL 1     89           255   -166       71

 COOLING
  YESTERDAY        0             0      0        6
  MONTH TO DATE   50            13     37       35
  SINCE SEP 1    205           118     87      223
  SINCE JAN 1   1083           952    131     1323
......................................................


WIND (MPH)
  HIGHEST WIND SPEED    12   HIGHEST WIND DIRECTION     N (350)
  HIGHEST GUST SPEED    17   HIGHEST GUST DIRECTION    NW (320)
  AVERAGE WIND SPEED     5.4


SKY COVER
  AVERAGE SKY COVER 0.5


WEATHER CONDITIONS
 THE FOLLOWING WEATHER WAS RECORDED YESTERDAY.
  LIGHT RAIN


RELATIVE HUMIDITY (PERCENT)
 HIGHEST    93           600 AM
 LOWEST     36           200 PM
 AVERAGE    65

..........................................................


THE MUNCIE IN CLIMATE NORMALS FOR TODAY
                         NORMAL
 MAXIMUM TEMPERATURE (F)   64
 MINIMUM TEMPERATURE (F)   43


SUNRISE AND SUNSET
OCTOBER 17 2017.......SUNRISE   755 AM EDT   SUNSET   658 PM EDT
OCTOBER 18 2017.......SUNRISE   756 AM EDT   SUNSET   657 PM EDT


-  INDICATES NEGATIVE NUMBERS.
R  INDICATES RECORD WAS SET OR TIED.
MM INDICATES DATA IS MISSING.
T  INDICATES TRACE AMOUNT.




$$
