000
CDUS43 KIND 250536
CLIMIE


CLIMATE REPORT
NATIONAL WEATHER SERVICE INDIANAPOLIS IN
136 AM EDT TUE APR 25 2017


...................................

...THE MUNCIE IN CLIMATE SUMMARY FOR APRIL 24 2017...

CLIMATE NORMAL PERIOD 1981 TO 2010
CLIMATE RECORD PERIOD 9999 TO 9999


WEATHER ITEM   OBSERVED TIME   NORMAL DEPARTURE LAST
                VALUE   (LST)  VALUE  FROM      YEAR
                                      NORMAL
......................................................
TEMPERATURE (F)
 YESTERDAY
  MAXIMUM         78    410 PM  65     13       75
  MINIMUM         39    559 AM  44     -5       40
  AVERAGE         59            55      4       58

PRECIPITATION (IN)
  YESTERDAY        0.00          0.13  -0.13     0.00
  MONTH TO DATE    1.98          2.94  -0.96     1.96
  SINCE MAR 1      6.82          5.89   0.93     7.03
  SINCE JAN 1     12.53         10.43   2.10    10.14

DEGREE DAYS
 HEATING
  YESTERDAY        6            11     -5        7
  MONTH TO DATE  204           362   -158      338
  SINCE MAR 1    890          1149   -259      842
  SINCE JUL 1   4178          5532  -1354     4433

 COOLING
  YESTERDAY        0             1     -1        0
  MONTH TO DATE   22             7     15        2
  SINCE MAR 1     24             8     16        2
  SINCE JAN 1     24             8     16        2
......................................................


WIND (MPH)
  HIGHEST WIND SPEED    22   HIGHEST WIND DIRECTION     E (110)
  HIGHEST GUST SPEED    32   HIGHEST GUST DIRECTION     E (70)
  AVERAGE WIND SPEED    11.0


SKY COVER
  AVERAGE SKY COVER 0.0


WEATHER CONDITIONS
 THE FOLLOWING WEATHER WAS RECORDED YESTERDAY.
  NO SIGNIFICANT WEATHER WAS OBSERVED.


RELATIVE HUMIDITY (PERCENT)
 HIGHEST    73           600 AM
 LOWEST     18           500 PM
 AVERAGE    46

..........................................................


THE MUNCIE IN CLIMATE NORMALS FOR TODAY
                         NORMAL
 MAXIMUM TEMPERATURE (F)   65
 MINIMUM TEMPERATURE (F)   45


SUNRISE AND SUNSET
APRIL 25 2017.........SUNRISE   649 AM EDT   SUNSET   831 PM EDT
APRIL 26 2017.........SUNRISE   647 AM EDT   SUNSET   832 PM EDT


-  INDICATES NEGATIVE NUMBERS.
R  INDICATES RECORD WAS SET OR TIED.
MM INDICATES DATA IS MISSING.
T  INDICATES TRACE AMOUNT.




$$
