000
CDUS43 KIND 220538
CLIMIE


CLIMATE REPORT
NATIONAL WEATHER SERVICE INDIANAPOLIS IN
1238 AM EST SUN JAN 22 2017


...................................

...THE MUNCIE IN CLIMATE SUMMARY FOR JANUARY 21 2017...

CLIMATE NORMAL PERIOD 1981 TO 2010
CLIMATE RECORD PERIOD 9999 TO 9999


WEATHER ITEM   OBSERVED TIME   NORMAL DEPARTURE LAST
                VALUE   (LST)  VALUE  FROM      YEAR
                                      NORMAL
......................................................
TEMPERATURE (F)
 YESTERDAY
  MAXIMUM         65    343 PM  34     31       25
  MINIMUM         50    843 AM  19     31        3
  AVERAGE         58            26     32       14

PRECIPITATION (IN)
  YESTERDAY        0.00          0.07  -0.07     0.00
  MONTH TO DATE    4.67          1.49   3.18     1.20
  SINCE DEC 1      5.86          4.37   1.49     6.28
  SINCE JAN 1      4.67          1.49   3.18     1.20

DEGREE DAYS
 HEATING
  YESTERDAY        7            39    -32       51
  MONTH TO DATE  645           810   -165      808
  SINCE DEC 1   1703          1873   -170     1448
  SINCE JUL 1   2405          3008   -603     2407

 COOLING
  YESTERDAY        0             0      0        0
  MONTH TO DATE    0             0      0        0
  SINCE DEC 1      0             0      0        1
  SINCE JAN 1      0             0      0        0
......................................................


WIND (MPH)
  HIGHEST WIND SPEED    17   HIGHEST WIND DIRECTION     S (190)
  HIGHEST GUST SPEED    22   HIGHEST GUST DIRECTION     S (200)
  AVERAGE WIND SPEED     8.7


SKY COVER
  AVERAGE SKY COVER 0.2


WEATHER CONDITIONS
 THE FOLLOWING WEATHER WAS RECORDED YESTERDAY.
  NO SIGNIFICANT WEATHER WAS OBSERVED.


RELATIVE HUMIDITY (PERCENT)
 HIGHEST    89           700 AM
 LOWEST     63           300 PM
 AVERAGE    76

..........................................................


THE MUNCIE IN CLIMATE NORMALS FOR TODAY
                         NORMAL
 MAXIMUM TEMPERATURE (F)   34
 MINIMUM TEMPERATURE (F)   19


SUNRISE AND SUNSET
JANUARY 22 2017.......SUNRISE   758 AM EST   SUNSET   549 PM EST
JANUARY 23 2017.......SUNRISE   758 AM EST   SUNSET   550 PM EST


-  INDICATES NEGATIVE NUMBERS.
R  INDICATES RECORD WAS SET OR TIED.
MM INDICATES DATA IS MISSING.
T  INDICATES TRACE AMOUNT.




$$
