000
CDUS43 KIND 280537
CLIMIE


CLIMATE REPORT
NATIONAL WEATHER SERVICE INDIANAPOLIS IN
135 AM EDT TUE JUL 28 2015


...................................

...THE MUNCIE IN CLIMATE SUMMARY FOR JULY 27 2015...

CLIMATE NORMAL PERIOD 1981 TO 2010
CLIMATE RECORD PERIOD 9999 TO 9999


WEATHER ITEM   OBSERVED TIME   NORMAL DEPARTURE LAST
                VALUE   (LST)  VALUE  FROM      YEAR
                                      NORMAL
......................................................
TEMPERATURE (F)
 YESTERDAY
  MAXIMUM         84    510 PM  84      0       83
  MINIMUM         71    602 AM  64      7       65
  AVERAGE         78            74      4       74

PRECIPITATION (IN)
  YESTERDAY        T             0.12  -0.12     0.10
  MONTH TO DATE    6.79          3.88   2.91     2.12
  SINCE JUN 1     14.48          8.54   5.94     7.58
  SINCE JAN 1     29.28         24.11   5.17    22.35

DEGREE DAYS
 HEATING
  YESTERDAY        0             0      0        0
  MONTH TO DATE    0             0      0       11
  SINCE JUN 1     28            24      4       19
  SINCE JUL 1      0             0      0       11

 COOLING
  YESTERDAY       13             9      4        9
  MONTH TO DATE  209           261    -52      145
  SINCE JUN 1    429           477    -48      390
  SINCE JAN 1    573           560     13      505
......................................................


WIND (MPH)
  HIGHEST WIND SPEED    13   HIGHEST WIND DIRECTION     E (100)
  HIGHEST GUST SPEED    14   HIGHEST GUST DIRECTION     E (110)
  AVERAGE WIND SPEED     4.3


SKY COVER
  AVERAGE SKY COVER 0.8


WEATHER CONDITIONS
 THE FOLLOWING WEATHER WAS RECORDED YESTERDAY.
  LIGHT RAIN
  HAZE


RELATIVE HUMIDITY (PERCENT)
 HIGHEST    93           200 AM
 LOWEST     69           200 PM
 AVERAGE    81

..........................................................


THE MUNCIE IN CLIMATE NORMALS FOR TODAY
                         NORMAL
 MAXIMUM TEMPERATURE (F)   84
 MINIMUM TEMPERATURE (F)   64


SUNRISE AND SUNSET
JULY 28 2015..........SUNRISE   635 AM EDT   SUNSET   900 PM EDT
JULY 29 2015..........SUNRISE   636 AM EDT   SUNSET   859 PM EDT


-  INDICATES NEGATIVE NUMBERS.
R  INDICATES RECORD WAS SET OR TIED.
MM INDICATES DATA IS MISSING.
T  INDICATES TRACE AMOUNT.




$$
