000
CDUS43 KIND 250531
CLIMIE


CLIMATE REPORT
NATIONAL WEATHER SERVICE INDIANAPOLIS IN
131 AM EDT MON MAY 25 2015


...................................

...THE MUNCIE IN CLIMATE SUMMARY FOR MAY 24 2015...

CLIMATE NORMAL PERIOD 1981 TO 2010
CLIMATE RECORD PERIOD 9999 TO 9999


WEATHER ITEM   OBSERVED TIME   NORMAL DEPARTURE LAST
                VALUE   (LST)  VALUE  FROM      YEAR
                                      NORMAL
......................................................
TEMPERATURE (F)
 YESTERDAY
  MAXIMUM         85    421 PM  74     11       78
  MINIMUM         61    424 AM  54      7       48
  AVERAGE         73            64      9       63

PRECIPITATION (IN)
  YESTERDAY        T             0.15  -0.15     0.00
  MONTH TO DATE    2.73          3.31  -0.58     3.35
  SINCE MAR 1      9.89          9.93  -0.04    11.02
  SINCE JAN 1     12.83         14.47  -1.64    13.98

DEGREE DAYS
 HEATING
  YESTERDAY        0             4     -4        2
  MONTH TO DATE   85           147    -62      152
  SINCE MAR 1   1320          1356    -36     1501
  SINCE JUL 1   6185          5739    446     6411

 COOLING
  YESTERDAY        8             3      5        0
  MONTH TO DATE   88            43     45       55
  SINCE MAR 1     91            58     33       61
  SINCE JAN 1     91            58     33       61
......................................................


WIND (MPH)
  HIGHEST WIND SPEED    20   HIGHEST WIND DIRECTION     S (190)
  HIGHEST GUST SPEED    26   HIGHEST GUST DIRECTION     S (160)
  AVERAGE WIND SPEED     9.3


SKY COVER
  AVERAGE SKY COVER 0.1


WEATHER CONDITIONS
 THE FOLLOWING WEATHER WAS RECORDED YESTERDAY.
  LIGHT RAIN


RELATIVE HUMIDITY (PERCENT)
 HIGHEST    60           300 AM
 LOWEST     32           400 PM
 AVERAGE    46

..........................................................


THE MUNCIE IN CLIMATE NORMALS FOR TODAY
                         NORMAL
 MAXIMUM TEMPERATURE (F)   75
 MINIMUM TEMPERATURE (F)   55


SUNRISE AND SUNSET
MAY 25 2015...........SUNRISE   618 AM EDT   SUNSET   859 PM EDT
MAY 26 2015...........SUNRISE   617 AM EDT   SUNSET   900 PM EDT


-  INDICATES NEGATIVE NUMBERS.
R  INDICATES RECORD WAS SET OR TIED.
MM INDICATES DATA IS MISSING.
T  INDICATES TRACE AMOUNT.




$$
