000
CDUS43 KGRR 012130
CLIMKG


CLIMATE REPORT
NATIONAL WEATHER SERVICE GRAND RAPIDS, MI
530 PM EDT MON SEP 1 2014


...................................

...THE MUSKEGON MI CLIMATE SUMMARY FOR SEPTEMBER 1 2014...
VALID TODAY AS OF 0500 PM LOCAL TIME.

CLIMATE NORMAL PERIOD 1981 TO 2010
CLIMATE RECORD PERIOD 1896 TO 2014


WEATHER ITEM   OBSERVED TIME   RECORD YEAR NORMAL DEPARTURE LAST
                VALUE   (LST)  VALUE       VALUE  FROM      YEAR
                                                  NORMAL
..................................................................
TEMPERATURE (F)
 TODAY
  MAXIMUM         79    334 PM  95    1953  77      2       81
  MINIMUM         70    337 AM  40    1906  58     12       62
  AVERAGE         75                        67      8       72

PRECIPITATION (IN)
  TODAY            0.05          1.53 1905   0.12  -0.07     0.00
  MONTH TO DATE    0.05                      0.12  -0.07     0.00
  SINCE SEP 1      0.05                      0.12  -0.07     0.00
  SINCE JAN 1     26.66                     20.70   5.96    31.25

SNOWFALL (IN)
  TODAY            0.0           T    1952   0.0    0.0      0.0
  MONTH TO DATE    0.0                       0.0    0.0      0.0
  SINCE SEP 1      0.0                       0.0    0.0      0.0
  SINCE JUL 1      0.0                       0.0    0.0      0.0
  SNOW DEPTH       0

DEGREE DAYS
 HEATING
  TODAY            0                         2     -2        0
  MONTH TO DATE    0                         2     -2        0
  SINCE SEP 1      0                         2     -2        0
  SINCE JUL 1     49                        32     17       35

 COOLING
  TODAY           10                         4      6        7
  MONTH TO DATE   10                         4      6        7
  SINCE SEP 1     10                         4      6        7
  SINCE JAN 1    406                       511   -105      546
..................................................................


WIND (MPH)
  RESULTANT WIND SPEED  12   RESULTANT WIND DIRECTION   S (180)
  HIGHEST WIND SPEED    23   HIGHEST WIND DIRECTION    SW (230)
  HIGHEST GUST SPEED    32   HIGHEST GUST DIRECTION     S (180)
  AVERAGE WIND SPEED    13.3


SKY COVER
  AVERAGE SKY COVER 0.7


WEATHER CONDITIONS
 THE FOLLOWING WEATHER WAS RECORDED TODAY.
  THUNDERSTORM
  LIGHT RAIN
  FOG


RELATIVE HUMIDITY (PERCENT)
 HIGHEST    87           500 AM
 LOWEST     74          1000 AM
 AVERAGE    81

..........................................................


THE MUSKEGON MI CLIMATE NORMALS FOR TOMORROW
                         NORMAL    RECORD    YEAR
 MAXIMUM TEMPERATURE (F)   76        94      1913
 MINIMUM TEMPERATURE (F)   58        33      1909


SUNRISE AND SUNSET
SEPTEMBER  1 2014.....SUNRISE   709 AM EDT   SUNSET   820 PM EDT
SEPTEMBER  2 2014.....SUNRISE   710 AM EDT   SUNSET   818 PM EDT


-  INDICATES NEGATIVE NUMBERS.
R  INDICATES RECORD WAS SET OR TIED.
MM INDICATES DATA IS MISSING.
T  INDICATES TRACE AMOUNT.




$$
