000
CDUS43 KGRR 280517
CLIMKG


CLIMATE REPORT
NATIONAL WEATHER SERVICE GRAND RAPIDS, MI
117 AM EDT FRI JUL 28 2017


...................................

...THE MUSKEGON MI CLIMATE SUMMARY FOR JULY 27 2017...

CLIMATE NORMAL PERIOD 1981 TO 2010
CLIMATE RECORD PERIOD 1896 TO 2017


WEATHER ITEM   OBSERVED TIME   RECORD YEAR NORMAL DEPARTURE LAST
                VALUE   (LST)  VALUE       VALUE  FROM      YEAR
                                                  NORMAL
..................................................................
TEMPERATURE (F)
 YESTERDAY
  MAXIMUM         88    447 PM  95    1955  80      8       85
  MINIMUM         69   1159 PM  46    1977  62      7       67
  AVERAGE         79                        71      8       76

PRECIPITATION (IN)
  YESTERDAY        T             1.88 2011   0.08  -0.08     0.00
  MONTH TO DATE    1.63                      2.02  -0.39     4.18
  SINCE JUN 1      5.27                      4.57   0.70     6.52
  SINCE JAN 1     19.75                     16.84   2.91    20.45

SNOWFALL (IN)
  YESTERDAY        0.0          MM      MM   0.0    0.0      0.0
  MONTH TO DATE    0.0                       0.0    0.0      0.0
  SINCE JUN 1      0.0                       0.0    0.0      0.0
  SINCE JUL 1      0.0                       0.0    0.0      0.0
  SNOW DEPTH       0

DEGREE DAYS
 HEATING
  YESTERDAY        0                         0      0        0
  MONTH TO DATE    0                         4     -4        9
  SINCE JUN 1     34                        70    -36       47
  SINCE JUL 1      0                         4     -4        9

 COOLING
  YESTERDAY       14                         7      7       11
  MONTH TO DATE  187                       180      7      209
  SINCE JUN 1    317                       285     32      326
  SINCE JAN 1    339                       314     25      370
..................................................................


WIND (MPH)
  RESULTANT WIND SPEED   7   RESULTANT WIND DIRECTION  NE (30)
  HIGHEST WIND SPEED    15   HIGHEST WIND DIRECTION     N (10)
  HIGHEST GUST SPEED    21   HIGHEST GUST DIRECTION     N (20)
  AVERAGE WIND SPEED     7.6


SKY COVER
  AVERAGE SKY COVER 0.8


WEATHER CONDITIONS
 THE FOLLOWING WEATHER WAS RECORDED YESTERDAY.
  LIGHT RAIN
  FOG


RELATIVE HUMIDITY (PERCENT)
 HIGHEST    93           100 AM
 LOWEST     36           500 PM
 AVERAGE    65

..........................................................


THE MUSKEGON MI CLIMATE NORMALS FOR TODAY
                         NORMAL    RECORD    YEAR
 MAXIMUM TEMPERATURE (F)   80        91      1941
                                             1916
 MINIMUM TEMPERATURE (F)   62        47      1978


SUNRISE AND SUNSET
JULY 28 2017..........SUNRISE   631 AM EDT   SUNSET   911 PM EDT
JULY 29 2017..........SUNRISE   632 AM EDT   SUNSET   910 PM EDT


-  INDICATES NEGATIVE NUMBERS.
R  INDICATES RECORD WAS SET OR TIED.
MM INDICATES DATA IS MISSING.
T  INDICATES TRACE AMOUNT.




$$
