000
CDUS43 KGRR 120522
CLIMKG


CLIMATE REPORT
NATIONAL WEATHER SERVICE GRAND RAPIDS, MI
1220 AM EST FRI FEB 12 2016


...................................

...THE MUSKEGON MI CLIMATE SUMMARY FOR FEBRUARY 11 2016...

CLIMATE NORMAL PERIOD 1981 TO 2010
CLIMATE RECORD PERIOD 1896 TO 2016


WEATHER ITEM   OBSERVED TIME   RECORD YEAR NORMAL DEPARTURE LAST
                VALUE   (LST)  VALUE       VALUE  FROM      YEAR
                                                  NORMAL
..................................................................
TEMPERATURE (F)
 YESTERDAY
  MAXIMUM         22   1159 PM  67    1999  32    -10       33
  MINIMUM         15    510 AM -30    1899  21     -6       21
  AVERAGE         19                        26     -7       27

PRECIPITATION (IN)
  YESTERDAY        0.01          0.87 1932   0.06  -0.05     0.06
  MONTH TO DATE    1.32                      0.65   0.67     0.62
  SINCE DEC 1      8.68                      5.23   3.45     4.06
  SINCE JAN 1      3.78                      2.68   1.10     2.34

SNOWFALL (IN)
  YESTERDAY        0.2           8.4  1985   0.7   -0.5      0.7
  MONTH TO DATE    0.8                       8.5   -7.7      8.5
  SINCE DEC 1     42.9                      65.4  -22.5     42.4
  SINCE JUL 1     46.8                      71.6  -24.8     66.9
  SNOW DEPTH       T

DEGREE DAYS
 HEATING
  YESTERDAY       46                        39      7       38
  MONTH TO DATE  390                       433    -43      463
  SINCE DEC 1   2330                      2738   -408     2737
  SINCE JUL 1   3397                      4105   -708     4220

 COOLING
  YESTERDAY        0                         0      0        0
  MONTH TO DATE    0                         0      0        0
  SINCE DEC 1      0                         0      0        0
  SINCE JAN 1      0                         0      0        0
..................................................................


WIND (MPH)
  RESULTANT WIND SPEED   6   RESULTANT WIND DIRECTION  NW (310)
  HIGHEST WIND SPEED    15   HIGHEST WIND DIRECTION     W (290)
  HIGHEST GUST SPEED    18   HIGHEST GUST DIRECTION    NW (330)
  AVERAGE WIND SPEED     7.6


SKY COVER
  AVERAGE SKY COVER 0.8


WEATHER CONDITIONS
 THE FOLLOWING WEATHER WAS RECORDED YESTERDAY.
  LIGHT SNOW
  HAZE


RELATIVE HUMIDITY (PERCENT)
 HIGHEST    73           200 AM
 LOWEST     45          1200 PM
 AVERAGE    59

..........................................................


THE MUSKEGON MI CLIMATE NORMALS FOR TODAY
                         NORMAL    RECORD    YEAR
 MAXIMUM TEMPERATURE (F)   32        52      1984
 MINIMUM TEMPERATURE (F)   21       -29      1899


SUNRISE AND SUNSET
FEBRUARY 12 2016......SUNRISE   748 AM EST   SUNSET   611 PM EST
FEBRUARY 13 2016......SUNRISE   746 AM EST   SUNSET   613 PM EST


-  INDICATES NEGATIVE NUMBERS.
R  INDICATES RECORD WAS SET OR TIED.
MM INDICATES DATA IS MISSING.
T  INDICATES TRACE AMOUNT.




$$

63
