000
CDUS43 KGRR 250520
CLIMKG


CLIMATE REPORT
NATIONAL WEATHER SERVICE GRAND RAPIDS, MI
1219 AM EST SAT NOV 25 2017


...................................

...THE MUSKEGON MI CLIMATE SUMMARY FOR NOVEMBER 24 2017...

CLIMATE NORMAL PERIOD 1981 TO 2010
CLIMATE RECORD PERIOD 1896 TO 2017


WEATHER ITEM   OBSERVED TIME   RECORD YEAR NORMAL DEPARTURE LAST
                VALUE   (LST)  VALUE       VALUE  FROM      YEAR
                                                  NORMAL
..................................................................
TEMPERATURE (F)
 YESTERDAY
  MAXIMUM         59    547 PM  62    2001  43     16       47
  MINIMUM         29   1258 AM  -8    1950  32     -3       40
  AVERAGE         44                        37      7       44

PRECIPITATION (IN)
  YESTERDAY        T             1.04 2014   0.11  -0.11     0.20
  MONTH TO DATE    2.46                      2.73  -0.27     1.12
  SINCE SEP 1     12.53                      9.73   2.80    10.82
  SINCE JAN 1     33.69                     30.31   3.38    35.97

SNOWFALL (IN)
  YESTERDAY        0.0           4.9  1991   0.3   -0.3      0.0
  MONTH TO DATE    T                         3.7   -3.7      1.0
  SINCE SEP 1      T                         3.9   -3.9      1.0
  SINCE JUL 1      T                         3.9   -3.9      1.0
  SNOW DEPTH       0

DEGREE DAYS
 HEATING
  YESTERDAY       21                        28     -7       21
  MONTH TO DATE  621                       569     52      431
  SINCE SEP 1   1007                      1162   -155      774
  SINCE JUL 1   1020                      1192   -172      783

 COOLING
  YESTERDAY        0                         0      0        0
  MONTH TO DATE    0                         0      0        0
  SINCE SEP 1    121                        59     62      110
  SINCE JAN 1    615                       566     49      774
..................................................................


WIND (MPH)
  RESULTANT WIND SPEED  18   RESULTANT WIND DIRECTION   S (200)
  HIGHEST WIND SPEED    32   HIGHEST WIND DIRECTION     S (180)
  HIGHEST GUST SPEED    45   HIGHEST GUST DIRECTION     S (190)
  AVERAGE WIND SPEED    18.6


SKY COVER
  AVERAGE SKY COVER 0.4


WEATHER CONDITIONS
 THE FOLLOWING WEATHER WAS RECORDED YESTERDAY.
  LIGHT RAIN


RELATIVE HUMIDITY (PERCENT)
 HIGHEST    85           100 AM
 LOWEST     43           500 PM
 AVERAGE    64

..........................................................


THE MUSKEGON MI CLIMATE NORMALS FOR TODAY
                         NORMAL    RECORD    YEAR
 MAXIMUM TEMPERATURE (F)   42        56      2015
                                             1952
                                             1896
 MINIMUM TEMPERATURE (F)   31       -14      1950


SUNRISE AND SUNSET
NOVEMBER 25 2017......SUNRISE   750 AM EST   SUNSET   513 PM EST
NOVEMBER 26 2017......SUNRISE   752 AM EST   SUNSET   513 PM EST


-  INDICATES NEGATIVE NUMBERS.
R  INDICATES RECORD WAS SET OR TIED.
MM INDICATES DATA IS MISSING.
T  INDICATES TRACE AMOUNT.




$$
