000
CDUS43 KGRR 250521
CLIMKG


CLIMATE REPORT
NATIONAL WEATHER SERVICE GRAND RAPIDS, MI
121 AM EDT THU AUG 25 2016


...................................

...THE MUSKEGON MI CLIMATE SUMMARY FOR AUGUST 24 2016...

CLIMATE NORMAL PERIOD 1981 TO 2010
CLIMATE RECORD PERIOD 1896 TO 2016


WEATHER ITEM   OBSERVED TIME   RECORD YEAR NORMAL DEPARTURE LAST
                VALUE   (LST)  VALUE       VALUE  FROM      YEAR
                                                  NORMAL
..................................................................
TEMPERATURE (F)
 YESTERDAY
  MAXIMUM         80   1256 PM  96    1947  78      2       69
  MINIMUM         66    114 AM  40    1942  60      6       57
  AVERAGE         73                        69      4       63

PRECIPITATION (IN)
  YESTERDAY        0.09          2.38 1985   0.10  -0.01     0.02
  MONTH TO DATE    1.83                      2.59  -0.76     1.88
  SINCE JUN 1     10.19                      7.51   2.68    10.23
  SINCE JAN 1     24.12                     19.78   4.34    22.66

SNOWFALL (IN)
  YESTERDAY        0.0          MM      MM   0.0    0.0      0.0
  MONTH TO DATE    0.0                       0.0    0.0      0.0
  SINCE JUN 1      0.0                       0.0    0.0      0.0
  SINCE JUL 1      0.0                       0.0    0.0      0.0
  SNOW DEPTH       0

DEGREE DAYS
 HEATING
  YESTERDAY        0                         1     -1        2
  MONTH TO DATE    0                         7     -7        3
  SINCE JUN 1     47                        84    -37       51
  SINCE JUL 1      9                        18     -9       18

 COOLING
  YESTERDAY        8                         5      3        0
  MONTH TO DATE  208                       137     71      168
  SINCE JUN 1    566                       444    122      408
  SINCE JAN 1    610                       473    137      447
..................................................................


WIND (MPH)
  RESULTANT WIND SPEED  10   RESULTANT WIND DIRECTION   S (190)
  HIGHEST WIND SPEED    22   HIGHEST WIND DIRECTION     S (190)
  HIGHEST GUST SPEED    30   HIGHEST GUST DIRECTION    SW (210)
  AVERAGE WIND SPEED    10.5


SKY COVER
  AVERAGE SKY COVER 0.7


WEATHER CONDITIONS
 THE FOLLOWING WEATHER WAS RECORDED YESTERDAY.
  LIGHT RAIN
  FOG


RELATIVE HUMIDITY (PERCENT)
 HIGHEST    94           700 PM
 LOWEST     74           100 PM
 AVERAGE    84

..........................................................


THE MUSKEGON MI CLIMATE NORMALS FOR TODAY
                         NORMAL    RECORD    YEAR
 MAXIMUM TEMPERATURE (F)   78        90      1948
 MINIMUM TEMPERATURE (F)   60        43      1977


SUNRISE AND SUNSET
AUGUST 25 2016........SUNRISE   702 AM EDT   SUNSET   831 PM EDT
AUGUST 26 2016........SUNRISE   703 AM EDT   SUNSET   829 PM EDT


-  INDICATES NEGATIVE NUMBERS.
R  INDICATES RECORD WAS SET OR TIED.
MM INDICATES DATA IS MISSING.
T  INDICATES TRACE AMOUNT.




$$
