000
CDUS44 KMEG 230624
CLIMKL


CLIMATE REPORT
NATIONAL WEATHER SERVICE MEMPHIS TN
123 AM CDT SUN APR 23 2017


...................................

...THE JACKSON CLIMATE SUMMARY FOR APRIL 22 2017...

CLIMATE NORMAL PERIOD 1981 TO 2010
CLIMATE RECORD PERIOD 1948 TO 2017


WEATHER ITEM   OBSERVED TIME   RECORD YEAR NORMAL DEPARTURE LAST
                VALUE   (LST)  VALUE       VALUE  FROM      YEAR
                                                  NORMAL
..................................................................
TEMPERATURE (F)
 YESTERDAY
  MAXIMUM         58    213 PM  89    1980  74    -16       74
  MINIMUM         53   1159 PM  32    1993  50      3       52
  AVERAGE         56                        62     -6       63

PRECIPITATION (IN)
  YESTERDAY        1.10E         3.02 1974   0.17   0.93     0.00
  MONTH TO DATE    3.14                      3.49  -0.35     1.49
  SINCE MAR 1     10.81                      8.24   2.57    14.14
  SINCE JAN 1     15.64                     16.48  -0.84    19.76

DEGREE DAYS
 HEATING
  YESTERDAY        9                         5      4        2
  MONTH TO DATE   56                       165   -109      128
  SINCE MAR 1    415                       609   -194      441
  SINCE JUL 1   2455                      3493  -1038     2809

 COOLING
  YESTERDAY        0                         2     -2        0
  MONTH TO DATE   62                        30     32        7
  SINCE MAR 1     75                        40     35       13
  SINCE JAN 1     77                        41     36       13
..................................................................


WIND (MPH)
  HIGHEST WIND SPEED    20   HIGHEST WIND DIRECTION    NW (300)
  HIGHEST GUST SPEED    27   HIGHEST GUST DIRECTION    NW (320)
  AVERAGE WIND SPEED     9.4


SKY COVER
  POSSIBLE SUNSHINE  MM
  AVERAGE SKY COVER 0.9


WEATHER CONDITIONS
 THE FOLLOWING WEATHER WAS RECORDED YESTERDAY.
  THUNDERSTORM
  HEAVY RAIN
  RAIN
  LIGHT RAIN
  FOG


RELATIVE HUMIDITY (PERCENT)
 HIGHEST   100           200 AM
 LOWEST     93           600 AM
 AVERAGE    97

..........................................................


THE JACKSON CLIMATE NORMALS FOR TODAY
                         NORMAL    RECORD    YEAR
 MAXIMUM TEMPERATURE (F)   74        90      1988
 MINIMUM TEMPERATURE (F)   50        32      1986


SUNRISE AND SUNSET
APRIL 23 2017.........SUNRISE   613 AM CDT   SUNSET   736 PM CDT
APRIL 24 2017.........SUNRISE   611 AM CDT   SUNSET   737 PM CDT


-  INDICATES NEGATIVE NUMBERS.
R  INDICATES RECORD WAS SET OR TIED.
MM INDICATES DATA IS MISSING.
T  INDICATES TRACE AMOUNT.
E  INDICATES ESTIMATED



$$
