000
CDUS44 KMEG 290733
CLIMKL


CLIMATE REPORT
NATIONAL WEATHER SERVICE MEMPHIS TN
132 AM CST SAT NOV 29 2014


...................................

...THE JACKSON CLIMATE SUMMARY FOR NOVEMBER 28 2014...

CLIMATE NORMAL PERIOD 1981 TO 2010
CLIMATE RECORD PERIOD 1948 TO 2014


WEATHER ITEM   OBSERVED TIME   RECORD YEAR NORMAL DEPARTURE LAST
                VALUE   (LST)  VALUE       VALUE  FROM      YEAR
                                                  NORMAL
..................................................................
TEMPERATURE (F)
 YESTERDAY
  MAXIMUM         53    250 PM  75    1998  56     -3       46
  MINIMUM         24    502 AM  14    2013  35    -11       14
  AVERAGE         39                        45     -6       30

PRECIPITATION (IN)
  YESTERDAY        0.00          3.59 2001   0.19  -0.19     0.00
  MONTH TO DATE    2.18                      4.52  -2.34     1.83
  SINCE SEP 1     11.52                     11.67  -0.15     8.48
  SINCE JAN 1     55.18                     47.54   7.64    53.57

SNOWFALL (IN)
  YESTERDAY        0.0           1.5  2011   0.0    0.0      0.0
  MONTH TO DATE    0.1                       0.1    0.0       T
  SINCE SEP 1      0.1                       0.1    0.0       T
  SINCE JUL 1      0.1                       0.1    0.0       T
  SNOW DEPTH       0

DEGREE DAYS
 HEATING
  YESTERDAY       26                        20      6       35
  MONTH TO DATE  613                       412    201      534
  SINCE SEP 1    782                       626    156      739
  SINCE JUL 1    782                       626    156      739

 COOLING
  YESTERDAY        0                         0      0        0
  MONTH TO DATE    0                         2     -2        0
  SINCE SEP 1    291                       270     21      308
  SINCE JAN 1   1608                      1693    -85     1592
..................................................................


WIND (MPH)
  HIGHEST WIND SPEED    16   HIGHEST WIND DIRECTION     S (190)
  HIGHEST GUST SPEED    23   HIGHEST GUST DIRECTION     S (170)
  AVERAGE WIND SPEED     7.3


SKY COVER
  POSSIBLE SUNSHINE  MM
  AVERAGE SKY COVER 0.0


WEATHER CONDITIONS
 THE FOLLOWING WEATHER WAS RECORDED YESTERDAY.
  NO SIGNIFICANT WEATHER WAS OBSERVED.


RELATIVE HUMIDITY (PERCENT)
 HIGHEST    88           400 AM
 LOWEST     35           200 PM
 AVERAGE    62

..........................................................


THE JACKSON CLIMATE NORMALS FOR TODAY
                         NORMAL    RECORD    YEAR
 MAXIMUM TEMPERATURE (F)   56        74      1998
                                             1991
                                             1970
 MINIMUM TEMPERATURE (F)   35        14      1976


SUNRISE AND SUNSET
NOVEMBER 29 2014......SUNRISE   645 AM CST   SUNSET   443 PM CST
NOVEMBER 30 2014......SUNRISE   646 AM CST   SUNSET   443 PM CST


-  INDICATES NEGATIVE NUMBERS.
R  INDICATES RECORD WAS SET OR TIED.
MM INDICATES DATA IS MISSING.
T  INDICATES TRACE AMOUNT.




$$
