000
CDUS44 KMEG 062257
CLIMKL


CLIMATE REPORT
NATIONAL WEATHER SERVICE MEMPHIS TN
455 PM CST FRI MAR 6 2015


...................................

...THE JACKSON CLIMATE SUMMARY FOR MARCH 6 2015...
VALID TODAY AS OF 0400 PM LOCAL TIME.

CLIMATE NORMAL PERIOD 1981 TO 2010
CLIMATE RECORD PERIOD 1948 TO 2015


WEATHER ITEM   OBSERVED TIME   RECORD YEAR NORMAL DEPARTURE LAST
                VALUE   (LST)  VALUE       VALUE  FROM      YEAR
                                                  NORMAL
..................................................................
TEMPERATURE (F)
 TODAY
  MAXIMUM         37    408 PM  80    1994  59    -22       45
  MINIMUM          3R   640 AM  18    1960  37    -34       27
  AVERAGE         20                        48    -28       36

PRECIPITATION (IN)
  TODAY            0.00          2.30 1967   0.15  -0.15     0.00
  MONTH TO DATE    3.22                      0.87   2.35     3.14
  SINCE MAR 1      3.22                      0.87   2.35     3.14
  SINCE JAN 1      9.11                      9.11   0.00    11.30

SNOWFALL (IN)
  TODAY            0.0

DEGREE DAYS
 HEATING
  TODAY           45                        17     28       29
  MONTH TO DATE  169                       107     62      177
  SINCE MAR 1    169                       107     62      177
  SINCE JUL 1   3342                      2991    351     3473

 COOLING
  TODAY            0                         0      0        0
  MONTH TO DATE    0                         0      0        0
  SINCE MAR 1      0                         0      0        0
  SINCE JAN 1      0                         1     -1        0
..................................................................


WIND (MPH)
  HIGHEST WIND SPEED     6   HIGHEST WIND DIRECTION    SW (240)
  HIGHEST GUST SPEED     8   HIGHEST GUST DIRECTION    NE (60)
  AVERAGE WIND SPEED     3.1


SKY COVER
  POSSIBLE SUNSHINE  MM
  AVERAGE SKY COVER 0.0


WEATHER CONDITIONS
 THE FOLLOWING WEATHER WAS RECORDED TODAY.
  NO SIGNIFICANT WEATHER WAS OBSERVED.


RELATIVE HUMIDITY (PERCENT)
 HIGHEST    88           600 AM
 LOWEST     27           400 PM
 AVERAGE    58

..........................................................


THE JACKSON CLIMATE NORMALS FOR TOMORROW
                         NORMAL    RECORD    YEAR
 MAXIMUM TEMPERATURE (F)   60        80      2000
                                             1974
 MINIMUM TEMPERATURE (F)   37        18      1996


SUNRISE AND SUNSET
MARCH  6 2015.........SUNRISE   619 AM CST   SUNSET   555 PM CST
MARCH  7 2015.........SUNRISE   618 AM CST   SUNSET   556 PM CST


-  INDICATES NEGATIVE NUMBERS.
R  INDICATES RECORD WAS SET OR TIED.
MM INDICATES DATA IS MISSING.
T  INDICATES TRACE AMOUNT.




$$
