000
CDUS44 KMEG 292147
CLIMKL


CLIMATE REPORT
NATIONAL WEATHER SERVICE MEMPHIS TN
447 PM CDT MON SEP 29 2014


...................................

...THE JACKSON CLIMATE SUMMARY FOR SEPTEMBER 29 2014...
VALID TODAY AS OF 0400 PM LOCAL TIME.

CLIMATE NORMAL PERIOD 1981 TO 2010
CLIMATE RECORD PERIOD 1948 TO 2014


WEATHER ITEM   OBSERVED TIME   RECORD YEAR NORMAL DEPARTURE LAST
                VALUE   (LST)  VALUE       VALUE  FROM      YEAR
                                                  NORMAL
..................................................................
TEMPERATURE (F)
 TODAY
  MAXIMUM         87    214 PM  98    1953  79      8       66
  MINIMUM         58    622 AM  36    1967  54      4       62
  AVERAGE         73                        66      7       64

PRECIPITATION (IN)
  TODAY            0.00          1.75 1989   0.14  -0.14     0.64
  MONTH TO DATE    4.83                      3.25   1.58     2.82
  SINCE SEP 1      4.83                      3.25   1.58     2.82
  SINCE JAN 1     48.49                     39.12   9.37    47.91

SNOWFALL (IN)
  TODAY            0.0

DEGREE DAYS
 HEATING
  TODAY            0                         3     -3        1
  MONTH TO DATE   10                        22    -12        8
  SINCE SEP 1     10                        22    -12        8
  SINCE JUL 1     10                        22    -12        8

 COOLING
  TODAY            8                         4      4        0
  MONTH TO DATE  208                       217     -9      235
  SINCE SEP 1    208                       217     -9      235
  SINCE JAN 1   1525                      1640   -115     1519
..................................................................


WIND (MPH)
  HIGHEST WIND SPEED    10   HIGHEST WIND DIRECTION    NE (30)
  HIGHEST GUST SPEED    15   HIGHEST GUST DIRECTION    NE (60)
  AVERAGE WIND SPEED     2.0


SKY COVER
  POSSIBLE SUNSHINE  MM
  AVERAGE SKY COVER 0.1


WEATHER CONDITIONS
 THE FOLLOWING WEATHER WAS RECORDED TODAY.
  FOG


RELATIVE HUMIDITY (PERCENT)
 HIGHEST   100           600 AM
 LOWEST     43           200 PM
 AVERAGE    72

..........................................................


THE JACKSON CLIMATE NORMALS FOR TOMORROW
                         NORMAL    RECORD    YEAR
 MAXIMUM TEMPERATURE (F)   79        98      1953
 MINIMUM TEMPERATURE (F)   53        35      1949


SUNRISE AND SUNSET
SEPTEMBER 29 2014.....SUNRISE   649 AM CDT   SUNSET   642 PM CDT
SEPTEMBER 30 2014.....SUNRISE   650 AM CDT   SUNSET   641 PM CDT


-  INDICATES NEGATIVE NUMBERS.
R  INDICATES RECORD WAS SET OR TIED.
MM INDICATES DATA IS MISSING.
T  INDICATES TRACE AMOUNT.




$$
