000
CDUS44 KMEG 240633
CLIMKL


CLIMATE REPORT
NATIONAL WEATHER SERVICE MEMPHIS TN
132 AM CDT SUN SEP 24 2017


...................................

...THE JACKSON CLIMATE SUMMARY FOR SEPTEMBER 23 2017...

CLIMATE NORMAL PERIOD 1981 TO 2010
CLIMATE RECORD PERIOD 1948 TO 2017


WEATHER ITEM   OBSERVED TIME   RECORD YEAR NORMAL DEPARTURE LAST
                VALUE   (LST)  VALUE       VALUE  FROM      YEAR
                                                  NORMAL
..................................................................
TEMPERATURE (F)
 YESTERDAY
  MAXIMUM         92    231 PM  95    2016  81     11       95
                                      2010
  MINIMUM         64    607 AM  38    1999  56      8       66
  AVERAGE         78                        69      9       81

PRECIPITATION (IN)
  YESTERDAY        0.00          2.49 1972   0.13  -0.13     0.00
  MONTH TO DATE    1.86                      2.47  -0.61     1.53
  SINCE SEP 1      1.86                      2.47  -0.61     1.53
  SINCE JAN 1     36.89                     38.34  -1.45    35.40

DEGREE DAYS
 HEATING
  YESTERDAY        0                         2     -2        0
  MONTH TO DATE    7                         9     -2        0
  SINCE SEP 1      7                         9     -2        0
  SINCE JUL 1      7                         9     -2        0

 COOLING
  YESTERDAY       13                         5      8       16
  MONTH TO DATE  157                       190    -33      287
  SINCE SEP 1    157                       190    -33      287
  SINCE JAN 1   1637                      1613     24     1916
..................................................................


WIND (MPH)
  HIGHEST WIND SPEED     9   HIGHEST WIND DIRECTION     E (70)
  HIGHEST GUST SPEED    12   HIGHEST GUST DIRECTION     E (70)
  AVERAGE WIND SPEED     1.6


SKY COVER
  POSSIBLE SUNSHINE  MM
  AVERAGE SKY COVER 0.1


WEATHER CONDITIONS
 THE FOLLOWING WEATHER WAS RECORDED YESTERDAY.
  FOG
  FOG W/VISIBILITY <= 1/4 MILE


RELATIVE HUMIDITY (PERCENT)
 HIGHEST   100          1200 AM
 LOWEST     44          1200 PM
 AVERAGE    72

..........................................................


THE JACKSON CLIMATE NORMALS FOR TODAY
                         NORMAL    RECORD    YEAR
 MAXIMUM TEMPERATURE (F)   81        95      2010
 MINIMUM TEMPERATURE (F)   56        38      1990
                                             1983


SUNRISE AND SUNSET
SEPTEMBER 24 2017.....SUNRISE   645 AM CDT   SUNSET   649 PM CDT
SEPTEMBER 25 2017.....SUNRISE   646 AM CDT   SUNSET   648 PM CDT


-  INDICATES NEGATIVE NUMBERS.
R  INDICATES RECORD WAS SET OR TIED.
MM INDICATES DATA IS MISSING.
T  INDICATES TRACE AMOUNT.




$$
