297
CDUS44 KMEG 130733
CLIMKL


CLIMATE REPORT
NATIONAL WEATHER SERVICE MEMPHIS TN
131 AM CST SAT FEB 13 2016


...................................

...THE JACKSON CLIMATE SUMMARY FOR FEBRUARY 12 2016...

CLIMATE NORMAL PERIOD 1981 TO 2010
CLIMATE RECORD PERIOD 1948 TO 2016


WEATHER ITEM   OBSERVED TIME   RECORD YEAR NORMAL DEPARTURE LAST
                VALUE   (LST)  VALUE       VALUE  FROM      YEAR
                                                  NORMAL
..................................................................
TEMPERATURE (F)
 YESTERDAY
  MAXIMUM         49    100 PM  75    1962  52     -3       38
                                      1961
  MINIMUM         29    638 AM   4    1988  31     -2       22
  AVERAGE         39                        42     -3       30

PRECIPITATION (IN)
  YESTERDAY        0.00          1.61 1971   0.15  -0.15     0.00
  MONTH TO DATE    1.42                      1.81  -0.39     0.72
  SINCE DEC 1      8.61                     11.23  -2.62     4.54
  SINCE JAN 1      3.46                      5.88  -2.42     1.46

SNOWFALL (IN)
  YESTERDAY        0.0           3.0  1971   0.1   -0.1      0.0
  MONTH TO DATE    T                         0.9   -0.9      0.0
  SINCE DEC 1      1.5                       3.4   -1.9       T
  SINCE JUL 1      1.5                       3.5   -2.0      0.1
  SNOW DEPTH       0

DEGREE DAYS
 HEATING
  YESTERDAY       26                        24      2       35
  MONTH TO DATE  298                       297      1      308
  SINCE DEC 1   1588                      1879   -291     1800
  SINCE JUL 1   2063                      2546   -483     2592

 COOLING
  YESTERDAY        0                         0      0        0
  MONTH TO DATE    0                         0      0        0
  SINCE DEC 1      9                         1      8        0
  SINCE JAN 1      0                         0      0        0
..................................................................


WIND (MPH)
  HIGHEST WIND SPEED    21   HIGHEST WIND DIRECTION     N (340)
  HIGHEST GUST SPEED    28   HIGHEST GUST DIRECTION    NW (320)
  AVERAGE WIND SPEED     8.9


SKY COVER
  POSSIBLE SUNSHINE  MM
  AVERAGE SKY COVER 0.2


WEATHER CONDITIONS
 THE FOLLOWING WEATHER WAS RECORDED YESTERDAY.
  NO SIGNIFICANT WEATHER WAS OBSERVED.


RELATIVE HUMIDITY (PERCENT)
 HIGHEST    72           500 AM
 LOWEST     42           100 PM
 AVERAGE    57

..........................................................


THE JACKSON CLIMATE NORMALS FOR TODAY
                         NORMAL    RECORD    YEAR
 MAXIMUM TEMPERATURE (F)   52        81      1962
 MINIMUM TEMPERATURE (F)   31         9      1986


SUNRISE AND SUNSET
FEBRUARY 13 2016......SUNRISE   645 AM CST   SUNSET   535 PM CST
FEBRUARY 14 2016......SUNRISE   644 AM CST   SUNSET   536 PM CST


-  INDICATES NEGATIVE NUMBERS.
R  INDICATES RECORD WAS SET OR TIED.
MM INDICATES DATA IS MISSING.
T  INDICATES TRACE AMOUNT.




$$
