000
CDUS44 KMEG 280633
CLIMKL


CLIMATE REPORT
NATIONAL WEATHER SERVICE MEMPHIS TN
132 AM CDT WED SEP 28 2016


...................................

...THE JACKSON CLIMATE SUMMARY FOR SEPTEMBER 27 2016...

CLIMATE NORMAL PERIOD 1981 TO 2010
CLIMATE RECORD PERIOD 1948 TO 2016


WEATHER ITEM   OBSERVED TIME   RECORD YEAR NORMAL DEPARTURE LAST
                VALUE   (LST)  VALUE       VALUE  FROM      YEAR
                                                  NORMAL
..................................................................
TEMPERATURE (F)
 YESTERDAY
  MAXIMUM         81        MM  95    1954  80      1       81
  MINIMUM         50        MM  39    2000  54     -4       65
  AVERAGE         66                        67     -1       73

PRECIPITATION (IN)
  YESTERDAY        0.00          1.72 1996   0.14  -0.14     0.00
  MONTH TO DATE    1.69                      2.98  -1.29     1.40
  SINCE SEP 1      1.69                      2.98  -1.29     1.40
  SINCE JAN 1     35.56                     38.85  -3.29    32.86

SNOWFALL (IN)
  YESTERDAY        0.0           0.0  2002   0.0    0.0      0.0
                                      2001
  MONTH TO DATE    0.0                       0.0    0.0      0.0
  SINCE SEP 1      0.0                       0.0    0.0      0.0
  SINCE JUL 1      0.0                       0.0    0.0      0.0
  SNOW DEPTH       0

DEGREE DAYS
 HEATING
  YESTERDAY        0                         2     -2        0
  MONTH TO DATE    1                        17    -16        9
  SINCE SEP 1      1                        17    -16        9
  SINCE JUL 1      1                        17    -16        9

 COOLING
  YESTERDAY        1                         4     -3        8
  MONTH TO DATE  319                       209    110      213
  SINCE SEP 1    319                       209    110      213
  SINCE JAN 1   1948                      1632    316     1775
..................................................................


WIND (MPH)
  HIGHEST WIND SPEED     8   HIGHEST WIND DIRECTION     N (10)
  HIGHEST GUST SPEED    MM   HIGHEST GUST DIRECTION    MM
  AVERAGE WIND SPEED     5.1


SKY COVER
  POSSIBLE SUNSHINE  MM
  AVERAGE SKY COVER 0.0


WEATHER CONDITIONS
 THE FOLLOWING WEATHER WAS RECORDED YESTERDAY.
  NO SIGNIFICANT WEATHER WAS OBSERVED.


RELATIVE HUMIDITY (PERCENT)
 HIGHEST    MM
 LOWEST     MM
 AVERAGE    MM

..........................................................


THE JACKSON CLIMATE NORMALS FOR TODAY
                         NORMAL    RECORD    YEAR
 MAXIMUM TEMPERATURE (F)   79        97      1953
 MINIMUM TEMPERATURE (F)   54        40      1967


SUNRISE AND SUNSET
SEPTEMBER 28 2016.....SUNRISE   649 AM CDT   SUNSET   643 PM CDT
SEPTEMBER 29 2016.....SUNRISE   649 AM CDT   SUNSET   642 PM CDT


-  INDICATES NEGATIVE NUMBERS.
R  INDICATES RECORD WAS SET OR TIED.
MM INDICATES DATA IS MISSING.
T  INDICATES TRACE AMOUNT.




$$
