000
CDUS44 KMEG 250635
CLIMKL


CLIMATE REPORT
NATIONAL WEATHER SERVICE MEMPHIS TN
135 AM CDT MON MAY 25 2015


...................................

...THE JACKSON CLIMATE SUMMARY FOR MAY 24 2015...

CLIMATE NORMAL PERIOD 1981 TO 2010
CLIMATE RECORD PERIOD 1948 TO 2015


WEATHER ITEM   OBSERVED TIME   RECORD YEAR NORMAL DEPARTURE LAST
                VALUE   (LST)  VALUE       VALUE  FROM      YEAR
                                                  NORMAL
..................................................................
TEMPERATURE (F)
 YESTERDAY
  MAXIMUM         86   1131 AM  94    1962  82      4       88
  MINIMUM         67    140 AM  44    1963  60      7       63
  AVERAGE         77                        71      6       76

PRECIPITATION (IN)
  YESTERDAY        0.24          2.38 2009   0.18   0.06     0.00
  MONTH TO DATE    3.10                      4.42  -1.32     3.17
  SINCE MAR 1     13.10                     14.03  -0.93    13.20
  SINCE JAN 1     18.99                     22.27  -3.28    21.36

SNOWFALL (IN)
  YESTERDAY        0.0          MM      MM   0.0    0.0      0.0
  MONTH TO DATE    0.0                       0.0    0.0      0.0
  SINCE MAR 1      4.4                       0.4    4.0      0.8
  SINCE JUL 1      5.9                       4.6    1.3      1.3
  SNOW DEPTH       0

DEGREE DAYS
 HEATING
  YESTERDAY        0                         1     -1        0
  MONTH TO DATE   39                        43     -4       59
  SINCE MAR 1    664                       685    -21      851
  SINCE JUL 1   3837                      3569    268     4147

 COOLING
  YESTERDAY       12                         6      6       11
  MONTH TO DATE  115                       106      9      140
  SINCE MAR 1    176                       164     12      177
  SINCE JAN 1    176                       165     11      177
..................................................................


WIND (MPH)
  HIGHEST WIND SPEED    18   HIGHEST WIND DIRECTION     S (190)
  HIGHEST GUST SPEED    27   HIGHEST GUST DIRECTION     S (180)
  AVERAGE WIND SPEED     8.4


SKY COVER
  POSSIBLE SUNSHINE  MM
  AVERAGE SKY COVER 0.3


WEATHER CONDITIONS
 THE FOLLOWING WEATHER WAS RECORDED YESTERDAY.
  THUNDERSTORM
  RAIN
  LIGHT RAIN
  FOG


RELATIVE HUMIDITY (PERCENT)
 HIGHEST    90           800 PM
 LOWEST     51          1000 AM
 AVERAGE    71

..........................................................


THE JACKSON CLIMATE NORMALS FOR TODAY
                         NORMAL    RECORD    YEAR
 MAXIMUM TEMPERATURE (F)   82        93      1996
                                             1978
                                             1964
 MINIMUM TEMPERATURE (F)   60        47      2013


SUNRISE AND SUNSET
MAY 25 2015...........SUNRISE   544 AM CDT   SUNSET   801 PM CDT
MAY 26 2015...........SUNRISE   544 AM CDT   SUNSET   802 PM CDT


-  INDICATES NEGATIVE NUMBERS.
R  INDICATES RECORD WAS SET OR TIED.
MM INDICATES DATA IS MISSING.
T  INDICATES TRACE AMOUNT.




$$
