000
CDUS44 KMEG 190733
CLIMKL


CLIMATE REPORT
NATIONAL WEATHER SERVICE MEMPHIS TN
132 AM CST THU JAN 19 2017


...................................

...THE JACKSON CLIMATE SUMMARY FOR JANUARY 18 2017...

CLIMATE NORMAL PERIOD 1981 TO 2010
CLIMATE RECORD PERIOD 1948 TO 2017


WEATHER ITEM   OBSERVED TIME   RECORD YEAR NORMAL DEPARTURE LAST
                VALUE   (LST)  VALUE       VALUE  FROM      YEAR
                                                  NORMAL
..................................................................
TEMPERATURE (F)
 YESTERDAY
  MAXIMUM         53    436 PM  70    1951  48      5       24
                                      1949
  MINIMUM         38    500 AM   5    1977  28     10       12
  AVERAGE         46                        38      8       18

PRECIPITATION (IN)
  YESTERDAY        0.01          1.40 1950   0.12  -0.11     0.00
  MONTH TO DATE    1.96                      2.29  -0.33     1.45
  SINCE DEC 1      9.14                      7.64   1.50     6.60
  SINCE JAN 1      1.96                      2.29  -0.33     1.45

DEGREE DAYS
 HEATING
  YESTERDAY       19                        27     -8       47
  MONTH TO DATE  370                       486   -116      509
  SINCE DEC 1   1082                      1237   -155      952
  SINCE JUL 1   1466                      1904   -438     1427

 COOLING
  YESTERDAY        0                         0      0        0
  MONTH TO DATE    0                         0      0        0
  SINCE DEC 1      2                         1      1        9
  SINCE JAN 1      0                         0      0        0
..................................................................


WIND (MPH)
  HIGHEST WIND SPEED     8   HIGHEST WIND DIRECTION     E (110)
  HIGHEST GUST SPEED    11   HIGHEST GUST DIRECTION     E (90)
  AVERAGE WIND SPEED     3.4


SKY COVER
  POSSIBLE SUNSHINE  MM
  AVERAGE SKY COVER 0.6


WEATHER CONDITIONS
 THE FOLLOWING WEATHER WAS RECORDED YESTERDAY.
  LIGHT RAIN
  FOG


RELATIVE HUMIDITY (PERCENT)
 HIGHEST   100           400 AM
 LOWEST     71           400 PM
 AVERAGE    86

..........................................................


THE JACKSON CLIMATE NORMALS FOR TODAY
                         NORMAL    RECORD    YEAR
 MAXIMUM TEMPERATURE (F)   48        72      1951
 MINIMUM TEMPERATURE (F)   28         2      1984
                                             1977


SUNRISE AND SUNSET
JANUARY 19 2017.......SUNRISE   703 AM CST   SUNSET   510 PM CST
JANUARY 20 2017.......SUNRISE   703 AM CST   SUNSET   511 PM CST


-  INDICATES NEGATIVE NUMBERS.
R  INDICATES RECORD WAS SET OR TIED.
MM INDICATES DATA IS MISSING.
T  INDICATES TRACE AMOUNT.


$$
