000
CDUS42 KMLB 260631
CLIMLB


CLIMATE REPORT
NATIONAL WEATHER SERVICE MELBOURNE FL
129 AM EST SUN FEB 26 2017


...................................

...THE MELBOURNE CLIMATE SUMMARY FOR FEBRUARY 25 2017...

CLIMATE NORMAL PERIOD 1981 TO 2010
CLIMATE RECORD PERIOD 1939 TO 2017


WEATHER ITEM   OBSERVED TIME   RECORD YEAR NORMAL DEPARTURE LAST
                VALUE   (LST)  VALUE       VALUE  FROM      YEAR
                                                  NORMAL
..................................................................
TEMPERATURE (F)
 YESTERDAY
  MAXIMUM         84    141 PM  87    2013  75      9       69
  MINIMUM         60    253 AM  32    1989  53      7       47
  AVERAGE         72                        64      8       58

PRECIPITATION (IN)
  YESTERDAY        0.00          1.18 1957   0.10  -0.10     0.00
  MONTH TO DATE    3.43                      2.23   1.20     2.03
  SINCE DEC 1      5.21                      7.07  -1.86    13.55
  SINCE JAN 1      4.89                      4.50   0.39     9.86

SNOWFALL (IN)
  YESTERDAY        0.0
  MONTH TO DATE    0.0
  SINCE JUL 1      0.0

DEGREE DAYS
 HEATING
  YESTERDAY        0                         3     -3        7
  MONTH TO DATE   30                       111    -81      110
  SINCE DEC 1    159                       438   -279      288
  SINCE JUL 1    178                       480   -302      293

 COOLING
  YESTERDAY        7                         2      5        0
  MONTH TO DATE   78                        50     28       54
  SINCE DEC 1    332                       170    162      374
  SINCE JAN 1    156                        94     62       90
..................................................................


WIND (MPH)
  HIGHEST WIND SPEED    20   HIGHEST WIND DIRECTION     W (290)
  HIGHEST GUST SPEED    24   HIGHEST GUST DIRECTION    NW (300)
  AVERAGE WIND SPEED     7.3


SKY COVER
  AVERAGE SKY COVER 0.4


WEATHER CONDITIONS
 THE FOLLOWING WEATHER WAS RECORDED YESTERDAY.
  FOG
  FOG W/VISIBILITY <= 1/4 MILE


RELATIVE HUMIDITY (PERCENT)
 HIGHEST   100          1200 AM
 LOWEST     51           100 PM
 AVERAGE    76

..........................................................


THE MELBOURNE CLIMATE NORMALS FOR TODAY
                         NORMAL    RECORD    YEAR
 MAXIMUM TEMPERATURE (F)   75        91      1939
 MINIMUM TEMPERATURE (F)   53        27      1967


SUNRISE AND SUNSET
FEBRUARY 26 2017......SUNRISE   650 AM EST   SUNSET   621 PM EST
FEBRUARY 27 2017......SUNRISE   649 AM EST   SUNSET   622 PM EST


-  INDICATES NEGATIVE NUMBERS.
R  INDICATES RECORD WAS SET OR TIED.
MM INDICATES DATA IS MISSING.
T  INDICATES TRACE AMOUNT.




$$
