000
CDUS42 KMLB 220635
CLIMLB


CLIMATE REPORT
NATIONAL WEATHER SERVICE MELBOURNE FL
235 AM EDT FRI MAY 22 2015


...................................

...THE MELBOURNE CLIMATE SUMMARY FOR MAY 21 2015...

CLIMATE NORMAL PERIOD 1981 TO 2010
CLIMATE RECORD PERIOD 1939 TO 2015


WEATHER ITEM   OBSERVED TIME   RECORD YEAR NORMAL DEPARTURE LAST
                VALUE   (LST)  VALUE       VALUE  FROM      YEAR
                                                  NORMAL
..................................................................
TEMPERATURE (F)
 YESTERDAY
  MAXIMUM         94    226 PM  96    1998  87      7       82
  MINIMUM         71    601 AM  58    1994  68      3       65
  AVERAGE         83                        77      6       74

PRECIPITATION (IN)
  YESTERDAY        0.04          1.88 1950   0.13  -0.09     0.00
  MONTH TO DATE    1.38                      1.82  -0.44     3.46
  SINCE MAR 1      5.55                      7.23  -1.68     9.05
  SINCE JAN 1     11.66                     12.03  -0.37    16.11

SNOWFALL (IN)
  YESTERDAY        0.0
  MONTH TO DATE    0.0
  SINCE JUL 1      0.0

DEGREE DAYS
 HEATING
  YESTERDAY        0                         0      0        0
  MONTH TO DATE    0                         0      0        0
  SINCE MAR 1     14                        87    -73       52
  SINCE JUL 1    424                       576   -152      358

 COOLING
  YESTERDAY       18                        12      6        9
  MONTH TO DATE  246                       218     28      240
  SINCE MAR 1    857                       495    362      583
  SINCE JAN 1    955                       593    362      751
..................................................................


WIND (MPH)
  HIGHEST WIND SPEED    15   HIGHEST WIND DIRECTION     E (110)
  HIGHEST GUST SPEED    18   HIGHEST GUST DIRECTION     W (260)
  AVERAGE WIND SPEED     6.6


SKY COVER
  AVERAGE SKY COVER 0.2


WEATHER CONDITIONS
 THE FOLLOWING WEATHER WAS RECORDED YESTERDAY.
  THUNDERSTORM


RELATIVE HUMIDITY (PERCENT)
 HIGHEST    93           100 AM
 LOWEST     39           200 PM
 AVERAGE    66

..........................................................


THE MELBOURNE CLIMATE NORMALS FOR TODAY
                         NORMAL    RECORD    YEAR
 MAXIMUM TEMPERATURE (F)   87        95      1998
                                             1962
                                             1961
 MINIMUM TEMPERATURE (F)   69        56      1994


SUNRISE AND SUNSET
MAY 22 2015...........SUNRISE   629 AM EDT   SUNSET   809 PM EDT
MAY 23 2015...........SUNRISE   629 AM EDT   SUNSET   810 PM EDT


-  INDICATES NEGATIVE NUMBERS.
R  INDICATES RECORD WAS SET OR TIED.
MM INDICATES DATA IS MISSING.
T  INDICATES TRACE AMOUNT.




$$
