000
CDUS42 KMLB 210629
CLIMLB


CLIMATE REPORT
NATIONAL WEATHER SERVICE MELBOURNE FL
227 AM EDT THU SEP 21 2017


...................................

...THE MELBOURNE CLIMATE SUMMARY FOR SEPTEMBER 20 2017...

CLIMATE NORMAL PERIOD 1981 TO 2010
CLIMATE RECORD PERIOD 1939 TO 2017


WEATHER ITEM   OBSERVED TIME   RECORD YEAR NORMAL DEPARTURE LAST
                VALUE   (LST)  VALUE       VALUE  FROM      YEAR
                                                  NORMAL
..................................................................
TEMPERATURE (F)
 YESTERDAY
  MAXIMUM         88    259 PM  93    1966  88      0       88
                                      1937
  MINIMUM         76    627 AM  60    1981  73      3       73
  AVERAGE         82                        80      2       81

PRECIPITATION (IN)
  YESTERDAY        0.08          5.60 1963   0.26  -0.18     0.04
  MONTH TO DATE   19.29                      5.11  14.18    10.17
  SINCE SEP 1     19.29                      5.11  14.18    10.17
  SINCE JAN 1     46.98                     38.96   8.02    48.73

SNOWFALL (IN)
  YESTERDAY        0.0
  MONTH TO DATE    0.0
  SINCE JUL 1      0.0

DEGREE DAYS
 HEATING
  YESTERDAY        0                         0      0        0
  MONTH TO DATE    0                         0      0        0
  SINCE SEP 1      0                         0      0        0
  SINCE JUL 1      0                         0      0        0

 COOLING
  YESTERDAY       17                        15      2       16
  MONTH TO DATE  348                       318     30      348
  SINCE SEP 1    348                       318     30      348
  SINCE JAN 1   3236                      2544    692     2996
..................................................................


WIND (MPH)
  HIGHEST WIND SPEED    18   HIGHEST WIND DIRECTION    NE (30)
  HIGHEST GUST SPEED    22   HIGHEST GUST DIRECTION    NE (50)
  AVERAGE WIND SPEED     8.1


SKY COVER
  AVERAGE SKY COVER 0.5


WEATHER CONDITIONS
 THE FOLLOWING WEATHER WAS RECORDED YESTERDAY.
  LIGHT RAIN
  HAZE


RELATIVE HUMIDITY (PERCENT)
 HIGHEST    94           600 AM
 LOWEST     61           400 PM
 AVERAGE    78

..........................................................


THE MELBOURNE CLIMATE NORMALS FOR TODAY
                         NORMAL    RECORD    YEAR
 MAXIMUM TEMPERATURE (F)   88        95      1937
 MINIMUM TEMPERATURE (F)   73        57      1938


SUNRISE AND SUNSET
SEPTEMBER 21 2017.....SUNRISE   711 AM EDT   SUNSET   720 PM EDT
SEPTEMBER 22 2017.....SUNRISE   711 AM EDT   SUNSET   719 PM EDT


-  INDICATES NEGATIVE NUMBERS.
R  INDICATES RECORD WAS SET OR TIED.
MM INDICATES DATA IS MISSING.
T  INDICATES TRACE AMOUNT.




$$
