000
CDUS42 KMLB 300626
CLIMLB


CLIMATE REPORT
NATIONAL WEATHER SERVICE MELBOURNE FL
226 AM EDT TUE SEP 30 2014


...................................

...THE MELBOURNE CLIMATE SUMMARY FOR SEPTEMBER 29 2014...

CLIMATE NORMAL PERIOD 1981 TO 2010
CLIMATE RECORD PERIOD 1939 TO 2014


WEATHER ITEM   OBSERVED TIME   RECORD YEAR NORMAL DEPARTURE LAST
                VALUE   (LST)  VALUE       VALUE  FROM      YEAR
                                                  NORMAL
..................................................................
TEMPERATURE (F)
 YESTERDAY
  MAXIMUM         88   1140 AM  95    1980  87      1       86
  MINIMUM         74    646 PM  61    2006  72      2       70
  AVERAGE         81                        79      2       78

PRECIPITATION (IN)
  YESTERDAY        2.48          5.07 1970   0.26   2.22     0.00
  MONTH TO DATE   12.51                      7.39   5.12     4.54
  SINCE SEP 1     12.51                      7.39   5.12     4.54
  SINCE JAN 1     50.34                     41.24   9.10    35.73

SNOWFALL (IN)
  YESTERDAY        0.0
  MONTH TO DATE    0.0
  SINCE JUL 1      0.0

DEGREE DAYS
 HEATING
  YESTERDAY        0                         0      0        0
  MONTH TO DATE    0                         0      0        0
  SINCE SEP 1      0                         0      0        0
  SINCE JUL 1      0                         0      0        0

 COOLING
  YESTERDAY       16                        14      2       13
  MONTH TO DATE  462                       452     10      485
  SINCE SEP 1    462                       452     10      485
  SINCE JAN 1   2949                      2678    271     2934
..................................................................


WIND (MPH)
  HIGHEST WIND SPEED    26   HIGHEST WIND DIRECTION    NW (320)
  HIGHEST GUST SPEED    32   HIGHEST GUST DIRECTION    NW (320)
  AVERAGE WIND SPEED     4.4


SKY COVER
  AVERAGE SKY COVER 0.4


WEATHER CONDITIONS
 THE FOLLOWING WEATHER WAS RECORDED YESTERDAY.
  THUNDERSTORM
  HEAVY RAIN
  RAIN
  LIGHT RAIN
  FOG


RELATIVE HUMIDITY (PERCENT)
 HIGHEST    94           300 AM
 LOWEST     70          1000 AM
 AVERAGE    82

..........................................................


THE MELBOURNE CLIMATE NORMALS FOR TODAY
                         NORMAL    RECORD    YEAR
 MAXIMUM TEMPERATURE (F)   87        93      1980
 MINIMUM TEMPERATURE (F)   72        62      1963


SUNRISE AND SUNSET
SEPTEMBER 30 2014.....SUNRISE   715 AM EDT   SUNSET   710 PM EDT
OCTOBER  1 2014.......SUNRISE   715 AM EDT   SUNSET   709 PM EDT


-  INDICATES NEGATIVE NUMBERS.
R  INDICATES RECORD WAS SET OR TIED.
MM INDICATES DATA IS MISSING.
T  INDICATES TRACE AMOUNT.




$$
