000
CDUS42 KMLB 302016
CLIMLB


CLIMATE REPORT
NATIONAL WEATHER SERVICE MELBOURNE FL
416 PM EDT MON MAY 30 2016


...................................

...THE MELBOURNE CLIMATE SUMMARY FOR MAY 30 2016...
VALID TODAY AS OF 0400 PM LOCAL TIME.

CLIMATE NORMAL PERIOD 1981 TO 2010
CLIMATE RECORD PERIOD 1939 TO 2016


WEATHER ITEM   OBSERVED TIME   RECORD YEAR NORMAL DEPARTURE LAST
                VALUE   (LST)  VALUE       VALUE  FROM      YEAR
                                                  NORMAL
..................................................................
TEMPERATURE (F)
 TODAY
  MAXIMUM         90    200 PM  95    1969  88      2       86
  MINIMUM         68    500 AM  58    1941  70     -2       72
  AVERAGE         79                        79      0       79

PRECIPITATION (IN)
  TODAY            0.00          1.87 1950   0.16  -0.16     0.02
  MONTH TO DATE    7.69                      3.13   4.56     1.40
  SINCE MAR 1     12.11                      8.54   3.57     5.57
  SINCE JAN 1     21.97                     13.34   8.63    11.68

SNOWFALL (IN)
  TODAY            0.0
  MONTH TO DATE    0.0
  SINCE JUL 1      0.0

DEGREE DAYS
 HEATING
  TODAY            0                         0      0        0
  MONTH TO DATE    0                         0      0        0
  SINCE MAR 1     20                        87    -67       14
  SINCE JUL 1    341                       576   -235      424

 COOLING
  TODAY           14                        14      0       14
  MONTH TO DATE  358                       338     20      390
  SINCE MAR 1    828                       615    213     1001
  SINCE JAN 1    918                       713    205     1099
..................................................................


WIND (MPH)
  HIGHEST WIND SPEED    10   HIGHEST WIND DIRECTION     E (100)
  HIGHEST GUST SPEED    MM   HIGHEST GUST DIRECTION    MM
  AVERAGE WIND SPEED     7.2


SKY COVER
  AVERAGE SKY COVER 0.1


WEATHER CONDITIONS
 THE FOLLOWING WEATHER WAS RECORDED TODAY.
  THUNDERSTORM


RELATIVE HUMIDITY (PERCENT)
 HIGHEST    97           500 AM
 LOWEST     52           100 PM
 AVERAGE    75

..........................................................


THE MELBOURNE CLIMATE NORMALS FOR TOMORROW
                         NORMAL    RECORD    YEAR
 MAXIMUM TEMPERATURE (F)   88        99      2004
 MINIMUM TEMPERATURE (F)   70        58      1971


SUNRISE AND SUNSET
MAY 30 2016...........SUNRISE   627 AM EDT   SUNSET   814 PM EDT
MAY 31 2016...........SUNRISE   626 AM EDT   SUNSET   815 PM EDT


-  INDICATES NEGATIVE NUMBERS.
R  INDICATES RECORD WAS SET OR TIED.
MM INDICATES DATA IS MISSING.
T  INDICATES TRACE AMOUNT.




$$
