000
CDUS42 KMLB 140634
CLIMLB


CLIMATE REPORT
NATIONAL WEATHER SERVICE MELBOURNE FL
233 AM EDT MON JUL 14 2014


...................................

...THE MELBOURNE CLIMATE SUMMARY FOR JULY 13 2014...

CLIMATE NORMAL PERIOD 1981 TO 2010
CLIMATE RECORD PERIOD 1939 TO 2014


WEATHER ITEM   OBSERVED TIME   RECORD YEAR NORMAL DEPARTURE LAST
                VALUE   (LST)  VALUE       VALUE  FROM      YEAR
                                                  NORMAL
..................................................................
TEMPERATURE (F)
 YESTERDAY
  MAXIMUM         89    248 PM 100    1980  91     -2       85
  MINIMUM         76    600 AM  66    1938  73      3       74
  AVERAGE         83                        82      1       80

PRECIPITATION (IN)
  YESTERDAY        0.02          1.42 1991   0.18  -0.16     0.08
  MONTH TO DATE    2.95                      2.48   0.47     1.03
  SINCE JUN 1      9.01                      9.19  -0.18     7.77
  SINCE JAN 1     25.23                     22.69   2.54    23.10

SNOWFALL (IN)
  YESTERDAY        0.0
  MONTH TO DATE    0.0
  SINCE JUL 1      0.0

DEGREE DAYS
 HEATING
  YESTERDAY        0                         0      0        0
  MONTH TO DATE    0                         0      0        0
  SINCE JUN 1      0                         0      0        0
  SINCE JUL 1      0                         0      0        0

 COOLING
  YESTERDAY       18                        17      1       15
  MONTH TO DATE  221                       210     11      228
  SINCE JUN 1    682                       672     10      726
  SINCE JAN 1   1575                      1398    177     1587
..................................................................


WIND (MPH)
  HIGHEST WIND SPEED    15   HIGHEST WIND DIRECTION    SE (140)
  HIGHEST GUST SPEED    19   HIGHEST GUST DIRECTION    SE (140)
  AVERAGE WIND SPEED     5.3


SKY COVER
  AVERAGE SKY COVER 0.2


WEATHER CONDITIONS
 THE FOLLOWING WEATHER WAS RECORDED YESTERDAY.
  THUNDERSTORM
  LIGHT RAIN


RELATIVE HUMIDITY (PERCENT)
 HIGHEST   100           600 AM
 LOWEST     68          1000 AM
 AVERAGE    84

..........................................................


THE MELBOURNE CLIMATE NORMALS FOR TODAY
                         NORMAL    RECORD    YEAR
 MAXIMUM TEMPERATURE (F)   91       102      1980
 MINIMUM TEMPERATURE (F)   73        67      1938


SUNRISE AND SUNSET
JULY 14 2014..........SUNRISE   635 AM EDT   SUNSET   821 PM EDT
JULY 15 2014..........SUNRISE   636 AM EDT   SUNSET   821 PM EDT


-  INDICATES NEGATIVE NUMBERS.
R  INDICATES RECORD WAS SET OR TIED.
MM INDICATES DATA IS MISSING.
T  INDICATES TRACE AMOUNT.




$$
