000
CDUS43 KDVN 042125
CLIMLI


CLIMATE REPORT
NATIONAL WEATHER SERVICE QUAD CITIES IA IL
425 PM CDT WED MAY 4 2016


...................................

...THE MOLINE IL CLIMATE SUMMARY FOR MAY 4 2016...
VALID TODAY AS OF 0400 PM LOCAL TIME.

CLIMATE NORMAL PERIOD 1981 TO 2010
CLIMATE RECORD PERIOD 1872 TO 2016


WEATHER ITEM   OBSERVED TIME   RECORD YEAR NORMAL DEPARTURE LAST
                VALUE   (LST)  VALUE       VALUE  FROM      YEAR
                                                  NORMAL
..................................................................
TEMPERATURE (F)
 TODAY
  MAXIMUM         64    256 PM  93    1952  69     -5       77
  MINIMUM         45    354 AM  28    2005  47     -2       60
  AVERAGE         55                        58     -3       69

PRECIPITATION (IN)
  TODAY            0.17          2.13 1990   0.13   0.04     0.56
  MONTH TO DATE    0.61                      0.52   0.09     0.77
  SINCE MAR 1      5.96                      6.97  -1.01     3.14
  SINCE JAN 1      7.29                     10.06  -2.77     6.07

SNOWFALL (IN)
  TODAY            0.0          MM      MM   0.0    0.0      0.0
  MONTH TO DATE    0.0                       0.0    0.0      0.0
  SINCE MAR 1      2.9                       4.9   -2.0      0.1
  SINCE JUL 1     24.1                      31.6   -7.5     39.1
  SNOW DEPTH       0

DEGREE DAYS
 HEATING
  TODAY           10                         8      2        0
  MONTH TO DATE   48                        33     15       18
  SINCE MAR 1   1064                      1258   -194     1231
  SINCE JUL 1   5053                      6056  -1003     6489

 COOLING
  TODAY            0                         1     -1        4
  MONTH TO DATE    0                         4     -4        9
  SINCE MAR 1     11                        18     -7        9
  SINCE JAN 1     11                        18     -7        9
..................................................................


WIND (MPH)
  HIGHEST WIND SPEED    24   HIGHEST WIND DIRECTION    NW (310)
  HIGHEST GUST SPEED    30   HIGHEST GUST DIRECTION    NW (310)
  AVERAGE WIND SPEED    11.1


SKY COVER
  POSSIBLE SUNSHINE  MM
  AVERAGE SKY COVER 0.5


WEATHER CONDITIONS
 THE FOLLOWING WEATHER WAS RECORDED TODAY.
  THUNDERSTORM
  HEAVY RAIN
  LIGHT RAIN
  FOG
  FOG W/VISIBILITY <= 1/4 MILE


RELATIVE HUMIDITY (PERCENT)
 HIGHEST    93           300 AM
 LOWEST     34           300 PM
 AVERAGE    64

..........................................................


THE MOLINE IL CLIMATE NORMALS FOR TOMORROW
                         NORMAL    RECORD    YEAR
 MAXIMUM TEMPERATURE (F)   69        93      1949
 MINIMUM TEMPERATURE (F)   47        34      1944


SUNRISE AND SUNSET
MAY  4 2016...........SUNRISE   555 AM CDT   SUNSET   804 PM CDT
MAY  5 2016...........SUNRISE   553 AM CDT   SUNSET   805 PM CDT


-  INDICATES NEGATIVE NUMBERS.
R  INDICATES RECORD WAS SET OR TIED.
MM INDICATES DATA IS MISSING.
T  INDICATES TRACE AMOUNT.




$$
