000
CDUS43 KDVN 220918
CLIMLI


CLIMATE REPORT
NATIONAL WEATHER SERVICE QUAD CITIES IA IL
417 AM CDT MON MAY 22 2017


...................................

...THE MOLINE IL CLIMATE SUMMARY FOR MAY 21 2017...

CLIMATE NORMAL PERIOD 1981 TO 2010
CLIMATE RECORD PERIOD 1872 TO 2017


WEATHER ITEM   OBSERVED TIME   RECORD YEAR NORMAL DEPARTURE LAST
                VALUE   (LST)  VALUE       VALUE  FROM      YEAR
                                                  NORMAL
..................................................................
TEMPERATURE (F)
 YESTERDAY
  MAXIMUM         61   1209 AM  93    1934  75    -14       80
  MINIMUM         50   1159 PM  32    2002  52     -2       44
  AVERAGE         56                        63     -7       62

PRECIPITATION (IN)
  YESTERDAY        0.00          0.70 1949   0.15  -0.15     0.00
  MONTH TO DATE    2.39                      2.87  -0.48     2.49
  SINCE MAR 1     11.51                      9.32   2.19     7.84
  SINCE JAN 1     13.92                     12.41   1.51     9.17

SNOWFALL (IN)
  YESTERDAY        0.0          MM      MM   0.0    0.0      0.0
  MONTH TO DATE    0.0                       0.0    0.0      0.0
  SINCE MAR 1      5.9                       4.9    1.0      2.9
  SINCE JUL 1     22.4                      31.6   -9.2     24.1
  SNOW DEPTH       0

DEGREE DAYS
 HEATING
  YESTERDAY        9                         4      5        3
  MONTH TO DATE  138                       131      7      158
  SINCE MAR 1   1200                      1356   -156     1174
  SINCE JUL 1   5003                      6154  -1151     5163

 COOLING
  YESTERDAY        0                         2     -2        0
  MONTH TO DATE   38                        31      7        3
  SINCE MAR 1     52                        45      7       14
  SINCE JAN 1     52                        45      7       14
..................................................................


WIND (MPH)
  HIGHEST WIND SPEED    25   HIGHEST WIND DIRECTION     W (270)
  HIGHEST GUST SPEED    31   HIGHEST GUST DIRECTION     W (280)
  AVERAGE WIND SPEED    13.9


SKY COVER
  POSSIBLE SUNSHINE  MM
  AVERAGE SKY COVER 0.7


WEATHER CONDITIONS
 THE FOLLOWING WEATHER WAS RECORDED YESTERDAY.
  NO SIGNIFICANT WEATHER WAS OBSERVED.


RELATIVE HUMIDITY (PERCENT)
 HIGHEST    83           400 AM
 LOWEST     59           300 PM
 AVERAGE    71

..........................................................


THE MOLINE IL CLIMATE NORMALS FOR TODAY
                         NORMAL    RECORD    YEAR
 MAXIMUM TEMPERATURE (F)   75        94      1925
 MINIMUM TEMPERATURE (F)   53        34      1883


SUNRISE AND SUNSET
MAY 22 2017...........SUNRISE   537 AM CDT   SUNSET   821 PM CDT
MAY 23 2017...........SUNRISE   536 AM CDT   SUNSET   822 PM CDT


-  INDICATES NEGATIVE NUMBERS.
R  INDICATES RECORD WAS SET OR TIED.
MM INDICATES DATA IS MISSING.
T  INDICATES TRACE AMOUNT.




$$
