000
CDUS43 KDVN 212128
CLIMLI


CLIMATE REPORT
NATIONAL WEATHER SERVICE QUAD CITIES IA IL
427 PM CDT SUN SEP 21 2014


...................................

...THE MOLINE IL CLIMATE SUMMARY FOR SEPTEMBER 21 2014...
VALID TODAY AS OF 0400 PM LOCAL TIME.

CLIMATE NORMAL PERIOD 1981 TO 2010
CLIMATE RECORD PERIOD 1872 TO 2014


WEATHER ITEM   OBSERVED TIME   RECORD YEAR NORMAL DEPARTURE LAST
                VALUE   (LST)  VALUE       VALUE  FROM      YEAR
                                                  NORMAL
..................................................................
TEMPERATURE (F)
 TODAY
  MAXIMUM         65    108 PM  92    2007  75    -10       71
                                      1940
  MINIMUM         55    442 AM  32    1991  51      4       47
  AVERAGE         60                        63     -3       59

PRECIPITATION (IN)
  TODAY            0.00          3.32 1947   0.11  -0.11     0.00
  MONTH TO DATE    5.63                      2.24   3.39     0.88
  SINCE SEP 1      5.63                      2.24   3.39     0.88
  SINCE JAN 1     34.20                     29.40   4.80    33.49

SNOWFALL (IN)
  TODAY            0.0          MM      MM   0.0    0.0      0.0
  MONTH TO DATE    0.0                       0.0    0.0      0.0
  SINCE SEP 1      0.0                       0.0    0.0      0.0
  SINCE JUL 1      0.0                       0.0    0.0      0.0
  SNOW DEPTH       0

DEGREE DAYS
 HEATING
  TODAY            5                         4      1        6
  MONTH TO DATE   97                        43     54       40
  SINCE SEP 1     97                        43     54       40
  SINCE JUL 1    102                        51     51       51

 COOLING
  TODAY            0                         2     -2        0
  MONTH TO DATE   55                        91    -36      150
  SINCE SEP 1     55                        91    -36      150
  SINCE JAN 1    821                       974   -153      964
..................................................................


WIND (MPH)
  HIGHEST WIND SPEED    24   HIGHEST WIND DIRECTION    NW (310)
  HIGHEST GUST SPEED    33   HIGHEST GUST DIRECTION    NW (310)
  AVERAGE WIND SPEED    13.7


SKY COVER
  POSSIBLE SUNSHINE  MM
  AVERAGE SKY COVER 0.4


WEATHER CONDITIONS
 THE FOLLOWING WEATHER WAS RECORDED TODAY.
  NO SIGNIFICANT WEATHER WAS OBSERVED.


RELATIVE HUMIDITY (PERCENT)
 HIGHEST    86           300 AM
 LOWEST     60          1100 AM
 AVERAGE    73

..........................................................


THE MOLINE IL CLIMATE NORMALS FOR TOMORROW
                         NORMAL    RECORD    YEAR
 MAXIMUM TEMPERATURE (F)   74        95      1937
 MINIMUM TEMPERATURE (F)   51        32      1995


SUNRISE AND SUNSET
SEPTEMBER 21 2014.....SUNRISE   648 AM CDT   SUNSET   701 PM CDT
SEPTEMBER 22 2014.....SUNRISE   649 AM CDT   SUNSET   659 PM CDT


-  INDICATES NEGATIVE NUMBERS.
R  INDICATES RECORD WAS SET OR TIED.
MM INDICATES DATA IS MISSING.
T  INDICATES TRACE AMOUNT.




$$
