000
CDUS43 KDVN 250912
CLIMLI


CLIMATE REPORT
NATIONAL WEATHER SERVICE QUAD CITIES IA IL
411 AM CDT SAT MAR 25 2017


...................................

...THE MOLINE IL CLIMATE SUMMARY FOR MARCH 24 2017...

CLIMATE NORMAL PERIOD 1981 TO 2010
CLIMATE RECORD PERIOD 1872 TO 2017


WEATHER ITEM   OBSERVED TIME   RECORD YEAR NORMAL DEPARTURE LAST
                VALUE   (LST)  VALUE       VALUE  FROM      YEAR
                                                  NORMAL
..................................................................
TEMPERATURE (F)
 YESTERDAY
  MAXIMUM         81R  1127 AM  80    1939  53     28       41
  MINIMUM         48   1159 PM   2    1974  32     16       31
  AVERAGE         65                        43     22       36

PRECIPITATION (IN)
  YESTERDAY        0.19          1.59 1954   0.10   0.09     0.77
  MONTH TO DATE    1.24                      2.18  -0.94     2.38
  SINCE MAR 1      1.24                      2.18  -0.94     2.38
  SINCE JAN 1      3.65                      5.27  -1.62     3.71

SNOWFALL (IN)
  YESTERDAY        0.0          MM      MM   0.1   -0.1      2.3
  MONTH TO DATE    5.9                       3.4    2.5      2.9
  SINCE MAR 1      5.9                       3.4    2.5      2.9
  SINCE JUL 1     22.4                      30.1   -7.7     24.1
  SNOW DEPTH       0

DEGREE DAYS
 HEATING
  YESTERDAY        0                        22    -22       29
  MONTH TO DATE  614                       659    -45      476
  SINCE MAR 1    614                       659    -45      476
  SINCE JUL 1   4417                      5457  -1040     4465

 COOLING
  YESTERDAY        0                         0      0        0
  MONTH TO DATE    0                         0      0        3
  SINCE MAR 1      0                         0      0        3
  SINCE JAN 1      0                         0      0        3
..................................................................


WIND (MPH)
  HIGHEST WIND SPEED    28   HIGHEST WIND DIRECTION    SW (220)
  HIGHEST GUST SPEED    36   HIGHEST GUST DIRECTION    SW (230)
  AVERAGE WIND SPEED    13.4


SKY COVER
  POSSIBLE SUNSHINE  MM
  AVERAGE SKY COVER 0.3


WEATHER CONDITIONS
 THE FOLLOWING WEATHER WAS RECORDED YESTERDAY.
  LIGHT RAIN
  FOG


RELATIVE HUMIDITY (PERCENT)
 HIGHEST    86           700 PM
 LOWEST     27           100 PM
 AVERAGE    57

..........................................................


THE MOLINE IL CLIMATE NORMALS FOR TODAY
                         NORMAL    RECORD    YEAR
 MAXIMUM TEMPERATURE (F)   53        81      1907
 MINIMUM TEMPERATURE (F)   33         1      1960


SUNRISE AND SUNSET
MARCH 25 2017.........SUNRISE   656 AM CDT   SUNSET   720 PM CDT
MARCH 26 2017.........SUNRISE   655 AM CDT   SUNSET   721 PM CDT


-  INDICATES NEGATIVE NUMBERS.
R  INDICATES RECORD WAS SET OR TIED.
MM INDICATES DATA IS MISSING.
T  INDICATES TRACE AMOUNT.




$$
