000
CDUS43 KDVN 240908
CLIMLI


CLIMATE REPORT
NATIONAL WEATHER SERVICE QUAD CITIES IA IL
407 AM CDT WED AUG 24 2016


...................................

...THE MOLINE IL CLIMATE SUMMARY FOR AUGUST 23 2016...

CLIMATE NORMAL PERIOD 1981 TO 2010
CLIMATE RECORD PERIOD 1872 TO 2016


WEATHER ITEM   OBSERVED TIME   RECORD YEAR NORMAL DEPARTURE LAST
                VALUE   (LST)  VALUE       VALUE  FROM      YEAR
                                                  NORMAL
..................................................................
TEMPERATURE (F)
 YESTERDAY
  MAXIMUM         82    224 PM  99    1947  83     -1       76
  MINIMUM         59    331 AM  48    1891  63     -4       56
                                      1875
  AVERAGE         71                        73     -2       66

PRECIPITATION (IN)
  YESTERDAY        0.00          4.79 1885   0.15  -0.15     0.08
  MONTH TO DATE    5.07                      3.40   1.67     3.76
  SINCE JUN 1     16.42                     12.18   4.24    19.45
  SINCE JAN 1     26.42                     26.04   0.38    28.39

SNOWFALL (IN)
  YESTERDAY        0.0          MM      MM   0.0    0.0      0.0
  MONTH TO DATE    0.0                       0.0    0.0       T
  SINCE JUN 1      0.0                       0.0    0.0       T
  SINCE JUL 1      0.0                       0.0    0.0       T
  SNOW DEPTH       0

DEGREE DAYS
 HEATING
  YESTERDAY        0                         0      0        0
  MONTH TO DATE    0                         0      0        0
  SINCE JUN 1      2                        21    -19       11
  SINCE JUL 1      1                         2     -1        4

 COOLING
  YESTERDAY        6                         8     -2        1
  MONTH TO DATE  238                       211     27      194
  SINCE JUN 1    884                       749    135      687
  SINCE JAN 1    986                       825    161      768
..................................................................


WIND (MPH)
  HIGHEST WIND SPEED    18   HIGHEST WIND DIRECTION     S (160)
  HIGHEST GUST SPEED    27   HIGHEST GUST DIRECTION     S (190)
  AVERAGE WIND SPEED    10.2


SKY COVER
  POSSIBLE SUNSHINE  MM
  AVERAGE SKY COVER 0.4


WEATHER CONDITIONS
 THE FOLLOWING WEATHER WAS RECORDED YESTERDAY.
  NO SIGNIFICANT WEATHER WAS OBSERVED.


RELATIVE HUMIDITY (PERCENT)
 HIGHEST    90           400 AM
 LOWEST     58          1200 PM
 AVERAGE    74

..........................................................


THE MOLINE IL CLIMATE NORMALS FOR TODAY
                         NORMAL    RECORD    YEAR
 MAXIMUM TEMPERATURE (F)   83       100      1936
 MINIMUM TEMPERATURE (F)   62        43      1942


SUNRISE AND SUNSET
AUGUST 24 2016........SUNRISE   621 AM CDT   SUNSET   747 PM CDT
AUGUST 25 2016........SUNRISE   622 AM CDT   SUNSET   745 PM CDT


-  INDICATES NEGATIVE NUMBERS.
R  INDICATES RECORD WAS SET OR TIED.
MM INDICATES DATA IS MISSING.
T  INDICATES TRACE AMOUNT.




$$
