594
CDUS43 KDVN 221010
CLIMLI


CLIMATE REPORT
NATIONAL WEATHER SERVICE QUAD CITIES IA IL
408 AM CST THU FEB 22 2018


...................................

...THE MOLINE IL CLIMATE SUMMARY FOR FEBRUARY 21 2018...

CLIMATE NORMAL PERIOD 1981 TO 2010
CLIMATE RECORD PERIOD 1872 TO 2018


WEATHER ITEM   OBSERVED TIME   RECORD YEAR NORMAL DEPARTURE LAST
                VALUE   (LST)  VALUE       VALUE  FROM      YEAR
                                                  NORMAL
..................................................................
TEMPERATURE (F)
 YESTERDAY
  MAXIMUM         31    331 PM  69    2017  38     -7       69
  MINIMUM         21    702 AM  -8    1963  20      1       44
  AVERAGE         26                        29     -3       57

PRECIPITATION (IN)
  YESTERDAY        0.00          1.27 1985   0.06  -0.06     0.01
  MONTH TO DATE    2.95                      1.09   1.86     0.47
  SINCE DEC 1      3.88                      4.76  -0.88     3.59
  SINCE JAN 1      3.36                      2.58   0.78     1.97

SNOWFALL (IN)
  YESTERDAY        0.0          MM      MM   0.2   -0.2      0.0
  MONTH TO DATE   16.3                       5.4   10.9      1.3
  SINCE DEC 1     28.1                      24.1    4.0     15.5
  SINCE JUL 1     28.1                      25.3    2.8     15.5
  SNOW DEPTH       0

DEGREE DAYS
 HEATING
  YESTERDAY       39                        36      3        8
  MONTH TO DATE  912                       824     88      585
  SINCE DEC 1   3385                      3327     58     2876
  SINCE JUL 1   4458                      4558   -100     3657

 COOLING
  YESTERDAY        0                         0      0        0
  MONTH TO DATE    0                         0      0        0
  SINCE DEC 1      0                         0      0        0
  SINCE JAN 1      0                         0      0        0
..................................................................


WIND (MPH)
  HIGHEST WIND SPEED    20   HIGHEST WIND DIRECTION    NW (310)
  HIGHEST GUST SPEED    24   HIGHEST GUST DIRECTION    NW (310)
  AVERAGE WIND SPEED    10.2


SKY COVER
  POSSIBLE SUNSHINE  MM
  AVERAGE SKY COVER 0.1


WEATHER CONDITIONS
 THE FOLLOWING WEATHER WAS RECORDED YESTERDAY.
  NO SIGNIFICANT WEATHER WAS OBSERVED.


RELATIVE HUMIDITY (PERCENT)
 HIGHEST    77           800 AM
 LOWEST     58           400 PM
 AVERAGE    68

..........................................................


THE MOLINE IL CLIMATE NORMALS FOR TODAY
                         NORMAL    RECORD    YEAR
 MAXIMUM TEMPERATURE (F)   38        73      2017
 MINIMUM TEMPERATURE (F)   21        -9      1978


SUNRISE AND SUNSET
FEBRUARY 22 2018......SUNRISE   647 AM CST   SUNSET   544 PM CST
FEBRUARY 23 2018......SUNRISE   646 AM CST   SUNSET   546 PM CST


-  INDICATES NEGATIVE NUMBERS.
R  INDICATES RECORD WAS SET OR TIED.
MM INDICATES DATA IS MISSING.
T  INDICATES TRACE AMOUNT.




$$
