000
CDUS45 KBYZ 142329
CLIMLS


CLIMATE REPORT
NATIONAL WEATHER SERVICE BILLINGS MT
427 PM MST SUN FEB 14 2016


...................................

...THE MILES CITY MT CLIMATE SUMMARY FOR FEBRUARY 14 2016...
VALID TODAY AS OF 0400 PM LOCAL TIME.

CLIMATE NORMAL PERIOD 1981 TO 2010
CLIMATE RECORD PERIOD 1937 TO 2016


WEATHER ITEM   OBSERVED TIME   RECORD YEAR NORMAL DEPARTURE LAST
                VALUE   (LST)  VALUE       VALUE  FROM      YEAR
                                                  NORMAL
..................................................................
TEMPERATURE (F)
 TODAY
  MAXIMUM         48    346 PM  57    1981  35     13       36
  MINIMUM         32    320 AM -17    1938  13     19       26
  AVERAGE         40                        24     16       31

PRECIPITATION (IN)
  TODAY            T             0.19 1979   0.01  -0.01     0.00
  MONTH TO DATE    0.11                      0.10   0.01     0.12
  SINCE OCT 1      1.71                      2.02  -0.31     1.35
  SINCE JAN 1      0.45                      0.42   0.03     0.34

DEGREE DAYS
 HEATING
  TODAY           25                        41    -16       34
  MONTH TO DATE  422                       595   -173      503
  SINCE DEC 1   2895                      3392   -497     3041
  SINCE JUL 1   4323                      5191   -868     4871

 COOLING
  TODAY            0                         0      0        0
  MONTH TO DATE    0                         0      0        0
  SINCE DEC 1      0                         0      0        0
  SINCE JAN 1      0                         0      0        0
..................................................................


WIND (MPH)
  HIGHEST WIND SPEED    28   HIGHEST WIND DIRECTION    NW (300)
  HIGHEST GUST SPEED    36   HIGHEST GUST DIRECTION    NW (310)
  AVERAGE WIND SPEED    14.3


SKY COVER
  POSSIBLE SUNSHINE  MM
  AVERAGE SKY COVER 0.5


WEATHER CONDITIONS
 THE FOLLOWING WEATHER WAS RECORDED TODAY.
  LIGHT RAIN


RELATIVE HUMIDITY (PERCENT)
 HIGHEST    89           800 AM
 LOWEST     45           300 PM
 AVERAGE    67

..........................................................


THE MILES CITY MT CLIMATE NORMALS FOR TOMORROW
                         NORMAL    RECORD    YEAR
 MAXIMUM TEMPERATURE (F)   35        55      1992
 MINIMUM TEMPERATURE (F)   13       -25      1958


SUNRISE AND SUNSET
FEBRUARY 14 2016......SUNRISE   709 AM MST   SUNSET   527 PM MST
FEBRUARY 15 2016......SUNRISE   708 AM MST   SUNSET   528 PM MST


-  INDICATES NEGATIVE NUMBERS.
R  INDICATES RECORD WAS SET OR TIED.
MM INDICATES DATA IS MISSING.
T  INDICATES TRACE AMOUNT.





&&

THIS IS AN AUTOMATED...UNATTENDED WEATHER STATION AND MAY
UNDERESTIMATE WINTER PRECIPITATION.

$$
