000
CDUS45 KBYZ 210723
CLIMLS


CLIMATE REPORT
NATIONAL WEATHER SERVICE BILLINGS MT
1223 AM MST TUE NOV 21 2017


...................................

...THE MILES CITY MT CLIMATE SUMMARY FOR NOVEMBER 20 2017...

CLIMATE NORMAL PERIOD 1981 TO 2010
CLIMATE RECORD PERIOD 1937 TO 2017


WEATHER ITEM   OBSERVED TIME   RECORD YEAR NORMAL DEPARTURE LAST
                VALUE   (LST)  VALUE       VALUE  FROM      YEAR
                                                  NORMAL
..................................................................
TEMPERATURE (F)
 YESTERDAY
  MAXIMUM         51    147 PM  65    2002  41     10       54
                                      2001
  MINIMUM         29   1159 PM -18    1985  19     10       22
  AVERAGE         40                        30     10       38

PRECIPITATION (IN)
  YESTERDAY        0.01          0.66 1977   0.01   0.00     0.00
  MONTH TO DATE    0.21                      0.29  -0.08      T
  SINCE OCT 1      0.93                      1.21  -0.28     0.97
  SINCE JAN 1      6.07                     12.05  -5.98    14.43

DEGREE DAYS
 HEATING
  YESTERDAY       25                        35    -10       27
  MONTH TO DATE  708                       606    102      374
  SINCE SEP 1   1499                      1383    116     1002
  SINCE JUL 1   1503                      1417     86     1016

 COOLING
  YESTERDAY        0                         0      0        0
  MONTH TO DATE    0                         0      0        0
  SINCE SEP 1     91                        58     33       62
  SINCE JAN 1    985                       730    255      873
..................................................................


WIND (MPH)
  HIGHEST WIND SPEED    22   HIGHEST WIND DIRECTION     W (280)
  HIGHEST GUST SPEED    27   HIGHEST GUST DIRECTION     W (270)
  AVERAGE WIND SPEED    10.9


SKY COVER
  POSSIBLE SUNSHINE  MM
  AVERAGE SKY COVER 0.4


WEATHER CONDITIONS
 THE FOLLOWING WEATHER WAS RECORDED YESTERDAY.
  LIGHT SNOW
  FOG


RELATIVE HUMIDITY (PERCENT)
 HIGHEST   100           800 PM
 LOWEST     32           900 AM
 AVERAGE    66

..........................................................


THE MILES CITY MT CLIMATE NORMALS FOR TODAY
                         NORMAL    RECORD    YEAR
 MAXIMUM TEMPERATURE (F)   40        65      2012
 MINIMUM TEMPERATURE (F)   18       -19      1978


SUNRISE AND SUNSET
NOVEMBER 21 2017......SUNRISE   714 AM MST   SUNSET   425 PM MST
NOVEMBER 22 2017......SUNRISE   715 AM MST   SUNSET   424 PM MST


-  INDICATES NEGATIVE NUMBERS.
R  INDICATES RECORD WAS SET OR TIED.
MM INDICATES DATA IS MISSING.
T  INDICATES TRACE AMOUNT.




$$
