000
CDUS45 KBYZ 230940
CLIMLS


CLIMATE REPORT
NATIONAL WEATHER SERVICE BILLINGS MT
338 AM MDT THU MAR 23 2017


...................................

...THE MILES CITY MT CLIMATE SUMMARY FOR MARCH 22 2017...

CLIMATE NORMAL PERIOD 1981 TO 2010
CLIMATE RECORD PERIOD 1937 TO 2017


WEATHER ITEM   OBSERVED TIME   RECORD YEAR NORMAL DEPARTURE LAST
                VALUE   (LST)  VALUE       VALUE  FROM      YEAR
                                                  NORMAL
..................................................................
TEMPERATURE (F)
 YESTERDAY
  MAXIMUM         60    427 PM  75    1963  49     11       54
  MINIMUM         33    657 AM -18    2002  25      8       31
  AVERAGE         47                        37     10       43

PRECIPITATION (IN)
  YESTERDAY        0.00          0.29 1998   0.02  -0.02     0.00
  MONTH TO DATE    0.37                      0.36   0.01     0.02
  SINCE OCT 1      1.92                      2.51  -0.59     2.09
  SINCE JAN 1      0.83                      0.91  -0.08     0.83

DEGREE DAYS
 HEATING
  YESTERDAY       18                        28    -10       22
  MONTH TO DATE  654                       707    -53      466
  SINCE MAR 1    654                       707    -53      466
  SINCE JUL 1   6206                      6441   -235     5159

 COOLING
  YESTERDAY        0                         0      0        0
  MONTH TO DATE    0                         0      0        0
  SINCE MAR 1      0                         0      0        0
  SINCE JAN 1      0                         0      0        0
..................................................................


WIND (MPH)
  HIGHEST WIND SPEED    22   HIGHEST WIND DIRECTION    SE (140)
  HIGHEST GUST SPEED    28   HIGHEST GUST DIRECTION    SE (140)
  AVERAGE WIND SPEED     8.6


SKY COVER
  POSSIBLE SUNSHINE  MM
  AVERAGE SKY COVER 0.5


WEATHER CONDITIONS
 THE FOLLOWING WEATHER WAS RECORDED YESTERDAY.
  NO SIGNIFICANT WEATHER WAS OBSERVED.


RELATIVE HUMIDITY (PERCENT)
 HIGHEST    82          1200 AM
 LOWEST     47           300 PM
 AVERAGE    65

..........................................................


THE MILES CITY MT CLIMATE NORMALS FOR TODAY
                         NORMAL    RECORD    YEAR
 MAXIMUM TEMPERATURE (F)   49        78      1993
 MINIMUM TEMPERATURE (F)   26        -7      1965


SUNRISE AND SUNSET
MARCH 23 2017.........SUNRISE   700 AM MDT   SUNSET   721 PM MDT
MARCH 24 2017.........SUNRISE   658 AM MDT   SUNSET   722 PM MDT


-  INDICATES NEGATIVE NUMBERS.
R  INDICATES RECORD WAS SET OR TIED.
MM INDICATES DATA IS MISSING.
T  INDICATES TRACE AMOUNT.





&&

THIS IS AN AUTOMATED...UNATTENDED WEATHER STATION AND MAY
UNDERESTIMATE WINTER PRECIPITATION.

$$
