000
CDUS45 KBYZ 270723
CLIMLS


CLIMATE REPORT
NATIONAL WEATHER SERVICE BILLINGS MT
123 AM MDT SAT MAY 27 2017


...................................

...THE MILES CITY MT CLIMATE SUMMARY FOR MAY 26 2017...

CLIMATE NORMAL PERIOD 1981 TO 2010
CLIMATE RECORD PERIOD 1937 TO 2017


WEATHER ITEM   OBSERVED TIME   RECORD YEAR NORMAL DEPARTURE LAST
                VALUE   (LST)  VALUE       VALUE  FROM      YEAR
                                                  NORMAL
..................................................................
TEMPERATURE (F)
 YESTERDAY
  MAXIMUM         68    410 PM  98    1969  71     -3       67
  MINIMUM         40    123 AM  32    2007  46     -6       48
  AVERAGE         54                        59     -5       58

PRECIPITATION (IN)
  YESTERDAY        T             1.20 1973   0.08  -0.08     0.03
  MONTH TO DATE    0.43                      1.76  -1.33     1.55
  SINCE OCT 1      3.53                      5.88  -2.35     8.24
  SINCE JAN 1      2.44                      4.28  -1.84     6.98

DEGREE DAYS
 HEATING
  YESTERDAY       11                         7      4        7
  MONTH TO DATE  222                       271    -49      209
  SINCE MAR 1   1521                      1783   -262     1371
  SINCE JUL 1   7073                      7517   -444     6064

 COOLING
  YESTERDAY        0                         1     -1        0
  MONTH TO DATE   18                        13      5       22
  SINCE MAR 1     18                        14      4       24
  SINCE JAN 1     18                        14      4       24
..................................................................


WIND (MPH)
  HIGHEST WIND SPEED    22   HIGHEST WIND DIRECTION    NW (310)
  HIGHEST GUST SPEED    29   HIGHEST GUST DIRECTION    NW (320)
  AVERAGE WIND SPEED     9.7


SKY COVER
  POSSIBLE SUNSHINE  MM
  AVERAGE SKY COVER 0.5


WEATHER CONDITIONS
 THE FOLLOWING WEATHER WAS RECORDED YESTERDAY.
  NO SIGNIFICANT WEATHER WAS OBSERVED.


RELATIVE HUMIDITY (PERCENT)
 HIGHEST    76          1200 AM
 LOWEST     22           200 PM
 AVERAGE    49

..........................................................


THE MILES CITY MT CLIMATE NORMALS FOR TODAY
                         NORMAL    RECORD    YEAR
 MAXIMUM TEMPERATURE (F)   72        96      1969
 MINIMUM TEMPERATURE (F)   47        30      1965


SUNRISE AND SUNSET
MAY 27 2017...........SUNRISE   518 AM MDT   SUNSET   844 PM MDT
MAY 28 2017...........SUNRISE   517 AM MDT   SUNSET   845 PM MDT


-  INDICATES NEGATIVE NUMBERS.
R  INDICATES RECORD WAS SET OR TIED.
MM INDICATES DATA IS MISSING.
T  INDICATES TRACE AMOUNT.




$$
