000
CDUS45 KBYZ 300932
CLIMLS


CLIMATE REPORT
NATIONAL WEATHER SERVICE BILLINGS MT
331 AM MDT SAT MAY 30 2015


...................................

...THE MILES CITY MT CLIMATE SUMMARY FOR MAY 29 2015...

CLIMATE NORMAL PERIOD 1981 TO 2010
CLIMATE RECORD PERIOD 1937 TO 2015


WEATHER ITEM   OBSERVED TIME   RECORD YEAR NORMAL DEPARTURE LAST
                VALUE   (LST)  VALUE       VALUE  FROM      YEAR
                                                  NORMAL
..................................................................
TEMPERATURE (F)
 YESTERDAY
  MAXIMUM         63    521 PM 100    1988  72     -9       73
  MINIMUM         42    539 AM  31    1947  47     -5       56
  AVERAGE         53                        60     -7       65

PRECIPITATION (IN)
  YESTERDAY        0.00          1.22 2013   0.08  -0.08     0.00
  MONTH TO DATE    0.99                      2.01  -1.02     2.51
  SINCE OCT 1      2.90                      6.13  -3.23     6.08
  SINCE JAN 1      1.89                      4.53  -2.64     4.40

DEGREE DAYS
 HEATING
  YESTERDAY       12                         6      6        0
  MONTH TO DATE  322                       290     32      305
  SINCE MAR 1   1509                      1802   -293     1966
  SINCE JUL 1   6979                      7536   -557     8005

 COOLING
  YESTERDAY        0                         1     -1        0
  MONTH TO DATE    1                        16    -15       31
  SINCE MAR 1      1                        17    -16       31
  SINCE JAN 1      1                        17    -16       31
..................................................................


WIND (MPH)
  HIGHEST WIND SPEED    21   HIGHEST WIND DIRECTION     N (10)
  HIGHEST GUST SPEED    26   HIGHEST GUST DIRECTION     N (10)
  AVERAGE WIND SPEED     9.0


SKY COVER
  POSSIBLE SUNSHINE  MM
  AVERAGE SKY COVER 0.1


WEATHER CONDITIONS
 THE FOLLOWING WEATHER WAS RECORDED YESTERDAY.
  NO SIGNIFICANT WEATHER WAS OBSERVED.


RELATIVE HUMIDITY (PERCENT)
 HIGHEST    77          1200 AM
 LOWEST     23           400 PM
 AVERAGE    50

..........................................................


THE MILES CITY MT CLIMATE NORMALS FOR TODAY
                         NORMAL    RECORD    YEAR
 MAXIMUM TEMPERATURE (F)   73        98      1984
 MINIMUM TEMPERATURE (F)   48        36      1982


SUNRISE AND SUNSET
MAY 30 2015...........SUNRISE   516 AM MDT   SUNSET   847 PM MDT
MAY 31 2015...........SUNRISE   515 AM MDT   SUNSET   848 PM MDT


-  INDICATES NEGATIVE NUMBERS.
R  INDICATES RECORD WAS SET OR TIED.
MM INDICATES DATA IS MISSING.
T  INDICATES TRACE AMOUNT.





&&

THIS IS AN AUTOMATED...UNATTENDED WEATHER STATION AND MAY
UNDERESTIMATE WINTER PRECIPITATION.

$$
