000
CDUS41 KCAR 200526
CLIMLT


CLIMATE REPORT
NATIONAL WEATHER SERVICE CARIBOU, ME
126 AM EDT WED AUG 20 2014


...................................

...THE MILLINOCKET ME CLIMATE SUMMARY FOR AUGUST 19 2014...

CLIMATE NORMAL PERIOD 1981 TO 2010
CLIMATE RECORD PERIOD 1903 TO 2014


WEATHER ITEM   OBSERVED TIME   RECORD YEAR NORMAL DEPARTURE LAST
                VALUE   (LST)  VALUE       VALUE  FROM      YEAR
                                                  NORMAL
..................................................................
TEMPERATURE (F)
 YESTERDAY
  MAXIMUM         79    238 PM  94    1935  77      2       83
  MINIMUM         56    520 AM  35    1918  55      1       56
  AVERAGE         68                        66      2       70

PRECIPITATION (IN)
  YESTERDAY        0.00          4.16 1958   0.13  -0.13     0.00
  MONTH TO DATE    2.26                      2.32  -0.06     3.90
  SINCE JUN 1     11.24                     10.24   1.00    13.20
  SINCE JAN 1     25.14                     25.31  -0.17    24.36

SNOWFALL (IN)
  YESTERDAY       MM            MM      MM  MM     MM       MM
  MONTH TO DATE   MM                        MM     MM       MM
  SINCE JUN 1     MM                        MM     MM       MM
  SINCE JUL 1     MM                        MM     MM       MM
  SNOW DEPTH      MM

DEGREE DAYS
 HEATING
  YESTERDAY        0                         2     -2        0
  MONTH TO DATE   13                        23    -10       17
  SINCE JUN 1     98                       163    -65      128
  SINCE JUL 1     22                        47    -25       27

 COOLING
  YESTERDAY        3                         2      1        5
  MONTH TO DATE   43                        55    -12       20
  SINCE JUN 1    275                       221     54      294
  SINCE JAN 1    277                       227     50      302
..................................................................


WIND (MPH)
  HIGHEST WIND SPEED    14   HIGHEST WIND DIRECTION    NW (310)
  HIGHEST GUST SPEED    20   HIGHEST GUST DIRECTION    NW (310)
  AVERAGE WIND SPEED     5.5


SKY COVER
  POSSIBLE SUNSHINE  MM
  AVERAGE SKY COVER 0.2


WEATHER CONDITIONS
 THE FOLLOWING WEATHER WAS RECORDED YESTERDAY.
  NO SIGNIFICANT WEATHER WAS OBSERVED.


RELATIVE HUMIDITY (PERCENT)
 HIGHEST    90           900 PM
 LOWEST     42           200 PM
 AVERAGE    66

..........................................................


THE MILLINOCKET ME CLIMATE NORMALS FOR TODAY
                         NORMAL    RECORD    YEAR
 MAXIMUM TEMPERATURE (F)   76        91      1935
 MINIMUM TEMPERATURE (F)   55        38      1905


SUNRISE AND SUNSET
AUGUST 20 2014........SUNRISE   541 AM EDT   SUNSET   734 PM EDT
AUGUST 21 2014........SUNRISE   542 AM EDT   SUNSET   732 PM EDT


-  INDICATES NEGATIVE NUMBERS.
R  INDICATES RECORD WAS SET OR TIED.
MM INDICATES DATA IS MISSING.
T  INDICATES TRACE AMOUNT.




$$
