000
CDUS41 KCAR 270527
CLIMLT


CLIMATE REPORT
NATIONAL WEATHER SERVICE CARIBOU, ME
126 AM EDT TUE JUN 27 2017


...................................

...THE MILLINOCKET ME CLIMATE SUMMARY FOR JUNE 26 2017...

CLIMATE NORMAL PERIOD 1981 TO 2010
CLIMATE RECORD PERIOD 1903 TO 2017


WEATHER ITEM   OBSERVED TIME   RECORD YEAR NORMAL DEPARTURE LAST
                VALUE   (LST)  VALUE       VALUE  FROM      YEAR
                                                  NORMAL
..................................................................
TEMPERATURE (F)
 YESTERDAY
  MAXIMUM         72    455 PM  94    2003  76     -4       86
  MINIMUM         49    326 AM  38    1979  56     -7       53
  AVERAGE         61                        66     -5       70

PRECIPITATION (IN)
  YESTERDAY        0.00          1.69 1940   0.13  -0.13     0.00
  MONTH TO DATE    4.85                      3.52   1.33     2.40
  SINCE JUN 1      4.85                      3.52   1.33     2.40
  SINCE JAN 1     20.53                     18.59   1.94    16.01

SNOWFALL (IN)
  YESTERDAY       MM            MM      MM  MM     MM       MM
  MONTH TO DATE   MM                        MM     MM       MM
  SINCE JUN 1     MM                        MM     MM       MM
  SINCE JUL 1     MM                        MM     MM       MM
  SNOW DEPTH      MM

DEGREE DAYS
 HEATING
  YESTERDAY        4                         2      2        0
  MONTH TO DATE  107                       111     -4      116
  SINCE JUN 1    107                       111     -4      116
  SINCE JUL 1   7971                      8401   -430     7275

 COOLING
  YESTERDAY        0                         3     -3        5
  MONTH TO DATE   52                        38     14       11
  SINCE JUN 1     52                        38     14       11
  SINCE JAN 1     61                        44     17       17
..................................................................


WIND (MPH)
  HIGHEST WIND SPEED    16   HIGHEST WIND DIRECTION    NW (300)
  HIGHEST GUST SPEED    23   HIGHEST GUST DIRECTION     W (270)
  AVERAGE WIND SPEED     4.2


SKY COVER
  POSSIBLE SUNSHINE  MM
  AVERAGE SKY COVER 0.4


WEATHER CONDITIONS
 THE FOLLOWING WEATHER WAS RECORDED YESTERDAY.
  NO SIGNIFICANT WEATHER WAS OBSERVED.


RELATIVE HUMIDITY (PERCENT)
 HIGHEST   100          1200 AM
 LOWEST     38           500 PM
 AVERAGE    69

..........................................................


THE MILLINOCKET ME CLIMATE NORMALS FOR TODAY
                         NORMAL    RECORD    YEAR
 MAXIMUM TEMPERATURE (F)   76        94      1946
 MINIMUM TEMPERATURE (F)   56        41      1936


SUNRISE AND SUNSET
JUNE 27 2017..........SUNRISE   447 AM EDT   SUNSET   828 PM EDT
JUNE 28 2017..........SUNRISE   448 AM EDT   SUNSET   828 PM EDT


-  INDICATES NEGATIVE NUMBERS.
R  INDICATES RECORD WAS SET OR TIED.
MM INDICATES DATA IS MISSING.
T  INDICATES TRACE AMOUNT.




$$
