000
CDUS41 KCAR 242027
CLIMLT


CLIMATE REPORT
NATIONAL WEATHER SERVICE CARIBOU, ME
427 PM EDT MON APR 24 2017


...................................

...THE MILLINOCKET ME CLIMATE SUMMARY FOR APRIL 24 2017...
VALID TODAY AS OF 0400 PM LOCAL TIME.

CLIMATE NORMAL PERIOD 1981 TO 2010
CLIMATE RECORD PERIOD 1903 TO 2017


WEATHER ITEM   OBSERVED TIME   RECORD YEAR NORMAL DEPARTURE LAST
                VALUE   (LST)  VALUE       VALUE  FROM      YEAR
                                                  NORMAL
..................................................................
TEMPERATURE (F)
 TODAY
  MAXIMUM         53    259 PM  82    1913  56     -3       49
  MINIMUM         34    321 AM  20    1930  35     -1       30
  AVERAGE         44                        45     -1       40

PRECIPITATION (IN)
  TODAY            0.00          1.29 2005   0.11  -0.11     0.00
  MONTH TO DATE    2.89                      2.90  -0.01     2.80
  SINCE MAR 1      4.47                      5.96  -1.49     6.02
  SINCE JAN 1      9.66                     11.07  -1.41    11.33

SNOWFALL (IN)
  TODAY           MM            MM      MM  MM     MM       MM
  MONTH TO DATE   MM                        MM     MM       MM
  SINCE MAR 1     MM                        MM     MM       MM
  SINCE JUL 1     MM                        MM     MM       MM
  SNOW DEPTH      MM

DEGREE DAYS
 HEATING
  TODAY           21                        20      1       25
  MONTH TO DATE  583                       612    -29      612
  SINCE MAR 1   1884                      1759    125     1708
  SINCE JUL 1   7379                      7811   -432     6672

 COOLING
  TODAY            0                         0      0        0
  MONTH TO DATE    0                         0      0        0
  SINCE MAR 1      0                         0      0        0
  SINCE JAN 1      0                         0      0        0
..................................................................


WIND (MPH)
  HIGHEST WIND SPEED    16   HIGHEST WIND DIRECTION    NW (310)
  HIGHEST GUST SPEED    22   HIGHEST GUST DIRECTION    NW (300)
  AVERAGE WIND SPEED     6.8


SKY COVER
  POSSIBLE SUNSHINE  MM
  AVERAGE SKY COVER 0.1


WEATHER CONDITIONS
 THE FOLLOWING WEATHER WAS RECORDED TODAY.
  NO SIGNIFICANT WEATHER WAS OBSERVED.


RELATIVE HUMIDITY (PERCENT)
 HIGHEST   100           200 AM
 LOWEST     24           300 PM
 AVERAGE    62

..........................................................


THE MILLINOCKET ME CLIMATE NORMALS FOR TOMORROW
                         NORMAL    RECORD    YEAR
 MAXIMUM TEMPERATURE (F)   56        87      1913
 MINIMUM TEMPERATURE (F)   35        18      1914


SUNRISE AND SUNSET
APRIL 24 2017.........SUNRISE   533 AM EDT   SUNSET   733 PM EDT
APRIL 25 2017.........SUNRISE   532 AM EDT   SUNSET   734 PM EDT


-  INDICATES NEGATIVE NUMBERS.
R  INDICATES RECORD WAS SET OR TIED.
MM INDICATES DATA IS MISSING.
T  INDICATES TRACE AMOUNT.




$$
