000
CDUS44 KSHV 300801
CLIMLU


CLIMATE REPORT
NATIONAL WEATHER SERVICE SHREVEPORT, LA
300 AM CDT THU MAR 30 2017


...................................

...THE MONROE CLIMATE SUMMARY FOR MARCH 29 2017...

CLIMATE NORMAL PERIOD 1981 TO 2010
CLIMATE RECORD PERIOD 1930 TO 2017


WEATHER ITEM   OBSERVED TIME   RECORD YEAR NORMAL DEPARTURE LAST
                VALUE   (LST)  VALUE       VALUE  FROM      YEAR
                                                  NORMAL
..................................................................
TEMPERATURE (F)
 YESTERDAY
  MAXIMUM         83    149 PM  89    1963  74      9       74
  MINIMUM         64   1105 PM  30    1955  49     15       48
  AVERAGE         74                        61     13       61

PRECIPITATION (IN)
  YESTERDAY        0.81          3.69 1965   0.15   0.66     0.00
  MONTH TO DATE    4.28                      4.42  -0.14    23.52
  SINCE DEC 1     18.52                     19.35  -0.83    37.32
  SINCE JAN 1     13.69                     14.06  -0.37    30.93

SNOWFALL (IN)
  YESTERDAY        0.0
  MONTH TO DATE    0.0
  SINCE MAR 1      0.0
  SINCE JUL 1      0.2
  SNOW DEPTH       0

DEGREE DAYS
 HEATING
  YESTERDAY        0                         5     -5        4
  MONTH TO DATE  165                       241    -76      132
  SINCE MAR 1    165                       241    -76      132
  SINCE JUL 1   1361                      2135   -774     1560

 COOLING
  YESTERDAY        9                         2      7        0
  MONTH TO DATE   90                        29     61       26
  SINCE MAR 1     90                        29     61       26
  SINCE JAN 1    149                        40    109       34
..................................................................


WIND (MPH)
  HIGHEST WIND SPEED    31   HIGHEST WIND DIRECTION    SW (240)
  HIGHEST GUST SPEED    37   HIGHEST GUST DIRECTION    SW (240)
  AVERAGE WIND SPEED     8.9


SKY COVER
  POSSIBLE SUNSHINE  MM
  AVERAGE SKY COVER 0.3


WEATHER CONDITIONS
 THE FOLLOWING WEATHER WAS RECORDED YESTERDAY.
  THUNDERSTORM
  HEAVY RAIN
  RAIN
  LIGHT RAIN
  FOG


RELATIVE HUMIDITY (PERCENT)
 HIGHEST    93           400 AM
 LOWEST     47           200 PM
 AVERAGE    70

..........................................................


THE MONROE CLIMATE NORMALS FOR TODAY
                         NORMAL    RECORD    YEAR
 MAXIMUM TEMPERATURE (F)   74        90      1963
 MINIMUM TEMPERATURE (F)   49        32      1964


SUNRISE AND SUNSET
MARCH 30 2017.........SUNRISE   658 AM CDT   SUNSET   727 PM CDT
MARCH 31 2017.........SUNRISE   657 AM CDT   SUNSET   728 PM CDT


-  INDICATES NEGATIVE NUMBERS.
R  INDICATES RECORD WAS SET OR TIED.
MM INDICATES DATA IS MISSING.
T  INDICATES TRACE AMOUNT.




$$
