000
CDUS44 KSHV 230733
CLIMLU


CLIMATE REPORT
NATIONAL WEATHER SERVICE SHREVEPORT, LA
232 AM CDT WED AUG 23 2017


...................................

...THE MONROE CLIMATE SUMMARY FOR AUGUST 22 2017...

CLIMATE NORMAL PERIOD 1981 TO 2010
CLIMATE RECORD PERIOD 1930 TO 2017


WEATHER ITEM   OBSERVED TIME   RECORD YEAR NORMAL DEPARTURE LAST
                VALUE   (LST)  VALUE       VALUE  FROM      YEAR
                                                  NORMAL
..................................................................
TEMPERATURE (F)
 YESTERDAY
  MAXIMUM         96    401 PM 102    2011  94      2       91
                                      1910
                                      1906
  MINIMUM         73    545 AM  55    1961  71      2       74
  AVERAGE         85                        82      3       83

PRECIPITATION (IN)
  YESTERDAY        0.00          2.10 1918   0.11  -0.11      T
  MONTH TO DATE    7.13                      2.20   4.93     4.83
  SINCE DEC 1     49.80                     39.79  10.01    66.12
  SINCE JAN 1     44.97                     34.50  10.47    59.73

SNOWFALL (IN)
  YESTERDAY        0.0
  MONTH TO DATE    0.0
  SINCE JUN 1      0.0
  SINCE JUL 1      0.0
  SNOW DEPTH       0

DEGREE DAYS
 HEATING
  YESTERDAY        0                         0      0        0
  MONTH TO DATE    0                         0      0        0
  SINCE JUN 1      0                         0      0        0
  SINCE JUL 1      0                         0      0        0

 COOLING
  YESTERDAY       20                        17      3       18
  MONTH TO DATE  400                       395      5      409
  SINCE JUN 1   1390                      1420    -30     1499
  SINCE JAN 1   1908                      1855     53     1880
..................................................................


WIND (MPH)
  HIGHEST WIND SPEED    12   HIGHEST WIND DIRECTION     S (200)
  HIGHEST GUST SPEED    16   HIGHEST GUST DIRECTION     S (200)
  AVERAGE WIND SPEED     2.7


SKY COVER
  POSSIBLE SUNSHINE  MM
  AVERAGE SKY COVER 0.2


WEATHER CONDITIONS
 THE FOLLOWING WEATHER WAS RECORDED YESTERDAY.
  THUNDERSTORM
  FOG
  HAZE


RELATIVE HUMIDITY (PERCENT)
 HIGHEST    94           100 AM
 LOWEST     49           400 PM
 AVERAGE    72

..........................................................


THE MONROE CLIMATE NORMALS FOR TODAY
                         NORMAL    RECORD    YEAR
 MAXIMUM TEMPERATURE (F)   94       103      2011
 MINIMUM TEMPERATURE (F)   71        56      1956


SUNRISE AND SUNSET
AUGUST 23 2017........SUNRISE   637 AM CDT   SUNSET   743 PM CDT
AUGUST 24 2017........SUNRISE   638 AM CDT   SUNSET   742 PM CDT


-  INDICATES NEGATIVE NUMBERS.
R  INDICATES RECORD WAS SET OR TIED.
MM INDICATES DATA IS MISSING.
T  INDICATES TRACE AMOUNT.




$$
