000
CDUS44 KSHV 282227
CLIMLU


CLIMATE REPORT
NATIONAL WEATHER SERVICE SHREVEPORT, LA
526 PM CDT FRI AUG 28 2015


...................................

...THE MONROE CLIMATE SUMMARY FOR AUGUST 28 2015...
VALID TODAY AS OF 0500 PM LOCAL TIME.

CLIMATE NORMAL PERIOD 1981 TO 2010
CLIMATE RECORD PERIOD 1930 TO 2015


WEATHER ITEM   OBSERVED TIME   RECORD YEAR NORMAL DEPARTURE LAST
                VALUE   (LST)  VALUE       VALUE  FROM      YEAR
                                                  NORMAL
..................................................................
TEMPERATURE (F)
 TODAY
  MAXIMUM         93    259 PM 102    1954  93      0       93
  MINIMUM         60    551 AM  51    1968  70    -10       69
  AVERAGE         77                        82     -5       81

PRECIPITATION (IN)
  TODAY            0.00          4.16 1976   0.11  -0.11     0.01
  MONTH TO DATE    0.41                      2.85  -2.44     4.32
  SINCE DEC 1     36.06                     40.44  -4.38    39.64
  SINCE JAN 1     31.58                     35.15  -3.57    36.38

DEGREE DAYS
 HEATING
  TODAY            0                         0      0        0
  MONTH TO DATE    0                         0      0        0
  SINCE JUN 1      0                         0      0        0
  SINCE JUL 1      0                         0      0        0

 COOLING
  TODAY           12                        17     -5       16
  MONTH TO DATE  515                       497     18      451
  SINCE JUN 1   1605                      1522     83     1377
  SINCE JAN 1   2027                      1957     70     1707
..................................................................


WIND (MPH)
  HIGHEST WIND SPEED     9   HIGHEST WIND DIRECTION    NE (30)
  HIGHEST GUST SPEED    12   HIGHEST GUST DIRECTION     N (20)
  AVERAGE WIND SPEED     3.8


SKY COVER
  POSSIBLE SUNSHINE  MM
  AVERAGE SKY COVER 0.0


WEATHER CONDITIONS
 THE FOLLOWING WEATHER WAS RECORDED TODAY.
  FOG


RELATIVE HUMIDITY (PERCENT)
 HIGHEST    97           600 AM
 LOWEST     32           200 PM
 AVERAGE    65

..........................................................


THE MONROE CLIMATE NORMALS FOR TOMORROW
                         NORMAL    RECORD    YEAR
 MAXIMUM TEMPERATURE (F)   93       103      1954
                                             2000
 MINIMUM TEMPERATURE (F)   70        54      1986


SUNRISE AND SUNSET
AUGUST 28 2015........SUNRISE   640 AM CDT   SUNSET   738 PM CDT
AUGUST 29 2015........SUNRISE   641 AM CDT   SUNSET   737 PM CDT


-  INDICATES NEGATIVE NUMBERS.
R  INDICATES RECORD WAS SET OR TIED.
MM INDICATES DATA IS MISSING.
T  INDICATES TRACE AMOUNT.




$$
