013
CDUS44 KSHV 220732
CLIMLU


CLIMATE REPORT
NATIONAL WEATHER SERVICE SHREVEPORT, LA
232 AM CDT FRI MAY 22 2015


...................................

...THE MONROE CLIMATE SUMMARY FOR MAY 21 2015...

CLIMATE NORMAL PERIOD 1981 TO 2010
CLIMATE RECORD PERIOD 1930 TO 2015


WEATHER ITEM   OBSERVED TIME   RECORD YEAR NORMAL DEPARTURE LAST
                VALUE   (LST)  VALUE       VALUE  FROM      YEAR
                                                  NORMAL
..................................................................
TEMPERATURE (F)
 YESTERDAY
  MAXIMUM         72    303 AM  98    1978  87    -15       87
  MINIMUM         54   1159 PM  48    1954  64    -10       61
  AVERAGE         63                        75    -12       74

PRECIPITATION (IN)
  YESTERDAY        1.60          1.61 1967   0.15   1.45     0.00
  MONTH TO DATE    5.38                      3.56   1.82     5.36
  SINCE DEC 1     28.33                     27.71   0.62    25.77
  SINCE JAN 1     23.85                     22.42   1.43    22.51

SNOWFALL (IN)
  YESTERDAY        0.0
  MONTH TO DATE    0.0
  SINCE MAR 1      0.4
  SINCE JUL 1      3.9
  SNOW DEPTH       0

DEGREE DAYS
 HEATING
  YESTERDAY        2                         0      2        0
  MONTH TO DATE    2                         3     -1       23
  SINCE MAR 1    310                       333    -23      513
  SINCE JUL 1   2514                      2227    287     2839

 COOLING
  YESTERDAY        0                        11    -11        9
  MONTH TO DATE  177                       171      6      129
  SINCE MAR 1    321                       307     14      215
  SINCE JAN 1    321                       318      3      217
..................................................................


WIND (MPH)
  HIGHEST WIND SPEED    18   HIGHEST WIND DIRECTION    NE (30)
  HIGHEST GUST SPEED    24   HIGHEST GUST DIRECTION    NE (40)
  AVERAGE WIND SPEED     8.8


SKY COVER
  POSSIBLE SUNSHINE  MM
  AVERAGE SKY COVER 0.8


WEATHER CONDITIONS
 THE FOLLOWING WEATHER WAS RECORDED YESTERDAY.
  THUNDERSTORM
  HEAVY RAIN
  RAIN
  LIGHT RAIN
  FOG


RELATIVE HUMIDITY (PERCENT)
 HIGHEST   100           100 AM
 LOWEST     80           700 PM
 AVERAGE    90

..........................................................


THE MONROE CLIMATE NORMALS FOR TODAY
                         NORMAL    RECORD    YEAR
 MAXIMUM TEMPERATURE (F)   87        94      1970
 MINIMUM TEMPERATURE (F)   65        52      1954


SUNRISE AND SUNSET
MAY 22 2015...........SUNRISE   606 AM CDT   SUNSET   804 PM CDT
MAY 23 2015...........SUNRISE   605 AM CDT   SUNSET   805 PM CDT


-  INDICATES NEGATIVE NUMBERS.
R  INDICATES RECORD WAS SET OR TIED.
MM INDICATES DATA IS MISSING.
T  INDICATES TRACE AMOUNT.




$$
