000
CDUS44 KSHV 280851
CLIMLU


CLIMATE REPORT
NATIONAL WEATHER SERVICE SHREVEPORT, LA
246 AM CST SUN DEC 28 2014


...................................

...THE MONROE CLIMATE SUMMARY FOR DECEMBER 27 2014...

CLIMATE NORMAL PERIOD 1981 TO 2010
CLIMATE RECORD PERIOD 1930 TO 2014


WEATHER ITEM   OBSERVED TIME   RECORD YEAR NORMAL DEPARTURE LAST
                VALUE   (LST)  VALUE       VALUE  FROM      YEAR
                                                  NORMAL
..................................................................
TEMPERATURE (F)
 YESTERDAY
  MAXIMUM         70    230 PM  78    2008  57     13       56
  MINIMUM         49   1159 PM  20    2010  36     13       29
  AVERAGE         60                        46     14       43

PRECIPITATION (IN)
  YESTERDAY        1.91          4.03 1987   0.16   1.75     0.00
  MONTH TO DATE    3.83                      4.65  -0.82     3.26
  SINCE DEC 1      3.83                      4.65  -0.82     3.26
  SINCE JAN 1     51.44                     53.38  -1.94    50.31

SNOWFALL (IN)
  YESTERDAY       MM
  MONTH TO DATE    0.0
  SINCE DEC 1      0.0
  SINCE JUL 1      0.0
  SNOW DEPTH       0

DEGREE DAYS
 HEATING
  YESTERDAY        5                        19    -14       22
  MONTH TO DATE  372                       455    -83      490
  SINCE DEC 1    372                       455    -83      490
  SINCE JUL 1    846                       827     19      970

 COOLING
  YESTERDAY        0                         0      0        0
  MONTH TO DATE    1                         0      1       11
  SINCE DEC 1      1                         0      1       11
  SINCE JAN 1   2284                      2508   -224     2444
..................................................................


WIND (MPH)
  HIGHEST WIND SPEED    24   HIGHEST WIND DIRECTION    NW (320)
  HIGHEST GUST SPEED    27   HIGHEST GUST DIRECTION    NW (320)
  AVERAGE WIND SPEED     7.7


SKY COVER
  POSSIBLE SUNSHINE  MM
  AVERAGE SKY COVER 1.0


WEATHER CONDITIONS
 THE FOLLOWING WEATHER WAS RECORDED YESTERDAY.
  THUNDERSTORM
  HEAVY RAIN
  RAIN
  LIGHT RAIN
  FOG


RELATIVE HUMIDITY (PERCENT)
 HIGHEST    97           800 PM
 LOWEST     84           200 PM
 AVERAGE    91

..........................................................


THE MONROE CLIMATE NORMALS FOR TODAY
                         NORMAL    RECORD    YEAR
 MAXIMUM TEMPERATURE (F)   57        75      1984
 MINIMUM TEMPERATURE (F)   36        23      1961


SUNRISE AND SUNSET
DECEMBER 28 2014......SUNRISE   709 AM CST   SUNSET   511 PM CST
DECEMBER 29 2014......SUNRISE   709 AM CST   SUNSET   511 PM CST


-  INDICATES NEGATIVE NUMBERS.
R  INDICATES RECORD WAS SET OR TIED.
MM INDICATES DATA IS MISSING.
T  INDICATES TRACE AMOUNT.




$$
