000
CDUS44 KSHV 230843
CLIMLU


CLIMATE REPORT
NATIONAL WEATHER SERVICE SHREVEPORT, LA
243 AM CST TUE JAN 23 2018


...................................

...THE MONROE CLIMATE SUMMARY FOR JANUARY 22 2018...

CLIMATE NORMAL PERIOD 1981 TO 2010
CLIMATE RECORD PERIOD 1930 TO 2018


WEATHER ITEM   OBSERVED TIME   RECORD YEAR NORMAL DEPARTURE LAST
                VALUE   (LST)  VALUE       VALUE  FROM      YEAR
                                                  NORMAL
..................................................................
TEMPERATURE (F)
 YESTERDAY
  MAXIMUM         66    232 PM  80    1938  58      8       67
  MINIMUM         45   1152 PM  15    1935  36      9       54
  AVERAGE         56                        47      9       61

PRECIPITATION (IN)
  YESTERDAY        0.14          2.25 1923   0.16  -0.02     0.03
  MONTH TO DATE    2.10                      3.51  -1.41     5.44
  SINCE DEC 1      5.62                      8.80  -3.18    10.27
  SINCE JAN 1      2.10                      3.51  -1.41     5.44

SNOWFALL (IN)
  YESTERDAY        0.0
  MONTH TO DATE    1.3
  SINCE DEC 1      1.3
  SINCE JUL 1      1.3
  SNOW DEPTH       0

DEGREE DAYS
 HEATING
  YESTERDAY        9                        19    -10        4
  MONTH TO DATE  546                       418    128      224
  SINCE DEC 1   1027                       948     79      672
  SINCE JUL 1   1331                      1320     11      885

 COOLING
  YESTERDAY        0                         0      0        0
  MONTH TO DATE    0                         0      0       17
  SINCE DEC 1     11                         7      4       37
  SINCE JAN 1      0                         0      0       17
..................................................................


WIND (MPH)
  HIGHEST WIND SPEED    28   HIGHEST WIND DIRECTION     W (270)
  HIGHEST GUST SPEED    37   HIGHEST GUST DIRECTION     S (200)
  AVERAGE WIND SPEED    13.1


SKY COVER
  POSSIBLE SUNSHINE  MM
  AVERAGE SKY COVER 0.3


WEATHER CONDITIONS
 THE FOLLOWING WEATHER WAS RECORDED YESTERDAY.
  THUNDERSTORM
  RAIN
  LIGHT RAIN
  FOG


RELATIVE HUMIDITY (PERCENT)
 HIGHEST    93           400 AM
 LOWEST     24           200 PM
 AVERAGE    59

..........................................................


THE MONROE CLIMATE NORMALS FOR TODAY
                         NORMAL    RECORD    YEAR
 MAXIMUM TEMPERATURE (F)   58        79      2002
                                             1938
                                             1933
 MINIMUM TEMPERATURE (F)   36        13      1963


SUNRISE AND SUNSET
JANUARY 23 2018.......SUNRISE   707 AM CST   SUNSET   533 PM CST
JANUARY 24 2018.......SUNRISE   707 AM CST   SUNSET   534 PM CST


-  INDICATES NEGATIVE NUMBERS.
R  INDICATES RECORD WAS SET OR TIED.
MM INDICATES DATA IS MISSING.
T  INDICATES TRACE AMOUNT.




$$
