000
CDUS44 KSHV 290733
CLIMLU


CLIMATE REPORT
NATIONAL WEATHER SERVICE SHREVEPORT, LA
233 AM CDT THU SEP 29 2016


...................................

...THE MONROE CLIMATE SUMMARY FOR SEPTEMBER 28 2016...

CLIMATE NORMAL PERIOD 1981 TO 2010
CLIMATE RECORD PERIOD 1930 TO 2016


WEATHER ITEM   OBSERVED TIME   RECORD YEAR NORMAL DEPARTURE LAST
                VALUE   (LST)  VALUE       VALUE  FROM      YEAR
                                                  NORMAL
..................................................................
TEMPERATURE (F)
 YESTERDAY
  MAXIMUM         87    347 PM 101    1953  85      2       86
  MINIMUM         58    602 AM  39    1967  60     -2       70
  AVERAGE         73                        72      1       78

PRECIPITATION (IN)
  YESTERDAY        0.00          1.72 1996   0.13  -0.13     0.00
  MONTH TO DATE    0.28                      3.35  -3.07     0.33
  SINCE DEC 1     66.82                     44.12  22.70    36.39
  SINCE JAN 1     60.43                     38.83  21.60    31.91

SNOWFALL (IN)
  YESTERDAY        0.0
  MONTH TO DATE    0.0
  SINCE SEP 1      0.0
  SINCE JUL 1      0.0
  SNOW DEPTH       0

DEGREE DAYS
 HEATING
  YESTERDAY        0                         1     -1        0
  MONTH TO DATE    0                         2     -2        0
  SINCE SEP 1      0                         2     -2        0
  SINCE JUL 1      0                         2     -2        0

 COOLING
  YESTERDAY        8                         8      0       13
  MONTH TO DATE  447                       344    103      403
  SINCE SEP 1    447                       344    103      403
  SINCE JAN 1   2501                      2351    150     2478
..................................................................


WIND (MPH)
  HIGHEST WIND SPEED    16   HIGHEST WIND DIRECTION     N (360)
  HIGHEST GUST SPEED    21   HIGHEST GUST DIRECTION     N (360)
  AVERAGE WIND SPEED     5.1


SKY COVER
  POSSIBLE SUNSHINE  MM
  AVERAGE SKY COVER 0.0


WEATHER CONDITIONS
 THE FOLLOWING WEATHER WAS RECORDED YESTERDAY.
  NO SIGNIFICANT WEATHER WAS OBSERVED.


RELATIVE HUMIDITY (PERCENT)
 HIGHEST   100           500 AM
 LOWEST     34           100 PM
 AVERAGE    67

..........................................................


THE MONROE CLIMATE NORMALS FOR TODAY
                         NORMAL    RECORD    YEAR
 MAXIMUM TEMPERATURE (F)   85        99      1953
 MINIMUM TEMPERATURE (F)   59        35      1967


SUNRISE AND SUNSET
SEPTEMBER 29 2016.....SUNRISE   701 AM CDT   SUNSET   655 PM CDT
SEPTEMBER 30 2016.....SUNRISE   702 AM CDT   SUNSET   653 PM CDT


-  INDICATES NEGATIVE NUMBERS.
R  INDICATES RECORD WAS SET OR TIED.
MM INDICATES DATA IS MISSING.
T  INDICATES TRACE AMOUNT.




$$
