000
CDUS44 KSHV 130846
CLIMLU


CLIMATE REPORT
NATIONAL WEATHER SERVICE SHREVEPORT, LA
238 AM CST SAT FEB 13 2016


...................................

...THE MONROE CLIMATE SUMMARY FOR FEBRUARY 12 2016...

CLIMATE NORMAL PERIOD 1981 TO 2010
CLIMATE RECORD PERIOD 1930 TO 2016


WEATHER ITEM   OBSERVED TIME   RECORD YEAR NORMAL DEPARTURE LAST
                VALUE   (LST)  VALUE       VALUE  FROM      YEAR
                                                  NORMAL
..................................................................
TEMPERATURE (F)
 YESTERDAY
  MAXIMUM         70    330 PM  82    1962  61      9       55
  MINIMUM         37    706 AM  20    1981  39     -2       33
  AVERAGE         54                        50      4       44

PRECIPITATION (IN)
  YESTERDAY        0.00          3.39 1950   0.16  -0.16     0.00
  MONTH TO DATE    0.22                      1.89  -1.67     0.39
  SINCE DEC 1     11.33                     12.19  -0.86     9.78
  SINCE JAN 1      4.94                      6.90  -1.96     5.30

SNOWFALL (IN)
  YESTERDAY        0.0
  MONTH TO DATE    0.0
  SINCE DEC 1      T
  SINCE JUL 1      T
  SNOW DEPTH       0

DEGREE DAYS
 HEATING
  YESTERDAY       11                        15     -4       21
  MONTH TO DATE  177                       197    -20      210
  SINCE DEC 1   1073                      1306   -233     1313
  SINCE JUL 1   1261                      1678   -417     1787

 COOLING
  YESTERDAY        0                         0      0        0
  MONTH TO DATE    1                         0      1        0
  SINCE DEC 1     57                        11     46        1
  SINCE JAN 1      4                         4      0        0
..................................................................


WIND (MPH)
  HIGHEST WIND SPEED    13   HIGHEST WIND DIRECTION    NE (50)
  HIGHEST GUST SPEED    19   HIGHEST GUST DIRECTION     N (340)
  AVERAGE WIND SPEED     4.9


SKY COVER
  POSSIBLE SUNSHINE  MM
  AVERAGE SKY COVER 0.0


WEATHER CONDITIONS
 THE FOLLOWING WEATHER WAS RECORDED YESTERDAY.
  NO SIGNIFICANT WEATHER WAS OBSERVED.


RELATIVE HUMIDITY (PERCENT)
 HIGHEST    82          1200 AM
 LOWEST     27           200 PM
 AVERAGE    55

..........................................................


THE MONROE CLIMATE NORMALS FOR TODAY
                         NORMAL    RECORD    YEAR
 MAXIMUM TEMPERATURE (F)   61        83      1949
 MINIMUM TEMPERATURE (F)   39        21      1958


SUNRISE AND SUNSET
FEBRUARY 13 2016......SUNRISE   653 AM CST   SUNSET   552 PM CST
FEBRUARY 14 2016......SUNRISE   652 AM CST   SUNSET   553 PM CST


-  INDICATES NEGATIVE NUMBERS.
R  INDICATES RECORD WAS SET OR TIED.
MM INDICATES DATA IS MISSING.
T  INDICATES TRACE AMOUNT.




$$
