000
CDUS44 KSHV 282133
CLIMLU


CLIMATE REPORT
NATIONAL WEATHER SERVICE SHREVEPORT, LA
431 PM CDT THU AUG 28 2014


...................................

...THE MONROE CLIMATE SUMMARY FOR AUGUST 28 2014...
VALID TODAY AS OF 0400 PM LOCAL TIME.

CLIMATE NORMAL PERIOD 1981 TO 2010
CLIMATE RECORD PERIOD 1930 TO 2014


WEATHER ITEM   OBSERVED TIME   RECORD YEAR NORMAL DEPARTURE LAST
                VALUE   (LST)  VALUE       VALUE  FROM      YEAR
                                                  NORMAL
..................................................................
TEMPERATURE (F)
 TODAY
  MAXIMUM         93    107 PM 102    1954  93      0       97
  MINIMUM         69    545 AM  51    1968  70     -1       66
  AVERAGE         81                        82     -1       82

PRECIPITATION (IN)
  TODAY            0.00          4.16 1976   0.11  -0.11     0.00
  MONTH TO DATE    4.31                      2.85   1.46     0.05
  SINCE DEC 1     39.63                     40.44  -0.81    37.01
  SINCE JAN 1     36.37                     35.15   1.22    32.28

DEGREE DAYS
 HEATING
  TODAY            0                         0      0        0
  MONTH TO DATE    0                         0      0        0
  SINCE JUN 1      0                         0      0        0
  SINCE JUL 1      0                         0      0        0

 COOLING
  TODAY           16                        17     -1       17
  MONTH TO DATE  451                       497    -46      501
  SINCE JUN 1   1377                      1522   -145     1442
  SINCE JAN 1   1707                      1957   -250     1792
..................................................................


WIND (MPH)
  HIGHEST WIND SPEED    15   HIGHEST WIND DIRECTION    NE (60)
  HIGHEST GUST SPEED    22   HIGHEST GUST DIRECTION    NE (60)
  AVERAGE WIND SPEED     2.7


SKY COVER
  POSSIBLE SUNSHINE  MM
  AVERAGE SKY COVER 0.2


WEATHER CONDITIONS
 THE FOLLOWING WEATHER WAS RECORDED TODAY.
  THUNDERSTORM


RELATIVE HUMIDITY (PERCENT)
 HIGHEST    97           600 AM
 LOWEST     49           100 PM
 AVERAGE    73

..........................................................


THE MONROE CLIMATE NORMALS FOR TOMORROW
                         NORMAL    RECORD    YEAR
 MAXIMUM TEMPERATURE (F)   93       103      1954
                                             2000
 MINIMUM TEMPERATURE (F)   70        54      1986


SUNRISE AND SUNSET
AUGUST 28 2014........SUNRISE   640 AM CDT   SUNSET   738 PM CDT
AUGUST 29 2014........SUNRISE   641 AM CDT   SUNSET   736 PM CDT


-  INDICATES NEGATIVE NUMBERS.
R  INDICATES RECORD WAS SET OR TIED.
MM INDICATES DATA IS MISSING.
T  INDICATES TRACE AMOUNT.




$$
