000
CDUS46 KPQR 141216
CLIMMV


CLIMATE REPORT
NATIONAL WEATHER SERVICE PORTLAND OREGON
415 AM PST THU DEC 14 2017


...................................

...THE MCMINNVILLE OR CLIMATE SUMMARY FOR DECEMBER 13 2017...

CLIMATE NORMAL PERIOD 1981 TO 2010
CLIMATE RECORD PERIOD 1894 TO 2017


WEATHER ITEM   OBSERVED TIME   RECORD YEAR NORMAL DEPARTURE LAST
                VALUE   (LST)  VALUE       VALUE  FROM      YEAR
                                                  NORMAL
..................................................................
TEMPERATURE (F)
 YESTERDAY
  MAXIMUM         50    244 PM  61    1977  45      5       42
  MINIMUM         27    823 AM -22    1919  34     -7       30
  AVERAGE         39                        40     -1       36

PRECIPITATION (IN)
  YESTERDAY        0.00          2.55 1977   0.19  -0.19     0.00
  MONTH TO DATE    0.55                      2.49  -1.94     3.32
  SINCE OCT 1     12.71                     12.43   0.28    21.63
  SINCE JAN 1     44.45                     36.14   8.31    46.90

DEGREE DAYS
 HEATING
  YESTERDAY       26                        25      1       29
  MONTH TO DATE  315                       316     -1      320
  SINCE JUL 1   1288                      1538   -250     1222

 COOLING
  YESTERDAY        0                         0      0        0
  MONTH TO DATE    0                         0      0        0
  SINCE JAN 1    507                       215    292      363
..................................................................


WIND (MPH)
  HIGHEST WIND SPEED    16   HIGHEST WIND DIRECTION     N (350)
  HIGHEST GUST SPEED    22   HIGHEST GUST DIRECTION     N (350)
  AVERAGE WIND SPEED     6.7


SKY COVER
  POSSIBLE SUNSHINE  MM
  AVERAGE SKY COVER 0.0


WEATHER CONDITIONS
 THE FOLLOWING WEATHER WAS RECORDED YESTERDAY.
  NO SIGNIFICANT WEATHER WAS OBSERVED.


RELATIVE HUMIDITY (PERCENT)
 HIGHEST    96          1200 AM
 LOWEST     54           200 PM
 AVERAGE    75

..........................................................


THE MCMINNVILLE OR CLIMATE NORMALS FOR TODAY
                         NORMAL    RECORD    YEAR
 MAXIMUM TEMPERATURE (F)   45        63      1924
 MINIMUM TEMPERATURE (F)   34       -16      1919


SUNRISE AND SUNSET
DECEMBER 14 2017......SUNRISE   744 AM PST   SUNSET   431 PM PST
DECEMBER 15 2017......SUNRISE   745 AM PST   SUNSET   431 PM PST


-  INDICATES NEGATIVE NUMBERS.
R  INDICATES RECORD WAS SET OR TIED.
MM INDICATES DATA IS MISSING.
T  INDICATES TRACE AMOUNT.




$$
