245
CDUS46 KPQR 111145
CLIMMV


CLIMATE REPORT
NATIONAL WEATHER SERVICE PORTLAND OREGON
344 AM PST THU FEB 11 2016


...................................

...THE MCMINNVILLE OR CLIMATE SUMMARY FOR FEBRUARY 10 2016...

CLIMATE NORMAL PERIOD 1981 TO 2010
CLIMATE RECORD PERIOD 1894 TO 2016


WEATHER ITEM   OBSERVED TIME   RECORD YEAR NORMAL DEPARTURE LAST
                VALUE   (LST)  VALUE       VALUE  FROM      YEAR
                                                  NORMAL
..................................................................
TEMPERATURE (F)
 YESTERDAY
  MAXIMUM         62    308 PM  66    1963  50     12       54
  MINIMUM         37    534 AM  18    1982  35      2       46
  AVERAGE         50                        42      8       50

PRECIPITATION (IN)
  YESTERDAY        T             2.79 1949   0.15  -0.15     0.01
  MONTH TO DATE    0.98                      1.90  -0.92     4.90
  SINCE OCT 1     34.56                     24.03  10.53    24.45
  SINCE JAN 1      9.49                      8.00   1.49     8.21

DEGREE DAYS
 HEATING
  YESTERDAY       15                        23     -8       15
  MONTH TO DATE  177                       230    -53      149
  SINCE JUL 1   2455                      2985   -530     2182

 COOLING
  YESTERDAY        0                         0      0        0
  MONTH TO DATE    0                         0      0        0
  SINCE JAN 1      0                         0      0        0
..................................................................


WIND (MPH)
  HIGHEST WIND SPEED     9   HIGHEST WIND DIRECTION     N (350)
  HIGHEST GUST SPEED    11   HIGHEST GUST DIRECTION     N (350)
  AVERAGE WIND SPEED     2.9


SKY COVER
  POSSIBLE SUNSHINE  MM
  AVERAGE SKY COVER 0.6


WEATHER CONDITIONS
 THE FOLLOWING WEATHER WAS RECORDED YESTERDAY.
  FOG
  HAZE


RELATIVE HUMIDITY (PERCENT)
 HIGHEST    93          1200 AM
 LOWEST     65           300 PM
 AVERAGE    79

..........................................................


THE MCMINNVILLE OR CLIMATE NORMALS FOR TODAY
                         NORMAL    RECORD    YEAR
 MAXIMUM TEMPERATURE (F)   50        67      1924
 MINIMUM TEMPERATURE (F)   35        12      1929


SUNRISE AND SUNSET
FEBRUARY 11 2016......SUNRISE   720 AM PST   SUNSET   534 PM PST
FEBRUARY 12 2016......SUNRISE   719 AM PST   SUNSET   535 PM PST


-  INDICATES NEGATIVE NUMBERS.
R  INDICATES RECORD WAS SET OR TIED.
MM INDICATES DATA IS MISSING.
T  INDICATES TRACE AMOUNT.




$$
