000
CDUS46 KPQR 221147
CLIMMV


CLIMATE REPORT
NATIONAL WEATHER SERVICE PORTLAND OREGON
346 AM PST THU FEB 22 2018


...................................

...THE MCMINNVILLE OR CLIMATE SUMMARY FOR FEBRUARY 21 2018...

CLIMATE NORMAL PERIOD 1981 TO 2010
CLIMATE RECORD PERIOD 1894 TO 2018


WEATHER ITEM   OBSERVED TIME   RECORD YEAR NORMAL DEPARTURE LAST
                VALUE   (LST)  VALUE       VALUE  FROM      YEAR
                                                  NORMAL
..................................................................
TEMPERATURE (F)
 YESTERDAY
  MAXIMUM         39    420 PM  65    1923  52    -13       48
  MINIMUM         30    812 AM  23    1955  35     -5       38
  AVERAGE         35                        43     -8       43

PRECIPITATION (IN)
  YESTERDAY        0.07          1.88 1948   0.14  -0.07     0.56
  MONTH TO DATE    1.02                      3.37  -2.35    11.13
  SINCE OCT 1     22.83                     25.50  -2.67    38.62
  SINCE JAN 1      7.29                      9.47  -2.18    14.81

DEGREE DAYS
 HEATING
  YESTERDAY       30                        22      8       22
  MONTH TO DATE  446                       476    -30      440
  SINCE JUL 1   2774                      3231   -457     3120

 COOLING
  YESTERDAY        0                         0      0        0
  MONTH TO DATE    0                         0      0        0
  SINCE JAN 1      0                         0      0        0
..................................................................


WIND (MPH)
  HIGHEST WIND SPEED    15   HIGHEST WIND DIRECTION     S (190)
  HIGHEST GUST SPEED    19   HIGHEST GUST DIRECTION     S (190)
  AVERAGE WIND SPEED     6.2


SKY COVER
  POSSIBLE SUNSHINE  MM
  AVERAGE SKY COVER 0.5


WEATHER CONDITIONS
 THE FOLLOWING WEATHER WAS RECORDED YESTERDAY.
  LIGHT SNOW
  FOG


RELATIVE HUMIDITY (PERCENT)
 HIGHEST    96          1200 AM
 LOWEST     54           300 PM
 AVERAGE    75

..........................................................


THE MCMINNVILLE OR CLIMATE NORMALS FOR TODAY
                         NORMAL    RECORD    YEAR
 MAXIMUM TEMPERATURE (F)   52        66      1958
 MINIMUM TEMPERATURE (F)   35        23      1920


SUNRISE AND SUNSET
FEBRUARY 22 2018......SUNRISE   702 AM PST   SUNSET   550 PM PST
FEBRUARY 23 2018......SUNRISE   701 AM PST   SUNSET   552 PM PST


-  INDICATES NEGATIVE NUMBERS.
R  INDICATES RECORD WAS SET OR TIED.
MM INDICATES DATA IS MISSING.
T  INDICATES TRACE AMOUNT.




$$
