000
CDUS46 KPQR 221143
CLIMMV


CLIMATE REPORT
NATIONAL WEATHER SERVICE PORTLAND OREGON
442 AM PDT TUE AUG 22 2017


...................................

...THE MCMINNVILLE OR CLIMATE SUMMARY FOR AUGUST 21 2017...

CLIMATE NORMAL PERIOD 1981 TO 2010
CLIMATE RECORD PERIOD 1894 TO 2017


WEATHER ITEM   OBSERVED TIME   RECORD YEAR NORMAL DEPARTURE LAST
                VALUE   (LST)  VALUE       VALUE  FROM      YEAR
                                                  NORMAL
..................................................................
TEMPERATURE (F)
 YESTERDAY
  MAXIMUM         93    427 PM  99    1961  82     11       84
  MINIMUM         53    531 AM  32    1899  50      3       52
  AVERAGE         73                        66      7       68

PRECIPITATION (IN)
  YESTERDAY        0.00          1.69 1978   0.02  -0.02     0.00
  MONTH TO DATE    0.19                      0.33  -0.14     0.26
  SINCE OCT 1     53.51                     38.11  15.40    49.80
  SINCE JAN 1     29.70                     22.08   7.62    24.73

DEGREE DAYS
 HEATING
  YESTERDAY        0                         1     -1        0
  MONTH TO DATE    4                        21    -17       13
  SINCE JUL 1      9                        65    -56       30

 COOLING
  YESTERDAY        8                         2      6        3
  MONTH TO DATE  148                        61     87      127
  SINCE JAN 1    346                       161    185      307
..................................................................


WIND (MPH)
  HIGHEST WIND SPEED    12   HIGHEST WIND DIRECTION     N (10)
  HIGHEST GUST SPEED    15   HIGHEST GUST DIRECTION     N (10)
  AVERAGE WIND SPEED     4.1


SKY COVER
  POSSIBLE SUNSHINE  MM
  AVERAGE SKY COVER 0.0


WEATHER CONDITIONS
 THE FOLLOWING WEATHER WAS RECORDED YESTERDAY.
  NO SIGNIFICANT WEATHER WAS OBSERVED.


RELATIVE HUMIDITY (PERCENT)
 HIGHEST   100           200 AM
 LOWEST     26           400 PM
 AVERAGE    63

..........................................................


THE MCMINNVILLE OR CLIMATE NORMALS FOR TODAY
                         NORMAL    RECORD    YEAR
 MAXIMUM TEMPERATURE (F)   82       100      1915
 MINIMUM TEMPERATURE (F)   50        32      1955


SUNRISE AND SUNSET
AUGUST 22 2017........SUNRISE   523 AM PST   SUNSET   707 PM PST
AUGUST 23 2017........SUNRISE   524 AM PST   SUNSET   705 PM PST


-  INDICATES NEGATIVE NUMBERS.
R  INDICATES RECORD WAS SET OR TIED.
MM INDICATES DATA IS MISSING.
T  INDICATES TRACE AMOUNT.




$$
