000
CDUS46 KPQR 232322
CLIMMV


CLIMATE REPORT
NATIONAL WEATHER SERVICE PORTLAND OREGON
422 PM PDT FRI JUN 23 2017


...................................

...THE MCMINNVILLE OR CLIMATE SUMMARY FOR JUNE 23 2017...
VALID TODAY AS OF 0400 PM LOCAL TIME.

CLIMATE NORMAL PERIOD 1981 TO 2010
CLIMATE RECORD PERIOD 1894 TO 2017


WEATHER ITEM   OBSERVED TIME   RECORD YEAR NORMAL DEPARTURE LAST
                VALUE   (LST)  VALUE       VALUE  FROM      YEAR
                                                  NORMAL
..................................................................
TEMPERATURE (F)
 TODAY
  MAXIMUM         92    244 PM 101    1992  75     17       65
  MINIMUM         53    419 AM  34    1920  48      5       54
  AVERAGE         73                        61     12       60

PRECIPITATION (IN)
  TODAY            0.00                      0.04  -0.04     0.34
  MONTH TO DATE    0.84                      1.26  -0.42     1.56
  SINCE OCT 1     53.31                     37.01  16.30    49.19
  SINCE JAN 1     29.50                     20.98   8.52    24.12

DEGREE DAYS
 HEATING
  TODAY            0                                         5
  MONTH TO DATE   97                                        95
  SINCE JUN 1     97                                        95
  SINCE JUL 1   4602                                      3799

 COOLING
  TODAY            8                                         0
  MONTH TO DATE   22                                        52
  SINCE JUN 1     22                                        52
  SINCE JAN 1     46                                        71
..................................................................


WIND (MPH)
  HIGHEST WIND SPEED    17   HIGHEST WIND DIRECTION     N (20)
  HIGHEST GUST SPEED    22   HIGHEST GUST DIRECTION     N (340)
  AVERAGE WIND SPEED     9.0


SKY COVER
  POSSIBLE SUNSHINE  MM
  AVERAGE SKY COVER 0.0


WEATHER CONDITIONS
 THE FOLLOWING WEATHER WAS RECORDED TODAY.
  NO SIGNIFICANT WEATHER WAS OBSERVED.


RELATIVE HUMIDITY (PERCENT)
 HIGHEST    46           200 AM
 LOWEST     21           300 PM
 AVERAGE    34

..........................................................


THE MCMINNVILLE OR CLIMATE NORMALS FOR TOMORROW
                         NORMAL    RECORD    YEAR
 MAXIMUM TEMPERATURE (F)   75       110      1925
 MINIMUM TEMPERATURE (F)   48        33      1971


SUNRISE AND SUNSET
JUNE 23 2017..........SUNRISE   426 AM PST   SUNSET   804 PM PST
JUNE 24 2017..........SUNRISE   426 AM PST   SUNSET   804 PM PST


-  INDICATES NEGATIVE NUMBERS.
R  INDICATES RECORD WAS SET OR TIED.
MM INDICATES DATA IS MISSING.
T  INDICATES TRACE AMOUNT.




$$
