000
CDUS46 KPQR 122321
CLIMMV


CLIMATE REPORT
NATIONAL WEATHER SERVICE PORTLAND OREGON
421 PM PDT SAT JUL 12 2014


...................................

...THE MCMINNVILLE OR CLIMATE SUMMARY FOR JULY 12 2014...
VALID TODAY AS OF 0400 PM LOCAL TIME.

CLIMATE NORMAL PERIOD 1981 TO 2010
CLIMATE RECORD PERIOD 1894 TO 2014


WEATHER ITEM   OBSERVED TIME   RECORD YEAR NORMAL DEPARTURE LAST
                VALUE   (LST)  VALUE       VALUE  FROM      YEAR
                                                  NORMAL
..................................................................
TEMPERATURE (F)
 TODAY
  MAXIMUM         93    300 PM 104    1922  81     12       77
  MINIMUM         58        MM  37    1901  51      7       47
  AVERAGE         76                        66     10       62

PRECIPITATION (IN)
  TODAY            0.00          0.41 2009   0.01  -0.01     0.00
  MONTH TO DATE    0.00                      0.34  -0.34     0.00
  SINCE OCT 1     27.08                     37.62 -10.54    31.54
  SINCE JAN 1     22.12                     21.59   0.53    10.40

DEGREE DAYS
 HEATING
  TODAY            0                         1     -1        3
  MONTH TO DATE    0                        26    -26        8
  SINCE JUL 1      0                        26    -26        8

 COOLING
  TODAY           11                         2      9        0
  MONTH TO DATE   99                        22     77       49
  SINCE JAN 1    129                        44     85      102
..................................................................


WIND (MPH)
  HIGHEST WIND SPEED     7   HIGHEST WIND DIRECTION     W (250)
  HIGHEST GUST SPEED    MM   HIGHEST GUST DIRECTION    MM
  AVERAGE WIND SPEED     3.7


SKY COVER
  POSSIBLE SUNSHINE  MM
  AVERAGE SKY COVER 0.0


WEATHER CONDITIONS
 THE FOLLOWING WEATHER WAS RECORDED TODAY.
  NO SIGNIFICANT WEATHER WAS OBSERVED.


RELATIVE HUMIDITY (PERCENT)
 HIGHEST    93           500 AM
 LOWEST     33           300 PM
 AVERAGE    63

..........................................................


THE MCMINNVILLE OR CLIMATE NORMALS FOR TOMORROW
                         NORMAL    RECORD    YEAR
 MAXIMUM TEMPERATURE (F)   81       106      1923
 MINIMUM TEMPERATURE (F)   51        36      1970


SUNRISE AND SUNSET
JULY 12 2014..........SUNRISE   437 AM PST   SUNSET   759 PM PST
JULY 13 2014..........SUNRISE   438 AM PST   SUNSET   758 PM PST


-  INDICATES NEGATIVE NUMBERS.
R  INDICATES RECORD WAS SET OR TIED.
MM INDICATES DATA IS MISSING.
T  INDICATES TRACE AMOUNT.




$$
