695
CDUS46 KPQR 171142
CLIMMV


CLIMATE REPORT
NATIONAL WEATHER SERVICE PORTLAND OREGON
441 AM PDT TUE OCT 17 2017


...................................

...THE MCMINNVILLE OR CLIMATE SUMMARY FOR OCTOBER 16 2017...

CLIMATE NORMAL PERIOD 1981 TO 2010
CLIMATE RECORD PERIOD 1894 TO 2017


WEATHER ITEM   OBSERVED TIME   RECORD YEAR NORMAL DEPARTURE LAST
                VALUE   (LST)  VALUE       VALUE  FROM      YEAR
                                                  NORMAL
..................................................................
TEMPERATURE (F)
 YESTERDAY
  MAXIMUM         66    331 PM  88    1936  62      4       58
  MINIMUM         32    632 AM  27    1946  41     -9       50
  AVERAGE         49                        52     -3       54

PRECIPITATION (IN)
  YESTERDAY        0.00          1.02 1947   0.10  -0.10     0.64
  MONTH TO DATE    0.50                      1.29  -0.79     6.54
  SINCE OCT 1      0.50                      1.29  -0.79     6.54
  SINCE JAN 1     32.24                     25.00   7.24    31.81

DEGREE DAYS
 HEATING
  YESTERDAY       16                        13      3       11
  MONTH TO DATE  200                       173     27      146
  SINCE JUL 1    300                       389    -89      304

 COOLING
  YESTERDAY        0                         0      0        0
  MONTH TO DATE    0                         0      0        0
  SINCE JAN 1    507                       214    293      363
..................................................................


WIND (MPH)
  HIGHEST WIND SPEED     7   HIGHEST WIND DIRECTION    SE (130)
  HIGHEST GUST SPEED     9   HIGHEST GUST DIRECTION    SE (130)
  AVERAGE WIND SPEED     1.4


SKY COVER
  POSSIBLE SUNSHINE  MM
  AVERAGE SKY COVER 0.1


WEATHER CONDITIONS
 THE FOLLOWING WEATHER WAS RECORDED YESTERDAY.
  FOG
  FOG W/VISIBILITY <= 1/4 MILE


RELATIVE HUMIDITY (PERCENT)
 HIGHEST   100           100 AM
 LOWEST     60           200 PM
 AVERAGE    80

..........................................................


THE MCMINNVILLE OR CLIMATE NORMALS FOR TODAY
                         NORMAL    RECORD    YEAR
 MAXIMUM TEMPERATURE (F)   62        83      1936
 MINIMUM TEMPERATURE (F)   41        22      1908


SUNRISE AND SUNSET
OCTOBER 17 2017.......SUNRISE   632 AM PST   SUNSET   523 PM PST
OCTOBER 18 2017.......SUNRISE   633 AM PST   SUNSET   522 PM PST


-  INDICATES NEGATIVE NUMBERS.
R  INDICATES RECORD WAS SET OR TIED.
MM INDICATES DATA IS MISSING.
T  INDICATES TRACE AMOUNT.




$$
