918
CDUS46 KPQR 290223
CLIMMV


CLIMATE REPORT
NATIONAL WEATHER SERVICE PORTLAND OREGON
723 PM PDT FRI APR 28 2017


...................................

...THE MCMINNVILLE OR CLIMATE SUMMARY FOR APRIL 28 2017...
VALID TODAY AS OF 0700 PM LOCAL TIME.

CLIMATE NORMAL PERIOD 1981 TO 2010
CLIMATE RECORD PERIOD 1894 TO 2017


WEATHER ITEM   OBSERVED TIME   RECORD YEAR NORMAL DEPARTURE LAST
                VALUE   (LST)  VALUE       VALUE  FROM      YEAR
                                                  NORMAL
..................................................................
TEMPERATURE (F)
 TODAY
  MAXIMUM         60    404 PM  93    1926  64     -4       63
  MINIMUM         35    505 AM  25    1973  40     -5       45
  AVERAGE         48                        52     -4       54

PRECIPITATION (IN)
  TODAY            0.00                      0.07  -0.07     0.00
  MONTH TO DATE    4.27                      2.78   1.49     2.69
  SINCE OCT 1     50.38                     33.38  17.00    46.55
  SINCE JAN 1     26.57                     17.35   9.22    21.48

DEGREE DAYS
 HEATING
  TODAY           17                                        11
  MONTH TO DATE  422                                       259
  SINCE MAR 1    959                                       747
  SINCE JUL 1   4255                                      3507

 COOLING
  TODAY            0                                         0
  MONTH TO DATE    0                                        11
  SINCE MAR 1      0                                        11
  SINCE JAN 1      0                                        11
..................................................................


WIND (MPH)
  HIGHEST WIND SPEED     9   HIGHEST WIND DIRECTION     W (250)
  HIGHEST GUST SPEED    15   HIGHEST GUST DIRECTION     W (250)
  AVERAGE WIND SPEED     3.0


SKY COVER
  POSSIBLE SUNSHINE  MM
  AVERAGE SKY COVER 0.5


WEATHER CONDITIONS
 THE FOLLOWING WEATHER WAS RECORDED TODAY.
  NO SIGNIFICANT WEATHER WAS OBSERVED.


RELATIVE HUMIDITY (PERCENT)
 HIGHEST    92           100 AM
 LOWEST     40           400 PM
 AVERAGE    66

..........................................................


THE MCMINNVILLE OR CLIMATE NORMALS FOR TOMORROW
                         NORMAL    RECORD    YEAR
 MAXIMUM TEMPERATURE (F)   64        89      1931
 MINIMUM TEMPERATURE (F)   41        30      1982


SUNRISE AND SUNSET
APRIL 28 2017.........SUNRISE   505 AM PST   SUNSET   715 PM PST
APRIL 29 2017.........SUNRISE   504 AM PST   SUNSET   717 PM PST


-  INDICATES NEGATIVE NUMBERS.
R  INDICATES RECORD WAS SET OR TIED.
MM INDICATES DATA IS MISSING.
T  INDICATES TRACE AMOUNT.




$$
