000
CDUS44 KMOB 310658
CLIMOB


CLIMATE REPORT
NATIONAL WEATHER SERVICE MOBILE AL
157 AM CDT WED AUG 31 2016


...................................

...THE MOBILE CLIMATE SUMMARY FOR AUGUST 30 2016...

CLIMATE NORMAL PERIOD 1981 TO 2010
CLIMATE RECORD PERIOD 1842 TO 2016


WEATHER ITEM   OBSERVED TIME   RECORD YEAR NORMAL DEPARTURE LAST
                VALUE   (LST)  VALUE       VALUE  FROM      YEAR
                                                  NORMAL
..................................................................
TEMPERATURE (F)
 YESTERDAY
  MAXIMUM         93    334 PM 102    1954  90      3       91
                                      1951
  MINIMUM         74    545 AM  61    1992  72      2       71
  AVERAGE         84                        81      3       81

PRECIPITATION (IN)
  YESTERDAY        0.00          3.98 1950   0.19  -0.19     0.00
  MONTH TO DATE    4.59                      6.79  -2.20     3.21
  SINCE MAR 1     37.52                     36.22   1.30    41.02
  SINCE JAN 1     46.97                     46.99  -0.02    47.07

DEGREE DAYS
 COOLING
  YESTERDAY       19                        16      3       16
  MONTH TO DATE  529                       503     26      508
  SINCE JUN 1   1572                      1469    103     1564
  SINCE JAN 1   2031                      1914    117     2164
..................................................................


WIND (MPH)
  HIGHEST WIND SPEED    16   HIGHEST WIND DIRECTION    NE (30)
  HIGHEST GUST SPEED    21   HIGHEST GUST DIRECTION    NE (30)
  AVERAGE WIND SPEED     8.1


SKY COVER
  POSSIBLE SUNSHINE  MM
  AVERAGE SKY COVER 0.2


WEATHER CONDITIONS
 THE FOLLOWING WEATHER WAS RECORDED YESTERDAY.
  NO SIGNIFICANT WEATHER WAS OBSERVED.


RELATIVE HUMIDITY (PERCENT)
 HIGHEST    93           500 AM
 LOWEST     47           300 PM
 AVERAGE    70

..........................................................


THE MOBILE CLIMATE NORMALS FOR TODAY
                         NORMAL    RECORD    YEAR
 MAXIMUM TEMPERATURE (F)   90        99      1954
 MINIMUM TEMPERATURE (F)   72        63      1992


SUNRISE AND SUNSET
AUGUST 31 2016........SUNRISE   629 AM CDT   SUNSET   717 PM CDT
SEPTEMBER  1 2016.....SUNRISE   630 AM CDT   SUNSET   715 PM CDT


-  INDICATES NEGATIVE NUMBERS.
R  INDICATES RECORD WAS SET OR TIED.
MM INDICATES DATA IS MISSING.
T  INDICATES TRACE AMOUNT.




$$
