000
CDUS44 KMOB 010631
CLIMOB


CLIMATE REPORT
NATIONAL WEATHER SERVICE MOBILE AL
130 AM CDT WED JUL 1 2015


...................................

...THE MOBILE CLIMATE SUMMARY FOR JUNE 30 2015...

CLIMATE NORMAL PERIOD 1981 TO 2010
CLIMATE RECORD PERIOD 1842 TO 2015


WEATHER ITEM   OBSERVED TIME   RECORD YEAR NORMAL DEPARTURE LAST
                VALUE   (LST)  VALUE       VALUE  FROM      YEAR
                                                  NORMAL
..................................................................
TEMPERATURE (F)
 YESTERDAY
  MAXIMUM         89   1204 PM 101    1954  90     -1       93
                                      1894
  MINIMUM         74   1144 PM  63    1923  72      2       74
  AVERAGE         82                        81      1       84

PRECIPITATION (IN)
  YESTERDAY        T             6.05 2003   0.23  -0.23     0.00
  MONTH TO DATE    5.06                      6.11  -1.05     5.15
  SINCE MAR 1     30.97                     22.18   8.79    39.53
  SINCE JAN 1     37.02                     32.95   4.07    46.65

DEGREE DAYS
 COOLING
  YESTERDAY       17                        16      1       19
  MONTH TO DATE  478                       444     34      410
  SINCE JUN 1    478                       444     34      410
  SINCE JAN 1   1078                       889    189      748
..................................................................


WIND (MPH)
  HIGHEST WIND SPEED    37   HIGHEST WIND DIRECTION     N (350)
  HIGHEST GUST SPEED    47   HIGHEST GUST DIRECTION    NW (320)
  AVERAGE WIND SPEED     8.2


SKY COVER
  POSSIBLE SUNSHINE  MM
  AVERAGE SKY COVER 0.5


WEATHER CONDITIONS
 THE FOLLOWING WEATHER WAS RECORDED YESTERDAY.
  LIGHT RAIN
  FOG
  HAZE


RELATIVE HUMIDITY (PERCENT)
 HIGHEST   100           500 AM
 LOWEST     58           300 PM
 AVERAGE    79

..........................................................


THE MOBILE CLIMATE NORMALS FOR TODAY
                         NORMAL    RECORD    YEAR
 MAXIMUM TEMPERATURE (F)   91        99      1883
 MINIMUM TEMPERATURE (F)   72        63      1985


SUNRISE AND SUNSET
JULY  1 2015..........SUNRISE   554 AM CDT   SUNSET   800 PM CDT
JULY  2 2015..........SUNRISE   554 AM CDT   SUNSET   800 PM CDT


-  INDICATES NEGATIVE NUMBERS.
R  INDICATES RECORD WAS SET OR TIED.
MM INDICATES DATA IS MISSING.
T  INDICATES TRACE AMOUNT.




$$
