000
CDUS44 KMOB 290635
CLIMOB


CLIMATE REPORT
NATIONAL WEATHER SERVICE MOBILE AL
125 AM CDT FRI MAY 29 2015


...................................

...THE MOBILE CLIMATE SUMMARY FOR MAY 28 2015...

CLIMATE NORMAL PERIOD 1981 TO 2010
CLIMATE RECORD PERIOD 1842 TO 2015


WEATHER ITEM   OBSERVED TIME   RECORD YEAR NORMAL DEPARTURE LAST
                VALUE   (LST)  VALUE       VALUE  FROM      YEAR
                                                  NORMAL
..................................................................
TEMPERATURE (F)
 YESTERDAY
  MAXIMUM         84    240 PM  98    1962  87     -3       80
  MINIMUM         71   1020 PM  50    1961  67      4       67
  AVERAGE         78                        77      1       74

PRECIPITATION (IN)
  YESTERDAY        0.28          3.07 2014   0.18   0.10     3.07
  MONTH TO DATE    8.03                      4.60   3.43     7.83
  SINCE MAR 1     25.89                     15.53  10.36    32.42
  SINCE JAN 1     31.94                     26.30   5.64    39.54

DEGREE DAYS
 COOLING
  YESTERDAY       13                        12      1        9
  MONTH TO DATE  284                       250     34      197
  SINCE MAR 1    559                       393    166      300
  SINCE JAN 1    563                       409    154      312
..................................................................


WIND (MPH)
  HIGHEST WIND SPEED    21   HIGHEST WIND DIRECTION     S (160)
  HIGHEST GUST SPEED    24   HIGHEST GUST DIRECTION     S (160)
  AVERAGE WIND SPEED     5.5


SKY COVER
  POSSIBLE SUNSHINE  MM
  AVERAGE SKY COVER 0.6


WEATHER CONDITIONS
 THE FOLLOWING WEATHER WAS RECORDED YESTERDAY.
  THUNDERSTORM
  HEAVY RAIN
  RAIN
  LIGHT RAIN
  FOG
  HAZE


RELATIVE HUMIDITY (PERCENT)
 HIGHEST   100          1200 AM
 LOWEST     69          1000 AM
 AVERAGE    85

..........................................................


THE MOBILE CLIMATE NORMALS FOR TODAY
                         NORMAL    RECORD    YEAR
 MAXIMUM TEMPERATURE (F)   87        95      2012
                                             2006
 MINIMUM TEMPERATURE (F)   67        56      1984


SUNRISE AND SUNSET
MAY 29 2015...........SUNRISE   552 AM CDT   SUNSET   749 PM CDT
MAY 30 2015...........SUNRISE   551 AM CDT   SUNSET   750 PM CDT


-  INDICATES NEGATIVE NUMBERS.
R  INDICATES RECORD WAS SET OR TIED.
MM INDICATES DATA IS MISSING.
T  INDICATES TRACE AMOUNT.




$$
