000
CDUS44 KMOB 260645
CLIMOB


CLIMATE REPORT
NATIONAL WEATHER SERVICE MOBILE AL
145 AM CDT WED JUL 26 2017


...................................

...THE MOBILE CLIMATE SUMMARY FOR JULY 25 2017...

CLIMATE NORMAL PERIOD 1981 TO 2010
CLIMATE RECORD PERIOD 1842 TO 2017


WEATHER ITEM   OBSERVED TIME   RECORD YEAR NORMAL DEPARTURE LAST
                VALUE   (LST)  VALUE       VALUE  FROM      YEAR
                                                  NORMAL
..................................................................
TEMPERATURE (F)
 YESTERDAY
  MAXIMUM         85   1037 AM 104    1952  91     -6       91
  MINIMUM         73    133 AM  67    1904  73      0       76
  AVERAGE         79                        82     -3       84

PRECIPITATION (IN)
  YESTERDAY        0.02          2.96 1938   0.23  -0.21     0.25
  MONTH TO DATE    2.25                      5.82  -3.57     5.66
  SINCE MAR 1     36.39                     28.00   8.39    31.84
  SINCE JAN 1     48.60                     38.77   9.83    41.29

DEGREE DAYS
 COOLING
  YESTERDAY       14                        17     -3       19
  MONTH TO DATE  434                       423     11      457
  SINCE JUN 1    853                       867    -14      937
  SINCE JAN 1   1454                      1312    142     1396
..................................................................


WIND (MPH)
  HIGHEST WIND SPEED    14   HIGHEST WIND DIRECTION    NW (300)
  HIGHEST GUST SPEED    20   HIGHEST GUST DIRECTION     W (290)
  AVERAGE WIND SPEED     4.2


SKY COVER
  POSSIBLE SUNSHINE  MM
  AVERAGE SKY COVER 0.5


WEATHER CONDITIONS
 THE FOLLOWING WEATHER WAS RECORDED YESTERDAY.
  RAIN
  LIGHT RAIN
  FOG


RELATIVE HUMIDITY (PERCENT)
 HIGHEST   100          1200 AM
 LOWEST     69          1200 PM
 AVERAGE    85

..........................................................


THE MOBILE CLIMATE NORMALS FOR TODAY
                         NORMAL    RECORD    YEAR
 MAXIMUM TEMPERATURE (F)   91        98      1983
                                             1912
 MINIMUM TEMPERATURE (F)   73        66      1911


SUNRISE AND SUNSET
JULY 26 2017..........SUNRISE   607 AM CDT   SUNSET   751 PM CDT
JULY 27 2017..........SUNRISE   608 AM CDT   SUNSET   751 PM CDT


-  INDICATES NEGATIVE NUMBERS.
R  INDICATES RECORD WAS SET OR TIED.
MM INDICATES DATA IS MISSING.
T  INDICATES TRACE AMOUNT.




$$
