574
CDUS44 KMOB 192325
CLIMOB


CLIMATE REPORT
NATIONAL WEATHER SERVICE MOBILE AL
525 PM CST MON FEB 19 2018


...................................

...THE MOBILE CLIMATE SUMMARY FOR FEBRUARY 19 2018...
VALID TODAY AS OF 0500 PM LOCAL TIME.

CLIMATE NORMAL PERIOD 1981 TO 2010
CLIMATE RECORD PERIOD 1842 TO 2018


WEATHER ITEM   OBSERVED TIME   RECORD YEAR NORMAL DEPARTURE LAST
                VALUE   (LST)  VALUE       VALUE  FROM      YEAR
                                                  NORMAL
..................................................................
TEMPERATURE (F)
 TODAY
  MAXIMUM         80    206 PM  83    2017  65     15       83
  MINIMUM         64    425 AM  25    2015  44     20       50
                                      1958
  AVERAGE         72                        55     17       67

PRECIPITATION (IN)
  TODAY            T             2.57 1875   0.19  -0.19     0.00
  MONTH TO DATE    4.89                      3.46   1.43     0.85
  SINCE MAR 1     80.02                     64.49  15.53    64.92
  SINCE JAN 1      8.45                      9.11  -0.66    11.78

DEGREE DAYS
 HEATING
  TODAY            0                        11    -11        0
  MONTH TO DATE   93                       236   -143      104
  SINCE DEC 1   1041                      1099    -58      618
  SINCE JUL 1   1257                      1357   -100      752

 COOLING
  TODAY            7                         0      7        2
  MONTH TO DATE   41                         0     41       17
  SINCE DEC 1     59                        22     37      104
  SINCE JAN 1     43                         7     36       63
..................................................................


WIND (MPH)
  HIGHEST WIND SPEED    23   HIGHEST WIND DIRECTION    SE (150)
  HIGHEST GUST SPEED    30   HIGHEST GUST DIRECTION    SE (140)
  AVERAGE WIND SPEED    11.7


SKY COVER
  POSSIBLE SUNSHINE  MM
  AVERAGE SKY COVER 0.7


WEATHER CONDITIONS
 THE FOLLOWING WEATHER WAS RECORDED TODAY.
  LIGHT RAIN
  FOG


RELATIVE HUMIDITY (PERCENT)
 HIGHEST   100           300 AM
 LOWEST     60           300 PM
 AVERAGE    80

..........................................................


THE MOBILE CLIMATE NORMALS FOR TOMORROW
                         NORMAL    RECORD    YEAR
 MAXIMUM TEMPERATURE (F)   66        79      2017
                                             1981
 MINIMUM TEMPERATURE (F)   44        26      2015
                                             1958


SUNRISE AND SUNSET
FEBRUARY 19 2018......SUNRISE   630 AM CST   SUNSET   544 PM CST
FEBRUARY 20 2018......SUNRISE   629 AM CST   SUNSET   545 PM CST


-  INDICATES NEGATIVE NUMBERS.
R  INDICATES RECORD WAS SET OR TIED.
MM INDICATES DATA IS MISSING.
T  INDICATES TRACE AMOUNT.




$$
