000
CDUS44 KMOB 212336
CLIMOB


CLIMATE REPORT
NATIONAL WEATHER SERVICE MOBILE AL
535 PM CST TUE NOV 21 2017


...................................

...THE MOBILE CLIMATE SUMMARY FOR NOVEMBER 21 2017...
VALID TODAY AS OF 0500 PM LOCAL TIME.

CLIMATE NORMAL PERIOD 1981 TO 2010
CLIMATE RECORD PERIOD 1842 TO 2017


WEATHER ITEM   OBSERVED TIME   RECORD YEAR NORMAL DEPARTURE LAST
                VALUE   (LST)  VALUE       VALUE  FROM      YEAR
                                                  NORMAL
..................................................................
TEMPERATURE (F)
 TODAY
  MAXIMUM         73    241 PM  82    1994  69      4       69
  MINIMUM         43    655 AM  25    1887  47     -4       33
  AVERAGE         58                        58      0       51

PRECIPITATION (IN)
  TODAY            0.00          2.39 1977   0.17  -0.17     0.00
  MONTH TO DATE    0.32                      3.63  -3.31     0.51
  SINCE MAR 1     67.04                     48.82  18.22    43.27
  SINCE JAN 1     79.25                     59.59  19.66    52.72

DEGREE DAYS
 HEATING
  TODAY            7                         8     -1       14
  MONTH TO DATE   81                       120    -39       77
  SINCE SEP 1    139                       175    -36       88
  SINCE JUL 1    139                       175    -36       88

 COOLING
  TODAY            0                         1     -1        0
  MONTH TO DATE   56                        33     23       43
  SINCE SEP 1    689                       568    121      741
  SINCE JAN 1   2775                      2495    280     2791
..................................................................


WIND (MPH)
  HIGHEST WIND SPEED     9   HIGHEST WIND DIRECTION     N (340)
  HIGHEST GUST SPEED    13   HIGHEST GUST DIRECTION     N (350)
  AVERAGE WIND SPEED     3.9


SKY COVER
  POSSIBLE SUNSHINE  MM
  AVERAGE SKY COVER 0.4


WEATHER CONDITIONS
 THE FOLLOWING WEATHER WAS RECORDED TODAY.
  NO SIGNIFICANT WEATHER WAS OBSERVED.


RELATIVE HUMIDITY (PERCENT)
 HIGHEST    83           400 AM
 LOWEST     44           300 PM
 AVERAGE    64

..........................................................


THE MOBILE CLIMATE NORMALS FOR TOMORROW
                         NORMAL    RECORD    YEAR
 MAXIMUM TEMPERATURE (F)   69        81      1973
 MINIMUM TEMPERATURE (F)   47        26      2000


SUNRISE AND SUNSET
NOVEMBER 21 2017......SUNRISE   625 AM CST   SUNSET   453 PM CST
NOVEMBER 22 2017......SUNRISE   625 AM CST   SUNSET   453 PM CST


-  INDICATES NEGATIVE NUMBERS.
R  INDICATES RECORD WAS SET OR TIED.
MM INDICATES DATA IS MISSING.
T  INDICATES TRACE AMOUNT.




$$
