000
CDUS44 KMOB 310645
CLIMOB


CLIMATE REPORT
NATIONAL WEATHER SERVICE MOBILE AL
145 AM CDT FRI OCT 31 2014


...................................

...THE MOBILE CLIMATE SUMMARY FOR OCTOBER 30 2014...

CLIMATE NORMAL PERIOD 1981 TO 2010
CLIMATE RECORD PERIOD 1842 TO 2014


WEATHER ITEM   OBSERVED TIME   RECORD YEAR NORMAL DEPARTURE LAST
                VALUE   (LST)  VALUE       VALUE  FROM      YEAR
                                                  NORMAL
..................................................................
TEMPERATURE (F)
 YESTERDAY
  MAXIMUM         72    220 PM  85    2004  75     -3       80
                                      2000
                                      1971
  MINIMUM         44   1158 PM  34    1952  53     -9       60
                                      1873
  AVERAGE         58                        64     -6       70

PRECIPITATION (IN)
  YESTERDAY        0.00          4.25 1967   0.13  -0.13     0.00
  MONTH TO DATE    3.03                      3.56  -0.53     2.08
  SINCE MAR 1     58.84                     45.06  13.78    44.19
  SINCE JAN 1     65.96                     55.83  10.13    58.37

DEGREE DAYS
 HEATING
  YESTERDAY        7                         4      3        0
  MONTH TO DATE   33                        48    -15       30
  SINCE SEP 1     33                        50    -17       30
  SINCE JUL 1     33                        50    -17       30

 COOLING
  YESTERDAY        0                         3     -3        5
  MONTH TO DATE  134                       155    -21      190
  SINCE SEP 1    548                       532     16      640
  SINCE JAN 1   2296                      2459   -163     2470
..................................................................


WIND (MPH)
  HIGHEST WIND SPEED    20   HIGHEST WIND DIRECTION     N (20)
  HIGHEST GUST SPEED    25   HIGHEST GUST DIRECTION    NE (50)
  AVERAGE WIND SPEED     8.1


SKY COVER
  POSSIBLE SUNSHINE  MM
  AVERAGE SKY COVER 0.2


WEATHER CONDITIONS
 THE FOLLOWING WEATHER WAS RECORDED YESTERDAY.
  NO SIGNIFICANT WEATHER WAS OBSERVED.


RELATIVE HUMIDITY (PERCENT)
 HIGHEST    97          1200 AM
 LOWEST     29           200 PM
 AVERAGE    63

..........................................................


THE MOBILE CLIMATE NORMALS FOR TODAY
                         NORMAL    RECORD    YEAR
 MAXIMUM TEMPERATURE (F)   75        88      1950
 MINIMUM TEMPERATURE (F)   53        30      1993


SUNRISE AND SUNSET
OCTOBER 31 2014.......SUNRISE   707 AM CDT   SUNSET   606 PM CDT
NOVEMBER  1 2014......SUNRISE   708 AM CDT   SUNSET   605 PM CDT


-  INDICATES NEGATIVE NUMBERS.
R  INDICATES RECORD WAS SET OR TIED.
MM INDICATES DATA IS MISSING.
T  INDICATES TRACE AMOUNT.




$$
