000
CDUS44 KMOB 190627
CLIMOB


CLIMATE REPORT
NATIONAL WEATHER SERVICE MOBILE AL
126 AM CDT FRI SEP 19 2014


...................................

...THE MOBILE CLIMATE SUMMARY FOR SEPTEMBER 18 2014...

CLIMATE NORMAL PERIOD 1981 TO 2010
CLIMATE RECORD PERIOD 1842 TO 2014


WEATHER ITEM   OBSERVED TIME   RECORD YEAR NORMAL DEPARTURE LAST
                VALUE   (LST)  VALUE       VALUE  FROM      YEAR
                                                  NORMAL
..................................................................
TEMPERATURE (F)
 YESTERDAY
  MAXIMUM         89   1225 PM  96    2005  87      2       86
                                      1925
  MINIMUM         70   1150 PM  54    1981  68      2       74
                                      1961
  AVERAGE         80                        77      3       80

PRECIPITATION (IN)
  YESTERDAY        0.62          6.75 1877   0.17   0.45     0.00
  MONTH TO DATE    4.61                      3.14   1.47     2.90
  SINCE MAR 1     54.89                     39.53  15.36    40.42
  SINCE JAN 1     62.01                     50.30  11.71    54.60

DEGREE DAYS
 HEATING
  YESTERDAY        0                         0      0        0
  MONTH TO DATE    0                         0      0        0
  SINCE SEP 1      0                         0      0        0
  SINCE JUL 1      0                         0      0        0

 COOLING
  YESTERDAY       15                        12      3       15
  MONTH TO DATE  293                       253     40      301
  SINCE SEP 1    293                       253     40      301
  SINCE JAN 1   2041                      2180   -139     2131
..................................................................


WIND (MPH)
  HIGHEST WIND SPEED    22   HIGHEST WIND DIRECTION    NE (50)
  HIGHEST GUST SPEED    28   HIGHEST GUST DIRECTION    NE (50)
  AVERAGE WIND SPEED     3.7


SKY COVER
  POSSIBLE SUNSHINE  MM
  AVERAGE SKY COVER 0.6


WEATHER CONDITIONS
 THE FOLLOWING WEATHER WAS RECORDED YESTERDAY.
  THUNDERSTORM
  HEAVY RAIN
  RAIN
  LIGHT RAIN
  FOG


RELATIVE HUMIDITY (PERCENT)
 HIGHEST   100           400 AM
 LOWEST     55           200 PM
 AVERAGE    78

..........................................................


THE MOBILE CLIMATE NORMALS FOR TODAY
                         NORMAL    RECORD    YEAR
 MAXIMUM TEMPERATURE (F)   86        97      2005
                                             1925
 MINIMUM TEMPERATURE (F)   67        48      1981


SUNRISE AND SUNSET
SEPTEMBER 19 2014.....SUNRISE   640 AM CDT   SUNSET   653 PM CDT
SEPTEMBER 20 2014.....SUNRISE   640 AM CDT   SUNSET   652 PM CDT


-  INDICATES NEGATIVE NUMBERS.
R  INDICATES RECORD WAS SET OR TIED.
MM INDICATES DATA IS MISSING.
T  INDICATES TRACE AMOUNT.




$$
