000
CDUS44 KMOB 310629
CLIMOB


CLIMATE REPORT
NATIONAL WEATHER SERVICE MOBILE AL
129 AM CDT SUN JUL 31 2016


...................................

...THE MOBILE CLIMATE SUMMARY FOR JULY 30 2016...

CLIMATE NORMAL PERIOD 1981 TO 2010
CLIMATE RECORD PERIOD 1842 TO 2016


WEATHER ITEM   OBSERVED TIME   RECORD YEAR NORMAL DEPARTURE LAST
                VALUE   (LST)  VALUE       VALUE  FROM      YEAR
                                                  NORMAL
..................................................................
TEMPERATURE (F)
 YESTERDAY
  MAXIMUM         94    141 PM 100    1986  91      3       97
  MINIMUM         75    509 AM  64    2014  73      2       74
  AVERAGE         85                        82      3       86

PRECIPITATION (IN)
  YESTERDAY        0.00          2.46 1975   0.24  -0.24     0.18
  MONTH TO DATE    6.63                      7.01  -0.38     6.84
  SINCE MAR 1     32.81                     29.19   3.62    37.81
  SINCE JAN 1     42.26                     39.96   2.30    43.86

DEGREE DAYS
 COOLING
  YESTERDAY       20                        17      3       21
  MONTH TO DATE  544                       508     36      559
  SINCE JUN 1   1024                       952     72     1037
  SINCE JAN 1   1483                      1397     86     1637
..................................................................


WIND (MPH)
  HIGHEST WIND SPEED    15   HIGHEST WIND DIRECTION     S (170)
  HIGHEST GUST SPEED    18   HIGHEST GUST DIRECTION     S (180)
  AVERAGE WIND SPEED     4.0


SKY COVER
  POSSIBLE SUNSHINE  MM
  AVERAGE SKY COVER 0.3


WEATHER CONDITIONS
 THE FOLLOWING WEATHER WAS RECORDED YESTERDAY.
  THUNDERSTORM


RELATIVE HUMIDITY (PERCENT)
 HIGHEST    97           900 PM
 LOWEST     49           100 PM
 AVERAGE    73

..........................................................


THE MOBILE CLIMATE NORMALS FOR TODAY
                         NORMAL    RECORD    YEAR
 MAXIMUM TEMPERATURE (F)   91        99      1986
                                             1896
 MINIMUM TEMPERATURE (F)   73        63      2014


SUNRISE AND SUNSET
JULY 31 2016..........SUNRISE   610 AM CDT   SUNSET   748 PM CDT
AUGUST  1 2016........SUNRISE   611 AM CDT   SUNSET   747 PM CDT


-  INDICATES NEGATIVE NUMBERS.
R  INDICATES RECORD WAS SET OR TIED.
MM INDICATES DATA IS MISSING.
T  INDICATES TRACE AMOUNT.




$$
