427
CDUS44 KMOB 230646
CLIMOB


CLIMATE REPORT
NATIONAL WEATHER SERVICE MOBILE AL
144 AM CDT SAT SEP 23 2017


...................................

...THE MOBILE CLIMATE SUMMARY FOR SEPTEMBER 22 2017...

CLIMATE NORMAL PERIOD 1981 TO 2010
CLIMATE RECORD PERIOD 1842 TO 2017


WEATHER ITEM   OBSERVED TIME   RECORD YEAR NORMAL DEPARTURE LAST
                VALUE   (LST)  VALUE       VALUE  FROM      YEAR
                                                  NORMAL
..................................................................
TEMPERATURE (F)
 YESTERDAY
  MAXIMUM         91   1200 PM  98    1925  86      5       93
  MINIMUM         70        MM  47    1983  66      4       72
  AVERAGE         81                        76      5       83

PRECIPITATION (IN)
  YESTERDAY        0.62          5.17 1920   0.16   0.46     0.00
  MONTH TO DATE    1.75                      3.80  -2.05     3.63
  SINCE MAR 1     52.00                     40.19  11.81    41.15
  SINCE JAN 1     64.21                     50.96  13.25    50.60

DEGREE DAYS
 HEATING
  YESTERDAY        0                         0      0        0
  MONTH TO DATE    0                         0      0        0
  SINCE SEP 1      0                         0      0        0
  SINCE JUL 1      0                         0      0        0

 COOLING
  YESTERDAY       16                        11      5       18
  MONTH TO DATE  273                       299    -26      360
  SINCE SEP 1    273                       299    -26      360
  SINCE JAN 1   2359                      2226    133     2410
..................................................................


WIND (MPH)
  HIGHEST WIND SPEED    10   HIGHEST WIND DIRECTION    MM
  HIGHEST GUST SPEED    41   HIGHEST GUST DIRECTION    MM
  AVERAGE WIND SPEED     3.0


SKY COVER
  POSSIBLE SUNSHINE  MM
  AVERAGE SKY COVER 0.2


WEATHER CONDITIONS
 THE FOLLOWING WEATHER WAS RECORDED YESTERDAY.
  THUNDERSTORM
  HAZE


RELATIVE HUMIDITY (PERCENT)
 HIGHEST    94           700 AM
 LOWEST     52          1200 PM
 AVERAGE    73

..........................................................


THE MOBILE CLIMATE NORMALS FOR TODAY
                         NORMAL    RECORD    YEAR
 MAXIMUM TEMPERATURE (F)   85        96      1921
 MINIMUM TEMPERATURE (F)   66        49      1983


SUNRISE AND SUNSET
SEPTEMBER 23 2017.....SUNRISE   642 AM CDT   SUNSET   648 PM CDT
SEPTEMBER 24 2017.....SUNRISE   643 AM CDT   SUNSET   647 PM CDT


-  INDICATES NEGATIVE NUMBERS.
R  INDICATES RECORD WAS SET OR TIED.
MM INDICATES DATA IS MISSING.
T  INDICATES TRACE AMOUNT.




$$
