000
CDUS44 KMOB 310640
CLIMOB


CLIMATE REPORT
NATIONAL WEATHER SERVICE MOBILE AL
130 AM CDT MON AUG 31 2015


...................................

...THE MOBILE CLIMATE SUMMARY FOR AUGUST 30 2015...

CLIMATE NORMAL PERIOD 1981 TO 2010
CLIMATE RECORD PERIOD 1842 TO 2015


WEATHER ITEM   OBSERVED TIME   RECORD YEAR NORMAL DEPARTURE LAST
                VALUE   (LST)  VALUE       VALUE  FROM      YEAR
                                                  NORMAL
..................................................................
TEMPERATURE (F)
 YESTERDAY
  MAXIMUM         91    231 PM 102    1954  90      1       90
                                      1951
  MINIMUM         71    951 PM  61    1992  72     -1       75
  AVERAGE         81                        81      0       83

PRECIPITATION (IN)
  YESTERDAY        0.00          3.98 1950   0.19  -0.19     0.01
  MONTH TO DATE    3.21                      6.79  -3.58     2.83
  SINCE MAR 1     41.02                     36.22   4.80    50.28
  SINCE JAN 1     47.07                     46.99   0.08    57.40

DEGREE DAYS
 COOLING
  YESTERDAY       16                        16      0       18
  MONTH TO DATE  508                       503      5      518
  SINCE JUN 1   1564                      1469     95     1391
  SINCE JAN 1   2164                      1914    250     1729
..................................................................


WIND (MPH)
  HIGHEST WIND SPEED    13   HIGHEST WIND DIRECTION     S (190)
  HIGHEST GUST SPEED    15   HIGHEST GUST DIRECTION     S (180)
  AVERAGE WIND SPEED     3.4


SKY COVER
  POSSIBLE SUNSHINE  MM
  AVERAGE SKY COVER 0.5


WEATHER CONDITIONS
 THE FOLLOWING WEATHER WAS RECORDED YESTERDAY.
  NO SIGNIFICANT WEATHER WAS OBSERVED.


RELATIVE HUMIDITY (PERCENT)
 HIGHEST   100           200 AM
 LOWEST     50           100 PM
 AVERAGE    75

..........................................................


THE MOBILE CLIMATE NORMALS FOR TODAY
                         NORMAL    RECORD    YEAR
 MAXIMUM TEMPERATURE (F)   90        99      1954
 MINIMUM TEMPERATURE (F)   72        63      1992


SUNRISE AND SUNSET
AUGUST 31 2015........SUNRISE   629 AM CDT   SUNSET   717 PM CDT
SEPTEMBER  1 2015.....SUNRISE   629 AM CDT   SUNSET   716 PM CDT


-  INDICATES NEGATIVE NUMBERS.
R  INDICATES RECORD WAS SET OR TIED.
MM INDICATES DATA IS MISSING.
T  INDICATES TRACE AMOUNT.




$$
