000
CDUS44 KMOB 260645
CLIMOB


CLIMATE REPORT
NATIONAL WEATHER SERVICE MOBILE AL
145 AM CDT FRI MAY 26 2017


...................................

...THE MOBILE CLIMATE SUMMARY FOR MAY 25 2017...

CLIMATE NORMAL PERIOD 1981 TO 2010
CLIMATE RECORD PERIOD 1842 TO 2017


WEATHER ITEM   OBSERVED TIME   RECORD YEAR NORMAL DEPARTURE LAST
                VALUE   (LST)  VALUE       VALUE  FROM      YEAR
                                                  NORMAL
..................................................................
TEMPERATURE (F)
 YESTERDAY
  MAXIMUM         81    435 PM  97    1962  86     -5       85
  MINIMUM         54    444 AM  53    1979  66    -12       62
  AVERAGE         68                        76     -8       74

PRECIPITATION (IN)
  YESTERDAY        0.00          3.38 1909   0.17  -0.17     0.00
  MONTH TO DATE   10.29                      4.09   6.20     2.48
  SINCE MAR 1     19.19                     15.02   4.17    18.53
  SINCE JAN 1     31.40                     25.79   5.61    27.98

DEGREE DAYS
 COOLING
  YESTERDAY        3                        11     -8        9
  MONTH TO DATE  188                       214    -26      194
  SINCE MAR 1    448                       357     91      366
  SINCE JAN 1    523                       373    150      380
..................................................................


WIND (MPH)
  HIGHEST WIND SPEED    13   HIGHEST WIND DIRECTION     W (290)
  HIGHEST GUST SPEED    21   HIGHEST GUST DIRECTION    NW (320)
  AVERAGE WIND SPEED     5.3


SKY COVER
  POSSIBLE SUNSHINE  MM
  AVERAGE SKY COVER 0.0


WEATHER CONDITIONS
 THE FOLLOWING WEATHER WAS RECORDED YESTERDAY.
  NO SIGNIFICANT WEATHER WAS OBSERVED.


RELATIVE HUMIDITY (PERCENT)
 HIGHEST    93           400 AM
 LOWEST     33           300 PM
 AVERAGE    63

..........................................................


THE MOBILE CLIMATE NORMALS FOR TODAY
                         NORMAL    RECORD    YEAR
 MAXIMUM TEMPERATURE (F)   87        96      1962
                                             1953
                                             1878
 MINIMUM TEMPERATURE (F)   66        48      1979


SUNRISE AND SUNSET
MAY 26 2017...........SUNRISE   553 AM CDT   SUNSET   748 PM CDT
MAY 27 2017...........SUNRISE   552 AM CDT   SUNSET   748 PM CDT


-  INDICATES NEGATIVE NUMBERS.
R  INDICATES RECORD WAS SET OR TIED.
MM INDICATES DATA IS MISSING.
T  INDICATES TRACE AMOUNT.




$$
