000
CDUS46 KSTO 030035
CLIMOD


CLIMATE REPORT
NATIONAL WEATHER SERVICE SACRAMENTO, CA
435 PM PST MON MAR 2 2015


...................................

...THE MODESTO CA CLIMATE SUMMARY FOR MARCH 2 2015...
VALID TODAY AS OF 0400 PM LOCAL TIME.

CLIMATE NORMAL PERIOD 1981 TO 2010
CLIMATE RECORD PERIOD 1931 TO 2015


WEATHER ITEM   OBSERVED TIME   RECORD YEAR NORMAL DEPARTURE LAST
                VALUE   (LST)  VALUE       VALUE  FROM      YEAR
                                                  NORMAL
..................................................................
TEMPERATURE (F)
 TODAY
  MAXIMUM         64    341 PM  81    1994  67     -3       64
  MINIMUM         43    313 AM  27    1971  45     -2       49
  AVERAGE         54

PRECIPITATION (IN)
  TODAY            0.00          0.84 1938   0.09  -0.09     0.06
  MONTH TO DATE    0.00                      0.17  -0.17     0.20
  SINCE OCT 1      9.16                      9.24  -0.08     4.48
  SINCE JAN 1      1.76                      5.16  -3.40     3.12

SNOWFALL (IN)
  TODAY            0.0          MM      MM
  MONTH TO DATE    0.0
  SINCE MAR 1      0.0
  SINCE JUL 1      0.0

DEGREE DAYS
 HEATING
  TODAY           11                         9      2        8
  MONTH TO DATE   23                        18      5       15
  SINCE MAR 1     23                        18      5       15
  SINCE JUL 1   1435                      1786   -351     1713

 COOLING
  TODAY            0                         0      0        0
  MONTH TO DATE    0                         0      0        0
  SINCE MAR 1      0                         0      0        0
  SINCE JAN 1      0                         0      0        0
..................................................................


WIND (MPH)
  RESULTANT WIND SPEED   9   RESULTANT WIND DIRECTION  SE (130)
  HIGHEST WIND SPEED    18   HIGHEST WIND DIRECTION    SE (140)
  HIGHEST GUST SPEED    32   HIGHEST GUST DIRECTION    SE (140)


SKY COVER
  POSSIBLE SUNSHINE  MM
  AVERAGE SKY COVER 0.4


WEATHER CONDITIONS
 THE FOLLOWING WEATHER WAS RECORDED TODAY.
  NO SIGNIFICANT WEATHER WAS OBSERVED.


RELATIVE HUMIDITY (PERCENT)
 HIGHEST    89           100 AM
 LOWEST     43           300 PM
 AVERAGE    66

..........................................................


THE MODESTO CA CLIMATE NORMALS FOR TOMORROW
                         NORMAL    RECORD    YEAR
 MAXIMUM TEMPERATURE (F)   67        80      1959
 MINIMUM TEMPERATURE (F)   45        29      1966


SUNRISE AND SUNSET
MARCH  2 2015.........SUNRISE   634 AM PST   SUNSET   558 PM PST
MARCH  3 2015.........SUNRISE   633 AM PST   SUNSET   559 PM PST


-  INDICATES NEGATIVE NUMBERS.
R  INDICATES RECORD WAS SET OR TIED.
MM INDICATES DATA IS MISSING.
T  INDICATES TRACE AMOUNT.




$$
