000
CDUS46 KSTO 250841
CLIMOD


CLIMATE REPORT
NATIONAL WEATHER SERVICE SACRAMENTO, CA
1240 AM PST THU DEC 25 2014


...................................

...THE MODESTO CA CLIMATE SUMMARY FOR DECEMBER 24 2014...

CLIMATE NORMAL PERIOD 1981 TO 2010
CLIMATE RECORD PERIOD 1931 TO 2014


WEATHER ITEM   OBSERVED TIME   RECORD YEAR NORMAL DEPARTURE LAST
                VALUE   (LST)  VALUE       VALUE  FROM      YEAR
                                                  NORMAL
..................................................................
TEMPERATURE (F)
 YESTERDAY
  MAXIMUM         58    306 PM  65    1964  54      4       64
  MINIMUM         48   1024 PM  22    1998  39      9       33
  AVERAGE         53

PRECIPITATION (IN)
  YESTERDAY        0.02          0.91 1942   0.08  -0.06     0.00
  MONTH TO DATE    5.67                      1.52   4.15     0.25
  SINCE JUL 1      7.70                      3.84   3.86     1.49
  SINCE JAN 1     13.21                     12.59   0.62     4.70

SNOWFALL (IN)
  YESTERDAY       MM             0.0  2001
  MONTH TO DATE    0.0
  SINCE DEC 1      0.0
  SINCE JUL 1      0.0
  SNOW DEPTH       0

DEGREE DAYS
 HEATING
  YESTERDAY       12                        18     -6       16
  MONTH TO DATE  233                       407   -174      483
  SINCE DEC 1    233                       407   -174      483
  SINCE JUL 1    531                       768   -237      854

 COOLING
  YESTERDAY        0                         0      0        0
  MONTH TO DATE    0                         0      0        0
  SINCE DEC 1      0                         0      0        0
  SINCE JAN 1   1855                      1699    156     1718
..................................................................


WIND (MPH)
  RESULTANT WIND SPEED   2   RESULTANT WIND DIRECTION   W (270)
  HIGHEST WIND SPEED    21   HIGHEST WIND DIRECTION    NW (310)
  HIGHEST GUST SPEED    29   HIGHEST GUST DIRECTION    NW (300)


SKY COVER
  POSSIBLE SUNSHINE  MM
  AVERAGE SKY COVER 0.7


WEATHER CONDITIONS
 THE FOLLOWING WEATHER WAS RECORDED YESTERDAY.
  MIXED PRECIP
  RAIN
  LIGHT RAIN
  FOG
  FOG W/VISIBILITY <= 1/4 MILE
  HAZE


RELATIVE HUMIDITY (PERCENT)
 HIGHEST   100           100 AM
 LOWEST     61          1100 PM
 AVERAGE    81

..........................................................


THE MODESTO CA CLIMATE NORMALS FOR TODAY
                         NORMAL    RECORD    YEAR
 MAXIMUM TEMPERATURE (F)   54        65      1958
 MINIMUM TEMPERATURE (F)   39        25      1987


SUNRISE AND SUNSET
DECEMBER 25 2014......SUNRISE   717 AM PST   SUNSET   451 PM PST
DECEMBER 26 2014......SUNRISE   717 AM PST   SUNSET   452 PM PST


-  INDICATES NEGATIVE NUMBERS.
R  INDICATES RECORD WAS SET OR TIED.
MM INDICATES DATA IS MISSING.
T  INDICATES TRACE AMOUNT.




$$
