000
CDUS46 KSTO 210040
CLIMOD


CLIMATE REPORT
NATIONAL WEATHER SERVICE SACRAMENTO, CA
440 PM PST THU NOV 20 2014


...................................

...THE MODESTO CA CLIMATE SUMMARY FOR NOVEMBER 20 2014...
VALID TODAY AS OF 0400 PM LOCAL TIME.

CLIMATE NORMAL PERIOD 1981 TO 2010
CLIMATE RECORD PERIOD 1931 TO 2014


WEATHER ITEM   OBSERVED TIME   RECORD YEAR NORMAL DEPARTURE LAST
                VALUE   (LST)  VALUE       VALUE  FROM      YEAR
                                                  NORMAL
..................................................................
TEMPERATURE (F)
 TODAY
  MAXIMUM         57    259 PM  75    1989  63     -6       62
  MINIMUM         52    707 AM  26    1964  44      8       51
  AVERAGE         55

PRECIPITATION (IN)
  TODAY            0.04          0.92 2010   0.05  -0.01     0.89
  MONTH TO DATE    0.37                      0.85  -0.48     1.10
  SINCE JUL 1      1.35                      1.81  -0.46     1.23
  SINCE JAN 1      6.86                     10.56  -3.70     4.44

SNOWFALL (IN)
  TODAY            0.0           0.0  2001
  MONTH TO DATE    0.0
  SINCE SEP 1      0.0
  SINCE JUL 1      0.0

DEGREE DAYS
 HEATING
  TODAY           10                        12     -2        8
  MONTH TO DATE  152                       166    -14      166
  SINCE SEP 1    180                       229    -49      242
  SINCE JUL 1    180                       229    -49      242

 COOLING
  TODAY            0                         0      0        0
  MONTH TO DATE    0                         0      0        0
  SINCE SEP 1    426                       360     66      246
  SINCE JAN 1   1855                      1696    159     1718
..................................................................


WIND (MPH)
  RESULTANT WIND SPEED   3   RESULTANT WIND DIRECTION  NW (300)
  HIGHEST WIND SPEED    14   HIGHEST WIND DIRECTION    SE (120)
  HIGHEST GUST SPEED    15   HIGHEST GUST DIRECTION     E (110)


SKY COVER
  POSSIBLE SUNSHINE  MM
  AVERAGE SKY COVER 0.9


WEATHER CONDITIONS
 THE FOLLOWING WEATHER WAS RECORDED TODAY.
  RAIN
  FOG
  FOG W/VISIBILITY <= 1/4 MILE
  HAZE


RELATIVE HUMIDITY (PERCENT)
 HIGHEST   100           100 AM
 LOWEST     86           300 AM
 AVERAGE    93

..........................................................


THE MODESTO CA CLIMATE NORMALS FOR TOMORROW
                         NORMAL    RECORD    YEAR
 MAXIMUM TEMPERATURE (F)   63        72      1936
 MINIMUM TEMPERATURE (F)   43        27      1964


SUNRISE AND SUNSET
NOVEMBER 20 2014......SUNRISE   649 AM PST   SUNSET   450 PM PST
NOVEMBER 21 2014......SUNRISE   650 AM PST   SUNSET   449 PM PST


-  INDICATES NEGATIVE NUMBERS.
R  INDICATES RECORD WAS SET OR TIED.
MM INDICATES DATA IS MISSING.
T  INDICATES TRACE AMOUNT.




$$
