000
CDUS46 KSTO 290039
CLIMOD


CLIMATE REPORT
NATIONAL WEATHER SERVICE SACRAMENTO, CA
538 PM PDT WED JUN 28 2017


...................................

...THE MODESTO CA CLIMATE SUMMARY FOR JUNE 28 2017...
VALID TODAY AS OF 0500 PM LOCAL TIME.

CLIMATE NORMAL PERIOD 1981 TO 2010
CLIMATE RECORD PERIOD 1931 TO 2017


WEATHER ITEM   OBSERVED TIME   RECORD YEAR NORMAL DEPARTURE LAST
                VALUE   (LST)  VALUE       VALUE  FROM      YEAR
                                                  NORMAL
..................................................................
TEMPERATURE (F)
 TODAY
  MAXIMUM         93    359 PM 111    2009  93      0      106
  MINIMUM         59    325 AM  48    1949  62     -3       72
  AVERAGE         76

PRECIPITATION (IN)
  TODAY            0.00          0.41 1991   0.00   0.00     0.00
  MONTH TO DATE    T                         0.12  -0.12     0.00
  SINCE OCT 1     16.93                     12.83   4.10    15.61
  SINCE JAN 1     11.90                      8.75   3.15    11.20

SNOWFALL (IN)
  TODAY            0.0          MM      MM
  MONTH TO DATE    0.0
  SINCE JUN 1      0.0
  SINCE JUL 1      0.0

DEGREE DAYS
 HEATING
  TODAY            0                         0      0        0
  MONTH TO DATE    6                         0      6        2
  SINCE JUN 1      6                         0      6        2
  SINCE JUL 1   1814                      2168   -354     1836

 COOLING
  TODAY           11                        12     -1       24
  MONTH TO DATE  375                       272    103      390
  SINCE JUN 1    375                       272    103      390
  SINCE JAN 1    597                       471    126      638
..................................................................


WIND (MPH)
  RESULTANT WIND SPEED   6   RESULTANT WIND DIRECTION  NW (330)
  HIGHEST WIND SPEED    15   HIGHEST WIND DIRECTION    SW (240)
  HIGHEST GUST SPEED    24   HIGHEST GUST DIRECTION    SW (220)


SKY COVER
  POSSIBLE SUNSHINE  MM
  AVERAGE SKY COVER 0.0


WEATHER CONDITIONS
 THE FOLLOWING WEATHER WAS RECORDED TODAY.
  NO SIGNIFICANT WEATHER WAS OBSERVED.


RELATIVE HUMIDITY (PERCENT)
 HIGHEST    72           500 AM
 LOWEST     28           400 PM
 AVERAGE    50

..........................................................


THE MODESTO CA CLIMATE NORMALS FOR TOMORROW
                         NORMAL    RECORD    YEAR
 MAXIMUM TEMPERATURE (F)   93       109      2009
 MINIMUM TEMPERATURE (F)   62        45      1949


SUNRISE AND SUNSET
JUNE 28 2017..........SUNRISE   545 AM PDT   SUNSET   829 PM PDT
JUNE 29 2017..........SUNRISE   545 AM PDT   SUNSET   829 PM PDT


-  INDICATES NEGATIVE NUMBERS.
R  INDICATES RECORD WAS SET OR TIED.
MM INDICATES DATA IS MISSING.
T  INDICATES TRACE AMOUNT.




$$
