000
CDUS43 KBIS 230846
CLIMOT


CLIMATE REPORT
NATIONAL WEATHER SERVICE BISMARCK ND
245 AM CST FRI FEB 23 2018


...................................

...THE MINOT ND CLIMATE SUMMARY FOR FEBRUARY 22 2018...

CLIMATE NORMAL PERIOD 1981 TO 2010
CLIMATE RECORD PERIOD 1897 TO 2018


WEATHER ITEM   OBSERVED TIME   RECORD YEAR NORMAL DEPARTURE LAST
                VALUE   (LST)  VALUE       VALUE  FROM      YEAR
                                                  NORMAL
..................................................................
TEMPERATURE (F)
 YESTERDAY
  MAXIMUM         22    253 PM  57    2002  27     -5       36
  MINIMUM         -5    822 AM -25    1918  11    -16       30
                                      1910
  AVERAGE          9                        19    -10       33

PRECIPITATION (IN)
  YESTERDAY        0.00          0.75 1961   0.02  -0.02      T
  MONTH TO DATE    0.04                      0.30  -0.26     0.02
  SINCE DEC 1      0.16                      1.19  -1.03     0.72
  SINCE JAN 1      0.11                      0.81  -0.70     0.10

DEGREE DAYS
 HEATING
  YESTERDAY       56                        46     10       32
  MONTH TO DATE 1326                      1076    250      911
  SINCE DEC 1   4376                      4250    126     4127
  SINCE JUL 1   6254                      6308    -54     5642
..................................................................


WIND (MPH)
  HIGHEST WIND SPEED    12   HIGHEST WIND DIRECTION    SW (210)
  HIGHEST GUST SPEED    14   HIGHEST GUST DIRECTION     S (200)
  AVERAGE WIND SPEED     5.4


SKY COVER
  POSSIBLE SUNSHINE  MM
  AVERAGE SKY COVER 0.0


WEATHER CONDITIONS
 THE FOLLOWING WEATHER WAS RECORDED YESTERDAY.
  NO SIGNIFICANT WEATHER WAS OBSERVED.


RELATIVE HUMIDITY (PERCENT)
 HIGHEST    83           900 PM
 LOWEST     49           100 PM
 AVERAGE    66

..........................................................


THE MINOT ND CLIMATE NORMALS FOR TODAY
                         NORMAL    RECORD    YEAR
 MAXIMUM TEMPERATURE (F)   28        58      1931
 MINIMUM TEMPERATURE (F)   11       -26      1910


SUNRISE AND SUNSET
FEBRUARY 23 2018......SUNRISE   738 AM CST   SUNSET   620 PM CST
FEBRUARY 24 2018......SUNRISE   736 AM CST   SUNSET   622 PM CST


-  INDICATES NEGATIVE NUMBERS.
R  INDICATES RECORD WAS SET OR TIED.
MM INDICATES DATA IS MISSING.
T  INDICATES TRACE AMOUNT.




$$
