000
CDUS43 KBIS 270846
CLIMOT


CLIMATE REPORT
NATIONAL WEATHER SERVICE BISMARCK ND
345 AM CDT TUE JUN 27 2017


...................................

...THE MINOT ND CLIMATE SUMMARY FOR JUNE 26 2017...

CLIMATE NORMAL PERIOD 1981 TO 2010
CLIMATE RECORD PERIOD 1897 TO 2017


WEATHER ITEM   OBSERVED TIME   RECORD YEAR NORMAL DEPARTURE LAST
                VALUE   (LST)  VALUE       VALUE  FROM      YEAR
                                                  NORMAL
..................................................................
TEMPERATURE (F)
 YESTERDAY
  MAXIMUM         77    642 PM  99    1910  78     -1       77
  MINIMUM         42    435 AM  39    1968  56    -14       62
  AVERAGE         60                        67     -7       70

PRECIPITATION (IN)
  YESTERDAY        0.00          1.91 1978   0.11  -0.11      T
  MONTH TO DATE    1.23                      3.12  -1.89     2.74
  SINCE JUN 1      1.23                      3.12  -1.89     2.74
  SINCE JAN 1      2.59                      8.51  -5.92     7.89

DEGREE DAYS
 COOLING
  YESTERDAY        0                         3     -3        5
  MONTH TO DATE   79                        57     22      118
  SINCE JUN 1     79                        57     22      118
  SINCE JAN 1     82                        73      9      158
..................................................................


WIND (MPH)
  HIGHEST WIND SPEED    15   HIGHEST WIND DIRECTION    SE (130)
  HIGHEST GUST SPEED    21   HIGHEST GUST DIRECTION    SE (130)
  AVERAGE WIND SPEED     6.9


SKY COVER
  POSSIBLE SUNSHINE  MM
  AVERAGE SKY COVER 0.1


WEATHER CONDITIONS
 THE FOLLOWING WEATHER WAS RECORDED YESTERDAY.
  NO SIGNIFICANT WEATHER WAS OBSERVED.


RELATIVE HUMIDITY (PERCENT)
 HIGHEST    89           500 AM
 LOWEST     26           600 PM
 AVERAGE    58

..........................................................


THE MINOT ND CLIMATE NORMALS FOR TODAY
                         NORMAL    RECORD    YEAR
 MAXIMUM TEMPERATURE (F)   78       101      1988
 MINIMUM TEMPERATURE (F)   56        36      1911


SUNRISE AND SUNSET
JUNE 27 2017..........SUNRISE   547 AM CDT   SUNSET   950 PM CDT
JUNE 28 2017..........SUNRISE   547 AM CDT   SUNSET   950 PM CDT


-  INDICATES NEGATIVE NUMBERS.
R  INDICATES RECORD WAS SET OR TIED.
MM INDICATES DATA IS MISSING.
T  INDICATES TRACE AMOUNT.




$$
