000
CDUS43 KBIS 220030
CLIMOT


CLIMATE REPORT
NATIONAL WEATHER SERVICE BISMARCK ND
730 PM CDT SAT OCT 21 2017


...................................

...THE MINOT ND CLIMATE SUMMARY FOR OCTOBER 21 2017...
VALID TODAY AS OF 0700 PM LOCAL TIME.

CLIMATE NORMAL PERIOD 1981 TO 2010
CLIMATE RECORD PERIOD 1897 TO 2017


WEATHER ITEM   OBSERVED TIME   RECORD YEAR NORMAL DEPARTURE LAST
                VALUE   (LST)  VALUE       VALUE  FROM      YEAR
                                                  NORMAL
..................................................................
TEMPERATURE (F)
 TODAY
  MAXIMUM         65   1228 AM  84    1927  53     12       64
  MINIMUM         49    559 PM  10    1930  32     17       39
  AVERAGE         57                        42     15       52

PRECIPITATION (IN)
  TODAY            0.00          0.53 2008   0.03  -0.03     0.01
  MONTH TO DATE    0.04                      0.86  -0.82     1.06
  SINCE SEP 1      2.00                      2.32  -0.32     4.04
  SINCE JAN 1      7.33                     15.76  -8.43    15.90

DEGREE DAYS
 HEATING
  TODAY            8                        23    -15       13
  MONTH TO DATE  299                       384    -85      380
  SINCE SEP 1    487                       633   -146      569
  SINCE JUL 1    497                       704   -207      580

 COOLING
  TODAY            0                         0      0        0
  MONTH TO DATE    0                         0      0        0
  SINCE SEP 1     62                        33     29       29
  SINCE JAN 1    580                       444    136      682
..................................................................


WIND (MPH)
  RESULTANT WIND SPEED  21   RESULTANT WIND DIRECTION   W (250)
  HIGHEST WIND SPEED    32   HIGHEST WIND DIRECTION     W (260)
  HIGHEST GUST SPEED    42   HIGHEST GUST DIRECTION     W (260)
  AVERAGE WIND SPEED    22.4


SKY COVER
  POSSIBLE SUNSHINE  MM
  AVERAGE SKY COVER 0.4


WEATHER CONDITIONS
 THE FOLLOWING WEATHER WAS RECORDED TODAY.
  NO SIGNIFICANT WEATHER WAS OBSERVED.


RELATIVE HUMIDITY (PERCENT)
 HIGHEST    71           800 AM
 LOWEST     40           200 AM
 AVERAGE    56

..........................................................


THE MINOT ND CLIMATE NORMALS FOR TOMORROW
                         NORMAL    RECORD    YEAR
 MAXIMUM TEMPERATURE (F)   52        79      1992
                                             1963
 MINIMUM TEMPERATURE (F)   32        11      1935


SUNRISE AND SUNSET
OCTOBER 21 2017.......SUNRISE   814 AM CDT   SUNSET   644 PM CDT
OCTOBER 22 2017.......SUNRISE   816 AM CDT   SUNSET   643 PM CDT


-  INDICATES NEGATIVE NUMBERS.
R  INDICATES RECORD WAS SET OR TIED.
MM INDICATES DATA IS MISSING.
T  INDICATES TRACE AMOUNT.




$$
