000
CDUS43 KBIS 260805
CLIMOT


CLIMATE REPORT
NATIONAL WEATHER SERVICE BISMARCK ND
305 AM CDT WED APR 26 2017


...................................

...THE MINOT ND CLIMATE SUMMARY FOR APRIL 25 2017...

CLIMATE NORMAL PERIOD 1981 TO 2010
CLIMATE RECORD PERIOD 1897 TO 2017


WEATHER ITEM   OBSERVED TIME   RECORD YEAR NORMAL DEPARTURE LAST
                VALUE   (LST)  VALUE       VALUE  FROM      YEAR
                                                  NORMAL
..................................................................
TEMPERATURE (F)
 YESTERDAY
  MAXIMUM         43    615 PM  81    1977  60    -17       49
  MINIMUM         30    841 AM  11    1907  36     -6       37
  AVERAGE         37                        48    -11       43

PRECIPITATION (IN)
  YESTERDAY        0.00          0.70 1960   0.05  -0.05     0.16
  MONTH TO DATE    0.29                      0.87  -0.58     2.15
  SINCE MAR 1      0.60                      1.71  -1.11     2.56
  SINCE JAN 1      0.73                      2.62  -1.89     3.14

DEGREE DAYS
 HEATING
  YESTERDAY       28                        17     11       22
  MONTH TO DATE  515                       571    -56      509
  SINCE MAR 1   1666                      1710    -44     1305
  SINCE JUL 1   7602                      8286   -684     6737

 COOLING
  YESTERDAY        0                         0      0        0
  MONTH TO DATE    0                         0      0        0
  SINCE MAR 1      0                         0      0        0
  SINCE JAN 1      0                         0      0        0
..................................................................


WIND (MPH)
  HIGHEST WIND SPEED    23   HIGHEST WIND DIRECTION     N (10)
  HIGHEST GUST SPEED    27   HIGHEST GUST DIRECTION     N (360)
  AVERAGE WIND SPEED    14.8


SKY COVER
  POSSIBLE SUNSHINE  MM
  AVERAGE SKY COVER 1.0


WEATHER CONDITIONS
 THE FOLLOWING WEATHER WAS RECORDED YESTERDAY.
  NO SIGNIFICANT WEATHER WAS OBSERVED.


RELATIVE HUMIDITY (PERCENT)
 HIGHEST    85           200 AM
 LOWEST     49           500 PM
 AVERAGE    67

..........................................................


THE MINOT ND CLIMATE NORMALS FOR TODAY
                         NORMAL    RECORD    YEAR
 MAXIMUM TEMPERATURE (F)   60        90      1910
 MINIMUM TEMPERATURE (F)   36        12      1931


SUNRISE AND SUNSET
APRIL 26 2017.........SUNRISE   634 AM CDT   SUNSET   852 PM CDT
APRIL 27 2017.........SUNRISE   633 AM CDT   SUNSET   854 PM CDT


-  INDICATES NEGATIVE NUMBERS.
R  INDICATES RECORD WAS SET OR TIED.
MM INDICATES DATA IS MISSING.
T  INDICATES TRACE AMOUNT.




$$
