000
CDUS43 KBIS 270811
CLIMOT


CLIMATE REPORT
NATIONAL WEATHER SERVICE BISMARCK ND
309 AM CDT WED JUL 27 2016


...................................

...THE MINOT ND CLIMATE SUMMARY FOR JULY 26 2016...

CLIMATE NORMAL PERIOD 1981 TO 2010
CLIMATE RECORD PERIOD 1897 TO 2016


WEATHER ITEM   OBSERVED TIME   RECORD YEAR NORMAL DEPARTURE LAST
                VALUE   (LST)  VALUE       VALUE  FROM      YEAR
                                                  NORMAL
..................................................................
TEMPERATURE (F)
 YESTERDAY
  MAXIMUM         84    129 PM 104    1929  83      1       93
  MINIMUM         61    410 AM  39    1918  58      3       62
  AVERAGE         73                        71      2       78

PRECIPITATION (IN)
  YESTERDAY        0.00          1.11 2011   0.06  -0.06     0.06
  MONTH TO DATE    2.72                      2.13   0.59     2.02
  SINCE JUN 1      5.46                      5.71  -0.25     6.05
  SINCE JAN 1     10.61                     11.10  -0.49    10.18

DEGREE DAYS
 COOLING
  YESTERDAY        8                         6      2       13
  MONTH TO DATE  205                       138     67      167
  SINCE JUN 1    336                       211    125      241
  SINCE JAN 1    376                       227    149      248
..................................................................


WIND (MPH)
  HIGHEST WIND SPEED    17   HIGHEST WIND DIRECTION     N (350)
  HIGHEST GUST SPEED    22   HIGHEST GUST DIRECTION     N (340)
  AVERAGE WIND SPEED     6.4


SKY COVER
  POSSIBLE SUNSHINE  MM
  AVERAGE SKY COVER 0.2


WEATHER CONDITIONS
 THE FOLLOWING WEATHER WAS RECORDED YESTERDAY.
  NO SIGNIFICANT WEATHER WAS OBSERVED.


RELATIVE HUMIDITY (PERCENT)
 HIGHEST    90           500 AM
 LOWEST     48           100 PM
 AVERAGE    69

..........................................................


THE MINOT ND CLIMATE NORMALS FOR TODAY
                         NORMAL    RECORD    YEAR
 MAXIMUM TEMPERATURE (F)   83       108      1931
 MINIMUM TEMPERATURE (F)   58        40      1925


SUNRISE AND SUNSET
JULY 27 2016..........SUNRISE   615 AM CDT   SUNSET   928 PM CDT
JULY 28 2016..........SUNRISE   616 AM CDT   SUNSET   926 PM CDT


-  INDICATES NEGATIVE NUMBERS.
R  INDICATES RECORD WAS SET OR TIED.
MM INDICATES DATA IS MISSING.
T  INDICATES TRACE AMOUNT.




$$
