000
CDUS43 KBIS 300743
CLIMOT


CLIMATE REPORT
NATIONAL WEATHER SERVICE BISMARCK ND
243 AM CDT THU JUL 30 2015


...................................

...THE MINOT ND CLIMATE SUMMARY FOR JULY 29 2015...

CLIMATE NORMAL PERIOD 1981 TO 2010
CLIMATE RECORD PERIOD 1897 TO 2015


WEATHER ITEM   OBSERVED TIME   RECORD YEAR NORMAL DEPARTURE LAST
                VALUE   (LST)  VALUE       VALUE  FROM      YEAR
                                                  NORMAL
..................................................................
TEMPERATURE (F)
 YESTERDAY
  MAXIMUM         82    508 PM 102    1975  83     -1       79
  MINIMUM         60   1159 PM  37    1918  58      2       54
  AVERAGE         71                        71      0       67

PRECIPITATION (IN)
  YESTERDAY        T             1.08 1950   0.06  -0.06     0.09
  MONTH TO DATE    2.04                      2.31  -0.27     1.72
  SINCE JUN 1      6.07                      5.89   0.18     7.06
  SINCE JAN 1     10.20                     11.28  -1.08    10.87

DEGREE DAYS
 COOLING
  YESTERDAY        6                         6      0        2
  MONTH TO DATE  185                       156     29      102
  SINCE JUN 1    259                       229     30      124
  SINCE JAN 1    266                       245     21      165
..................................................................


WIND (MPH)
  HIGHEST WIND SPEED    36   HIGHEST WIND DIRECTION     W (260)
  HIGHEST GUST SPEED    46   HIGHEST GUST DIRECTION     W (270)
  AVERAGE WIND SPEED    19.3


SKY COVER
  POSSIBLE SUNSHINE  MM
  AVERAGE SKY COVER 0.3


WEATHER CONDITIONS
 THE FOLLOWING WEATHER WAS RECORDED YESTERDAY.
  LIGHT RAIN


RELATIVE HUMIDITY (PERCENT)
 HIGHEST    72           600 AM
 LOWEST     31           400 PM
 AVERAGE    52

..........................................................


THE MINOT ND CLIMATE NORMALS FOR TODAY
                         NORMAL    RECORD    YEAR
 MAXIMUM TEMPERATURE (F)   83       100      1936
 MINIMUM TEMPERATURE (F)   58        36      1923


SUNRISE AND SUNSET
JULY 30 2015..........SUNRISE   618 AM CDT   SUNSET   925 PM CDT
JULY 31 2015..........SUNRISE   619 AM CDT   SUNSET   923 PM CDT


-  INDICATES NEGATIVE NUMBERS.
R  INDICATES RECORD WAS SET OR TIED.
MM INDICATES DATA IS MISSING.
T  INDICATES TRACE AMOUNT.




$$
