000
CDUS43 KBIS 282224
CLIMOT


CLIMATE REPORT
NATIONAL WEATHER SERVICE BISMARCK ND
523 PM CDT SUN AUG 28 2016


...................................

...THE MINOT ND CLIMATE SUMMARY FOR AUGUST 28 2016...
VALID TODAY AS OF 0500 PM LOCAL TIME.

CLIMATE NORMAL PERIOD 1981 TO 2010
CLIMATE RECORD PERIOD 1897 TO 2016


WEATHER ITEM   OBSERVED TIME   RECORD YEAR NORMAL DEPARTURE LAST
                VALUE   (LST)  VALUE       VALUE  FROM      YEAR
                                                  NORMAL
..................................................................
TEMPERATURE (F)
 TODAY
  MAXIMUM         93    359 PM 101    1971  78     15       87
  MINIMUM         53    427 AM  29    1917  53      0       63
  AVERAGE         73                        66      7       75

PRECIPITATION (IN)
  TODAY            0.00          1.15 1899   0.07  -0.07     0.00
  MONTH TO DATE    1.24                      1.86  -0.62     1.26
  SINCE JUN 1      6.71                      7.87  -1.16     7.33
  SINCE JAN 1     11.86                     13.26  -1.40    11.46

DEGREE DAYS
 HEATING
  TODAY            0                         3     -3        0
  MONTH TO DATE    4                        39    -35       39
  SINCE JUN 1     26                       169   -143      112
  SINCE JUL 1     11                        63    -52       50

 COOLING
  TODAY            8                         3      5       10
  MONTH TO DATE  228                       143     85      139
  SINCE JUN 1    604                       385    219      408
  SINCE JAN 1    644                       401    243      415
..................................................................


WIND (MPH)
  RESULTANT WIND SPEED   6   RESULTANT WIND DIRECTION  SE (140)
  HIGHEST WIND SPEED    16   HIGHEST WIND DIRECTION    SE (130)
  HIGHEST GUST SPEED    22   HIGHEST GUST DIRECTION    SE (120)
  AVERAGE WIND SPEED     6.8


SKY COVER
  POSSIBLE SUNSHINE  MM
  AVERAGE SKY COVER 0.0


WEATHER CONDITIONS
 THE FOLLOWING WEATHER WAS RECORDED TODAY.
  NO SIGNIFICANT WEATHER WAS OBSERVED.


RELATIVE HUMIDITY (PERCENT)
 HIGHEST    83           300 AM
 LOWEST     26           300 PM
 AVERAGE    55

..........................................................


THE MINOT ND CLIMATE NORMALS FOR TOMORROW
                         NORMAL    RECORD    YEAR
 MAXIMUM TEMPERATURE (F)   78       104      2012
 MINIMUM TEMPERATURE (F)   53        27      1915


SUNRISE AND SUNSET
AUGUST 28 2016........SUNRISE   658 AM CDT   SUNSET   833 PM CDT
AUGUST 29 2016........SUNRISE   659 AM CDT   SUNSET   831 PM CDT


-  INDICATES NEGATIVE NUMBERS.
R  INDICATES RECORD WAS SET OR TIED.
MM INDICATES DATA IS MISSING.
T  INDICATES TRACE AMOUNT.




$$
