000
CDUS43 KBIS 112317
CLIMOT


CLIMATE REPORT
NATIONAL WEATHER SERVICE BISMARCK ND
517 PM CST MON DEC 11 2017


...................................

...THE MINOT ND CLIMATE SUMMARY FOR DECEMBER 11 2017...
VALID TODAY AS OF 0500 PM LOCAL TIME.

CLIMATE NORMAL PERIOD 1981 TO 2010
CLIMATE RECORD PERIOD 1897 TO 2017


WEATHER ITEM   OBSERVED TIME   RECORD YEAR NORMAL DEPARTURE LAST
                VALUE   (LST)  VALUE       VALUE  FROM      YEAR
                                                  NORMAL
..................................................................
TEMPERATURE (F)
 TODAY
  MAXIMUM         41    306 AM  62    1939  25     16        2
  MINIMUM         28    248 PM -31    1917   8     20      -14
  AVERAGE         35                        16     19       -6

PRECIPITATION (IN)
  TODAY            T             0.40 1919   0.01  -0.01      T
  MONTH TO DATE    T                         0.13  -0.13     0.43
  SINCE DEC 1      T                         0.13  -0.13     0.43
  SINCE JAN 1      7.55                     16.94  -9.39    18.54

DEGREE DAYS
 HEATING
  TODAY           30                        49    -19       71
  MONTH TO DATE  400                       515   -115      596
  SINCE DEC 1    400                       515   -115      596
  SINCE JUL 1   2278                      2573   -295     2111

 COOLING
  TODAY            0                         0      0        0
  MONTH TO DATE    0                         0      0        0
  SINCE DEC 1      0                         0      0        0
  SINCE JAN 1    580                       445    135      682
..................................................................


WIND (MPH)
  RESULTANT WIND SPEED  17   RESULTANT WIND DIRECTION  NW (310)
  HIGHEST WIND SPEED    38   HIGHEST WIND DIRECTION     W (290)
  HIGHEST GUST SPEED    46   HIGHEST GUST DIRECTION     W (280)
  AVERAGE WIND SPEED    18.5


SKY COVER
  POSSIBLE SUNSHINE  MM
  AVERAGE SKY COVER 0.8


WEATHER CONDITIONS
 THE FOLLOWING WEATHER WAS RECORDED TODAY.
  NO SIGNIFICANT WEATHER WAS OBSERVED.


RELATIVE HUMIDITY (PERCENT)
 HIGHEST    85           500 AM
 LOWEST     63           200 PM
 AVERAGE    74

..........................................................


THE MINOT ND CLIMATE NORMALS FOR TOMORROW
                         NORMAL    RECORD    YEAR
 MAXIMUM TEMPERATURE (F)   24        56      1913
 MINIMUM TEMPERATURE (F)    8       -31      1922


SUNRISE AND SUNSET
DECEMBER 11 2017......SUNRISE   826 AM CST   SUNSET   451 PM CST
DECEMBER 12 2017......SUNRISE   827 AM CST   SUNSET   451 PM CST


-  INDICATES NEGATIVE NUMBERS.
R  INDICATES RECORD WAS SET OR TIED.
MM INDICATES DATA IS MISSING.
T  INDICATES TRACE AMOUNT.




$$
