000
CDUS41 KPHI 230629
CLIMPO


CLIMATE REPORT
NATIONAL WEATHER SERVICE MOUNT HOLLY NJ
128 AM EST MON JAN 23 2017


...................................

...THE MOUNT POCONO PA CLIMATE SUMMARY FOR JANUARY 22 2017...

CLIMATE NORMAL PERIOD 1981 TO 2010
CLIMATE RECORD PERIOD 1901 TO 2017


WEATHER ITEM   OBSERVED TIME   RECORD YEAR NORMAL DEPARTURE LAST
                VALUE   (LST)  VALUE       VALUE  FROM      YEAR
                                                  NORMAL
..................................................................
TEMPERATURE (F)
 YESTERDAY
  MAXIMUM         48   1103 AM  58    1909  31     17       20
  MINIMUM         34    739 AM -23    1984  16     18        7
  AVERAGE         41                        23     18       14

PRECIPITATION (IN)
  YESTERDAY        0.03          1.68 1958   0.08  -0.05      T
  MONTH TO DATE    1.82                      2.20  -0.38     2.73
  SINCE DEC 1      4.01                      6.07  -2.06     6.56
  SINCE JAN 1      1.82                      2.20  -0.38     2.73

DEGREE DAYS
 HEATING
  YESTERDAY       24                        42    -18       51
  MONTH TO DATE  831                       920    -89      909
  SINCE DEC 1   1981                      2078    -97     1620
  SINCE JUL 1   3374                      3657   -283     2887

 COOLING
  YESTERDAY        0                         0      0        0
  MONTH TO DATE    0                         0      0        0
  SINCE DEC 1      0                         0      0        0
  SINCE JAN 1      0                         0      0        0
..................................................................


WIND (MPH)
  HIGHEST WIND SPEED    17   HIGHEST WIND DIRECTION     E (90)
  HIGHEST GUST SPEED    25   HIGHEST GUST DIRECTION     E (110)
  AVERAGE WIND SPEED     6.3


SKY COVER
  POSSIBLE SUNSHINE  MM
  AVERAGE SKY COVER 0.7


WEATHER CONDITIONS
 THE FOLLOWING WEATHER WAS RECORDED YESTERDAY.
  LIGHT RAIN
  FOG
  FOG W/VISIBILITY <= 1/4 MILE


RELATIVE HUMIDITY (PERCENT)
 HIGHEST   100           100 AM
 LOWEST     92          1200 AM
 AVERAGE    96

..........................................................


THE MOUNT POCONO PA CLIMATE NORMALS FOR TODAY
                         NORMAL    RECORD    YEAR
 MAXIMUM TEMPERATURE (F)   31        62      1906
 MINIMUM TEMPERATURE (F)   16       -15      1970


SUNRISE AND SUNSET
JANUARY 23 2017.......SUNRISE   720 AM EST   SUNSET   508 PM EST
JANUARY 24 2017.......SUNRISE   719 AM EST   SUNSET   509 PM EST


-  INDICATES NEGATIVE NUMBERS.
R  INDICATES RECORD WAS SET OR TIED.
MM INDICATES DATA IS MISSING.
T  INDICATES TRACE AMOUNT.




$$
