000
CDUS41 KPHI 280629
CLIMPO


CLIMATE REPORT
NATIONAL WEATHER SERVICE MOUNT HOLLY NJ
228 AM EDT TUE MAR 28 2017


...................................

...THE MOUNT POCONO PA CLIMATE SUMMARY FOR MARCH 27 2017...

CLIMATE NORMAL PERIOD 1981 TO 2010
CLIMATE RECORD PERIOD 1901 TO 2017


WEATHER ITEM   OBSERVED TIME   RECORD YEAR NORMAL DEPARTURE LAST
                VALUE   (LST)  VALUE       VALUE  FROM      YEAR
                                                  NORMAL
..................................................................
TEMPERATURE (F)
 YESTERDAY
  MAXIMUM         56    458 PM  72    1921  46     10       48
  MINIMUM         32    608 AM   6    1975  28      4       33
  AVERAGE         44                        37      7       41

PRECIPITATION (IN)
  YESTERDAY        0.20          2.01 1913   0.16   0.04      T
  MONTH TO DATE    2.39                      3.20  -0.81     0.63
  SINCE MAR 1      2.39                      3.20  -0.81     0.63
  SINCE JAN 1      7.35                      8.46  -1.11     8.61

DEGREE DAYS
 HEATING
  YESTERDAY       21                        28     -7       24
  MONTH TO DATE  992                       869    123      658
  SINCE MAR 1    992                       869    123      658
  SINCE JUL 1   5595                      5992   -397     4943

 COOLING
  YESTERDAY        0                         0      0        0
  MONTH TO DATE    0                         0      0        0
  SINCE MAR 1      0                         0      0        0
  SINCE JAN 1      0                         0      0        0
..................................................................


WIND (MPH)
  HIGHEST WIND SPEED    17   HIGHEST WIND DIRECTION     W (270)
  HIGHEST GUST SPEED    22   HIGHEST GUST DIRECTION     W (270)
  AVERAGE WIND SPEED     6.6


SKY COVER
  POSSIBLE SUNSHINE  MM
  AVERAGE SKY COVER 0.7


WEATHER CONDITIONS
 THE FOLLOWING WEATHER WAS RECORDED YESTERDAY.
  HEAVY RAIN
  LIGHT RAIN
  LT FREEZING RAIN
  FOG
  FOG W/VISIBILITY <= 1/4 MILE


RELATIVE HUMIDITY (PERCENT)
 HIGHEST   100          1200 AM
 LOWEST     77           400 PM
 AVERAGE    89

..........................................................


THE MOUNT POCONO PA CLIMATE NORMALS FOR TODAY
                         NORMAL    RECORD    YEAR
 MAXIMUM TEMPERATURE (F)   47        79      1945
 MINIMUM TEMPERATURE (F)   29         8      1990


SUNRISE AND SUNSET
MARCH 28 2017.........SUNRISE   651 AM EDT   SUNSET   723 PM EDT
MARCH 29 2017.........SUNRISE   649 AM EDT   SUNSET   724 PM EDT


-  INDICATES NEGATIVE NUMBERS.
R  INDICATES RECORD WAS SET OR TIED.
MM INDICATES DATA IS MISSING.
T  INDICATES TRACE AMOUNT.




$$
