000
CDUS41 KPHI 162137
CLIMPO


CLIMATE REPORT
NATIONAL WEATHER SERVICE MOUNT HOLLY NJ
537 PM EDT WED APR 16 2014


...................................

...THE MOUNT POCONO PA CLIMATE SUMMARY FOR APRIL 16 2014...
VALID TODAY AS OF 0500 PM LOCAL TIME.

CLIMATE NORMAL PERIOD 1981 TO 2010
CLIMATE RECORD PERIOD 1901 TO 2014


WEATHER ITEM   OBSERVED TIME   RECORD YEAR NORMAL DEPARTURE LAST
                VALUE   (LST)  VALUE       VALUE  FROM      YEAR
                                                  NORMAL
..................................................................
TEMPERATURE (F)
 TODAY
  MAXIMUM         38    345 PM  85    2002  56    -18       60
  MINIMUM         19    609 AM   0    1908  36    -17       42
  AVERAGE         29                        46    -17       51

PRECIPITATION (IN)
  TODAY            T             3.53 2011   0.14  -0.14     0.01
  MONTH TO DATE    2.78                      2.47   0.31     0.92
  SINCE MAR 1      4.99                      6.30  -1.31     4.25
  SINCE JAN 1     11.38                     11.56  -0.18     7.78

SNOWFALL (IN)
  TODAY           MM            MM      MM  MM     MM       MM
  MONTH TO DATE   MM                        MM     MM       MM
  SINCE MAR 1     MM                        MM     MM       MM
  SINCE JUL 1     MM                        MM     MM       MM
  SNOW DEPTH      MM

DEGREE DAYS
 HEATING
  TODAY           36                        19     17       14
  MONTH TO DATE  318                       360    -42      331
  SINCE MAR 1   1494                      1335    159     1375
  SINCE JUL 1   6921                      6458    463     6203

 COOLING
  TODAY            0                         0      0        0
  MONTH TO DATE    0                         0      0        1
  SINCE MAR 1      0                         0      0        1
  SINCE JAN 1      0                         0      0        1
..................................................................


WIND (MPH)
  HIGHEST WIND SPEED    31   HIGHEST WIND DIRECTION    NW (320)
  HIGHEST GUST SPEED    48   HIGHEST GUST DIRECTION    NW (320)
  AVERAGE WIND SPEED    16.4


SKY COVER
  POSSIBLE SUNSHINE  MM
  AVERAGE SKY COVER 0.4


WEATHER CONDITIONS
 THE FOLLOWING WEATHER WAS RECORDED TODAY.
  LIGHT SNOW
  BLOWING SNOW


RELATIVE HUMIDITY (PERCENT)
 HIGHEST    77           300 AM
 LOWEST     40           400 PM
 AVERAGE    59

..........................................................


THE MOUNT POCONO PA CLIMATE NORMALS FOR TOMORROW
                         NORMAL    RECORD    YEAR
 MAXIMUM TEMPERATURE (F)   56        87      2002
 MINIMUM TEMPERATURE (F)   36        17      1928


SUNRISE AND SUNSET
APRIL 16 2014.........SUNRISE   621 AM EDT   SUNSET   743 PM EDT
APRIL 17 2014.........SUNRISE   619 AM EDT   SUNSET   744 PM EDT


-  INDICATES NEGATIVE NUMBERS.
R  INDICATES RECORD WAS SET OR TIED.
MM INDICATES DATA IS MISSING.
T  INDICATES TRACE AMOUNT.




$$
