000
CDUS41 KPHI 290628
CLIMPO


CLIMATE REPORT
NATIONAL WEATHER SERVICE MOUNT HOLLY NJ
128 AM EST THU JAN 29 2015


...................................

...THE MOUNT POCONO PA CLIMATE SUMMARY FOR JANUARY 28 2015...

CLIMATE NORMAL PERIOD 1981 TO 2010
CLIMATE RECORD PERIOD 1901 TO 2015


WEATHER ITEM   OBSERVED TIME   RECORD YEAR NORMAL DEPARTURE LAST
                VALUE   (LST)  VALUE       VALUE  FROM      YEAR
                                                  NORMAL
..................................................................
TEMPERATURE (F)
 YESTERDAY
  MAXIMUM         24    431 PM  55    1916  31     -7        9
  MINIMUM          7    136 AM -24    1904  16     -9       -1
  AVERAGE         16                        24     -8        4

PRECIPITATION (IN)
  YESTERDAY        0.00          1.72 1943   0.07  -0.07      T
  MONTH TO DATE    1.67                      2.67  -1.00     3.35
  SINCE DEC 1      4.47                      6.54  -2.07     5.98
  SINCE JAN 1      1.67                      2.67  -1.00     3.35

SNOWFALL (IN)
  YESTERDAY       MM            MM      MM  MM     MM       MM
  MONTH TO DATE   MM                        MM     MM       MM
  SINCE DEC 1     MM                        MM     MM       MM
  SINCE JUL 1     MM                        MM     MM       MM
  SNOW DEPTH      MM

DEGREE DAYS
 HEATING
  YESTERDAY       49                        42      7       61
  MONTH TO DATE 1242                      1172     70     1290
  SINCE DEC 1   2278                      2330    -52     2410
  SINCE JUL 1   3845                      3909    -64     4022

 COOLING
  YESTERDAY        0                         0      0        0
  MONTH TO DATE    0                         0      0        0
  SINCE DEC 1      0                         0      0        0
  SINCE JAN 1      0                         0      0        0
..................................................................


WIND (MPH)
  HIGHEST WIND SPEED    32   HIGHEST WIND DIRECTION    NW (320)
  HIGHEST GUST SPEED    45   HIGHEST GUST DIRECTION    NW (310)
  AVERAGE WIND SPEED    18.2


SKY COVER
  POSSIBLE SUNSHINE  MM
  AVERAGE SKY COVER 0.0


WEATHER CONDITIONS
 THE FOLLOWING WEATHER WAS RECORDED YESTERDAY.
  BLOWING SNOW


RELATIVE HUMIDITY (PERCENT)
 HIGHEST    73           700 AM
 LOWEST     35           400 PM
 AVERAGE    54

..........................................................


THE MOUNT POCONO PA CLIMATE NORMALS FOR TODAY
                         NORMAL    RECORD    YEAR
 MAXIMUM TEMPERATURE (F)   31        59      2002
 MINIMUM TEMPERATURE (F)   16       -21      1988


SUNRISE AND SUNSET
JANUARY 29 2015.......SUNRISE   715 AM EST   SUNSET   514 PM EST
JANUARY 30 2015.......SUNRISE   715 AM EST   SUNSET   516 PM EST


-  INDICATES NEGATIVE NUMBERS.
R  INDICATES RECORD WAS SET OR TIED.
MM INDICATES DATA IS MISSING.
T  INDICATES TRACE AMOUNT.




$$
