113
CDUS41 KPHI 240628
CLIMPO


CLIMATE REPORT
NATIONAL WEATHER SERVICE MOUNT HOLLY NJ
228 AM EDT SAT JUN 24 2017


...................................

...THE MOUNT POCONO PA CLIMATE SUMMARY FOR JUNE 23 2017...

CLIMATE NORMAL PERIOD 1981 TO 2010
CLIMATE RECORD PERIOD 1901 TO 2017


WEATHER ITEM   OBSERVED TIME   RECORD YEAR NORMAL DEPARTURE LAST
                VALUE   (LST)  VALUE       VALUE  FROM      YEAR
                                                  NORMAL
..................................................................
TEMPERATURE (F)
 YESTERDAY
  MAXIMUM         75    435 PM  90    1908  76     -1       73
  MINIMUM         66    451 AM  32    1992  56     10       50
  AVERAGE         71                        66      5       62

PRECIPITATION (IN)
  YESTERDAY        0.20          2.73 1972   0.11   0.09      T
  MONTH TO DATE    3.35                      3.53  -0.18     1.42
  SINCE JUN 1      3.35                      3.53  -0.18     1.42
  SINCE JAN 1     20.25                     21.03  -0.78    18.85

DEGREE DAYS
 HEATING
  YESTERDAY        0                         2     -2        3
  MONTH TO DATE  104                        90     14       88
  SINCE JUN 1    104                        90     14       88
  SINCE JUL 1   6628                      7106   -478     6140

 COOLING
  YESTERDAY        6                         3      3        0
  MONTH TO DATE   47                        40      7       15
  SINCE JUN 1     47                        40      7       15
  SINCE JAN 1     65                        59      6       44
..................................................................


WIND (MPH)
  HIGHEST WIND SPEED    20   HIGHEST WIND DIRECTION    SW (220)
  HIGHEST GUST SPEED    25   HIGHEST GUST DIRECTION    SW (220)
  AVERAGE WIND SPEED     7.8


SKY COVER
  POSSIBLE SUNSHINE  MM
  AVERAGE SKY COVER 0.6


WEATHER CONDITIONS
 THE FOLLOWING WEATHER WAS RECORDED YESTERDAY.
  HEAVY RAIN
  RAIN
  LIGHT RAIN
  FOG


RELATIVE HUMIDITY (PERCENT)
 HIGHEST   100           400 AM
 LOWEST     79           800 AM
 AVERAGE    90

..........................................................


THE MOUNT POCONO PA CLIMATE NORMALS FOR TODAY
                         NORMAL    RECORD    YEAR
 MAXIMUM TEMPERATURE (F)   76        92      1914
 MINIMUM TEMPERATURE (F)   56        36      1932


SUNRISE AND SUNSET
JUNE 24 2017..........SUNRISE   530 AM EDT   SUNSET   838 PM EDT
JUNE 25 2017..........SUNRISE   530 AM EDT   SUNSET   838 PM EDT


-  INDICATES NEGATIVE NUMBERS.
R  INDICATES RECORD WAS SET OR TIED.
MM INDICATES DATA IS MISSING.
T  INDICATES TRACE AMOUNT.




$$
