000
CDUS41 KPHI 260630
CLIMPO


CLIMATE REPORT
NATIONAL WEATHER SERVICE MOUNT HOLLY NJ
226 AM EDT SAT JUL 26 2014


...................................

...THE MOUNT POCONO PA CLIMATE SUMMARY FOR JULY 25 2014...

CLIMATE NORMAL PERIOD 1981 TO 2010
CLIMATE RECORD PERIOD 1901 TO 2014


WEATHER ITEM   OBSERVED TIME   RECORD YEAR NORMAL DEPARTURE LAST
                VALUE   (LST)  VALUE       VALUE  FROM      YEAR
                                                  NORMAL
..................................................................
TEMPERATURE (F)
 YESTERDAY
  MAXIMUM         75    327 PM  90    1999  78     -3       70
  MINIMUM         52    258 AM  40    1932  58     -6       50
  AVERAGE         64                        68     -4       60

PRECIPITATION (IN)
  YESTERDAY        0.00          1.92 1916   0.17  -0.17     0.00
  MONTH TO DATE    3.43                      3.55  -0.12     5.56
  SINCE JUN 1      6.88                      7.93  -1.05    14.75
  SINCE JAN 1     25.64                     25.43   0.21    28.76

SNOWFALL (IN)
  YESTERDAY       MM            MM      MM  MM     MM       MM
  MONTH TO DATE   MM                        MM     MM       MM
  SINCE JUN 1     MM                        MM     MM       MM
  SINCE JUL 1     MM                        MM     MM       MM
  SNOW DEPTH      MM

DEGREE DAYS
 HEATING
  YESTERDAY        1                         1      0        5
  MONTH TO DATE   12                        25    -13        7
  SINCE JUN 1     67                       125    -58       83
  SINCE JUL 1     12                        25    -13        7

 COOLING
  YESTERDAY        0                         4     -4        0
  MONTH TO DATE  100                        99      1      225
  SINCE JUN 1    160                       161     -1      306
  SINCE JAN 1    167                       180    -13      338
..................................................................


WIND (MPH)
  HIGHEST WIND SPEED    13   HIGHEST WIND DIRECTION     N (10)
  HIGHEST GUST SPEED    16   HIGHEST GUST DIRECTION     N (10)
  AVERAGE WIND SPEED     5.7


SKY COVER
  POSSIBLE SUNSHINE  MM
  AVERAGE SKY COVER 0.0


WEATHER CONDITIONS
 THE FOLLOWING WEATHER WAS RECORDED YESTERDAY.
  NO SIGNIFICANT WEATHER WAS OBSERVED.


RELATIVE HUMIDITY (PERCENT)
 HIGHEST    84          1000 PM
 LOWEST     43           200 PM
 AVERAGE    64

..........................................................


THE MOUNT POCONO PA CLIMATE NORMALS FOR TODAY
                         NORMAL    RECORD    YEAR
 MAXIMUM TEMPERATURE (F)   78        89      1949
 MINIMUM TEMPERATURE (F)   58        38      1920


SUNRISE AND SUNSET
JULY 26 2014..........SUNRISE   551 AM EDT   SUNSET   824 PM EDT
JULY 27 2014..........SUNRISE   552 AM EDT   SUNSET   823 PM EDT


-  INDICATES NEGATIVE NUMBERS.
R  INDICATES RECORD WAS SET OR TIED.
MM INDICATES DATA IS MISSING.
T  INDICATES TRACE AMOUNT.




$$
