000
CDUS41 KPHI 280627
CLIMPO


CLIMATE REPORT
NATIONAL WEATHER SERVICE MOUNT HOLLY NJ
126 AM EST SUN DEC 28 2014


...................................

...THE MOUNT POCONO PA CLIMATE SUMMARY FOR DECEMBER 27 2014...

CLIMATE NORMAL PERIOD 1981 TO 2010
CLIMATE RECORD PERIOD 1901 TO 2014


WEATHER ITEM   OBSERVED TIME   RECORD YEAR NORMAL DEPARTURE LAST
                VALUE   (LST)  VALUE       VALUE  FROM      YEAR
                                                  NORMAL
..................................................................
TEMPERATURE (F)
 YESTERDAY
  MAXIMUM         50    323 PM  56    1964  32     18       31
  MINIMUM         31    144 AM  -9    1962  18     13       17
  AVERAGE         41                        25     16       24

PRECIPITATION (IN)
  YESTERDAY        0.00          1.39 2011   0.11  -0.11     0.00
  MONTH TO DATE    2.75                      3.46  -0.71     1.73
  SINCE DEC 1      2.75                      3.46  -0.71     1.73
  SINCE JAN 1     40.47                     48.37  -7.90    43.31

SNOWFALL (IN)
  YESTERDAY       MM            MM      MM  MM     MM       MM
  MONTH TO DATE   MM                        MM     MM       MM
  SINCE DEC 1     MM                        MM     MM       MM
  SINCE JUL 1     MM                        MM     MM       MM
  SNOW DEPTH      MM

DEGREE DAYS
 HEATING
  YESTERDAY       24                        40    -16       41
  MONTH TO DATE  885                       993   -108      980
  SINCE DEC 1    885                       993   -108      980
  SINCE JUL 1   2452                      2572   -120     2592

 COOLING
  YESTERDAY        0                         0      0        0
  MONTH TO DATE    0                         0      0        0
  SINCE DEC 1      0                         0      0        0
  SINCE JAN 1    253                       314    -61      467
..................................................................


WIND (MPH)
  HIGHEST WIND SPEED    14   HIGHEST WIND DIRECTION     W (270)
  HIGHEST GUST SPEED    18   HIGHEST GUST DIRECTION    SW (240)
  AVERAGE WIND SPEED     7.4


SKY COVER
  POSSIBLE SUNSHINE  MM
  AVERAGE SKY COVER 0.0


WEATHER CONDITIONS
 THE FOLLOWING WEATHER WAS RECORDED YESTERDAY.
  NO SIGNIFICANT WEATHER WAS OBSERVED.


RELATIVE HUMIDITY (PERCENT)
 HIGHEST    82           700 AM
 LOWEST     53          1200 PM
 AVERAGE    68

..........................................................


THE MOUNT POCONO PA CLIMATE NORMALS FOR TODAY
                         NORMAL    RECORD    YEAR
 MAXIMUM TEMPERATURE (F)   32        54      2008
                                             1982
 MINIMUM TEMPERATURE (F)   18       -15      1962


SUNRISE AND SUNSET
DECEMBER 28 2014......SUNRISE   726 AM EST   SUNSET   440 PM EST
DECEMBER 29 2014......SUNRISE   726 AM EST   SUNSET   441 PM EST


-  INDICATES NEGATIVE NUMBERS.
R  INDICATES RECORD WAS SET OR TIED.
MM INDICATES DATA IS MISSING.
T  INDICATES TRACE AMOUNT.




$$
