881
CDUS41 KBTV 230548
CLIMPV


CLIMATE REPORT
NATIONAL WEATHER SERVICE BURLINGTON VT
1245 AM EST THU NOV 23 2017


...................................

...THE MONTPELIER VT CLIMATE SUMMARY FOR NOVEMBER 22 2017...

CLIMATE NORMAL PERIOD 1981 TO 2010
CLIMATE RECORD PERIOD 1948 TO 2017


WEATHER ITEM   OBSERVED TIME   RECORD YEAR NORMAL DEPARTURE LAST
                VALUE   (LST)  VALUE       VALUE  FROM      YEAR
                                                  NORMAL
..................................................................
TEMPERATURE (F)
 YESTERDAY
  MAXIMUM         43   1237 AM  67    1953  41      2       28
  MINIMUM         24   1159 PM   2    1964  25     -1       26
  AVERAGE         34                        33      1       27

PRECIPITATION (IN)
  YESTERDAY        0.05          0.74        0.11  -0.06      T
  MONTH TO DATE    1.82                      2.35  -0.53     1.85
  SINCE SEP 1      9.15                      8.91   0.24     6.65
  SINCE JAN 1     40.77                     33.71   7.06    31.21

DEGREE DAYS
 HEATING
  YESTERDAY       31                        32     -1       38
  MONTH TO DATE  689                       618     71      567
  SINCE SEP 1   1198                      1466   -268     1268
  SINCE JUL 1   1344                      1574   -230     1322

 COOLING
  YESTERDAY        0                         0      0        0
  MONTH TO DATE    0                         0      0        0
  SINCE SEP 1     47                        20     27       28
  SINCE JAN 1    243                       264    -21      300
..................................................................


WIND (MPH)
  HIGHEST WIND SPEED    23   HIGHEST WIND DIRECTION    NW (320)
  HIGHEST GUST SPEED    32   HIGHEST GUST DIRECTION    NW (300)
  AVERAGE WIND SPEED     6.8


SKY COVER
  AVERAGE SKY COVER 0.7


WEATHER CONDITIONS
 THE FOLLOWING WEATHER WAS RECORDED YESTERDAY.
  LIGHT RAIN
  LIGHT SNOW
  FOG


RELATIVE HUMIDITY (PERCENT)
 HIGHEST   100          1100 AM
 LOWEST     51          1200 AM
 AVERAGE    76

..........................................................


THE MONTPELIER VT CLIMATE NORMALS FOR TODAY
                         NORMAL    RECORD    YEAR
 MAXIMUM TEMPERATURE (F)   41        62      1953
 MINIMUM TEMPERATURE (F)   25        -1      1972


SUNRISE AND SUNSET
NOVEMBER 23 2017......SUNRISE   656 AM EST   SUNSET   417 PM EST
NOVEMBER 24 2017......SUNRISE   658 AM EST   SUNSET   416 PM EST


-  INDICATES NEGATIVE NUMBERS.
R  INDICATES RECORD WAS SET OR TIED.
MM INDICATES DATA IS MISSING.
T  INDICATES TRACE AMOUNT.




$$
