000
CDUS41 KBTV 220523
CLIMPV


CLIMATE REPORT
NATIONAL WEATHER SERVICE BURLINGTON VT
1221 AM EST THU FEB 22 2018


...................................

...THE MONTPELIER VT CLIMATE SUMMARY FOR FEBRUARY 21 2018...

CLIMATE NORMAL PERIOD 1981 TO 2010
CLIMATE RECORD PERIOD 1948 TO 2018


WEATHER ITEM   OBSERVED TIME   RECORD YEAR NORMAL DEPARTURE LAST
                VALUE   (LST)  VALUE       VALUE  FROM      YEAR
                                                  NORMAL
..................................................................
TEMPERATURE (F)
 YESTERDAY
  MAXIMUM         70R  1233 PM  57    1953  32     38       39
  MINIMUM         31   1152 PM -15    1950  11     20        9
  AVERAGE         51                        21     30       24

PRECIPITATION (IN)
  YESTERDAY        0.02          0.72        0.06  -0.04      T
  MONTH TO DATE    1.53                      1.54  -0.01     1.47
  SINCE DEC 1      6.33                      6.73  -0.40     5.83
  SINCE JAN 1      4.06                      3.99   0.07     3.24

DEGREE DAYS
 HEATING
  YESTERDAY       14                        44    -30       41
  MONTH TO DATE  850                       964   -114      911
  SINCE DEC 1   3798                      3763     35     3458
  SINCE JUL 1   5432                      5609   -177     5047

 COOLING
  YESTERDAY        0                         0      0        0
  MONTH TO DATE    0                         0      0        0
  SINCE DEC 1      0                         0      0        0
  SINCE JAN 1      0                         0      0        0
..................................................................


WIND (MPH)
  HIGHEST WIND SPEED    23   HIGHEST WIND DIRECTION    NW (300)
  HIGHEST GUST SPEED    33   HIGHEST GUST DIRECTION    NW (300)
  AVERAGE WIND SPEED    10.3


SKY COVER
  AVERAGE SKY COVER 0.4


WEATHER CONDITIONS
 THE FOLLOWING WEATHER WAS RECORDED YESTERDAY.
  LIGHT RAIN
  FOG


RELATIVE HUMIDITY (PERCENT)
 HIGHEST   100           600 AM
 LOWEST     53          1200 PM
 AVERAGE    77

..........................................................


THE MONTPELIER VT CLIMATE NORMALS FOR TODAY
                         NORMAL    RECORD    YEAR
 MAXIMUM TEMPERATURE (F)   32        61      1997
 MINIMUM TEMPERATURE (F)   11       -11      1963


SUNRISE AND SUNSET
FEBRUARY 22 2018......SUNRISE   639 AM EST   SUNSET   529 PM EST
FEBRUARY 23 2018......SUNRISE   637 AM EST   SUNSET   530 PM EST


-  INDICATES NEGATIVE NUMBERS.
R  INDICATES RECORD WAS SET OR TIED.
MM INDICATES DATA IS MISSING.
T  INDICATES TRACE AMOUNT.




$$
