000
CDUS41 KBTV 310600
CLIMPV


CLIMATE REPORT
NATIONAL WEATHER SERVICE BURLINGTON VT
1256 AM EST SAT JAN 31 2015


...................................

...THE MONTPELIER VT CLIMATE SUMMARY FOR JANUARY 30 2015...

CLIMATE NORMAL PERIOD 1981 TO 2010
CLIMATE RECORD PERIOD 1948 TO 2015


WEATHER ITEM   OBSERVED TIME   RECORD YEAR NORMAL DEPARTURE LAST
                VALUE   (LST)  VALUE       VALUE  FROM      YEAR
                                                  NORMAL
..................................................................
TEMPERATURE (F)
 YESTERDAY
  MAXIMUM         26   1213 PM  49    2013  27     -1       23
                                      1950
  MINIMUM          3   1159 PM -19    1952   7     -4        1
  AVERAGE         15                        17     -2       12

PRECIPITATION (IN)
  YESTERDAY        0.03          0.71        0.08  -0.05     0.00
  MONTH TO DATE    1.78                      2.36  -0.58     1.83
  SINCE DEC 1      5.35                      5.10   0.25     3.88
  SINCE JAN 1      1.78                      2.36  -0.58     1.83

DEGREE DAYS
 HEATING
  YESTERDAY       50                        48      2       53
  MONTH TO DATE 1585                      1452    133     1509
  SINCE DEC 1   2784                      2754     30     2863
  SINCE JUL 1   4602                      4600      2     4767

 COOLING
  YESTERDAY        0                         0      0        0
  MONTH TO DATE    0                         0      0        0
  SINCE DEC 1      0                         0      0        0
  SINCE JAN 1      0                         0      0        0
..................................................................


WIND (MPH)
  HIGHEST WIND SPEED    21   HIGHEST WIND DIRECTION     S (170)
  HIGHEST GUST SPEED    27   HIGHEST GUST DIRECTION    NW (310)
  AVERAGE WIND SPEED     8.7


SKY COVER
  AVERAGE SKY COVER 1.0


WEATHER CONDITIONS
 THE FOLLOWING WEATHER WAS RECORDED YESTERDAY.
  LIGHT SNOW
  FOG


RELATIVE HUMIDITY (PERCENT)
 HIGHEST    96           800 AM
 LOWEST     74           400 PM
 AVERAGE    85

..........................................................


THE MONTPELIER VT CLIMATE NORMALS FOR TODAY
                         NORMAL    RECORD    YEAR
 MAXIMUM TEMPERATURE (F)   27        56      1988
 MINIMUM TEMPERATURE (F)    7       -15      1951


SUNRISE AND SUNSET
JANUARY 31 2015.......SUNRISE   709 AM EST   SUNSET   458 PM EST
FEBRUARY  1 2015......SUNRISE   708 AM EST   SUNSET   500 PM EST


-  INDICATES NEGATIVE NUMBERS.
R  INDICATES RECORD WAS SET OR TIED.
MM INDICATES DATA IS MISSING.
T  INDICATES TRACE AMOUNT.




$$
