000
CDUS41 KBTV 050524
CLIMPV


CLIMATE REPORT
NATIONAL WEATHER SERVICE BURLINGTON VT
123 AM EDT SAT SEP 5 2015


...................................

...THE MONTPELIER VT CLIMATE SUMMARY FOR SEPTEMBER 4 2015...

CLIMATE NORMAL PERIOD 1981 TO 2010
CLIMATE RECORD PERIOD 1948 TO 2015


WEATHER ITEM   OBSERVED TIME   RECORD YEAR NORMAL DEPARTURE LAST
                VALUE   (LST)  VALUE       VALUE  FROM      YEAR
                                                  NORMAL
..................................................................
TEMPERATURE (F)
 YESTERDAY
  MAXIMUM         78        MM  90    1953  73      5       79
  MINIMUM         50        MM  35    1987  50      0       48
  AVERAGE         64                        62      2       64

PRECIPITATION (IN)
  YESTERDAY        0.00          0.99        0.09  -0.09     0.00
  MONTH TO DATE    0.00                      0.37  -0.37     0.76
  SINCE SEP 1      0.00                      0.37  -0.37     0.76
  SINCE JAN 1     25.94                     25.17   0.77    25.85

DEGREE DAYS
 HEATING
  YESTERDAY        1                         5     -4        1
  MONTH TO DATE    1                        17    -16        3
  SINCE SEP 1      1                        17    -16        3
  SINCE JUL 1     78                       125    -47      116

 COOLING
  YESTERDAY        0                         1     -1        0
  MONTH TO DATE    9                         4      5       12
  SINCE SEP 1      9                         4      5       12
  SINCE JAN 1    250                       248      2      178
..................................................................


WIND (MPH)
  HIGHEST WIND SPEED     6   HIGHEST WIND DIRECTION     S (160)
  HIGHEST GUST SPEED    MM   HIGHEST GUST DIRECTION    MM
  AVERAGE WIND SPEED     2.1


SKY COVER
  AVERAGE SKY COVER 0.3


WEATHER CONDITIONS
 THE FOLLOWING WEATHER WAS RECORDED YESTERDAY.
  FOG
  FOG W/VISIBILITY <= 1/4 MILE


RELATIVE HUMIDITY (PERCENT)
 HIGHEST   100           200 AM
 LOWEST     43           100 PM
 AVERAGE    72

..........................................................


THE MONTPELIER VT CLIMATE NORMALS FOR TODAY
                         NORMAL    RECORD    YEAR
 MAXIMUM TEMPERATURE (F)   73        89      1953
 MINIMUM TEMPERATURE (F)   50        32      2000


SUNRISE AND SUNSET
SEPTEMBER  5 2015.....SUNRISE   617 AM EDT   SUNSET   720 PM EDT
SEPTEMBER  6 2015.....SUNRISE   619 AM EDT   SUNSET   718 PM EDT


-  INDICATES NEGATIVE NUMBERS.
R  INDICATES RECORD WAS SET OR TIED.
MM INDICATES DATA IS MISSING.
T  INDICATES TRACE AMOUNT.




$$
