000
CDUS41 KBTV 270535
CLIMPV


CLIMATE REPORT
NATIONAL WEATHER SERVICE BURLINGTON VT
1233 AM EST FRI FEB 27 2015


...................................

...THE MONTPELIER VT CLIMATE SUMMARY FOR FEBRUARY 26 2015...

CLIMATE NORMAL PERIOD 1981 TO 2010
CLIMATE RECORD PERIOD 1948 TO 2015


WEATHER ITEM   OBSERVED TIME   RECORD YEAR NORMAL DEPARTURE LAST
                VALUE   (LST)  VALUE       VALUE  FROM      YEAR
                                                  NORMAL
..................................................................
TEMPERATURE (F)
 YESTERDAY
  MAXIMUM         12    324 PM  58    1957  33    -21       17
  MINIMUM         -2    429 AM -18    2003  12    -14       -3
  AVERAGE          5                        23    -18        7

PRECIPITATION (IN)
  YESTERDAY        0.00          1.09        0.07  -0.07      T
  MONTH TO DATE    1.09                      1.89  -0.80     2.48
  SINCE DEC 1      6.44                      7.08  -0.64     6.36
  SINCE JAN 1      2.87                      4.34  -1.47     4.31

DEGREE DAYS
 HEATING
  YESTERDAY       60                        42     18       58
  MONTH TO DATE 1549                      1178    371     1239
  SINCE DEC 1   4399                      3977    422     4142
  SINCE JUL 1   6217                      5823    394     6046

 COOLING
  YESTERDAY        0                         0      0        0
  MONTH TO DATE    0                         0      0        0
  SINCE DEC 1      0                         0      0        0
  SINCE JAN 1      0                         0      0        0
..................................................................


WIND (MPH)
  HIGHEST WIND SPEED    12   HIGHEST WIND DIRECTION    NW (310)
  HIGHEST GUST SPEED    15   HIGHEST GUST DIRECTION    NW (300)
  AVERAGE WIND SPEED     3.6


SKY COVER
  AVERAGE SKY COVER 0.4


WEATHER CONDITIONS
 THE FOLLOWING WEATHER WAS RECORDED YESTERDAY.
  NO SIGNIFICANT WEATHER WAS OBSERVED.


RELATIVE HUMIDITY (PERCENT)
 HIGHEST    80          1200 AM
 LOWEST     45           100 PM
 AVERAGE    63

..........................................................


THE MONTPELIER VT CLIMATE NORMALS FOR TODAY
                         NORMAL    RECORD    YEAR
 MAXIMUM TEMPERATURE (F)   33        52      2000
 MINIMUM TEMPERATURE (F)   12       -22      1963


SUNRISE AND SUNSET
FEBRUARY 27 2015......SUNRISE   631 AM EST   SUNSET   535 PM EST
FEBRUARY 28 2015......SUNRISE   630 AM EST   SUNSET   537 PM EST


-  INDICATES NEGATIVE NUMBERS.
R  INDICATES RECORD WAS SET OR TIED.
MM INDICATES DATA IS MISSING.
T  INDICATES TRACE AMOUNT.




$$
