000
CDUS41 KBTV 200549
CLIMPV


CLIMATE REPORT
NATIONAL WEATHER SERVICE BURLINGTON VT
146 AM EDT WED SEP 20 2017


...................................

...THE MONTPELIER VT CLIMATE SUMMARY FOR SEPTEMBER 19 2017...

CLIMATE NORMAL PERIOD 1981 TO 2010
CLIMATE RECORD PERIOD 1948 TO 2017


WEATHER ITEM   OBSERVED TIME   RECORD YEAR NORMAL DEPARTURE LAST
                VALUE   (LST)  VALUE       VALUE  FROM      YEAR
                                                  NORMAL
..................................................................
TEMPERATURE (F)
 YESTERDAY
  MAXIMUM         73    319 PM  87    1955  67      6       73
  MINIMUM         54    345 AM  29    1959  45      9       59
  AVERAGE         64                        56      8       66

PRECIPITATION (IN)
  YESTERDAY        0.00          1.01        0.11  -0.11     0.35
  MONTH TO DATE    2.47                      1.83   0.64     1.44
  SINCE SEP 1      2.47                      1.83   0.64     1.44
  SINCE JAN 1     34.09                     26.63   7.46    26.00

DEGREE DAYS
 HEATING
  YESTERDAY        1                         9     -8        0
  MONTH TO DATE  110                       119     -9       57
  SINCE SEP 1    110                       119     -9       57
  SINCE JUL 1    256                       227     29      111

 COOLING
  YESTERDAY        0                         0      0        1
  MONTH TO DATE   17                        16      1       24
  SINCE SEP 1     17                        16      1       24
  SINCE JAN 1    213                       260    -47      296
..................................................................


WIND (MPH)
  HIGHEST WIND SPEED    10   HIGHEST WIND DIRECTION     S (170)
  HIGHEST GUST SPEED    13   HIGHEST GUST DIRECTION     S (160)
  AVERAGE WIND SPEED     2.8


SKY COVER
  AVERAGE SKY COVER 0.7


WEATHER CONDITIONS
 THE FOLLOWING WEATHER WAS RECORDED YESTERDAY.
  FOG
  FOG W/VISIBILITY <= 1/4 MILE


RELATIVE HUMIDITY (PERCENT)
 HIGHEST   100          1200 AM
 LOWEST     64           300 PM
 AVERAGE    82

..........................................................


THE MONTPELIER VT CLIMATE NORMALS FOR TODAY
                         NORMAL    RECORD    YEAR
 MAXIMUM TEMPERATURE (F)   67        85      1983
 MINIMUM TEMPERATURE (F)   45        29      1964


SUNRISE AND SUNSET
SEPTEMBER 20 2017.....SUNRISE   635 AM EDT   SUNSET   651 PM EDT
SEPTEMBER 21 2017.....SUNRISE   636 AM EDT   SUNSET   649 PM EDT


-  INDICATES NEGATIVE NUMBERS.
R  INDICATES RECORD WAS SET OR TIED.
MM INDICATES DATA IS MISSING.
T  INDICATES TRACE AMOUNT.




$$
