000
CDUS41 KBTV 210522
CLIMPV


CLIMATE REPORT
NATIONAL WEATHER SERVICE BURLINGTON VT
120 AM EDT FRI JUL 21 2017


...................................

...THE MONTPELIER VT CLIMATE SUMMARY FOR JULY 20 2017...

CLIMATE NORMAL PERIOD 1981 TO 2010
CLIMATE RECORD PERIOD 1948 TO 2017


WEATHER ITEM   OBSERVED TIME   RECORD YEAR NORMAL DEPARTURE LAST
                VALUE   (LST)  VALUE       VALUE  FROM      YEAR
                                                  NORMAL
..................................................................
TEMPERATURE (F)
 YESTERDAY
  MAXIMUM         83   1155 AM  97    1977  79      4       75
  MINIMUM         57   1126 PM  42    2000  56      1       47
  AVERAGE         70                        67      3       61

PRECIPITATION (IN)
  YESTERDAY        0.00          2.13        0.13  -0.13     0.00
  MONTH TO DATE    3.72                      2.49   1.23     3.28
  SINCE JUN 1     12.32                      6.29   6.03     5.96
  SINCE JAN 1     27.52                     19.20   8.32    18.24

DEGREE DAYS
 HEATING
  YESTERDAY        0                         1     -1        4
  MONTH TO DATE   16                        26    -10       29
  SINCE JUN 1    162                       147     15      161
  SINCE JUL 1     16                        26    -10       29

 COOLING
  YESTERDAY        5                         3      2        0
  MONTH TO DATE   60                        64     -4       60
  SINCE JUN 1    125                       117      8       92
  SINCE JAN 1    142                       127     15      121
..................................................................


WIND (MPH)
  HIGHEST WIND SPEED    13   HIGHEST WIND DIRECTION    NW (330)
  HIGHEST GUST SPEED    18   HIGHEST GUST DIRECTION     N (340)
  AVERAGE WIND SPEED     2.8


SKY COVER
  AVERAGE SKY COVER 0.2


WEATHER CONDITIONS
 THE FOLLOWING WEATHER WAS RECORDED YESTERDAY.
  FOG
  FOG W/VISIBILITY <= 1/4 MILE


RELATIVE HUMIDITY (PERCENT)
 HIGHEST   100           200 AM
 LOWEST     47          1100 AM
 AVERAGE    74

..........................................................


THE MONTPELIER VT CLIMATE NORMALS FOR TODAY
                         NORMAL    RECORD    YEAR
 MAXIMUM TEMPERATURE (F)   79        93      1994
 MINIMUM TEMPERATURE (F)   56        39      1950


SUNRISE AND SUNSET
JULY 21 2017..........SUNRISE   527 AM EDT   SUNSET   826 PM EDT
JULY 22 2017..........SUNRISE   528 AM EDT   SUNSET   825 PM EDT


-  INDICATES NEGATIVE NUMBERS.
R  INDICATES RECORD WAS SET OR TIED.
MM INDICATES DATA IS MISSING.
T  INDICATES TRACE AMOUNT.




$$
