000
CDUS41 KBTV 170530
CLIMPV


CLIMATE REPORT
NATIONAL WEATHER SERVICE BURLINGTON VT
127 AM EDT THU APR 17 2014


...................................

...THE MONTPELIER VT CLIMATE SUMMARY FOR APRIL 16 2014...

CLIMATE NORMAL PERIOD 1981 TO 2010
CLIMATE RECORD PERIOD 1948 TO 2014


WEATHER ITEM   OBSERVED TIME   RECORD YEAR NORMAL DEPARTURE LAST
                VALUE   (LST)  VALUE       VALUE  FROM      YEAR
                                                  NORMAL
..................................................................
TEMPERATURE (F)
 YESTERDAY
  MAXIMUM         29    510 PM  84    2012  54    -25       57
                                      2002
  MINIMUM         18R  1159 PM  18    1992  32    -14       41
  AVERAGE         24                        43    -19       49

PRECIPITATION (IN)
  YESTERDAY        T             1.05        0.09  -0.09     0.09
  MONTH TO DATE    1.34                      1.39  -0.05     1.41
  SINCE MAR 1      4.39                      3.78   0.61     2.30
  SINCE JAN 1      8.70                      8.27   0.43     4.54

DEGREE DAYS
 HEATING
  YESTERDAY       41                        22     19       16
  MONTH TO DATE  417                       411      6      454
  SINCE MAR 1   1866                      1528    338     1518
  SINCE JUL 1   8031                      7436    595     7067

 COOLING
  YESTERDAY        0                         0      0        0
  MONTH TO DATE    0                         0      0        0
  SINCE MAR 1      0                         0      0        0
  SINCE JAN 1      0                         0      0        0
..................................................................


WIND (MPH)
  HIGHEST WIND SPEED    24   HIGHEST WIND DIRECTION     W (290)
  HIGHEST GUST SPEED    34   HIGHEST GUST DIRECTION    NW (310)
  AVERAGE WIND SPEED     9.8


SKY COVER
  AVERAGE SKY COVER 0.5


WEATHER CONDITIONS
 THE FOLLOWING WEATHER WAS RECORDED YESTERDAY.
  LIGHT SNOW
  FOG
  HAZE


RELATIVE HUMIDITY (PERCENT)
 HIGHEST    92          1200 AM
 LOWEST     46           400 PM
 AVERAGE    69

..........................................................


THE MONTPELIER VT CLIMATE NORMALS FOR TODAY
                         NORMAL    RECORD    YEAR
 MAXIMUM TEMPERATURE (F)   54        86      2002
                                             1976
 MINIMUM TEMPERATURE (F)   32        17      2003
                                             1971


SUNRISE AND SUNSET
APRIL 17 2014.........SUNRISE   603 AM EDT   SUNSET   737 PM EDT
APRIL 18 2014.........SUNRISE   602 AM EDT   SUNSET   738 PM EDT


-  INDICATES NEGATIVE NUMBERS.
R  INDICATES RECORD WAS SET OR TIED.
MM INDICATES DATA IS MISSING.
T  INDICATES TRACE AMOUNT.




$$
