000
CDUS43 KMPX 030123
CLIMPX


CLIMATE REPORT
NATIONAL WEATHER SERVICE CHANHASSEN MN
823 PM CDT TUE SEP 2 2014


...................................

...THE CHANHASSEN MN CLIMATE SUMMARY FOR SEPTEMBER 2 2014...
VALID TODAY AS OF 0800 PM LOCAL TIME.

CLIMATE NORMAL PERIOD 1981 TO 2010
CLIMATE RECORD PERIOD 1995 TO 2014


WEATHER ITEM   OBSERVED NORMAL DEPARTURE LAST
                VALUE   VALUE  FROM      YEAR
                               NORMAL
...............................................
TEMPERATURE (F)
 TODAY
  MAXIMUM         77     76      1       64
  MINIMUM         59     57      2       49
  AVERAGE         68     66      2       57

PRECIPITATION (IN)
  TODAY            0.00   0.13  -0.13     0.00
  MONTH TO DATE    0.02   0.27  -0.25     0.00
  SINCE SEP 1      0.02   0.27  -0.25     0.00
  SINCE JAN 1     32.53  22.27  10.26    28.21

SNOWFALL (IN)
  TODAY            0.0    0.0    0.0      0.0
  MONTH TO DATE    0.0    0.0    0.0      0.0
  SINCE SEP 1      0.0    0.0    0.0      0.0
  SINCE JUL 1      0.0    0.0    0.0      0.0
  SNOW DEPTH       0

DEGREE DAYS
 HEATING
  TODAY            0      2     -2        8
  MONTH TO DATE    0      4     -4        8
  SINCE SEP 1      0      4     -4        8
  SINCE JUL 1     16     27    -11       29

 COOLING
  TODAY            3      3      0        0
  MONTH TO DATE    7      6      1        0
  SINCE SEP 1      7      6      1        0
  SINCE JAN 1    486    559    -73      579
...............................................







THE CHANHASSEN MN CLIMATE NORMALS FOR TOMORROW
                         NORMAL
 MAXIMUM TEMPERATURE (F)   76
 MINIMUM TEMPERATURE (F)   57



-  INDICATES NEGATIVE NUMBERS.
R  INDICATES RECORD WAS SET OR TIED.
MM INDICATES DATA IS MISSING.
T  INDICATES TRACE AMOUNT.




$$
