000
CDUS43 KMPX 280653
CLIMPX


CLIMATE REPORT
NATIONAL WEATHER SERVICE CHANHASSEN MN
1252 AM CST WED JAN 28 2015


...................................

...THE CHANHASSEN MN CLIMATE SUMMARY FOR JANUARY 27 2015...

CLIMATE NORMAL PERIOD 1981 TO 2010
CLIMATE RECORD PERIOD 1995 TO 2015


WEATHER ITEM   OBSERVED TIME   RECORD YEAR NORMAL DEPARTURE LAST
                VALUE   (LST)  VALUE       VALUE  FROM      YEAR
                                                  NORMAL
..................................................................
TEMPERATURE (F)
 YESTERDAY
  MAXIMUM         34        MM  MM      MM  24     10       -8
  MINIMUM         30        MM  MM      MM   6     24      -17
  AVERAGE         32                        15     17      -12

PRECIPITATION (IN)
  YESTERDAY        0.00         MM      MM   0.03  -0.03     0.00
  MONTH TO DATE    0.37                      0.77  -0.40     0.98
  SINCE DEC 1      1.34                      2.02  -0.68     2.24
  SINCE JAN 1      0.37                      0.77  -0.40     0.98

SNOWFALL (IN)
  YESTERDAY        0.0          MM      MM   0.4   -0.4      0.0
  MONTH TO DATE    4.5                       9.0   -4.5     13.8
  SINCE DEC 1     11.2                      22.9  -11.7     30.6
  SINCE JUL 1     19.3                      28.7   -9.4     32.4
  SNOW DEPTH       T

DEGREE DAYS
 HEATING
  YESTERDAY       33                        50    -17       77
  MONTH TO DATE 1315                      1372    -57     1571
  SINCE DEC 1   2614                      2826   -212     3278
  SINCE JUL 1   4551                      4533     18     5000

 COOLING
  YESTERDAY        0                         0      0        0
  MONTH TO DATE    0                         0      0        0
  SINCE DEC 1      0                         0      0        0
  SINCE JAN 1      0                         0      0        0
..................................................................


WIND (MPH)
  HIGHEST WIND SPEED    MM   HIGHEST WIND DIRECTION    MM
  HIGHEST GUST SPEED    MM   HIGHEST GUST DIRECTION    MM
  AVERAGE WIND SPEED    MM


SKY COVER
  POSSIBLE SUNSHINE  MM
  AVERAGE SKY COVER  MM


WEATHER CONDITIONS
 THE FOLLOWING WEATHER WAS RECORDED YESTERDAY.
  NO SIGNIFICANT WEATHER WAS OBSERVED.


RELATIVE HUMIDITY (PERCENT)
 HIGHEST    MM
 LOWEST     MM
 AVERAGE    MM

..........................................................


THE CHANHASSEN MN CLIMATE NORMALS FOR TODAY
                         NORMAL    RECORD    YEAR
 MAXIMUM TEMPERATURE (F)   24        MM        MM
 MINIMUM TEMPERATURE (F)    6        MM        MM


SUNRISE AND SUNSET
JANUARY 28 2015.......SUNRISE   738 AM CST   SUNSET   517 PM CST
JANUARY 29 2015.......SUNRISE   737 AM CST   SUNSET   518 PM CST


-  INDICATES NEGATIVE NUMBERS.
R  INDICATES RECORD WAS SET OR TIED.
MM INDICATES DATA IS MISSING.
T  INDICATES TRACE AMOUNT.




$$
