000
CDUS41 KLWX 262134
CLIMRB


CLIMATE REPORT
NATIONAL WEATHER SERVICE BALTIMORE MD/WASHINGTON DC
434 PM EST MON JAN 26 2015


...................................

...THE MARTINSBURG WV CLIMATE SUMMARY FOR JANUARY 26 2015...
VALID TODAY AS OF 0400 PM LOCAL TIME.

CLIMATE NORMAL PERIOD 1981 TO 2010
CLIMATE RECORD PERIOD 1926 TO 2015


WEATHER ITEM   OBSERVED TIME   RECORD YEAR NORMAL DEPARTURE LAST
                VALUE   (LST)  VALUE       VALUE  FROM      YEAR
                                                  NORMAL
..................................................................
TEMPERATURE (F)
 TODAY
  MAXIMUM         37   1238 AM  79    1950  40     -3       28
  MINIMUM         27    359 PM -10    1948  22      5       10
  AVERAGE         32                        31      1       19

PRECIPITATION (IN)
  TODAY            0.02          1.80 1933   0.08  -0.06      T
  MONTH TO DATE    1.94                      2.02  -0.08     1.04
  SINCE DEC 1      4.71                      4.73  -0.02     5.94
  SINCE JAN 1      1.94                      2.02  -0.08     1.04

DEGREE DAYS
 HEATING
  TODAY           33                        34     -1       46
  MONTH TO DATE  875                       884     -9      993
  SINCE DEC 1   1685                      1840   -155     1850
  SINCE JUL 1   2644                      2910   -266     2941

 COOLING
  TODAY            0                         0      0        0
  MONTH TO DATE    0                         0      0        0
  SINCE DEC 1      0                         0      0        0
  SINCE JAN 1      0                         0      0        0
..................................................................


WIND (MPH)
  HIGHEST WIND SPEED    15   HIGHEST WIND DIRECTION     N (10)
  HIGHEST GUST SPEED    18   HIGHEST GUST DIRECTION     N (10)
  AVERAGE WIND SPEED     7.3


SKY COVER
  POSSIBLE SUNSHINE  MM
  AVERAGE SKY COVER 1.0


WEATHER CONDITIONS
 THE FOLLOWING WEATHER WAS RECORDED TODAY.
  LIGHT RAIN
  LIGHT SNOW
  FOG
  HAZE


RELATIVE HUMIDITY (PERCENT)
 HIGHEST    92           100 AM
 LOWEST     75           200 PM
 AVERAGE    84

..........................................................


THE MARTINSBURG WV CLIMATE NORMALS FOR TOMORROW
                         NORMAL    RECORD    YEAR
 MAXIMUM TEMPERATURE (F)   40        73      1974
 MINIMUM TEMPERATURE (F)   23        -6      1987


SUNRISE AND SUNSET
JANUARY 26 2015.......SUNRISE   724 AM EST   SUNSET   525 PM EST
JANUARY 27 2015.......SUNRISE   724 AM EST   SUNSET   526 PM EST


-  INDICATES NEGATIVE NUMBERS.
R  INDICATES RECORD WAS SET OR TIED.
MM INDICATES DATA IS MISSING.
T  INDICATES TRACE AMOUNT.




$$
