000
CDUS41 KLWX 230523
CLIMRB


CLIMATE REPORT
NATIONAL WEATHER SERVICE BALTIMORE MD/WASHINGTON DC
123 AM EDT MON OCT 23 2017


...................................

...THE MARTINSBURG WV CLIMATE SUMMARY FOR OCTOBER 22 2017...

CLIMATE NORMAL PERIOD 1981 TO 2010
CLIMATE RECORD PERIOD 1926 TO 2017


WEATHER ITEM   OBSERVED TIME   RECORD YEAR NORMAL DEPARTURE LAST
                VALUE   (LST)  VALUE       VALUE  FROM      YEAR
                                                  NORMAL
..................................................................
TEMPERATURE (F)
 YESTERDAY
  MAXIMUM         76    258 PM  87    1979  63     13       56
  MINIMUM         45    534 AM  26    1974  40      5       47
  AVERAGE         61                        52      9       52

PRECIPITATION (IN)
  YESTERDAY        0.00          3.39 1956   0.10  -0.10      T
  MONTH TO DATE    2.52                      2.17   0.35     0.58
  SINCE SEP 1      3.98                      5.74  -1.76     4.87
  SINCE JAN 1     30.92                     31.98  -1.06    21.72

DEGREE DAYS
 HEATING
  YESTERDAY        4                        13     -9       13
  MONTH TO DATE  103                       222   -119      134
  SINCE SEP 1    163                       306   -143      154
  SINCE JUL 1    165                       313   -148      154

 COOLING
  YESTERDAY        0                         0      0        0
  MONTH TO DATE   53                         8     45       21
  SINCE SEP 1    178                       101     77      220
  SINCE JAN 1   1074                       893    181     1292
..................................................................


WIND (MPH)
  HIGHEST WIND SPEED    14   HIGHEST WIND DIRECTION    SE (140)
  HIGHEST GUST SPEED    19   HIGHEST GUST DIRECTION    SE (140)
  AVERAGE WIND SPEED     3.5


SKY COVER
  POSSIBLE SUNSHINE  MM
  AVERAGE SKY COVER 0.0


WEATHER CONDITIONS
 THE FOLLOWING WEATHER WAS RECORDED YESTERDAY.
  NO SIGNIFICANT WEATHER WAS OBSERVED.


RELATIVE HUMIDITY (PERCENT)
 HIGHEST    93          1200 AM
 LOWEST     46           100 PM
 AVERAGE    70

..........................................................


THE MARTINSBURG WV CLIMATE NORMALS FOR TODAY
                         NORMAL    RECORD    YEAR
 MAXIMUM TEMPERATURE (F)   63        88      1947
 MINIMUM TEMPERATURE (F)   40        23      1969


SUNRISE AND SUNSET
OCTOBER 23 2017.......SUNRISE   730 AM EDT   SUNSET   621 PM EDT
OCTOBER 24 2017.......SUNRISE   731 AM EDT   SUNSET   620 PM EDT


-  INDICATES NEGATIVE NUMBERS.
R  INDICATES RECORD WAS SET OR TIED.
MM INDICATES DATA IS MISSING.
T  INDICATES TRACE AMOUNT.




$$
