000
CDUS41 KLWX 300524
CLIMRB


CLIMATE REPORT
NATIONAL WEATHER SERVICE BALTIMORE MD/WASHINGTON DC
123 AM EDT TUE AUG 30 2016


...................................

...THE MARTINSBURG WV CLIMATE SUMMARY FOR AUGUST 29 2016...

CLIMATE NORMAL PERIOD 1981 TO 2010
CLIMATE RECORD PERIOD 1926 TO 2016


WEATHER ITEM   OBSERVED TIME   RECORD YEAR NORMAL DEPARTURE LAST
                VALUE   (LST)  VALUE       VALUE  FROM      YEAR
                                                  NORMAL
..................................................................
TEMPERATURE (F)
 YESTERDAY
  MAXIMUM         92    353 PM  99    1973  82     10       89
  MINIMUM         65    606 AM  40    1982  60      5       57
  AVERAGE         79                        71      8       73

PRECIPITATION (IN)
  YESTERDAY        0.00          1.12 1988   0.10  -0.10     0.00
  MONTH TO DATE    2.19                      2.89  -0.70     1.36
  SINCE JUN 1      5.26                     10.32  -5.06     8.01
  SINCE JAN 1     16.85                     26.05  -9.20    18.95

DEGREE DAYS
 HEATING
  YESTERDAY        0                         0      0        0
  MONTH TO DATE    0                         0      0        0
  SINCE JUN 1      5                        25    -20       15
  SINCE JUL 1      0                         1     -1        0

 COOLING
  YESTERDAY       14                         6      8        8
  MONTH TO DATE  358                       236    122      232
  SINCE JUN 1    977                       722    255      797
  SINCE JAN 1   1050                       779    271      945
..................................................................


WIND (MPH)
  HIGHEST WIND SPEED    12   HIGHEST WIND DIRECTION     N (20)
  HIGHEST GUST SPEED    14   HIGHEST GUST DIRECTION     N (360)
  AVERAGE WIND SPEED     3.9


SKY COVER
  POSSIBLE SUNSHINE  MM
  AVERAGE SKY COVER 0.1


WEATHER CONDITIONS
 THE FOLLOWING WEATHER WAS RECORDED YESTERDAY.
  NO SIGNIFICANT WEATHER WAS OBSERVED.


RELATIVE HUMIDITY (PERCENT)
 HIGHEST    93           400 AM
 LOWEST     41           400 PM
 AVERAGE    67

..........................................................


THE MARTINSBURG WV CLIMATE NORMALS FOR TODAY
                         NORMAL    RECORD    YEAR
 MAXIMUM TEMPERATURE (F)   82       101      1953
 MINIMUM TEMPERATURE (F)   60        40      1986


SUNRISE AND SUNSET
AUGUST 30 2016........SUNRISE   639 AM EDT   SUNSET   745 PM EDT
AUGUST 31 2016........SUNRISE   640 AM EDT   SUNSET   743 PM EDT


-  INDICATES NEGATIVE NUMBERS.
R  INDICATES RECORD WAS SET OR TIED.
MM INDICATES DATA IS MISSING.
T  INDICATES TRACE AMOUNT.




$$
