000
CDUS41 KLWX 240520
CLIMRB


CLIMATE REPORT
NATIONAL WEATHER SERVICE BALTIMORE MD/WASHINGTON DC
1220 AM EST MON NOV 24 2014


...................................

...THE MARTINSBURG WV CLIMATE SUMMARY FOR NOVEMBER 23 2014...

CLIMATE NORMAL PERIOD 1981 TO 2010
CLIMATE RECORD PERIOD 1926 TO 2014


WEATHER ITEM   OBSERVED TIME   RECORD YEAR NORMAL DEPARTURE LAST
                VALUE   (LST)  VALUE       VALUE  FROM      YEAR
                                                  NORMAL
..................................................................
TEMPERATURE (F)
 YESTERDAY
  MAXIMUM         58    214 PM  80    1931  51      7       52
  MINIMUM         33    755 AM  12    1964  32      1       28
  AVERAGE         46                        42      4       40

PRECIPITATION (IN)
  YESTERDAY        0.24          1.25 1941   0.11   0.13      T
  MONTH TO DATE    1.18                      2.37  -1.19     0.61
  SINCE SEP 1      6.91                      8.99  -2.08     7.33
  SINCE JAN 1     31.38                     35.23  -3.85    29.71

DEGREE DAYS
 HEATING
  YESTERDAY       19                        23     -4       25
  MONTH TO DATE  521                       449     72      447
  SINCE SEP 1    806                       888    -82      840
  SINCE JUL 1    809                       895    -86      844

 COOLING
  YESTERDAY        0                         0      0        0
  MONTH TO DATE    0                         0      0        0
  SINCE SEP 1    130                       103     27      139
  SINCE JAN 1    958                       895     63     1057
..................................................................


WIND (MPH)
  HIGHEST WIND SPEED    12   HIGHEST WIND DIRECTION    SE (150)
  HIGHEST GUST SPEED    17   HIGHEST GUST DIRECTION    SE (150)
  AVERAGE WIND SPEED     4.6


SKY COVER
  POSSIBLE SUNSHINE  MM
  AVERAGE SKY COVER 0.3


WEATHER CONDITIONS
 THE FOLLOWING WEATHER WAS RECORDED YESTERDAY.
  RAIN
  LIGHT RAIN
  FOG
  HAZE


RELATIVE HUMIDITY (PERCENT)
 HIGHEST    61           700 AM
 LOWEST     26           300 PM
 AVERAGE    44

..........................................................


THE MARTINSBURG WV CLIMATE NORMALS FOR TODAY
                         NORMAL    RECORD    YEAR
 MAXIMUM TEMPERATURE (F)   51        75      1931
 MINIMUM TEMPERATURE (F)   32        14      1956


SUNRISE AND SUNSET
NOVEMBER 24 2014......SUNRISE   706 AM EST   SUNSET   451 PM EST
NOVEMBER 25 2014......SUNRISE   707 AM EST   SUNSET   451 PM EST


-  INDICATES NEGATIVE NUMBERS.
R  INDICATES RECORD WAS SET OR TIED.
MM INDICATES DATA IS MISSING.
T  INDICATES TRACE AMOUNT.




$$
