000
CDUS41 KLWX 240522
CLIMRB


CLIMATE REPORT
NATIONAL WEATHER SERVICE BALTIMORE MD/WASHINGTON DC
122 AM EDT THU JUL 24 2014


...................................

...THE MARTINSBURG WV CLIMATE SUMMARY FOR JULY 23 2014...

CLIMATE NORMAL PERIOD 1981 TO 2010
CLIMATE RECORD PERIOD 1926 TO 2014


WEATHER ITEM   OBSERVED TIME   RECORD YEAR NORMAL DEPARTURE LAST
                VALUE   (LST)  VALUE       VALUE  FROM      YEAR
                                                  NORMAL
..................................................................
TEMPERATURE (F)
 YESTERDAY
  MAXIMUM         94    239 PM 106    1926  86      8       86
  MINIMUM         69    539 AM  51    1983  64      5       70
  AVERAGE         82                        75      7       78

PRECIPITATION (IN)
  YESTERDAY        0.61          1.71 2008   0.13   0.48     0.04
  MONTH TO DATE    4.16                      2.69   1.47     2.68
  SINCE JUN 1      6.84                      6.45   0.39     6.68
  SINCE JAN 1     21.71                     22.18  -0.47    17.94

DEGREE DAYS
 HEATING
  YESTERDAY        0                         0      0        0
  MONTH TO DATE    0                         0      0        0
  SINCE JUN 1      2                        24    -22        2
  SINCE JUL 1      0                         0      0        0

 COOLING
  YESTERDAY       17                        10      7       13
  MONTH TO DATE  253                       226     27      319
  SINCE JUN 1    489                       409     80      547
  SINCE JAN 1    570                       466    104      658
..................................................................


WIND (MPH)
  HIGHEST WIND SPEED    18   HIGHEST WIND DIRECTION     W (280)
  HIGHEST GUST SPEED    29   HIGHEST GUST DIRECTION     W (270)
  AVERAGE WIND SPEED     5.0


SKY COVER
  POSSIBLE SUNSHINE  MM
  AVERAGE SKY COVER 0.3


WEATHER CONDITIONS
 THE FOLLOWING WEATHER WAS RECORDED YESTERDAY.
  HEAVY RAIN
  LIGHT RAIN
  FOG
  HAZE


RELATIVE HUMIDITY (PERCENT)
 HIGHEST    90          1200 AM
 LOWEST     44           300 PM
 AVERAGE    67

..........................................................


THE MARTINSBURG WV CLIMATE NORMALS FOR TODAY
                         NORMAL    RECORD    YEAR
 MAXIMUM TEMPERATURE (F)   86       101      2010
 MINIMUM TEMPERATURE (F)   64        49      1947


SUNRISE AND SUNSET
JULY 24 2014..........SUNRISE   605 AM EDT   SUNSET   832 PM EDT
JULY 25 2014..........SUNRISE   606 AM EDT   SUNSET   831 PM EDT


-  INDICATES NEGATIVE NUMBERS.
R  INDICATES RECORD WAS SET OR TIED.
MM INDICATES DATA IS MISSING.
T  INDICATES TRACE AMOUNT.




$$
