000
CDUS41 KLWX 270525
CLIMRB


CLIMATE REPORT
NATIONAL WEATHER SERVICE BALTIMORE MD/WASHINGTON DC
125 AM EDT FRI MAR 27 2015


...................................

...THE MARTINSBURG WV CLIMATE SUMMARY FOR MARCH 26 2015...

CLIMATE NORMAL PERIOD 1981 TO 2010
CLIMATE RECORD PERIOD 1926 TO 2015


WEATHER ITEM   OBSERVED TIME   RECORD YEAR NORMAL DEPARTURE LAST
                VALUE   (LST)  VALUE       VALUE  FROM      YEAR
                                                  NORMAL
..................................................................
TEMPERATURE (F)
 YESTERDAY
  MAXIMUM         77    241 PM  86    1939  56     21       35
  MINIMUM         36    601 AM  17    1940  35      1       21
  AVERAGE         57                        46     11       28

PRECIPITATION (IN)
  YESTERDAY        0.04          1.23 1978   0.13  -0.09      T
  MONTH TO DATE    2.16                      2.90  -0.74     0.79
  SINCE MAR 1      2.16                      2.90  -0.74     0.79
  SINCE JAN 1      4.45                      7.68  -3.23     4.54

DEGREE DAYS
 HEATING
  YESTERDAY        8                        20    -12       37
  MONTH TO DATE  631                       622      9      741
  SINCE MAR 1    631                       622      9      741
  SINCE JUL 1   4554                      4578    -24     4834

 COOLING
  YESTERDAY        0                         0      0        0
  MONTH TO DATE    0                         0      0        0
  SINCE MAR 1      0                         0      0        0
  SINCE JAN 1      0                         0      0        0
..................................................................


WIND (MPH)
  HIGHEST WIND SPEED    21   HIGHEST WIND DIRECTION    NW (330)
  HIGHEST GUST SPEED    29   HIGHEST GUST DIRECTION    NW (330)
  AVERAGE WIND SPEED     6.9


SKY COVER
  POSSIBLE SUNSHINE  MM
  AVERAGE SKY COVER 0.5


WEATHER CONDITIONS
 THE FOLLOWING WEATHER WAS RECORDED YESTERDAY.
  LIGHT RAIN
  FOG
  HAZE


RELATIVE HUMIDITY (PERCENT)
 HIGHEST    85          1200 AM
 LOWEST     46           300 PM
 AVERAGE    66

..........................................................


THE MARTINSBURG WV CLIMATE NORMALS FOR TODAY
                         NORMAL    RECORD    YEAR
 MAXIMUM TEMPERATURE (F)   57        86      1939
 MINIMUM TEMPERATURE (F)   35        16      2014


SUNRISE AND SUNSET
MARCH 27 2015.........SUNRISE   705 AM EDT   SUNSET   731 PM EDT
MARCH 28 2015.........SUNRISE   703 AM EDT   SUNSET   732 PM EDT


-  INDICATES NEGATIVE NUMBERS.
R  INDICATES RECORD WAS SET OR TIED.
MM INDICATES DATA IS MISSING.
T  INDICATES TRACE AMOUNT.




$$
