000
CDUS41 KLWX 030539
CLIMRB


CLIMATE REPORT
NATIONAL WEATHER SERVICE BALTIMORE MD/WASHINGTON DC
137 AM EDT TUE MAY 3 2016


...................................

...THE MARTINSBURG WV CLIMATE SUMMARY FOR MAY 2 2016...

CLIMATE NORMAL PERIOD 1981 TO 2010
CLIMATE RECORD PERIOD 1926 TO 2016


WEATHER ITEM   OBSERVED TIME   RECORD YEAR NORMAL DEPARTURE LAST
                VALUE   (LST)  VALUE       VALUE  FROM      YEAR
                                                  NORMAL
..................................................................
TEMPERATURE (F)
 YESTERDAY
  MAXIMUM         84    403 PM  95    1942  69     15       74
  MINIMUM         54    635 AM  30    1968  46      8       47
  AVERAGE         69                        57     12       61

PRECIPITATION (IN)
  YESTERDAY        0.07          1.21 1985   0.13  -0.06     0.00
  MONTH TO DATE    0.78                      0.25   0.53      T
  SINCE MAR 1      3.62                      7.11  -3.49     5.62
  SINCE JAN 1      7.71                     11.89  -4.18     7.91

DEGREE DAYS
 HEATING
  YESTERDAY        0                         8     -8        4
  MONTH TO DATE    8                        17     -9       10
  SINCE MAR 1    884                      1118   -234     1037
  SINCE JUL 1   4299                      5074   -775     4960

 COOLING
  YESTERDAY        4                         1      3        0
  MONTH TO DATE    4                         2      2        0
  SINCE MAR 1     16                        11      5        1
  SINCE JAN 1     16                        11      5        1
..................................................................


WIND (MPH)
  HIGHEST WIND SPEED    21   HIGHEST WIND DIRECTION     W (260)
  HIGHEST GUST SPEED    26   HIGHEST GUST DIRECTION     W (260)
  AVERAGE WIND SPEED     6.3


SKY COVER
  POSSIBLE SUNSHINE  MM
  AVERAGE SKY COVER 0.6


WEATHER CONDITIONS
 THE FOLLOWING WEATHER WAS RECORDED YESTERDAY.
  LIGHT RAIN
  FOG
  HAZE


RELATIVE HUMIDITY (PERCENT)
 HIGHEST   100           200 AM
 LOWEST     34           200 PM
 AVERAGE    67

..........................................................


THE MARTINSBURG WV CLIMATE NORMALS FOR TODAY
                         NORMAL    RECORD    YEAR
 MAXIMUM TEMPERATURE (F)   69        90      1965
 MINIMUM TEMPERATURE (F)   46        30      2005


SUNRISE AND SUNSET
MAY  3 2016...........SUNRISE   610 AM EDT   SUNSET   808 PM EDT
MAY  4 2016...........SUNRISE   609 AM EDT   SUNSET   809 PM EDT


-  INDICATES NEGATIVE NUMBERS.
R  INDICATES RECORD WAS SET OR TIED.
MM INDICATES DATA IS MISSING.
T  INDICATES TRACE AMOUNT.




$$
