000
CDUS41 KLWX 050532
CLIMRB


CLIMATE REPORT
NATIONAL WEATHER SERVICE BALTIMORE MD/WASHINGTON DC
130 AM EDT SAT SEP 5 2015


...................................

...THE MARTINSBURG WV CLIMATE SUMMARY FOR SEPTEMBER 4 2015...

CLIMATE NORMAL PERIOD 1981 TO 2010
CLIMATE RECORD PERIOD 1926 TO 2015


WEATHER ITEM   OBSERVED TIME   RECORD YEAR NORMAL DEPARTURE LAST
                VALUE   (LST)  VALUE       VALUE  FROM      YEAR
                                                  NORMAL
..................................................................
TEMPERATURE (F)
 YESTERDAY
  MAXIMUM         93    239 PM  98    1929  81     12       89
  MINIMUM         64    606 AM  45    1934  58      6       64
  AVERAGE         79                        70      9       77

PRECIPITATION (IN)
  YESTERDAY        0.01          0.84 1999   0.11  -0.10     0.00
  MONTH TO DATE    0.01                      0.46  -0.45     0.24
  SINCE SEP 1      0.01                      0.46  -0.45     0.24
  SINCE JAN 1     18.96                     26.70  -7.74    24.71

DEGREE DAYS
 HEATING
  YESTERDAY        0                         1     -1        0
  MONTH TO DATE    0                         4     -4        0
  SINCE SEP 1      0                         4     -4        0
  SINCE JUL 1      0                        11    -11        3

 COOLING
  YESTERDAY       14                         5      9       12
  MONTH TO DATE   53                        22     31       56
  SINCE SEP 1     53                        22     31       56
  SINCE JAN 1   1022                       814    208      884
..................................................................


WIND (MPH)
  HIGHEST WIND SPEED    17   HIGHEST WIND DIRECTION    SE (140)
  HIGHEST GUST SPEED    23   HIGHEST GUST DIRECTION    SE (150)
  AVERAGE WIND SPEED     3.6


SKY COVER
  POSSIBLE SUNSHINE  MM
  AVERAGE SKY COVER 0.1


WEATHER CONDITIONS
 THE FOLLOWING WEATHER WAS RECORDED YESTERDAY.
  LIGHT RAIN
  FOG
  HAZE


RELATIVE HUMIDITY (PERCENT)
 HIGHEST   100           100 AM
 LOWEST     41           100 PM
 AVERAGE    71

..........................................................


THE MARTINSBURG WV CLIMATE NORMALS FOR TODAY
                         NORMAL    RECORD    YEAR
 MAXIMUM TEMPERATURE (F)   81        97      1937
 MINIMUM TEMPERATURE (F)   58        44      1974


SUNRISE AND SUNSET
SEPTEMBER  5 2015.....SUNRISE   644 AM EDT   SUNSET   737 PM EDT
SEPTEMBER  6 2015.....SUNRISE   645 AM EDT   SUNSET   735 PM EDT


-  INDICATES NEGATIVE NUMBERS.
R  INDICATES RECORD WAS SET OR TIED.
MM INDICATES DATA IS MISSING.
T  INDICATES TRACE AMOUNT.




$$
