000
CDUS44 KHUN 260706
CLIMSL


CLIMATE REPORT
NATIONAL WEATHER SERVICE HUNTSVILLE AL
205 AM CDT SUN MAR 26 2017


...................................

...THE MUSCLE SHOALS CLIMATE SUMMARY FOR MARCH 25 2017...

CLIMATE NORMAL PERIOD 1981 TO 2010
CLIMATE RECORD PERIOD 1893 TO 2017


WEATHER ITEM   OBSERVED TIME   RECORD YEAR NORMAL DEPARTURE LAST
                VALUE   (LST)  VALUE       VALUE  FROM      YEAR
                                                  NORMAL
..................................................................
TEMPERATURE (F)
 YESTERDAY
  MAXIMUM         70    937 AM  92    1929  67      3       58
  MINIMUM         59   1159 PM  23    1966  44     15       43
                                      1940
  AVERAGE         65                        56      9       51

PRECIPITATION (IN)
  YESTERDAY        0.14          2.02 1965   0.16  -0.02     0.00
  MONTH TO DATE    3.50                      3.84  -0.34     2.66
  SINCE MAR 1      3.50                      3.84  -0.34     2.66
  SINCE JAN 1     10.74                     13.11  -2.37     9.79

SNOWFALL (IN)
  YESTERDAY        0.0
  MONTH TO DATE    T
  SINCE MAR 1      T
  SINCE JUL 1      T
  SNOW DEPTH       0

DEGREE DAYS
 HEATING
  YESTERDAY        0                        10    -10       14
  MONTH TO DATE  315                       323     -8      206
  SINCE MAR 1    315                       323     -8      206
  SINCE JUL 1   1995                      2858   -863     2207

 COOLING
  YESTERDAY        0                         1     -1        0
  MONTH TO DATE   11                         2      9       21
  SINCE MAR 1     11                         2      9       21
  SINCE JAN 1     19                         3     16       21
..................................................................


WIND (MPH)
  HIGHEST WIND SPEED    25   HIGHEST WIND DIRECTION     S (170)
  HIGHEST GUST SPEED    38   HIGHEST GUST DIRECTION    SE (150)
  AVERAGE WIND SPEED    11.7


SKY COVER
  POSSIBLE SUNSHINE  MM
  AVERAGE SKY COVER 0.5


WEATHER CONDITIONS
 THE FOLLOWING WEATHER WAS RECORDED YESTERDAY.
  THUNDERSTORM
  LIGHT RAIN


RELATIVE HUMIDITY (PERCENT)
 HIGHEST    84           700 PM
 LOWEST     53           900 AM
 AVERAGE    69

..........................................................


THE MUSCLE SHOALS CLIMATE NORMALS FOR TODAY
                         NORMAL    RECORD    YEAR
 MAXIMUM TEMPERATURE (F)   68        87      2007
                                             1908
 MINIMUM TEMPERATURE (F)   44        17      1955


SUNRISE AND SUNSET
MARCH 26 2017.........SUNRISE   645 AM CDT   SUNSET   707 PM CDT
MARCH 27 2017.........SUNRISE   644 AM CDT   SUNSET   708 PM CDT


-  INDICATES NEGATIVE NUMBERS.
R  INDICATES RECORD WAS SET OR TIED.
MM INDICATES DATA IS MISSING.
T  INDICATES TRACE AMOUNT.




$$
