000
CDUS44 KHUN 020704
CLIMSL


CLIMATE REPORT
NATIONAL WEATHER SERVICE HUNTSVILLE AL
204 AM CDT TUE SEP 2 2014


...................................

...THE MUSCLE SHOALS CLIMATE SUMMARY FOR SEPTEMBER 1 2014...

CLIMATE NORMAL PERIOD 1981 TO 2010
CLIMATE RECORD PERIOD 1893 TO 2014


WEATHER ITEM   OBSERVED TIME   RECORD YEAR NORMAL DEPARTURE LAST
                VALUE   (LST)  VALUE       VALUE  FROM      YEAR
                                                  NORMAL
..................................................................
TEMPERATURE (F)
 YESTERDAY
  MAXIMUM         92    141 PM 101    1951  89      3       91
  MINIMUM         71    543 AM  50    1946  67      4       73
  AVERAGE         82                        78      4       82

PRECIPITATION (IN)
  YESTERDAY        0.00          1.76 1928   0.11  -0.11      T
  MONTH TO DATE    0.00                      0.11  -0.11      T
  SINCE SEP 1      0.00                      0.11  -0.11      T
  SINCE JAN 1     33.20                     35.82  -2.62    42.89

SNOWFALL (IN)
  YESTERDAY        0.0
  MONTH TO DATE    0.0
  SINCE SEP 1      0.0
  SINCE JUL 1      0.0
  SNOW DEPTH       0

DEGREE DAYS
 HEATING
  YESTERDAY        0                         0      0        0
  MONTH TO DATE    0                         0      0        0
  SINCE SEP 1      0                         0      0        0
  SINCE JUL 1      0                         0      0        0

 COOLING
  YESTERDAY       17                        13      4       17
  MONTH TO DATE   17                        13      4       17
  SINCE SEP 1     17                        13      4       17
  SINCE JAN 1   1470                      1556    -86     1498
..................................................................


WIND (MPH)
  HIGHEST WIND SPEED    13   HIGHEST WIND DIRECTION    SW (210)
  HIGHEST GUST SPEED    17   HIGHEST GUST DIRECTION    SW (240)
  AVERAGE WIND SPEED     3.7


SKY COVER
  POSSIBLE SUNSHINE  MM
  AVERAGE SKY COVER 0.1


WEATHER CONDITIONS
 THE FOLLOWING WEATHER WAS RECORDED YESTERDAY.
  FOG


RELATIVE HUMIDITY (PERCENT)
 HIGHEST    93          1200 AM
 LOWEST     44           200 PM
 AVERAGE    69

..........................................................


THE MUSCLE SHOALS CLIMATE NORMALS FOR TODAY
                         NORMAL    RECORD    YEAR
 MAXIMUM TEMPERATURE (F)   89       101      1980
 MINIMUM TEMPERATURE (F)   66        48      1919


SUNRISE AND SUNSET
SEPTEMBER  2 2014.....SUNRISE   624 AM CDT   SUNSET   716 PM CDT
SEPTEMBER  3 2014.....SUNRISE   625 AM CDT   SUNSET   714 PM CDT


-  INDICATES NEGATIVE NUMBERS.
R  INDICATES RECORD WAS SET OR TIED.
MM INDICATES DATA IS MISSING.
T  INDICATES TRACE AMOUNT.




$$
