000
CDUS44 KHUN 202126
CLIMSL


CLIMATE REPORT
NATIONAL WEATHER SERVICE HUNTSVILLE AL
425 PM CDT FRI OCT 20 2017


...................................

...THE MUSCLE SHOALS CLIMATE SUMMARY FOR OCTOBER 20 2017...
VALID TODAY AS OF 0400 PM LOCAL TIME.

CLIMATE NORMAL PERIOD 1981 TO 2010
CLIMATE RECORD PERIOD 1893 TO 2017


WEATHER ITEM   OBSERVED TIME   RECORD YEAR NORMAL DEPARTURE LAST
                VALUE   (LST)  VALUE       VALUE  FROM      YEAR
                                                  NORMAL
..................................................................
TEMPERATURE (F)
 TODAY
  MAXIMUM         78    248 PM  89    1908  73      5       87
  MINIMUM         42    500 AM  28    1917  48     -6       60
  AVERAGE         60                        61     -1       74

PRECIPITATION (IN)
  TODAY            0.00          4.16 1918   0.11  -0.11     0.05
  MONTH TO DATE    1.88                      2.11  -0.23     0.08
  SINCE SEP 1      5.39                      5.83  -0.44     0.58
  SINCE JAN 1     39.21                     41.54  -2.33    32.21

SNOWFALL (IN)
  TODAY            0.0
  MONTH TO DATE    0.0
  SINCE SEP 1      0.0
  SINCE JUL 1      0.0
  SNOW DEPTH       0

DEGREE DAYS
 HEATING
  TODAY            5                         6     -1        0
  MONTH TO DATE   32                        75    -43        1
  SINCE SEP 1     44                        90    -46        6
  SINCE JUL 1     44                        90    -46        6

 COOLING
  TODAY            0                         1     -1        9
  MONTH TO DATE   92                        50     42      117
  SINCE SEP 1    319                       309     10      516
  SINCE JAN 1   1944                      1852     92     2319
..................................................................


WIND (MPH)
  HIGHEST WIND SPEED    12   HIGHEST WIND DIRECTION     E (80)
  HIGHEST GUST SPEED    14   HIGHEST GUST DIRECTION     E (80)
  AVERAGE WIND SPEED     2.7


SKY COVER
  POSSIBLE SUNSHINE  MM
  AVERAGE SKY COVER 0.1


WEATHER CONDITIONS
 THE FOLLOWING WEATHER WAS RECORDED TODAY.
  NO SIGNIFICANT WEATHER WAS OBSERVED.


RELATIVE HUMIDITY (PERCENT)
 HIGHEST    96           300 AM
 LOWEST     33           300 PM
 AVERAGE    65

..........................................................


THE MUSCLE SHOALS CLIMATE NORMALS FOR TOMORROW
                         NORMAL    RECORD    YEAR
 MAXIMUM TEMPERATURE (F)   73        89      1963
                                             1924
 MINIMUM TEMPERATURE (F)   48        27      1913


SUNRISE AND SUNSET
OCTOBER 20 2017.......SUNRISE   701 AM CDT   SUNSET   609 PM CDT
OCTOBER 21 2017.......SUNRISE   701 AM CDT   SUNSET   608 PM CDT


-  INDICATES NEGATIVE NUMBERS.
R  INDICATES RECORD WAS SET OR TIED.
MM INDICATES DATA IS MISSING.
T  INDICATES TRACE AMOUNT.




$$
