584
CDUS44 KHUN 242223
CLIMSL


CLIMATE REPORT
NATIONAL WEATHER SERVICE HUNTSVILLE AL
423 PM CST TUE JAN 24 2017


...................................

...THE MUSCLE SHOALS CLIMATE SUMMARY FOR JANUARY 24 2017...
VALID TODAY AS OF 0400 PM LOCAL TIME.

CLIMATE NORMAL PERIOD 1981 TO 2010
CLIMATE RECORD PERIOD 1893 TO 2017


WEATHER ITEM   OBSERVED TIME   RECORD YEAR NORMAL DEPARTURE LAST
                VALUE   (LST)  VALUE       VALUE  FROM      YEAR
                                                  NORMAL
..................................................................
TEMPERATURE (F)
 TODAY
  MAXIMUM         60    333 PM  78    1972  51      9       47
  MINIMUM         34    724 AM  -3    1963  31      3       20
  AVERAGE         47                        41      6       34

PRECIPITATION (IN)
  TODAY            0.00          2.17 2002   0.15  -0.15     0.00
  MONTH TO DATE    4.61                      3.52   1.09     2.82
  SINCE DEC 1      9.95                      9.20   0.75     9.76
  SINCE JAN 1      4.61                      3.52   1.09     2.82

SNOWFALL (IN)
  TODAY            0.0
  MONTH TO DATE    T
  SINCE DEC 1      T
  SINCE JUL 1      T
  SNOW DEPTH       0

DEGREE DAYS
 HEATING
  TODAY           18                        24     -6       31
  MONTH TO DATE  320                       576   -256      636
  SINCE DEC 1    888                      1250   -362      989
  SINCE JUL 1   1216                      1812   -596     1354

 COOLING
  TODAY            0                         0      0        0
  MONTH TO DATE    4                         0      4        0
  SINCE DEC 1      6                         1      5       22
  SINCE JAN 1      4                         0      4        0
..................................................................


WIND (MPH)
  HIGHEST WIND SPEED     7   HIGHEST WIND DIRECTION    SW (230)
  HIGHEST GUST SPEED    10   HIGHEST GUST DIRECTION    NW (320)
  AVERAGE WIND SPEED     2.0


SKY COVER
  POSSIBLE SUNSHINE  MM
  AVERAGE SKY COVER 0.0


WEATHER CONDITIONS
 THE FOLLOWING WEATHER WAS RECORDED TODAY.
  FOG


RELATIVE HUMIDITY (PERCENT)
 HIGHEST    85           200 AM
 LOWEST     37           400 PM
 AVERAGE    61

..........................................................


THE MUSCLE SHOALS CLIMATE NORMALS FOR TOMORROW
                         NORMAL    RECORD    YEAR
 MAXIMUM TEMPERATURE (F)   51        79      1909
 MINIMUM TEMPERATURE (F)   31         3      1905
                                             1894


SUNRISE AND SUNSET
JANUARY 24 2017.......SUNRISE   654 AM CST   SUNSET   512 PM CST
JANUARY 25 2017.......SUNRISE   653 AM CST   SUNSET   513 PM CST


-  INDICATES NEGATIVE NUMBERS.
R  INDICATES RECORD WAS SET OR TIED.
MM INDICATES DATA IS MISSING.
T  INDICATES TRACE AMOUNT.




$$
