000
CDUS44 KHUN 060805
CLIMSL


CLIMATE REPORT
NATIONAL WEATHER SERVICE HUNTSVILLE AL
205 AM CST FRI MAR 6 2015


...................................

...THE MUSCLE SHOALS CLIMATE SUMMARY FOR MARCH 5 2015...

CLIMATE NORMAL PERIOD 1981 TO 2010
CLIMATE RECORD PERIOD 1893 TO 2015


WEATHER ITEM   OBSERVED TIME   RECORD YEAR NORMAL DEPARTURE LAST
                VALUE   (LST)  VALUE       VALUE  FROM      YEAR
                                                  NORMAL
..................................................................
TEMPERATURE (F)
 YESTERDAY
  MAXIMUM         34    121 AM  86    1908  61    -27       58
  MINIMUM         22   1159 PM  11    1960  40    -18       31
  AVERAGE         28                        50    -22       45

PRECIPITATION (IN)
  YESTERDAY        0.65          3.92 1983   0.15   0.50     0.00
  MONTH TO DATE    2.06                      0.79   1.27     0.92
  SINCE MAR 1      2.06                      0.79   1.27     0.92
  SINCE JAN 1      9.34                     10.06  -0.72     6.61

SNOWFALL (IN)
  YESTERDAY       MM
  MONTH TO DATE    0.0
  SINCE MAR 1      0.0
  SINCE JUL 1      3.5
  SNOW DEPTH       0

DEGREE DAYS
 HEATING
  YESTERDAY       37                        15     22       20
  MONTH TO DATE   92                        78     14      103
  SINCE MAR 1     92                        78     14      103
  SINCE JUL 1   2863                      2613    250     2874

 COOLING
  YESTERDAY        0                         0      0        0
  MONTH TO DATE    0                         0      0        0
  SINCE MAR 1      0                         0      0        0
  SINCE JAN 1      0                         1     -1        0
..................................................................


WIND (MPH)
  HIGHEST WIND SPEED    17   HIGHEST WIND DIRECTION     N (340)
  HIGHEST GUST SPEED    23   HIGHEST GUST DIRECTION     N (350)
  AVERAGE WIND SPEED     9.7


SKY COVER
  POSSIBLE SUNSHINE  MM
  AVERAGE SKY COVER 0.7


WEATHER CONDITIONS
 THE FOLLOWING WEATHER WAS RECORDED YESTERDAY.
  HEAVY RAIN
  RAIN
  FREEZING RAIN
  LT FREEZING RAIN
  LIGHT SNOW
  FOG
  HAZE


RELATIVE HUMIDITY (PERCENT)
 HIGHEST    89          1200 AM
 LOWEST     57           800 PM
 AVERAGE    73

..........................................................


THE MUSCLE SHOALS CLIMATE NORMALS FOR TODAY
                         NORMAL    RECORD    YEAR
 MAXIMUM TEMPERATURE (F)   61        82      1910
 MINIMUM TEMPERATURE (F)   40        14      1917


SUNRISE AND SUNSET
MARCH  6 2015.........SUNRISE   614 AM CST   SUNSET   550 PM CST
MARCH  7 2015.........SUNRISE   612 AM CST   SUNSET   551 PM CST


-  INDICATES NEGATIVE NUMBERS.
R  INDICATES RECORD WAS SET OR TIED.
MM INDICATES DATA IS MISSING.
T  INDICATES TRACE AMOUNT.




$$
