000
CDUS44 KHUN 272225
CLIMSL


CLIMATE REPORT
NATIONAL WEATHER SERVICE HUNTSVILLE AL
424 PM CST SAT DEC 27 2014


...................................

...THE MUSCLE SHOALS CLIMATE SUMMARY FOR DECEMBER 27 2014...
VALID TODAY AS OF 0400 PM LOCAL TIME.

CLIMATE NORMAL PERIOD 1981 TO 2010
CLIMATE RECORD PERIOD 1893 TO 2014


WEATHER ITEM   OBSERVED TIME   RECORD YEAR NORMAL DEPARTURE LAST
                VALUE   (LST)  VALUE       VALUE  FROM      YEAR
                                                  NORMAL
..................................................................
TEMPERATURE (F)
 TODAY
  MAXIMUM         55    359 PM  75    2008  51      4       56
                                      1911
  MINIMUM         44   1212 AM  10    1935  32     12       24
                                      1902
  AVERAGE         50                        41      9       40

PRECIPITATION (IN)
  TODAY            0.25          2.36 1942   0.15   0.10     0.00
  MONTH TO DATE    4.25                      5.08  -0.83     4.16
  SINCE DEC 1      4.25                      5.08  -0.83     4.16
  SINCE JAN 1     51.39                     52.60  -1.21    54.61

SNOWFALL (IN)
  TODAY            0.0
  MONTH TO DATE    0.0
  SINCE DEC 1      0.0
  SINCE JUL 1      T
  SNOW DEPTH       0

DEGREE DAYS
 HEATING
  TODAY           15                        24     -9       25
  MONTH TO DATE  472                       578   -106      547
  SINCE DEC 1    472                       578   -106      547
  SINCE JUL 1   1124                      1140    -16     1164

 COOLING
  TODAY            0                         0      0        0
  MONTH TO DATE    0                         0      0        8
  SINCE DEC 1      0                         0      0        8
  SINCE JAN 1   1861                      1871    -10     1903
..................................................................


WIND (MPH)
  HIGHEST WIND SPEED    14   HIGHEST WIND DIRECTION    SE (150)
  HIGHEST GUST SPEED    18   HIGHEST GUST DIRECTION    SE (140)
  AVERAGE WIND SPEED     4.7


SKY COVER
  POSSIBLE SUNSHINE  MM
  AVERAGE SKY COVER 1.0


WEATHER CONDITIONS
 THE FOLLOWING WEATHER WAS RECORDED TODAY.
  HEAVY RAIN
  RAIN
  LIGHT RAIN
  FOG


RELATIVE HUMIDITY (PERCENT)
 HIGHEST    93          1200 PM
 LOWEST     71           400 AM
 AVERAGE    82

..........................................................


THE MUSCLE SHOALS CLIMATE NORMALS FOR TOMORROW
                         NORMAL    RECORD    YEAR
 MAXIMUM TEMPERATURE (F)   51        75      1907
 MINIMUM TEMPERATURE (F)   32         5      1925


SUNRISE AND SUNSET
DECEMBER 27 2014......SUNRISE   656 AM CST   SUNSET   447 PM CST
DECEMBER 28 2014......SUNRISE   657 AM CST   SUNSET   447 PM CST


-  INDICATES NEGATIVE NUMBERS.
R  INDICATES RECORD WAS SET OR TIED.
MM INDICATES DATA IS MISSING.
T  INDICATES TRACE AMOUNT.




$$
