000
CDUS44 KHUN 280702
CLIMSL


CLIMATE REPORT
NATIONAL WEATHER SERVICE HUNTSVILLE AL
201 AM CDT FRI APR 28 2017


...................................

...THE MUSCLE SHOALS CLIMATE SUMMARY FOR APRIL 27 2017...

CLIMATE NORMAL PERIOD 1981 TO 2010
CLIMATE RECORD PERIOD 1893 TO 2017


WEATHER ITEM   OBSERVED TIME   RECORD YEAR NORMAL DEPARTURE LAST
                VALUE   (LST)  VALUE       VALUE  FROM      YEAR
                                                  NORMAL
..................................................................
TEMPERATURE (F)
 YESTERDAY
  MAXIMUM         71    501 PM  94    1925  76     -5       82
  MINIMUM         54   1054 PM  30    1919  53      1       64
  AVERAGE         63                        65     -2       73

PRECIPITATION (IN)
  YESTERDAY        0.33          2.92 2011   0.15   0.18     0.35
  MONTH TO DATE    3.22                      3.92  -0.70     2.82
  SINCE MAR 1      8.22                      8.68  -0.46     7.34
  SINCE JAN 1     15.46                     17.95  -2.49    14.47

SNOWFALL (IN)
  YESTERDAY        0.0
  MONTH TO DATE    0.0
  SINCE MAR 1      T
  SINCE JUL 1      T
  SNOW DEPTH       0

DEGREE DAYS
 HEATING
  YESTERDAY        2                         3     -1        0
  MONTH TO DATE   60                       153    -93       97
  SINCE MAR 1    380                       531   -151      333
  SINCE JUL 1   2060                      3066  -1006     2334

 COOLING
  YESTERDAY        0                         3     -3        8
  MONTH TO DATE   86                        43     43       42
  SINCE MAR 1    111                        55     56       66
  SINCE JAN 1    119                        56     63       66
..................................................................


WIND (MPH)
  HIGHEST WIND SPEED    17   HIGHEST WIND DIRECTION     W (280)
  HIGHEST GUST SPEED    23   HIGHEST GUST DIRECTION     W (280)
  AVERAGE WIND SPEED     6.7


SKY COVER
  POSSIBLE SUNSHINE  MM
  AVERAGE SKY COVER 0.4


WEATHER CONDITIONS
 THE FOLLOWING WEATHER WAS RECORDED YESTERDAY.
  THUNDERSTORM
  HEAVY RAIN
  RAIN
  LIGHT RAIN
  FOG


RELATIVE HUMIDITY (PERCENT)
 HIGHEST    93          1100 PM
 LOWEST     51           500 PM
 AVERAGE    72

..........................................................


THE MUSCLE SHOALS CLIMATE NORMALS FOR TODAY
                         NORMAL    RECORD    YEAR
 MAXIMUM TEMPERATURE (F)   77        90      1925
                                             1917
                                             1915
 MINIMUM TEMPERATURE (F)   53        35      1920
                                             1913


SUNRISE AND SUNSET
APRIL 28 2017.........SUNRISE   603 AM CDT   SUNSET   733 PM CDT
APRIL 29 2017.........SUNRISE   602 AM CDT   SUNSET   734 PM CDT


-  INDICATES NEGATIVE NUMBERS.
R  INDICATES RECORD WAS SET OR TIED.
MM INDICATES DATA IS MISSING.
T  INDICATES TRACE AMOUNT.




$$
