000
CDUS43 KMKX 050715
CLIMSN


CLIMATE REPORT
NATIONAL WEATHER SERVICE IN MILWAUKEE
215 AM CDT THU MAY 5 2016


...................................

...THE MADISON WI CLIMATE SUMMARY FOR MAY 4 2016...

CLIMATE NORMAL PERIOD 1981 TO 2010
CLIMATE RECORD PERIOD 1871 TO 2016


WEATHER ITEM   OBSERVED TIME   RECORD YEAR NORMAL DEPARTURE LAST
                VALUE   (LST)  VALUE       VALUE  FROM      YEAR
                                                  NORMAL
..................................................................
TEMPERATURE (F)
 YESTERDAY
  MAXIMUM         60    519 PM  90    1952  65     -5       75
  MINIMUM         40   1152 PM  26    1966  42     -2       56
  AVERAGE         50                        54     -4       66

PRECIPITATION (IN)
  YESTERDAY        0.00          0.99 1913   0.11  -0.11     0.19
  MONTH TO DATE    0.07                      0.43  -0.36     0.39
  SINCE MAR 1      6.14                      6.03   0.11     5.53
  SINCE JAN 1      7.64                      8.71  -1.07     6.73

SNOWFALL (IN)
  YESTERDAY        0.0           T    1967   0.1   -0.1      0.0
  MONTH TO DATE    0.0                       0.1   -0.1      0.0
  SINCE MAR 1      8.2                       9.7   -1.5      4.2
  SINCE JUL 1     32.7                      50.8  -18.1     33.7
  SNOW DEPTH       0

DEGREE DAYS
 HEATING
  YESTERDAY       15                        12      3        0
  MONTH TO DATE   56                        49      7       14
  SINCE MAR 1   1394                      1570   -176     1443
  SINCE JUL 1   5994                      7056  -1062     7154

 COOLING
  YESTERDAY        0                         0      0        1
  MONTH TO DATE    0                         0      0        3
  SINCE MAR 1      0                         4     -4        3
  SINCE JAN 1      0                         4     -4        3
..................................................................


WIND (MPH)
  HIGHEST WIND SPEED    24   HIGHEST WIND DIRECTION     N (10)
  HIGHEST GUST SPEED    30   HIGHEST GUST DIRECTION     N (20)
  AVERAGE WIND SPEED    12.6


SKY COVER
  POSSIBLE SUNSHINE  MM
  AVERAGE SKY COVER 0.5


WEATHER CONDITIONS
 THE FOLLOWING WEATHER WAS RECORDED YESTERDAY.
  FOG


RELATIVE HUMIDITY (PERCENT)
 HIGHEST    93          1200 AM
 LOWEST     33           400 PM
 AVERAGE    63

..........................................................


THE MADISON WI CLIMATE NORMALS FOR TODAY
                         NORMAL    RECORD    YEAR
 MAXIMUM TEMPERATURE (F)   65        90      1949
 MINIMUM TEMPERATURE (F)   43        29      1992
                                             1958


SUNRISE AND SUNSET
MAY  5 2016...........SUNRISE   545 AM CDT   SUNSET   804 PM CDT
MAY  6 2016...........SUNRISE   544 AM CDT   SUNSET   805 PM CDT


-  INDICATES NEGATIVE NUMBERS.
R  INDICATES RECORD WAS SET OR TIED.
MM INDICATES DATA IS MISSING.
T  INDICATES TRACE AMOUNT.




$$
