000
CDUS43 KMKX 230641
CLIMSN


CLIMATE REPORT
NATIONAL WEATHER SERVICE IN MILWAUKEE
140 AM CDT THU OCT 23 2014


...................................

...THE MADISON WI CLIMATE SUMMARY FOR OCTOBER 22 2014...

CLIMATE NORMAL PERIOD 1981 TO 2010
CLIMATE RECORD PERIOD 1871 TO 2014


WEATHER ITEM   OBSERVED TIME   RECORD YEAR NORMAL DEPARTURE LAST
                VALUE   (LST)  VALUE       VALUE  FROM      YEAR
                                                  NORMAL
..................................................................
TEMPERATURE (F)
 YESTERDAY
  MAXIMUM         59    328 PM  81    1947  57      2       47
  MINIMUM         27    456 AM  17    1982  37    -10       27
  AVERAGE         43                        47     -4       37

PRECIPITATION (IN)
  YESTERDAY        0.00          1.86 2001   0.07  -0.07     0.00
  MONTH TO DATE    2.88                      1.68   1.20     1.31
  SINCE SEP 1      4.72                      4.81  -0.09     4.50
  SINCE JAN 1     32.53                     29.63   2.90    40.98

SNOWFALL (IN)
  YESTERDAY        0.0           1.3  1917   0.0    0.0      0.0
  MONTH TO DATE    T                         0.2   -0.2      0.0
  SINCE SEP 1      T                         0.2   -0.2      0.0
  SINCE JUL 1      T                         0.2   -0.2      0.0
  SNOW DEPTH       0

DEGREE DAYS
 HEATING
  YESTERDAY       22                        18      4       28
  MONTH TO DATE  317                       325     -8      262
  SINCE SEP 1    483                       496    -13      389
  SINCE JUL 1    500                       533    -33      419

 COOLING
  YESTERDAY        0                         0      0        0
  MONTH TO DATE    0                         0      0        2
  SINCE SEP 1     44                        51     -7       96
  SINCE JAN 1    620                       564     56      709
..................................................................


WIND (MPH)
  HIGHEST WIND SPEED    14   HIGHEST WIND DIRECTION     S (180)
  HIGHEST GUST SPEED    25   HIGHEST GUST DIRECTION     S (160)
  AVERAGE WIND SPEED     4.9


SKY COVER
  POSSIBLE SUNSHINE  MM
  AVERAGE SKY COVER 0.2


WEATHER CONDITIONS
 THE FOLLOWING WEATHER WAS RECORDED YESTERDAY.
  FOG
  FOG W/VISIBILITY <= 1/4 MILE


RELATIVE HUMIDITY (PERCENT)
 HIGHEST   100           200 AM
 LOWEST     43           200 PM
 AVERAGE    72

..........................................................


THE MADISON WI CLIMATE NORMALS FOR TODAY
                         NORMAL    RECORD    YEAR
 MAXIMUM TEMPERATURE (F)   56        81      1963
 MINIMUM TEMPERATURE (F)   37        15      1969


SUNRISE AND SUNSET
OCTOBER 23 2014.......SUNRISE   721 AM CDT   SUNSET   602 PM CDT
OCTOBER 24 2014.......SUNRISE   722 AM CDT   SUNSET   600 PM CDT


-  INDICATES NEGATIVE NUMBERS.
R  INDICATES RECORD WAS SET OR TIED.
MM INDICATES DATA IS MISSING.
T  INDICATES TRACE AMOUNT.




$$
