000
CDUS43 KMKX 280650
CLIMSN


CLIMATE REPORT
NATIONAL WEATHER SERVICE IN MILWAUKEE
1250 AM CST SUN DEC 28 2014


...................................

...THE MADISON WI CLIMATE SUMMARY FOR DECEMBER 27 2014...

CLIMATE NORMAL PERIOD 1981 TO 2010
CLIMATE RECORD PERIOD 1871 TO 2014


WEATHER ITEM   OBSERVED TIME   RECORD YEAR NORMAL DEPARTURE LAST
                VALUE   (LST)  VALUE       VALUE  FROM      YEAR
                                                  NORMAL
..................................................................
TEMPERATURE (F)
 YESTERDAY
  MAXIMUM         46    735 AM  50    2003  27     19       37
                                      1946
                                      1936
  MINIMUM         24   1159 PM -26    1886  13     11        9
  AVERAGE         35                        20     15       23

PRECIPITATION (IN)
  YESTERDAY        0.06          2.54 1904   0.04   0.02     0.00
  MONTH TO DATE    1.03                      1.57  -0.54     1.48
  SINCE DEC 1      1.03                      1.57  -0.54     1.48
  SINCE JAN 1     35.31                     34.31   1.00    45.24

SNOWFALL (IN)
  YESTERDAY        0.0           7.0  1904   0.4   -0.4      0.0
  MONTH TO DATE    0.1                      11.8  -11.7     19.9
  SINCE DEC 1      0.1                      11.8  -11.7     19.9
  SINCE JUL 1      8.6                      15.9   -7.3     23.4
  SNOW DEPTH       0

DEGREE DAYS
 HEATING
  YESTERDAY       30                        45    -15       42
  MONTH TO DATE  927                      1120   -193     1251
  SINCE DEC 1    927                      1120   -193     1251
  SINCE JUL 1   2611                      2699    -88     2770

 COOLING
  YESTERDAY        0                         0      0        0
  MONTH TO DATE    0                         0      0        0
  SINCE DEC 1      0                         0      0        0
  SINCE JAN 1    620                       568     52      709
..................................................................


WIND (MPH)
  HIGHEST WIND SPEED    17   HIGHEST WIND DIRECTION     W (290)
  HIGHEST GUST SPEED    27   HIGHEST GUST DIRECTION    NW (300)
  AVERAGE WIND SPEED     6.8


SKY COVER
  POSSIBLE SUNSHINE  MM
  AVERAGE SKY COVER 1.0


WEATHER CONDITIONS
 THE FOLLOWING WEATHER WAS RECORDED YESTERDAY.
  LIGHT RAIN
  FOG


RELATIVE HUMIDITY (PERCENT)
 HIGHEST    96           100 AM
 LOWEST     72           800 PM
 AVERAGE    84

..........................................................


THE MADISON WI CLIMATE NORMALS FOR TODAY
                         NORMAL    RECORD    YEAR
 MAXIMUM TEMPERATURE (F)   27        62      1984
 MINIMUM TEMPERATURE (F)   13       -21      1924


SUNRISE AND SUNSET
DECEMBER 28 2014......SUNRISE   728 AM CST   SUNSET   430 PM CST
DECEMBER 29 2014......SUNRISE   729 AM CST   SUNSET   430 PM CST


-  INDICATES NEGATIVE NUMBERS.
R  INDICATES RECORD WAS SET OR TIED.
MM INDICATES DATA IS MISSING.
T  INDICATES TRACE AMOUNT.




$$
