000
CDUS43 KMKX 030049
CLIMSN


CLIMATE REPORT
NATIONAL WEATHER SERVICE IN MILWAUKEE
748 PM CDT TUE SEP 2 2014


...................................

...THE MADISON WI CLIMATE SUMMARY FOR SEPTEMBER 2 2014...
VALID TODAY AS OF 0700 PM LOCAL TIME.

CLIMATE NORMAL PERIOD 1981 TO 2010
CLIMATE RECORD PERIOD 1871 TO 2014


WEATHER ITEM   OBSERVED TIME   RECORD YEAR NORMAL DEPARTURE LAST
                VALUE   (LST)  VALUE       VALUE  FROM      YEAR
                                                  NORMAL
..................................................................
TEMPERATURE (F)
 TODAY
  MAXIMUM         79    400 PM  98    1953  77      2       72
  MINIMUM         56    523 AM  37    1976  56      0       50
  AVERAGE         68                        66      2       61

PRECIPITATION (IN)
  TODAY            0.00          1.43 1887   0.11  -0.11     0.00
  MONTH TO DATE    0.07                      0.23  -0.16     0.00
  SINCE SEP 1      0.07                      0.23  -0.16     0.00
  SINCE JAN 1     27.88                     25.05   2.83    36.48

SNOWFALL (IN)
  TODAY            0.0           0.0    MM   0.0    0.0      0.0
  MONTH TO DATE    0.0                       0.0    0.0      0.0
  SINCE SEP 1      0.0                       0.0    0.0      0.0
  SINCE JUL 1      0.0                       0.0    0.0      0.0
  SNOW DEPTH       0

DEGREE DAYS
 HEATING
  TODAY            0                         2     -2        4
  MONTH TO DATE    0                         4     -4        4
  SINCE SEP 1      0                         4     -4        4
  SINCE JUL 1     17                        41    -24       34

 COOLING
  TODAY            3                         3      0        0
  MONTH TO DATE    9                         6      3        8
  SINCE SEP 1      9                         6      3        8
  SINCE JAN 1    585                       519     66      621
..................................................................


WIND (MPH)
  HIGHEST WIND SPEED    10   HIGHEST WIND DIRECTION    NW (310)
  HIGHEST GUST SPEED    20   HIGHEST GUST DIRECTION    NW (310)
  AVERAGE WIND SPEED     2.7


SKY COVER
  POSSIBLE SUNSHINE  MM
  AVERAGE SKY COVER 0.4


WEATHER CONDITIONS
 THE FOLLOWING WEATHER WAS RECORDED TODAY.
  FOG


RELATIVE HUMIDITY (PERCENT)
 HIGHEST   100           400 AM
 LOWEST     45           300 PM
 AVERAGE    73

..........................................................


THE MADISON WI CLIMATE NORMALS FOR TOMORROW
                         NORMAL    RECORD    YEAR
 MAXIMUM TEMPERATURE (F)   77        92      1960
                                             1939
 MINIMUM TEMPERATURE (F)   55        38      1974


SUNRISE AND SUNSET
SEPTEMBER  2 2014.....SUNRISE   623 AM CDT   SUNSET   730 PM CDT
SEPTEMBER  3 2014.....SUNRISE   624 AM CDT   SUNSET   729 PM CDT


-  INDICATES NEGATIVE NUMBERS.
R  INDICATES RECORD WAS SET OR TIED.
MM INDICATES DATA IS MISSING.
T  INDICATES TRACE AMOUNT.




$$
