068
CDUS43 KMKX 250701
CLIMSN


CLIMATE REPORT
NATIONAL WEATHER SERVICE IN MILWAUKEE
200 AM CDT SAT MAR 25 2017


...................................

...THE MADISON WI CLIMATE SUMMARY FOR MARCH 24 2017...

CLIMATE NORMAL PERIOD 1981 TO 2010
CLIMATE RECORD PERIOD 1871 TO 2017


WEATHER ITEM   OBSERVED TIME   RECORD YEAR NORMAL DEPARTURE LAST
                VALUE   (LST)  VALUE       VALUE  FROM      YEAR
                                                  NORMAL
..................................................................
TEMPERATURE (F)
 YESTERDAY
  MAXIMUM         61    105 PM  76    1939  47     14       32
  MINIMUM         37   1159 PM  -6    1888  28      9       21
  AVERAGE         49                        37     12       27

PRECIPITATION (IN)
  YESTERDAY        T             2.28 2009   0.08  -0.08     0.46
  MONTH TO DATE    1.76                      1.58   0.18     2.94
  SINCE MAR 1      1.76                      1.58   0.18     2.94
  SINCE JAN 1      6.46                      4.26   2.20     4.44

SNOWFALL (IN)
  YESTERDAY        0.0           5.7  1937   0.2   -0.2      0.5
  MONTH TO DATE    8.3                       5.8    2.5      4.0
  SINCE MAR 1      8.3                       5.8    2.5      4.0
  SINCE JUL 1     44.0                      46.9   -2.9     28.5
  SNOW DEPTH       0

DEGREE DAYS
 HEATING
  YESTERDAY       16                        28    -12       38
  MONTH TO DATE  782                       779      3      613
  SINCE MAR 1    782                       779      3      613
  SINCE JUL 1   5294                      6265   -971     5213

 COOLING
  YESTERDAY        0                         0      0        0
  MONTH TO DATE    0                         0      0        0
  SINCE MAR 1      0                         0      0        0
  SINCE JAN 1      0                         0      0        0
..................................................................


WIND (MPH)
  HIGHEST WIND SPEED    21   HIGHEST WIND DIRECTION     N (20)
  HIGHEST GUST SPEED    25   HIGHEST GUST DIRECTION    NE (50)
  AVERAGE WIND SPEED     9.7


SKY COVER
  POSSIBLE SUNSHINE  MM
  AVERAGE SKY COVER 0.8


WEATHER CONDITIONS
 THE FOLLOWING WEATHER WAS RECORDED YESTERDAY.
  LIGHT RAIN
  FOG
  HAZE


RELATIVE HUMIDITY (PERCENT)
 HIGHEST    93           700 AM
 LOWEST     64          1100 AM
 AVERAGE    79

..........................................................


THE MADISON WI CLIMATE NORMALS FOR TODAY
                         NORMAL    RECORD    YEAR
 MAXIMUM TEMPERATURE (F)   47        77      2007
 MINIMUM TEMPERATURE (F)   28        -4      1960


SUNRISE AND SUNSET
MARCH 25 2017.........SUNRISE   651 AM CDT   SUNSET   716 PM CDT
MARCH 26 2017.........SUNRISE   649 AM CDT   SUNSET   717 PM CDT


-  INDICATES NEGATIVE NUMBERS.
R  INDICATES RECORD WAS SET OR TIED.
MM INDICATES DATA IS MISSING.
T  INDICATES TRACE AMOUNT.




$$
