000
CDUS45 KMSO 270739
CLIMSO


CLIMATE REPORT
NATIONAL WEATHER SERVICE MISSOULA, MT
1238 AM MST FRI FEB 27 2015


...................................

...THE MISSOULA MT CLIMATE SUMMARY FOR FEBRUARY 26 2015...

CLIMATE NORMAL PERIOD 1981 TO 2010
CLIMATE RECORD PERIOD 1893 TO 2015


WEATHER ITEM   OBSERVED TIME   RECORD YEAR NORMAL DEPARTURE LAST
                VALUE   (LST)  VALUE       VALUE  FROM      YEAR
                                                  NORMAL
..................................................................
TEMPERATURE (F)
 YESTERDAY
  MAXIMUM         38    420 PM  60    1896  43     -5       21
  MINIMUM         24    819 AM -10    1962  23      1       -2
  AVERAGE         31                        33     -2       10

PRECIPITATION (IN)
  YESTERDAY        0.00          0.52 1976   0.03  -0.03      T
  MONTH TO DATE    1.01                      0.65   0.36     1.77
  SINCE OCT 1      7.54                      4.43   3.11     4.36
  SINCE JAN 1      2.23                      1.50   0.73     2.65

SNOWFALL (IN)
  YESTERDAY        0.0
  MONTH TO DATE    3.3
  SINCE JAN 1     12.7
  SINCE JUL 1     33.3
  SNOW DEPTH       0

DEGREE DAYS
 HEATING
  YESTERDAY       34                        32      2       55
  MONTH TO DATE  774                       916   -142     1154
  SINCE DEC 1   3164                      3409   -245     3558
  SINCE JUL 1   4920                      5305   -385     5413

 COOLING
  YESTERDAY        0                         0      0        0
  MONTH TO DATE    0                         0      0        0
  SINCE DEC 1      0                         0      0        0
  SINCE JAN 1      0                         0      0        0
..................................................................


WIND (MPH)
  HIGHEST WIND SPEED    24   HIGHEST WIND DIRECTION     E (110)
  HIGHEST GUST SPEED    27   HIGHEST GUST DIRECTION     E (110)
  AVERAGE WIND SPEED    14.6


SKY COVER
  POSSIBLE SUNSHINE  MM
  AVERAGE SKY COVER 0.4


WEATHER CONDITIONS
 THE FOLLOWING WEATHER WAS RECORDED YESTERDAY.
  LIGHT SNOW


RELATIVE HUMIDITY (PERCENT)
 HIGHEST    69           300 AM
 LOWEST     40           400 PM
 AVERAGE    55

..........................................................


THE MISSOULA MT CLIMATE NORMALS FOR TODAY
                         NORMAL    RECORD    YEAR
 MAXIMUM TEMPERATURE (F)   43        64      1932
 MINIMUM TEMPERATURE (F)   23        -8      1993
                                             1962


SUNRISE AND SUNSET
FEBRUARY 27 2015......SUNRISE   720 AM MST   SUNSET   619 PM MST
FEBRUARY 28 2015......SUNRISE   718 AM MST   SUNSET   620 PM MST


-  INDICATES NEGATIVE NUMBERS.
R  INDICATES RECORD WAS SET OR TIED.
MM INDICATES DATA IS MISSING.
T  INDICATES TRACE AMOUNT.




$$
