000
CDUS45 KMSO 282332
CLIMSO


CLIMATE REPORT
NATIONAL WEATHER SERVICE MISSOULA, MT
432 PM MST FRI NOV 28 2014


...................................

...THE MISSOULA MT CLIMATE SUMMARY FOR NOVEMBER 28 2014...
VALID TODAY AS OF 0400 PM LOCAL TIME.

CLIMATE NORMAL PERIOD 1981 TO 2010
CLIMATE RECORD PERIOD 1893 TO 2014


WEATHER ITEM   OBSERVED TIME   RECORD YEAR NORMAL DEPARTURE LAST
                VALUE   (LST)  VALUE       VALUE  FROM      YEAR
                                                  NORMAL
..................................................................
TEMPERATURE (F)
 TODAY
  MAXIMUM         51    243 PM  52    1973  35     16       34
                                      1929
  MINIMUM         42    906 AM -10    1896  21     21       13
  AVERAGE         47                        28     19       24

PRECIPITATION (IN)
  TODAY            T             0.46 1995   0.04  -0.04      T
  MONTH TO DATE    2.63                      0.94   1.69     0.51
  SINCE OCT 1      3.79                      1.82   1.97     0.57
  SINCE JAN 1     14.09                     13.02   1.07     8.30

SNOWFALL (IN)
  TODAY            0.0
  MONTH TO DATE    5.3
  SINCE JAN 1     57.2
  SINCE JUL 1      5.3
  SNOW DEPTH       0

DEGREE DAYS
 HEATING
  TODAY           18                        37    -19       41
  MONTH TO DATE  975                       879     96      872
  SINCE SEP 1   1627                      1737   -110     1775
  SINCE JUL 1   1669                      1821   -152     1783

 COOLING
  TODAY            0                         0      0        0
  MONTH TO DATE    0                         0      0        0
  SINCE SEP 1     12                        15     -3       87
  SINCE JAN 1    390                       332     58      579
..................................................................


WIND (MPH)
  HIGHEST WIND SPEED    17   HIGHEST WIND DIRECTION    SE (150)
  HIGHEST GUST SPEED    21   HIGHEST GUST DIRECTION    SE (150)
  AVERAGE WIND SPEED     6.8


SKY COVER
  POSSIBLE SUNSHINE  MM
  AVERAGE SKY COVER 0.9


WEATHER CONDITIONS
 THE FOLLOWING WEATHER WAS RECORDED TODAY.
  LIGHT RAIN


RELATIVE HUMIDITY (PERCENT)
 HIGHEST    89           900 AM
 LOWEST     56           300 PM
 AVERAGE    73

..........................................................


THE MISSOULA MT CLIMATE NORMALS FOR TOMORROW
                         NORMAL    RECORD    YEAR
 MAXIMUM TEMPERATURE (F)   35        54      1907
 MINIMUM TEMPERATURE (F)   21       -10      1896


SUNRISE AND SUNSET
NOVEMBER 28 2014......SUNRISE   757 AM MST   SUNSET   451 PM MST
NOVEMBER 29 2014......SUNRISE   759 AM MST   SUNSET   450 PM MST


-  INDICATES NEGATIVE NUMBERS.
R  INDICATES RECORD WAS SET OR TIED.
MM INDICATES DATA IS MISSING.
T  INDICATES TRACE AMOUNT.




$$
