000
CDUS45 KMSO 230757
CLIMSO


CLIMATE REPORT
NATIONAL WEATHER SERVICE MISSOULA, MT
1257 AM MST SUN NOV 23 2014


...................................

...THE MISSOULA MT CLIMATE SUMMARY FOR NOVEMBER 22 2014...

CLIMATE NORMAL PERIOD 1981 TO 2010
CLIMATE RECORD PERIOD 1893 TO 2014


WEATHER ITEM   OBSERVED TIME   RECORD YEAR NORMAL DEPARTURE LAST
                VALUE   (LST)  VALUE       VALUE  FROM      YEAR
                                                  NORMAL
..................................................................
TEMPERATURE (F)
 YESTERDAY
  MAXIMUM         44   1258 PM  65    1904  38      6       31
  MINIMUM         32    912 PM  -6    1931  23      9        9
                                      1900
  AVERAGE         38                        30      8       20

PRECIPITATION (IN)
  YESTERDAY        0.09          0.31 1953   0.03   0.06     0.00
  MONTH TO DATE    1.89                      0.73   1.16     0.51
  SINCE OCT 1      3.05                      1.61   1.44     0.57
  SINCE JAN 1     13.35                     12.81   0.54     8.30

SNOWFALL (IN)
  YESTERDAY        T
  MONTH TO DATE    4.1
  SINCE JAN 1     56.0
  SINCE JUL 1      4.1
  SNOW DEPTH       0

DEGREE DAYS
 HEATING
  YESTERDAY       27                        35     -8       45
  MONTH TO DATE  813                       663    150      634
  SINCE SEP 1   1465                      1521    -56     1537
  SINCE JUL 1   1507                      1605    -98     1545

 COOLING
  YESTERDAY        0                         0      0        0
  MONTH TO DATE    0                         0      0        0
  SINCE SEP 1     12                        15     -3       87
  SINCE JAN 1    390                       332     58      579
..................................................................


WIND (MPH)
  HIGHEST WIND SPEED    22   HIGHEST WIND DIRECTION     W (280)
  HIGHEST GUST SPEED    30   HIGHEST GUST DIRECTION     W (280)
  AVERAGE WIND SPEED     8.2


SKY COVER
  POSSIBLE SUNSHINE  MM
  AVERAGE SKY COVER 0.7


WEATHER CONDITIONS
 THE FOLLOWING WEATHER WAS RECORDED YESTERDAY.
  LIGHT RAIN


RELATIVE HUMIDITY (PERCENT)
 HIGHEST   100           400 AM
 LOWEST     53           100 PM
 AVERAGE    77

..........................................................


THE MISSOULA MT CLIMATE NORMALS FOR TODAY
                         NORMAL    RECORD    YEAR
 MAXIMUM TEMPERATURE (F)   37        59      1954
                                             1933
 MINIMUM TEMPERATURE (F)   23        -8      1985
                                             1931


SUNRISE AND SUNSET
NOVEMBER 23 2014......SUNRISE   751 AM MST   SUNSET   454 PM MST
NOVEMBER 24 2014......SUNRISE   752 AM MST   SUNSET   454 PM MST


-  INDICATES NEGATIVE NUMBERS.
R  INDICATES RECORD WAS SET OR TIED.
MM INDICATES DATA IS MISSING.
T  INDICATES TRACE AMOUNT.




$$
