000
CDUS45 KMSO 262240
CLIMSO


CLIMATE REPORT
NATIONAL WEATHER SERVICE MISSOULA, MT
440 PM MDT FRI AUG 26 2016


...................................

...THE MISSOULA MT CLIMATE SUMMARY FOR AUGUST 26 2016...
VALID TODAY AS OF 0400 PM LOCAL TIME.

CLIMATE NORMAL PERIOD 1981 TO 2010
CLIMATE RECORD PERIOD 1893 TO 2016


WEATHER ITEM   OBSERVED TIME   RECORD YEAR NORMAL DEPARTURE LAST
                VALUE   (LST)  VALUE       VALUE  FROM      YEAR
                                                  NORMAL
..................................................................
TEMPERATURE (F)
 TODAY
  MAXIMUM         80    259 PM  99    2010  82     -2       92
                                      1981
  MINIMUM         40    556 AM  36    1910  48     -8       54
  AVERAGE         60                        65     -5       73

PRECIPITATION (IN)
  TODAY            0.00          1.07 2004   0.04  -0.04     0.00
  MONTH TO DATE    0.28                      0.98  -0.70     0.17
  SINCE OCT 1     11.59                     12.75  -1.16    11.43
  SINCE JAN 1      8.20                      9.82  -1.62     6.12

SNOWFALL (IN)
  TODAY            0.0
  MONTH TO DATE    0.0
  SINCE JAN 1     13.1
  SINCE JUL 1      0.0
  SNOW DEPTH       0

DEGREE DAYS
 HEATING
  TODAY            5                         2      3        0
  MONTH TO DATE   41                        33      8       24
  SINCE JUN 1    217                       231    -14       92
  SINCE JUL 1     98                        71     27       45

 COOLING
  TODAY            0                         2     -2        8
  MONTH TO DATE   70                       114    -44      108
  SINCE JUN 1    258                       302    -44      391
  SINCE JAN 1    258                       308    -50      391
..................................................................


WIND (MPH)
  HIGHEST WIND SPEED    13   HIGHEST WIND DIRECTION    NW (320)
  HIGHEST GUST SPEED    18   HIGHEST GUST DIRECTION    NW (320)
  AVERAGE WIND SPEED     3.0


SKY COVER
  POSSIBLE SUNSHINE  MM
  AVERAGE SKY COVER 0.0


WEATHER CONDITIONS
 THE FOLLOWING WEATHER WAS RECORDED TODAY.
  NO SIGNIFICANT WEATHER WAS OBSERVED.


RELATIVE HUMIDITY (PERCENT)
 HIGHEST    79           600 AM
 LOWEST     17           300 PM
 AVERAGE    48

..........................................................


THE MISSOULA MT CLIMATE NORMALS FOR TOMORROW
                         NORMAL    RECORD    YEAR
 MAXIMUM TEMPERATURE (F)   82        99      1971
                                             1924
 MINIMUM TEMPERATURE (F)   48        33      1976


SUNRISE AND SUNSET
AUGUST 26 2016........SUNRISE   649 AM MDT   SUNSET   826 PM MDT
AUGUST 27 2016........SUNRISE   650 AM MDT   SUNSET   824 PM MDT


-  INDICATES NEGATIVE NUMBERS.
R  INDICATES RECORD WAS SET OR TIED.
MM INDICATES DATA IS MISSING.
T  INDICATES TRACE AMOUNT.




$$
