000
CDUS45 KMSO 100838
CLIMSO


CLIMATE REPORT
NATIONAL WEATHER SERVICE MISSOULA, MT
138 AM MST WED FEB 10 2016


...................................

...THE MISSOULA MT CLIMATE SUMMARY FOR FEBRUARY 9 2016...

CLIMATE NORMAL PERIOD 1981 TO 2010
CLIMATE RECORD PERIOD 1893 TO 2016


WEATHER ITEM   OBSERVED TIME   RECORD YEAR NORMAL DEPARTURE LAST
                VALUE   (LST)  VALUE       VALUE  FROM      YEAR
                                                  NORMAL
..................................................................
TEMPERATURE (F)
 YESTERDAY
  MAXIMUM         41    526 PM  50    1951  37      4       45
  MINIMUM         17    822 AM -25    1933  20     -3       34
  AVERAGE         29                        29      0       40

PRECIPITATION (IN)
  YESTERDAY        T             0.32 1983   0.02  -0.02     0.20
  MONTH TO DATE    0.15                      0.22  -0.07     0.79
  SINCE OCT 1      4.14                      4.00   0.14     7.32
  SINCE JAN 1      0.75                      1.07  -0.32     2.01

SNOWFALL (IN)
  YESTERDAY        T
  MONTH TO DATE    4.6
  SINCE JAN 1     11.2
  SINCE JUL 1     28.3
  SNOW DEPTH       3

DEGREE DAYS
 HEATING
  YESTERDAY       36                        36      0       25
  MONTH TO DATE  327                       331     -4      248
  SINCE DEC 1   2801                      2824    -23     2638
  SINCE JUL 1   4654                      4720    -66     4394

 COOLING
  YESTERDAY        0                         0      0        0
  MONTH TO DATE    0                         0      0        0
  SINCE DEC 1      0                         0      0        0
  SINCE JAN 1      0                         0      0        0
..................................................................


WIND (MPH)
  HIGHEST WIND SPEED     5   HIGHEST WIND DIRECTION     N (10)
  HIGHEST GUST SPEED     6   HIGHEST GUST DIRECTION     N (340)
  AVERAGE WIND SPEED     0.3


SKY COVER
  POSSIBLE SUNSHINE  MM
  AVERAGE SKY COVER 0.2


WEATHER CONDITIONS
 THE FOLLOWING WEATHER WAS RECORDED YESTERDAY.
  LIGHT SNOW
  FOG
  FOG W/VISIBILITY <= 1/4 MILE


RELATIVE HUMIDITY (PERCENT)
 HIGHEST   100          1100 AM
 LOWEST     70           400 PM
 AVERAGE    85

..........................................................


THE MISSOULA MT CLIMATE NORMALS FOR TODAY
                         NORMAL    RECORD    YEAR
 MAXIMUM TEMPERATURE (F)   37        60      1951
 MINIMUM TEMPERATURE (F)   21       -28      1933


SUNRISE AND SUNSET
FEBRUARY 10 2016......SUNRISE   749 AM MST   SUNSET   553 PM MST
FEBRUARY 11 2016......SUNRISE   748 AM MST   SUNSET   554 PM MST


-  INDICATES NEGATIVE NUMBERS.
R  INDICATES RECORD WAS SET OR TIED.
MM INDICATES DATA IS MISSING.
T  INDICATES TRACE AMOUNT.




$$
