000
CDUS45 KMSO 060840
CLIMSO


CLIMATE REPORT
NATIONAL WEATHER SERVICE MISSOULA, MT
139 AM MST TUE DEC 6 2016


...................................

...THE MISSOULA MT CLIMATE SUMMARY FOR DECEMBER 5 2016...

CLIMATE NORMAL PERIOD 1981 TO 2010
CLIMATE RECORD PERIOD 1893 TO 2016


WEATHER ITEM   OBSERVED TIME   RECORD YEAR NORMAL DEPARTURE LAST
                VALUE   (LST)  VALUE       VALUE  FROM      YEAR
                                                  NORMAL
..................................................................
TEMPERATURE (F)
 YESTERDAY
  MAXIMUM         28    327 PM  50    1896  32     -4       41
  MINIMUM         20   1144 PM -18    1972  19      1       26
  AVERAGE         24                        26     -2       34

PRECIPITATION (IN)
  YESTERDAY        0.01          0.43 1986   0.04  -0.03     0.00
  MONTH TO DATE    0.15                      0.18  -0.03     0.01
  SINCE OCT 1      3.32                      2.07   1.25     2.02
  SINCE JAN 1     12.65                     13.27  -0.62     8.69

SNOWFALL (IN)
  YESTERDAY        0.2
  MONTH TO DATE    2.7
  SINCE JAN 1     17.1
  SINCE JUL 1      4.0
  SNOW DEPTH       1

DEGREE DAYS
 HEATING
  YESTERDAY       41                        40      1       31
  MONTH TO DATE  173                       195    -22      221
  SINCE DEC 1    173                       195    -22      221
  SINCE JUL 1   1927                      2091   -164     2074

 COOLING
  YESTERDAY        0                         0      0        0
  MONTH TO DATE    0                         0      0        0
  SINCE DEC 1      0                         0      0        0
  SINCE JAN 1    287                       332    -45      401
..................................................................


WIND (MPH)
  HIGHEST WIND SPEED    22   HIGHEST WIND DIRECTION     W (270)
  HIGHEST GUST SPEED    27   HIGHEST GUST DIRECTION     W (280)
  AVERAGE WIND SPEED     4.2


SKY COVER
  POSSIBLE SUNSHINE  MM
  AVERAGE SKY COVER 1.0


WEATHER CONDITIONS
 THE FOLLOWING WEATHER WAS RECORDED YESTERDAY.
  LIGHT SNOW
  FOG


RELATIVE HUMIDITY (PERCENT)
 HIGHEST    84           800 PM
 LOWEST     42          1100 AM
 AVERAGE    63

..........................................................


THE MISSOULA MT CLIMATE NORMALS FOR TODAY
                         NORMAL    RECORD    YEAR
 MAXIMUM TEMPERATURE (F)   32        54      1939
 MINIMUM TEMPERATURE (F)   18        -9      1972


SUNRISE AND SUNSET
DECEMBER  6 2016......SUNRISE   807 AM MST   SUNSET   448 PM MST
DECEMBER  7 2016......SUNRISE   808 AM MST   SUNSET   448 PM MST


-  INDICATES NEGATIVE NUMBERS.
R  INDICATES RECORD WAS SET OR TIED.
MM INDICATES DATA IS MISSING.
T  INDICATES TRACE AMOUNT.




$$
