000
CDUS45 KMSO 012231
CLIMSO


CLIMATE REPORT
NATIONAL WEATHER SERVICE MISSOULA, MT
431 PM MDT WED JUL 1 2015


...................................

...THE MISSOULA MT CLIMATE SUMMARY FOR JULY 1 2015...
VALID TODAY AS OF 0400 PM LOCAL TIME.

CLIMATE NORMAL PERIOD 1981 TO 2010
CLIMATE RECORD PERIOD 1893 TO 2015


WEATHER ITEM   OBSERVED TIME   RECORD YEAR NORMAL DEPARTURE LAST
                VALUE   (LST)  VALUE       VALUE  FROM      YEAR
                                                  NORMAL
..................................................................
TEMPERATURE (F)
 TODAY
  MAXIMUM         93    202 PM 100    1924  81     12       88
  MINIMUM         56    457 AM  27    1901  49      7       46
  AVERAGE         75                        65     10       67

PRECIPITATION (IN)
  TODAY            0.00          0.62 1912   0.04  -0.04     0.00
  MONTH TO DATE    0.00                      0.04  -0.04     0.00
  SINCE OCT 1      9.74                     10.82  -1.08    10.55
  SINCE JAN 1      4.43                      7.89  -3.46     8.84

SNOWFALL (IN)
  TODAY            0.0
  MONTH TO DATE    0.0
  SINCE JAN 1     13.3
  SINCE JUL 1      0.0
  SNOW DEPTH       0

DEGREE DAYS
 HEATING
  TODAY            0                         3     -3        0
  MONTH TO DATE    0                         3     -3        0
  SINCE JUN 1     47                       163   -116      177
  SINCE JUL 1      0                         3     -3        0

 COOLING
  TODAY           10                         3      7        2
  MONTH TO DATE   10                         3      7        2
  SINCE JUN 1    152                        40    112       10
  SINCE JAN 1    152                        46    106       10
..................................................................


WIND (MPH)
  HIGHEST WIND SPEED    15   HIGHEST WIND DIRECTION    NW (300)
  HIGHEST GUST SPEED    20   HIGHEST GUST DIRECTION    NW (330)
  AVERAGE WIND SPEED     2.3


SKY COVER
  POSSIBLE SUNSHINE  MM
  AVERAGE SKY COVER 0.0


WEATHER CONDITIONS
 THE FOLLOWING WEATHER WAS RECORDED TODAY.
  NO SIGNIFICANT WEATHER WAS OBSERVED.


RELATIVE HUMIDITY (PERCENT)
 HIGHEST    67           500 AM
 LOWEST     16           100 PM
 AVERAGE    42

..........................................................


THE MISSOULA MT CLIMATE NORMALS FOR TOMORROW
                         NORMAL    RECORD    YEAR
 MAXIMUM TEMPERATURE (F)   81       102      1924
 MINIMUM TEMPERATURE (F)   49        36      1979
                                             1973


SUNRISE AND SUNSET
JULY  1 2015..........SUNRISE   546 AM MDT   SUNSET   935 PM MDT
JULY  2 2015..........SUNRISE   546 AM MDT   SUNSET   934 PM MDT


-  INDICATES NEGATIVE NUMBERS.
R  INDICATES RECORD WAS SET OR TIED.
MM INDICATES DATA IS MISSING.
T  INDICATES TRACE AMOUNT.




$$
