000
CDUS45 KMSO 310740
CLIMSO


CLIMATE REPORT
NATIONAL WEATHER SERVICE MISSOULA, MT
1238 AM MST SAT JAN 31 2015


...................................

...THE MISSOULA MT CLIMATE SUMMARY FOR JANUARY 30 2015...

CLIMATE NORMAL PERIOD 1981 TO 2010
CLIMATE RECORD PERIOD 1893 TO 2015


WEATHER ITEM   OBSERVED TIME   RECORD YEAR NORMAL DEPARTURE LAST
                VALUE   (LST)  VALUE       VALUE  FROM      YEAR
                                                  NORMAL
..................................................................
TEMPERATURE (F)
 YESTERDAY
  MAXIMUM         36    438 PM  56    1989  35      1       34
  MINIMUM         14    703 AM -20    1979  20     -6       19
                                      1916
  AVERAGE         25                        28     -3       27

PRECIPITATION (IN)
  YESTERDAY        0.00          1.10 1907   0.02  -0.02     0.20
  MONTH TO DATE    1.22                      0.82   0.40     0.83
  SINCE OCT 1      6.53                      3.75   2.78     2.54
  SINCE JAN 1      1.22                      0.82   0.40     0.83

SNOWFALL (IN)
  YESTERDAY        0.0
  MONTH TO DATE    9.4
  SINCE JAN 1      9.4
  SINCE JUL 1     30.0
  SNOW DEPTH       T

DEGREE DAYS
 HEATING
  YESTERDAY       40                        38      2       38
  MONTH TO DATE 1167                      1180    -13     1058
  SINCE DEC 1   2356                      2456   -100     2360
  SINCE JUL 1   4112                      4352   -240     4215

 COOLING
  YESTERDAY        0                         0      0        0
  MONTH TO DATE    0                         0      0        0
  SINCE DEC 1      0                         0      0        0
  SINCE JAN 1      0                         0      0        0
..................................................................


WIND (MPH)
  HIGHEST WIND SPEED     8   HIGHEST WIND DIRECTION    NW (320)
  HIGHEST GUST SPEED     9   HIGHEST GUST DIRECTION    NW (320)
  AVERAGE WIND SPEED     1.2


SKY COVER
  POSSIBLE SUNSHINE  MM
  AVERAGE SKY COVER 0.1


WEATHER CONDITIONS
 THE FOLLOWING WEATHER WAS RECORDED YESTERDAY.
  FOG
  FOG W/VISIBILITY <= 1/4 MILE


RELATIVE HUMIDITY (PERCENT)
 HIGHEST   100           900 AM
 LOWEST     69           300 PM
 AVERAGE    85

..........................................................


THE MISSOULA MT CLIMATE NORMALS FOR TODAY
                         NORMAL    RECORD    YEAR
 MAXIMUM TEMPERATURE (F)   35        56      1953
 MINIMUM TEMPERATURE (F)   20       -24      1996
                                             1950


SUNRISE AND SUNSET
JANUARY 31 2015.......SUNRISE   802 AM MST   SUNSET   538 PM MST
FEBRUARY  1 2015......SUNRISE   801 AM MST   SUNSET   539 PM MST


-  INDICATES NEGATIVE NUMBERS.
R  INDICATES RECORD WAS SET OR TIED.
MM INDICATES DATA IS MISSING.
T  INDICATES TRACE AMOUNT.




$$
