000
CDUS45 KMSO 260747
CLIMSO


CLIMATE REPORT
NATIONAL WEATHER SERVICE MISSOULA, MT
147 AM MDT MON JUN 26 2017


...................................

...THE MISSOULA MT CLIMATE SUMMARY FOR JUNE 25 2017...

CLIMATE NORMAL PERIOD 1981 TO 2010
CLIMATE RECORD PERIOD 1893 TO 2017


WEATHER ITEM   OBSERVED TIME   RECORD YEAR NORMAL DEPARTURE LAST
                VALUE   (LST)  VALUE       VALUE  FROM      YEAR
                                                  NORMAL
..................................................................
TEMPERATURE (F)
 YESTERDAY
  MAXIMUM         90    422 PM  96    1926  78     12       74
  MINIMUM         48    519 AM  35    1953  48      0       45
  AVERAGE         69                        63      6       60

PRECIPITATION (IN)
  YESTERDAY        0.00          0.61 1897   0.05  -0.05     0.00
  MONTH TO DATE    1.99                      1.82   0.17     0.70
  SINCE OCT 1     14.68                     10.53   4.15     9.19
  SINCE JAN 1     10.02                      7.60   2.42     5.80

SNOWFALL (IN)
  YESTERDAY        0.0
  MONTH TO DATE    T
  SINCE JAN 1     38.2
  SINCE JUL 1     67.3
  SNOW DEPTH       0

DEGREE DAYS
 HEATING
  YESTERDAY        0                         4     -4        5
  MONTH TO DATE  115                       145    -30      116
  SINCE JUN 1    115                       145    -30      116
  SINCE JUL 1   7593                      7269    324     6845

 COOLING
  YESTERDAY        4                         2      2        0
  MONTH TO DATE   25                        30     -5       35
  SINCE JUN 1     25                        30     -5       35
  SINCE JAN 1     34                        36     -2       35
..................................................................


WIND (MPH)
  HIGHEST WIND SPEED     8   HIGHEST WIND DIRECTION     E (110)
  HIGHEST GUST SPEED    11   HIGHEST GUST DIRECTION    SE (120)
  AVERAGE WIND SPEED     3.2


SKY COVER
  POSSIBLE SUNSHINE  MM
  AVERAGE SKY COVER 0.0


WEATHER CONDITIONS
 THE FOLLOWING WEATHER WAS RECORDED YESTERDAY.
  NO SIGNIFICANT WEATHER WAS OBSERVED.


RELATIVE HUMIDITY (PERCENT)
 HIGHEST    77           500 AM
 LOWEST     16           300 PM
 AVERAGE    47

..........................................................


THE MISSOULA MT CLIMATE NORMALS FOR TODAY
                         NORMAL    RECORD    YEAR
 MAXIMUM TEMPERATURE (F)   79        99      1926
 MINIMUM TEMPERATURE (F)   48        32      1976


SUNRISE AND SUNSET
JUNE 26 2017..........SUNRISE   543 AM MDT   SUNSET   935 PM MDT
JUNE 27 2017..........SUNRISE   544 AM MDT   SUNSET   935 PM MDT


-  INDICATES NEGATIVE NUMBERS.
R  INDICATES RECORD WAS SET OR TIED.
MM INDICATES DATA IS MISSING.
T  INDICATES TRACE AMOUNT.




$$
