000
CDUS45 KMSO 282231
CLIMSO


CLIMATE REPORT
NATIONAL WEATHER SERVICE MISSOULA, MT
430 PM MDT FRI APR 28 2017


...................................

...THE MISSOULA MT CLIMATE SUMMARY FOR APRIL 28 2017...
VALID TODAY AS OF 0400 PM LOCAL TIME.

CLIMATE NORMAL PERIOD 1981 TO 2010
CLIMATE RECORD PERIOD 1893 TO 2017


WEATHER ITEM   OBSERVED TIME   RECORD YEAR NORMAL DEPARTURE LAST
                VALUE   (LST)  VALUE       VALUE  FROM      YEAR
                                                  NORMAL
..................................................................
TEMPERATURE (F)
 TODAY
  MAXIMUM         52    259 PM  87    1987  62    -10       52
  MINIMUM         37    549 AM  20    1955  35      2       37
                                      1907
  AVERAGE         45                        48     -3       45

PRECIPITATION (IN)
  TODAY            T             0.64 1943   0.04  -0.04      T
  MONTH TO DATE    1.36                      1.14   0.22     1.16
  SINCE OCT 1     11.30                      6.62   4.68     6.49
  SINCE JAN 1      6.64                      3.69   2.95     3.10

SNOWFALL (IN)
  TODAY            0.0
  MONTH TO DATE    0.9
  SINCE JAN 1     35.5
  SINCE JUL 1     64.6
  SNOW DEPTH       0

DEGREE DAYS
 HEATING
  TODAY           20                        17      3       20
  MONTH TO DATE  581                       549     32      398
  SINCE MAR 1   1338                      1363    -25     1176
  SINCE JUL 1   7114                      6732    382     6360

 COOLING
  TODAY            0                         0      0        0
  MONTH TO DATE    0                         0      0        0
  SINCE MAR 1      0                         0      0        0
  SINCE JAN 1      0                         0      0        0
..................................................................


WIND (MPH)
  HIGHEST WIND SPEED    13   HIGHEST WIND DIRECTION    NW (330)
  HIGHEST GUST SPEED    17   HIGHEST GUST DIRECTION    NW (300)
  AVERAGE WIND SPEED     2.5


SKY COVER
  POSSIBLE SUNSHINE  MM
  AVERAGE SKY COVER 1.0


WEATHER CONDITIONS
 THE FOLLOWING WEATHER WAS RECORDED TODAY.
  LIGHT RAIN


RELATIVE HUMIDITY (PERCENT)
 HIGHEST    85           200 AM
 LOWEST     44           300 PM
 AVERAGE    65

..........................................................


THE MISSOULA MT CLIMATE NORMALS FOR TOMORROW
                         NORMAL    RECORD    YEAR
 MAXIMUM TEMPERATURE (F)   62        86      1926
 MINIMUM TEMPERATURE (F)   35        23      1950


SUNRISE AND SUNSET
APRIL 28 2017.........SUNRISE   625 AM MDT   SUNSET   843 PM MDT
APRIL 29 2017.........SUNRISE   624 AM MDT   SUNSET   844 PM MDT


-  INDICATES NEGATIVE NUMBERS.
R  INDICATES RECORD WAS SET OR TIED.
MM INDICATES DATA IS MISSING.
T  INDICATES TRACE AMOUNT.




$$
