670
CDUS43 KMPX 240636
CLIMSP


CLIMATE REPORT
NATIONAL WEATHER SERVICE CHANHASSEN MN
134 AM CDT SUN SEP 24 2017


...................................

...THE TWIN CITIES MN CLIMATE SUMMARY FOR SEPTEMBER 23 2017...

CLIMATE NORMAL PERIOD 1981 TO 2010
CLIMATE RECORD PERIOD 1871 TO 2017


WEATHER ITEM   OBSERVED TIME   RECORD YEAR NORMAL DEPARTURE LAST
                VALUE   (LST)  VALUE       VALUE  FROM      YEAR
                                                  NORMAL
..................................................................
TEMPERATURE (F)
 YESTERDAY
  MAXIMUM         90R   259 PM  90    1937  69     21       71
                                      1891
  MINIMUM         73    643 AM  30    1983  49     24       60
  AVERAGE         82                        59     23       66

PRECIPITATION (IN)
  YESTERDAY        0.00          1.98 2010   0.10  -0.10     0.63
  MONTH TO DATE    0.52                      2.39  -1.87     5.20
  SINCE SEP 1      0.52                      2.39  -1.87     5.20
  SINCE JAN 1     26.17                     24.56   1.61    31.52

SNOWFALL (IN)
  YESTERDAY        0.0           T    1928   0.0    0.0      0.0
                                      1942
                                      1995
  MONTH TO DATE    0.0                       0.0    0.0       T
  SINCE SEP 1      0.0                       0.0    0.0       T
  SINCE JUL 1      0.0                       0.0    0.0       T
  SNOW DEPTH       0

DEGREE DAYS
 HEATING
  YESTERDAY        0                         7     -7        0
  MONTH TO DATE   35                        93    -58       10
  SINCE SEP 1     35                        93    -58       10
  SINCE JUL 1     42                       112    -70       13

 COOLING
  YESTERDAY       17                         1     16        1
  MONTH TO DATE  126                        60     66       88
  SINCE SEP 1    126                        60     66       88
  SINCE JAN 1    814                       741     73      959
..................................................................


WIND (MPH)
  HIGHEST WIND SPEED    18   HIGHEST WIND DIRECTION    SW (210)
  HIGHEST GUST SPEED    25   HIGHEST GUST DIRECTION    SW (210)
  AVERAGE WIND SPEED     8.7


SKY COVER
  POSSIBLE SUNSHINE  MM
  AVERAGE SKY COVER 0.7


WEATHER CONDITIONS
 THE FOLLOWING WEATHER WAS RECORDED YESTERDAY.
  NO SIGNIFICANT WEATHER WAS OBSERVED.


RELATIVE HUMIDITY (PERCENT)
 HIGHEST    87           600 AM
 LOWEST     52           300 PM
 AVERAGE    70

..........................................................


THE TWIN CITIES MN CLIMATE NORMALS FOR TODAY
                         NORMAL    RECORD    YEAR
 MAXIMUM TEMPERATURE (F)   68        89      1935
 MINIMUM TEMPERATURE (F)   49        30      1942


SUNRISE AND SUNSET
SEPTEMBER 24 2017.....SUNRISE   703 AM CDT   SUNSET   706 PM CDT
SEPTEMBER 25 2017.....SUNRISE   704 AM CDT   SUNSET   704 PM CDT


-  INDICATES NEGATIVE NUMBERS.
R  INDICATES RECORD WAS SET OR TIED.
MM INDICATES DATA IS MISSING.
T  INDICATES TRACE AMOUNT.




$$
