000
CDUS43 KMPX 230652
CLIMSP


CLIMATE REPORT
NATIONAL WEATHER SERVICE CHANHASSEN MN
1251 AM CST THU NOV 23 2017


...................................

...THE TWIN CITIES MN CLIMATE SUMMARY FOR NOVEMBER 22 2017...

CLIMATE NORMAL PERIOD 1981 TO 2010
CLIMATE RECORD PERIOD 1871 TO 2017


WEATHER ITEM   OBSERVED TIME   RECORD YEAR NORMAL DEPARTURE LAST
                VALUE   (LST)  VALUE       VALUE  FROM      YEAR
                                                  NORMAL
..................................................................
TEMPERATURE (F)
 YESTERDAY
  MAXIMUM         33   1040 PM  60    2012  37     -4       36
  MINIMUM         15    731 AM  -6    1880  23     -8       32
  AVERAGE         24                        30     -6       34

PRECIPITATION (IN)
  YESTERDAY        0.00          0.74 2016   0.05  -0.05     0.74
  MONTH TO DATE    0.39                      1.33  -0.94     1.54
  SINCE SEP 1      5.92                      6.84  -0.92    10.42
  SINCE JAN 1     31.57                     29.01   2.56    36.74

SNOWFALL (IN)
  YESTERDAY        0.0           5.5  1898   0.4   -0.4      1.7
  MONTH TO DATE    0.6                       6.0   -5.4      2.0
  SINCE SEP 1      0.7                       6.6   -5.9      2.0
  SINCE JUL 1      0.7                       6.6   -5.9      2.0
  SNOW DEPTH       0

DEGREE DAYS
 HEATING
  YESTERDAY       41                        35      6       31
  MONTH TO DATE  725                       639     86      402
  SINCE SEP 1   1207                      1300    -93      821
  SINCE JUL 1   1214                      1319   -105      824

 COOLING
  YESTERDAY        0                         0      0        0
  MONTH TO DATE    0                         0      0        0
  SINCE SEP 1    142                        72     70       93
  SINCE JAN 1    830                       753     77      964
..................................................................


WIND (MPH)
  HIGHEST WIND SPEED    13   HIGHEST WIND DIRECTION    SE (150)
  HIGHEST GUST SPEED    17   HIGHEST GUST DIRECTION    SE (150)
  AVERAGE WIND SPEED     6.7


SKY COVER
  POSSIBLE SUNSHINE  MM
  AVERAGE SKY COVER 0.6


WEATHER CONDITIONS
 THE FOLLOWING WEATHER WAS RECORDED YESTERDAY.
  NO SIGNIFICANT WEATHER WAS OBSERVED.


RELATIVE HUMIDITY (PERCENT)
 HIGHEST    88           800 AM
 LOWEST     53           400 PM
 AVERAGE    71

..........................................................


THE TWIN CITIES MN CLIMATE NORMALS FOR TODAY
                         NORMAL    RECORD    YEAR
 MAXIMUM TEMPERATURE (F)   37        55      1905
 MINIMUM TEMPERATURE (F)   22        -6      1898


SUNRISE AND SUNSET
NOVEMBER 23 2017......SUNRISE   721 AM CST   SUNSET   437 PM CST
NOVEMBER 24 2017......SUNRISE   722 AM CST   SUNSET   437 PM CST


-  INDICATES NEGATIVE NUMBERS.
R  INDICATES RECORD WAS SET OR TIED.
MM INDICATES DATA IS MISSING.
T  INDICATES TRACE AMOUNT.




$$
