000
CDUS43 KMPX 042251
CLIMSP


CLIMATE REPORT
NATIONAL WEATHER SERVICE CHANHASSEN MN
450 PM CST WED MAR 4 2015


...................................

...THE TWIN CITIES MN CLIMATE SUMMARY FOR MARCH 4 2015...
VALID AS OF 0400 PM LOCAL TIME.

CLIMATE NORMAL PERIOD 1981 TO 2010
CLIMATE RECORD PERIOD 1871 TO 2015


WEATHER ITEM   OBSERVED TIME   RECORD YEAR NORMAL DEPARTURE LAST
                VALUE   (LST)  VALUE       VALUE  FROM      YEAR
                                                  NORMAL
..................................................................
TEMPERATURE (F)
 TODAY
  MAXIMUM         12    203 PM  61    2000  35    -23       19
                                      1983
  MINIMUM         -1    724 AM -22    1873  20    -21        7
  AVERAGE          6                        28    -22       13

PRECIPITATION (IN)
  TODAY            0.00          0.80 1984   0.05  -0.05      T
  MONTH TO DATE    0.13                      0.20  -0.07     0.02
  SINCE MAR 1      0.13                      0.20  -0.07     0.02
  SINCE JAN 1      0.82                      1.87  -1.05     2.85

SNOWFALL (IN)
  TODAY            0.0           9.6  1984   0.5   -0.5       T
  MONTH TO DATE    1.9                       1.7    0.2      0.3
  SINCE MAR 1      1.9                       1.7    0.2      0.3
  SINCE JUL 1     27.2                      43.4  -16.2     58.4
  SNOW DEPTH       2

DEGREE DAYS
 HEATING
  TODAY           59                        38     21       52
  MONTH TO DATE  197                       153     44      252
  SINCE MAR 1    197                       153     44      252
  SINCE JUL 1   6162                      5943    219     6705

 COOLING
  TODAY            0                         0      0        0
  MONTH TO DATE    0                         0      0        0
  SINCE MAR 1      0                         0      0        0
  SINCE JAN 1      0                         0      0        0
..................................................................


WIND (MPH)
  HIGHEST WIND SPEED    23   HIGHEST WIND DIRECTION     W (290)
  HIGHEST GUST SPEED    31   HIGHEST GUST DIRECTION    NW (300)
  AVERAGE WIND SPEED    12.1


SKY COVER
  POSSIBLE SUNSHINE  MM
  AVERAGE SKY COVER 0.3


WEATHER CONDITIONS
 THE FOLLOWING WEATHER WAS RECORDED TODAY.
  NO SIGNIFICANT WEATHER WAS OBSERVED.


RELATIVE HUMIDITY (PERCENT)
 HIGHEST    72           500 AM
 LOWEST     46           200 PM
 AVERAGE    59

..........................................................


THE TWIN CITIES MN CLIMATE NORMALS FOR TOMORROW
                         NORMAL    RECORD    YEAR
 MAXIMUM TEMPERATURE (F)   36        72      2000
 MINIMUM TEMPERATURE (F)   20       -14      1960


SUNRISE AND SUNSET
MARCH  4 2015.........SUNRISE   646 AM CST   SUNSET   604 PM CST
MARCH  5 2015.........SUNRISE   644 AM CST   SUNSET   606 PM CST


-  INDICATES NEGATIVE NUMBERS.
R  INDICATES RECORD WAS SET OR TIED.
MM INDICATES DATA IS MISSING.
T  INDICATES TRACE AMOUNT.




$$
