000
CDUS43 KMPX 231009
CLIMSP


CLIMATE REPORT
NATIONAL WEATHER SERVICE CHANHASSEN MN
409 AM CST FRI FEB 23 2018


...................................

...THE TWIN CITIES MN CLIMATE SUMMARY FOR FEBRUARY 22 2018...

CLIMATE NORMAL PERIOD 1981 TO 2010
CLIMATE RECORD PERIOD 1871 TO 2018


WEATHER ITEM   OBSERVED TIME   RECORD YEAR NORMAL DEPARTURE LAST
                VALUE   (LST)  VALUE       VALUE  FROM      YEAR
                                                  NORMAL
..................................................................
TEMPERATURE (F)
 YESTERDAY
  MAXIMUM         30    510 PM  59    2017  31     -1       59
  MINIMUM          7    350 AM -22    1873  16     -9       37
  AVERAGE         19                        23     -4       48

PRECIPITATION (IN)
  YESTERDAY        0.30          1.13 1922   0.04   0.26     0.00
  MONTH TO DATE    0.67                      0.55   0.12     0.64
  SINCE DEC 1      3.01                      2.61   0.40     3.76
  SINCE JAN 1      2.22                      1.45   0.77     1.62

SNOWFALL (IN)
  YESTERDAY        3.3           8.8  1913   0.3    3.0      0.0
  MONTH TO DATE    7.6                       5.8    1.8      0.3
  SINCE DEC 1     34.4                      29.9    4.5     24.5
  SINCE JUL 1     35.1                      39.8   -4.7     26.8
  SNOW DEPTH       2

DEGREE DAYS
 HEATING
  YESTERDAY       46                        42      4       17
  MONTH TO DATE 1140                       996    144      737
  SINCE DEC 1   4054                      3931    123     3455
  SINCE JUL 1   5464                      5550    -86     4499

 COOLING
  YESTERDAY        0                         0      0        0
  MONTH TO DATE    0                         0      0        0
  SINCE DEC 1      0                         0      0        0
  SINCE JAN 1      0                         0      0        0
..................................................................


WIND (MPH)
  HIGHEST WIND SPEED    16   HIGHEST WIND DIRECTION     E (80)
  HIGHEST GUST SPEED    25   HIGHEST GUST DIRECTION    NE (50)
  AVERAGE WIND SPEED     7.4


SKY COVER
  POSSIBLE SUNSHINE  MM
  AVERAGE SKY COVER 0.9


WEATHER CONDITIONS
 THE FOLLOWING WEATHER WAS RECORDED YESTERDAY.
  HEAVY SNOW
  SNOW
  LIGHT SNOW
  FOG
  FOG W/VISIBILITY <= 1/4 MILE


RELATIVE HUMIDITY (PERCENT)
 HIGHEST   100          1000 PM
 LOWEST     47           400 PM
 AVERAGE    74

..........................................................


THE TWIN CITIES MN CLIMATE NORMALS FOR TODAY
                         NORMAL    RECORD    YEAR
 MAXIMUM TEMPERATURE (F)   32        59      1958
 MINIMUM TEMPERATURE (F)   16       -25      1889


SUNRISE AND SUNSET
FEBRUARY 23 2018......SUNRISE   701 AM CST   SUNSET   552 PM CST
FEBRUARY 24 2018......SUNRISE   659 AM CST   SUNSET   554 PM CST


-  INDICATES NEGATIVE NUMBERS.
R  INDICATES RECORD WAS SET OR TIED.
MM INDICATES DATA IS MISSING.
T  INDICATES TRACE AMOUNT.




$$
