000
CDUS41 KBTV 100543
CLIMSS


CLIMATE REPORT
NATIONAL WEATHER SERVICE BURLINGTON VT
1241 AM EST SAT DEC 10 2016


...................................

...THE MASSENA NY CLIMATE SUMMARY FOR DECEMBER 9 2016...

CLIMATE NORMAL PERIOD 1981 TO 2010
CLIMATE RECORD PERIOD 1948 TO 2016


WEATHER ITEM   OBSERVED TIME   RECORD YEAR NORMAL DEPARTURE LAST
                VALUE   (LST)  VALUE       VALUE  FROM      YEAR
                                                  NORMAL
..................................................................
TEMPERATURE (F)
 YESTERDAY
  MAXIMUM         28        MM  63    1966  33     -5       53
  MINIMUM         20        MM -14    1989  17      3       30
  AVERAGE         24                        25     -1       42

PRECIPITATION (IN)
  YESTERDAY        T             1.25        0.09  -0.09     0.00
  MONTH TO DATE    0.65                      0.78  -0.13     0.37
  SINCE DEC 1      0.65                      0.78  -0.13     0.37
  SINCE JAN 1     28.53                     33.31  -4.78    27.11

DEGREE DAYS
 HEATING
  YESTERDAY       41                        40      1       23
  MONTH TO DATE  284                       344    -60      251
  SINCE DEC 1    284                       344    -60      251
  SINCE JUL 1   1690                      2113   -423     1725

 COOLING
  YESTERDAY        0                         0      0        0
  MONTH TO DATE    0                         0      0        0
  SINCE DEC 1      0                         0      0        0
  SINCE JAN 1    527                       363    164      453
..................................................................


WIND (MPH)
  HIGHEST WIND SPEED    18   HIGHEST WIND DIRECTION     W (270)
  HIGHEST GUST SPEED    30   HIGHEST GUST DIRECTION     W (280)
  AVERAGE WIND SPEED    13.5


SKY COVER
  AVERAGE SKY COVER 0.5


WEATHER CONDITIONS
 THE FOLLOWING WEATHER WAS RECORDED YESTERDAY.
  LIGHT SNOW


RELATIVE HUMIDITY (PERCENT)
 HIGHEST    68           100 AM
 LOWEST     55          1200 PM
 AVERAGE    62

..........................................................


THE MASSENA NY CLIMATE NORMALS FOR TODAY
                         NORMAL    RECORD    YEAR
 MAXIMUM TEMPERATURE (F)   33        56      1952
 MINIMUM TEMPERATURE (F)   17       -12      1958


SUNRISE AND SUNSET
DECEMBER 10 2016......SUNRISE   727 AM EST   SUNSET   418 PM EST
DECEMBER 11 2016......SUNRISE   728 AM EST   SUNSET   418 PM EST


-  INDICATES NEGATIVE NUMBERS.
R  INDICATES RECORD WAS SET OR TIED.
MM INDICATES DATA IS MISSING.
T  INDICATES TRACE AMOUNT.




$$
