000
CDUS41 KBTV 280528
CLIMSS


CLIMATE REPORT
NATIONAL WEATHER SERVICE BURLINGTON VT
126 AM EDT SUN MAY 28 2017


...................................

...THE MASSENA NY CLIMATE SUMMARY FOR MAY 27 2017...

CLIMATE NORMAL PERIOD 1981 TO 2010
CLIMATE RECORD PERIOD 1948 TO 2017


WEATHER ITEM   OBSERVED TIME   RECORD YEAR NORMAL DEPARTURE LAST
                VALUE   (LST)  VALUE       VALUE  FROM      YEAR
                                                  NORMAL
..................................................................
TEMPERATURE (F)
 YESTERDAY
  MAXIMUM         73    544 PM  89    2016  70      3       89
                                      1978
  MINIMUM         48    144 AM  30    1954  47      1       55
  AVERAGE         61                        58      3       72

PRECIPITATION (IN)
  YESTERDAY        0.00          1.91        0.10  -0.10     0.00
  MONTH TO DATE    4.43                      2.66   1.77     0.79
  SINCE MAR 1     10.21                      7.57   2.64     4.68
  SINCE JAN 1     13.64                     11.52   2.12     9.34

DEGREE DAYS
 HEATING
  YESTERDAY        4                         7     -3        0
  MONTH TO DATE  309                       292     17      286
  SINCE MAR 1   2080                      2087     -7     2052
  SINCE JUL 1   7006                      8074  -1068     7098

 COOLING
  YESTERDAY        0                         1     -1        7
  MONTH TO DATE   14                         8      6       13
  SINCE MAR 1     16                         9      7       13
  SINCE JAN 1     16                         9      7       13
..................................................................


WIND (MPH)
  HIGHEST WIND SPEED     9   HIGHEST WIND DIRECTION     W (280)
  HIGHEST GUST SPEED    14   HIGHEST GUST DIRECTION     W (290)
  AVERAGE WIND SPEED     2.3


SKY COVER
  AVERAGE SKY COVER 0.5


WEATHER CONDITIONS
 THE FOLLOWING WEATHER WAS RECORDED YESTERDAY.
  FOG
  HAZE


RELATIVE HUMIDITY (PERCENT)
 HIGHEST   100          1200 AM
 LOWEST     38           500 PM
 AVERAGE    69

..........................................................


THE MASSENA NY CLIMATE NORMALS FOR TODAY
                         NORMAL    RECORD    YEAR
 MAXIMUM TEMPERATURE (F)   70        90      2016
 MINIMUM TEMPERATURE (F)   48        33      1970


SUNRISE AND SUNSET
MAY 28 2017...........SUNRISE   519 AM EDT   SUNSET   835 PM EDT
MAY 29 2017...........SUNRISE   518 AM EDT   SUNSET   836 PM EDT


-  INDICATES NEGATIVE NUMBERS.
R  INDICATES RECORD WAS SET OR TIED.
MM INDICATES DATA IS MISSING.
T  INDICATES TRACE AMOUNT.




$$
