000
CDUS41 KBTV 040525
CLIMSS


CLIMATE REPORT
NATIONAL WEATHER SERVICE BURLINGTON VT
123 AM EDT WED MAY 4 2016


...................................

...THE MASSENA NY CLIMATE SUMMARY FOR MAY 3 2016...

CLIMATE NORMAL PERIOD 1981 TO 2010
CLIMATE RECORD PERIOD 1948 TO 2016


WEATHER ITEM   OBSERVED TIME   RECORD YEAR NORMAL DEPARTURE LAST
                VALUE   (LST)  VALUE       VALUE  FROM      YEAR
                                                  NORMAL
..................................................................
TEMPERATURE (F)
 YESTERDAY
  MAXIMUM         59    249 PM  86    2001  63     -4       79
  MINIMUM         31    447 AM  28    2000  39     -8       46
                                      1987
  AVERAGE         45                        51     -6       63

PRECIPITATION (IN)
  YESTERDAY        0.00          1.14        0.09  -0.09     0.00
  MONTH TO DATE    0.21                      0.28  -0.07     0.00
  SINCE MAR 1      4.10                      5.19  -1.09     3.02
  SINCE JAN 1      8.76                      9.14  -0.38     4.44

DEGREE DAYS
 HEATING
  YESTERDAY       20                        14      6        2
  MONTH TO DATE   59                        44     15       20
  SINCE MAR 1   1825                      1839    -14     1955
  SINCE JUL 1   6871                      7826   -955     8121

 COOLING
  YESTERDAY        0                         0      0        0
  MONTH TO DATE    0                         0      0        0
  SINCE MAR 1      0                         1     -1        0
  SINCE JAN 1      0                         1     -1        0
..................................................................


WIND (MPH)
  HIGHEST WIND SPEED    16   HIGHEST WIND DIRECTION    NE (50)
  HIGHEST GUST SPEED    20   HIGHEST GUST DIRECTION     E (70)
  AVERAGE WIND SPEED     4.9


SKY COVER
  AVERAGE SKY COVER 0.6


WEATHER CONDITIONS
 THE FOLLOWING WEATHER WAS RECORDED YESTERDAY.
  FOG
  FOG W/VISIBILITY <= 1/4 MILE


RELATIVE HUMIDITY (PERCENT)
 HIGHEST   100           100 AM
 LOWEST     43           300 PM
 AVERAGE    72

..........................................................


THE MASSENA NY CLIMATE NORMALS FOR TODAY
                         NORMAL    RECORD    YEAR
 MAXIMUM TEMPERATURE (F)   63        84      1955
 MINIMUM TEMPERATURE (F)   40        26      1974


SUNRISE AND SUNSET
MAY  4 2016...........SUNRISE   544 AM EDT   SUNSET   809 PM EDT
MAY  5 2016...........SUNRISE   543 AM EDT   SUNSET   810 PM EDT


-  INDICATES NEGATIVE NUMBERS.
R  INDICATES RECORD WAS SET OR TIED.
MM INDICATES DATA IS MISSING.
T  INDICATES TRACE AMOUNT.




$$
