000
CDUS41 KBTV 060608
CLIMSS


CLIMATE REPORT
NATIONAL WEATHER SERVICE BURLINGTON VT
108 AM EST FRI MAR 6 2015


...................................

...THE MASSENA NY CLIMATE SUMMARY FOR MARCH 5 2015...

CLIMATE NORMAL PERIOD 1981 TO 2010
CLIMATE RECORD PERIOD 1948 TO 2015


WEATHER ITEM   OBSERVED TIME   RECORD YEAR NORMAL DEPARTURE LAST
                VALUE   (LST)  VALUE       VALUE  FROM      YEAR
                                                  NORMAL
..................................................................
TEMPERATURE (F)
 YESTERDAY
  MAXIMUM         22   1219 AM  64    1964  33    -11       15
  MINIMUM        -17R  1159 PM -14    2014  13    -30      -14
  AVERAGE          3                        23    -20        1

PRECIPITATION (IN)
  YESTERDAY        T             0.80        0.07  -0.07      T
  MONTH TO DATE    0.07                      0.33  -0.26     0.01
  SINCE MAR 1      0.07                      0.33  -0.26     0.01
  SINCE JAN 1      1.49                      4.28  -2.79     2.75

DEGREE DAYS
 HEATING
  YESTERDAY       62                        42     20       64
  MONTH TO DATE  259                       213     46      302
  SINCE MAR 1    259                       213     46      302
  SINCE JUL 1   6425                      6200    225     6471

 COOLING
  YESTERDAY        0                         0      0        0
  MONTH TO DATE    0                         0      0        0
  SINCE MAR 1      0                         0      0        0
  SINCE JAN 1      0                         0      0        0
..................................................................


WIND (MPH)
  HIGHEST WIND SPEED    20   HIGHEST WIND DIRECTION     W (280)
  HIGHEST GUST SPEED    25   HIGHEST GUST DIRECTION     W (290)
  AVERAGE WIND SPEED     7.7


SKY COVER
  AVERAGE SKY COVER 0.1


WEATHER CONDITIONS
 THE FOLLOWING WEATHER WAS RECORDED YESTERDAY.
  NO SIGNIFICANT WEATHER WAS OBSERVED.


RELATIVE HUMIDITY (PERCENT)
 HIGHEST    72          1100 PM
 LOWEST     38           400 PM
 AVERAGE    55

..........................................................


THE MASSENA NY CLIMATE NORMALS FOR TODAY
                         NORMAL    RECORD    YEAR
 MAXIMUM TEMPERATURE (F)   34        55      1974
 MINIMUM TEMPERATURE (F)   14       -23      2014


SUNRISE AND SUNSET
MARCH  6 2015.........SUNRISE   629 AM EST   SUNSET   553 PM EST
MARCH  7 2015.........SUNRISE   627 AM EST   SUNSET   555 PM EST


-  INDICATES NEGATIVE NUMBERS.
R  INDICATES RECORD WAS SET OR TIED.
MM INDICATES DATA IS MISSING.
T  INDICATES TRACE AMOUNT.




$$
