000
CDUS41 KBTV 280543
CLIMSS


CLIMATE REPORT
NATIONAL WEATHER SERVICE BURLINGTON VT
137 AM EDT TUE MAR 28 2017


...................................

...THE MASSENA NY CLIMATE SUMMARY FOR MARCH 27 2017...

CLIMATE NORMAL PERIOD 1981 TO 2010
CLIMATE RECORD PERIOD 1948 TO 2017


WEATHER ITEM   OBSERVED TIME   RECORD YEAR NORMAL DEPARTURE LAST
                VALUE   (LST)  VALUE       VALUE  FROM      YEAR
                                                  NORMAL
..................................................................
TEMPERATURE (F)
 YESTERDAY
  MAXIMUM         38    644 PM  73    1976  43     -5       58
  MINIMUM         34    834 AM  -5    1974  24     10       23
  AVERAGE         36                        33      3       41

PRECIPITATION (IN)
  YESTERDAY        0.16          0.33        0.07   0.09     0.00
  MONTH TO DATE    1.82                      1.79   0.03     1.30
  SINCE MAR 1      1.82                      1.79   0.03     1.30
  SINCE JAN 1      5.25                      5.74  -0.49     5.96

DEGREE DAYS
 HEATING
  YESTERDAY       29                        32     -3       24
  MONTH TO DATE 1140                      1023    117      917
  SINCE MAR 1   1140                      1023    117      917
  SINCE JUL 1   6066                      7010   -944     5963

 COOLING
  YESTERDAY        0                         0      0        0
  MONTH TO DATE    0                         0      0        0
  SINCE MAR 1      0                         0      0        0
  SINCE JAN 1      0                         0      0        0
..................................................................


WIND (MPH)
  HIGHEST WIND SPEED     9   HIGHEST WIND DIRECTION    NE (60)
  HIGHEST GUST SPEED    11   HIGHEST GUST DIRECTION    NE (60)
  AVERAGE WIND SPEED     4.6


SKY COVER
  AVERAGE SKY COVER 1.0


WEATHER CONDITIONS
 THE FOLLOWING WEATHER WAS RECORDED YESTERDAY.
  RAIN
  LIGHT RAIN
  FOG
  FOG W/VISIBILITY <= 1/4 MILE


RELATIVE HUMIDITY (PERCENT)
 HIGHEST   100           700 AM
 LOWEST     89          1200 AM
 AVERAGE    95

..........................................................


THE MASSENA NY CLIMATE NORMALS FOR TODAY
                         NORMAL    RECORD    YEAR
 MAXIMUM TEMPERATURE (F)   44        79      1998
 MINIMUM TEMPERATURE (F)   24        -6      1974


SUNRISE AND SUNSET
MARCH 28 2017.........SUNRISE   647 AM EDT   SUNSET   722 PM EDT
MARCH 29 2017.........SUNRISE   645 AM EDT   SUNSET   724 PM EDT


-  INDICATES NEGATIVE NUMBERS.
R  INDICATES RECORD WAS SET OR TIED.
MM INDICATES DATA IS MISSING.
T  INDICATES TRACE AMOUNT.




$$
