000
CDUS41 KBTV 200521
CLIMSS


CLIMATE REPORT
NATIONAL WEATHER SERVICE BURLINGTON VT
120 AM EDT THU JUL 20 2017


...................................

...THE MASSENA NY CLIMATE SUMMARY FOR JULY 19 2017...

CLIMATE NORMAL PERIOD 1981 TO 2010
CLIMATE RECORD PERIOD 1948 TO 2017


WEATHER ITEM   OBSERVED TIME   RECORD YEAR NORMAL DEPARTURE LAST
                VALUE   (LST)  VALUE       VALUE  FROM      YEAR
                                                  NORMAL
..................................................................
TEMPERATURE (F)
 YESTERDAY
  MAXIMUM         84    421 PM  93    1991  80      4       74
  MINIMUM         62    508 AM  42    1970  58      4       53
  AVERAGE         73                        69      4       64

PRECIPITATION (IN)
  YESTERDAY        0.40          1.54        0.12   0.28      T
  MONTH TO DATE    3.28                      2.13   1.15     1.89
  SINCE JUN 1      9.38                      5.65   3.73     6.58
  SINCE JAN 1     24.03                     17.58   6.45    15.92

DEGREE DAYS
 HEATING
  YESTERDAY        0                         1     -1        1
  MONTH TO DATE    0                        19    -19        8
  SINCE JUN 1     94                       115    -21       73
  SINCE JUL 1      0                        19    -19        8

 COOLING
  YESTERDAY        8                         5      3        0
  MONTH TO DATE   89                        92     -3       94
  SINCE JUN 1    167                       167      0      161
  SINCE JAN 1    183                       181      2      207
..................................................................


WIND (MPH)
  HIGHEST WIND SPEED    17   HIGHEST WIND DIRECTION    SW (220)
  HIGHEST GUST SPEED    22   HIGHEST GUST DIRECTION    SW (220)
  AVERAGE WIND SPEED     7.5


SKY COVER
  AVERAGE SKY COVER 0.2


WEATHER CONDITIONS
 THE FOLLOWING WEATHER WAS RECORDED YESTERDAY.
  THUNDERSTORM
  HEAVY RAIN
  LIGHT RAIN
  FOG


RELATIVE HUMIDITY (PERCENT)
 HIGHEST   100          1100 PM
 LOWEST     58           100 PM
 AVERAGE    79

..........................................................


THE MASSENA NY CLIMATE NORMALS FOR TODAY
                         NORMAL    RECORD    YEAR
 MAXIMUM TEMPERATURE (F)   80        95      1978
 MINIMUM TEMPERATURE (F)   58        45      2000


SUNRISE AND SUNSET
JULY 20 2017..........SUNRISE   532 AM EDT   SUNSET   839 PM EDT
JULY 21 2017..........SUNRISE   533 AM EDT   SUNSET   838 PM EDT


-  INDICATES NEGATIVE NUMBERS.
R  INDICATES RECORD WAS SET OR TIED.
MM INDICATES DATA IS MISSING.
T  INDICATES TRACE AMOUNT.




$$
