000
CDUS41 KBTV 050642
CLIMSS


CLIMATE REPORT
NATIONAL WEATHER SERVICE BURLINGTON VT
241 AM EDT WED AUG 5 2015


...................................

...THE MASSENA NY CLIMATE SUMMARY FOR AUGUST 4 2015...

CLIMATE NORMAL PERIOD 1981 TO 2010
CLIMATE RECORD PERIOD 1948 TO 2015


WEATHER ITEM   OBSERVED TIME   RECORD YEAR NORMAL DEPARTURE LAST
                VALUE   (LST)  VALUE       VALUE  FROM      YEAR
                                                  NORMAL
..................................................................
TEMPERATURE (F)
 YESTERDAY
  MAXIMUM         78    207 PM  95    1955  79     -1       82
  MINIMUM         58    215 AM  44    1964  57      1       60
  AVERAGE         68                        68      0       71

PRECIPITATION (IN)
  YESTERDAY        0.12          2.01        0.12   0.00     0.01
  MONTH TO DATE    0.83                      0.47   0.36     0.52
  SINCE JUN 1      9.37                      7.56   1.81    10.92
  SINCE JAN 1     15.36                     19.49  -4.13    20.85

DEGREE DAYS
 HEATING
  YESTERDAY        0                         1     -1        0
  MONTH TO DATE    0                         4     -4        0
  SINCE JUN 1    123                       123      0       60
  SINCE JUL 1     22                        27     -5       22

 COOLING
  YESTERDAY        3                         4     -1        6
  MONTH TO DATE   10                        16     -6       16
  SINCE JUN 1    213                       236    -23      207
  SINCE JAN 1    258                       250      8      222
..................................................................


WIND (MPH)
  HIGHEST WIND SPEED    18   HIGHEST WIND DIRECTION     W (270)
  HIGHEST GUST SPEED    27   HIGHEST GUST DIRECTION     W (290)
  AVERAGE WIND SPEED     8.3


SKY COVER
  AVERAGE SKY COVER 0.5


WEATHER CONDITIONS
 THE FOLLOWING WEATHER WAS RECORDED YESTERDAY.
  THUNDERSTORM
  LIGHT RAIN
  FOG


RELATIVE HUMIDITY (PERCENT)
 HIGHEST    90           100 AM
 LOWEST     47           100 PM
 AVERAGE    69

..........................................................


THE MASSENA NY CLIMATE NORMALS FOR TODAY
                         NORMAL    RECORD    YEAR
 MAXIMUM TEMPERATURE (F)   79        95      1955
 MINIMUM TEMPERATURE (F)   57        40      1951


SUNRISE AND SUNSET
AUGUST  5 2015........SUNRISE   549 AM EDT   SUNSET   821 PM EDT
AUGUST  6 2015........SUNRISE   550 AM EDT   SUNSET   819 PM EDT


-  INDICATES NEGATIVE NUMBERS.
R  INDICATES RECORD WAS SET OR TIED.
MM INDICATES DATA IS MISSING.
T  INDICATES TRACE AMOUNT.




$$
