000
CDUS41 KBTV 240614
CLIMSS


CLIMATE REPORT
NATIONAL WEATHER SERVICE BURLINGTON VT
113 AM EST TUE JAN 24 2017


...................................

...THE MASSENA NY CLIMATE SUMMARY FOR JANUARY 23 2017...

CLIMATE NORMAL PERIOD 1981 TO 2010
CLIMATE RECORD PERIOD 1948 TO 2017


WEATHER ITEM   OBSERVED TIME   RECORD YEAR NORMAL DEPARTURE LAST
                VALUE   (LST)  VALUE       VALUE  FROM      YEAR
                                                  NORMAL
..................................................................
TEMPERATURE (F)
 YESTERDAY
  MAXIMUM         33    415 PM  54    1999  24      9       17
  MINIMUM         28   1123 PM -26    2000   4     24       -6
  AVERAGE         31                        14     17        6

PRECIPITATION (IN)
  YESTERDAY        0.00          0.82        0.07  -0.07     0.00
  MONTH TO DATE    1.43                      1.68  -0.25     0.38
  SINCE DEC 1      3.76                      4.11  -0.35     3.03
  SINCE JAN 1      1.43                      1.68  -0.25     0.38

DEGREE DAYS
 HEATING
  YESTERDAY       34                        51    -17       59
  MONTH TO DATE  897                      1160   -263     1082
  SINCE DEC 1   2120                      2490   -370     1953
  SINCE JUL 1   3526                      4259   -733     3427

 COOLING
  YESTERDAY        0                         0      0        0
  MONTH TO DATE    0                         0      0        0
  SINCE DEC 1      0                         0      0        0
  SINCE JAN 1      0                         0      0        0
..................................................................


WIND (MPH)
  HIGHEST WIND SPEED    24   HIGHEST WIND DIRECTION    NE (50)
  HIGHEST GUST SPEED    31   HIGHEST GUST DIRECTION    NE (50)
  AVERAGE WIND SPEED    17.5


SKY COVER
  AVERAGE SKY COVER 0.7


WEATHER CONDITIONS
 THE FOLLOWING WEATHER WAS RECORDED YESTERDAY.
  NO SIGNIFICANT WEATHER WAS OBSERVED.


RELATIVE HUMIDITY (PERCENT)
 HIGHEST    92           200 AM
 LOWEST     72           300 PM
 AVERAGE    82

..........................................................


THE MASSENA NY CLIMATE NORMALS FOR TODAY
                         NORMAL    RECORD    YEAR
 MAXIMUM TEMPERATURE (F)   24        52      1999
 MINIMUM TEMPERATURE (F)    4       -30      1976


SUNRISE AND SUNSET
JANUARY 24 2017.......SUNRISE   727 AM EST   SUNSET   457 PM EST
JANUARY 25 2017.......SUNRISE   726 AM EST   SUNSET   458 PM EST


-  INDICATES NEGATIVE NUMBERS.
R  INDICATES RECORD WAS SET OR TIED.
MM INDICATES DATA IS MISSING.
T  INDICATES TRACE AMOUNT.




$$
