000
CDUS41 KBTV 230615
CLIMSS


CLIMATE REPORT
NATIONAL WEATHER SERVICE BURLINGTON VT
103 AM EST THU FEB 23 2017


...................................

...THE MASSENA NY CLIMATE SUMMARY FOR FEBRUARY 22 2017...

CLIMATE NORMAL PERIOD 1981 TO 2010
CLIMATE RECORD PERIOD 1948 TO 2017


WEATHER ITEM   OBSERVED TIME   RECORD YEAR NORMAL DEPARTURE LAST
                VALUE   (LST)  VALUE       VALUE  FROM      YEAR
                                                  NORMAL
..................................................................
TEMPERATURE (F)
 YESTERDAY
  MAXIMUM         47        MM  57    1981  30     17       19
  MINIMUM         33        MM -19    1972   9     24        2
  AVERAGE         40                        20     20       11

PRECIPITATION (IN)
  YESTERDAY        0.00          0.57        0.07  -0.07     0.00
  MONTH TO DATE    1.30                      1.35  -0.05     2.30
  SINCE DEC 1      5.20                      5.96  -0.76     5.48
  SINCE JAN 1      2.87                      3.53  -0.66     2.83

DEGREE DAYS
 HEATING
  YESTERDAY       25                        46    -21       54
  MONTH TO DATE  918                      1058   -140     1000
  SINCE DEC 1   3361                      3952   -591     3285
  SINCE JUL 1   4767                      5721   -954     4759

 COOLING
  YESTERDAY        0                         0      0        0
  MONTH TO DATE    0                         0      0        0
  SINCE DEC 1      0                         0      0        0
  SINCE JAN 1      0                         0      0        0
..................................................................


WIND (MPH)
  HIGHEST WIND SPEED     9   HIGHEST WIND DIRECTION    NE (30)
  HIGHEST GUST SPEED    MM   HIGHEST GUST DIRECTION    MM
  AVERAGE WIND SPEED     3.0


SKY COVER
  AVERAGE SKY COVER 0.7


WEATHER CONDITIONS
 THE FOLLOWING WEATHER WAS RECORDED YESTERDAY.
  NO SIGNIFICANT WEATHER WAS OBSERVED.


RELATIVE HUMIDITY (PERCENT)
 HIGHEST    96           100 AM
 LOWEST     65           300 PM
 AVERAGE    81

..........................................................


THE MASSENA NY CLIMATE NORMALS FOR TODAY
                         NORMAL    RECORD    YEAR
 MAXIMUM TEMPERATURE (F)   30        59      1984
 MINIMUM TEMPERATURE (F)    9       -37      1972


SUNRISE AND SUNSET
FEBRUARY 23 2017......SUNRISE   647 AM EST   SUNSET   539 PM EST
FEBRUARY 24 2017......SUNRISE   645 AM EST   SUNSET   540 PM EST


-  INDICATES NEGATIVE NUMBERS.
R  INDICATES RECORD WAS SET OR TIED.
MM INDICATES DATA IS MISSING.
T  INDICATES TRACE AMOUNT.




$$
