000
CDUS41 KBTV 280553
CLIMSS


CLIMATE REPORT
NATIONAL WEATHER SERVICE BURLINGTON VT
146 AM EDT SAT MAR 28 2015


...................................

...THE MASSENA NY CLIMATE SUMMARY FOR MARCH 27 2015...

CLIMATE NORMAL PERIOD 1981 TO 2010
CLIMATE RECORD PERIOD 1948 TO 2015


WEATHER ITEM   OBSERVED TIME   RECORD YEAR NORMAL DEPARTURE LAST
                VALUE   (LST)  VALUE       VALUE  FROM      YEAR
                                                  NORMAL
..................................................................
TEMPERATURE (F)
 YESTERDAY
  MAXIMUM         34    215 AM  73    1976  43     -9       31
  MINIMUM         22    958 PM  -5    1974  24     -2       -3
  AVERAGE         28                        33     -5       14

PRECIPITATION (IN)
  YESTERDAY        0.02          0.33        0.07  -0.05      T
  MONTH TO DATE    0.54                      1.79  -1.25     0.40
  SINCE MAR 1      0.54                      1.79  -1.25     0.40
  SINCE JAN 1      1.96                      5.74  -3.78     3.14

DEGREE DAYS
 HEATING
  YESTERDAY       37                        32      5       51
  MONTH TO DATE 1147                      1023    124     1306
  SINCE MAR 1   1147                      1023    124     1306
  SINCE JUL 1   7313                      7010    303     7475

 COOLING
  YESTERDAY        0                         0      0        0
  MONTH TO DATE    0                         0      0        0
  SINCE MAR 1      0                         0      0        0
  SINCE JAN 1      0                         0      0        0
..................................................................


WIND (MPH)
  HIGHEST WIND SPEED    17   HIGHEST WIND DIRECTION     W (290)
  HIGHEST GUST SPEED    20   HIGHEST GUST DIRECTION     W (270)
  AVERAGE WIND SPEED     8.1


SKY COVER
  AVERAGE SKY COVER 1.0


WEATHER CONDITIONS
 THE FOLLOWING WEATHER WAS RECORDED YESTERDAY.
  LIGHT SNOW
  FOG
  HAZE


RELATIVE HUMIDITY (PERCENT)
 HIGHEST   100          1200 AM
 LOWEST     75           300 PM
 AVERAGE    88

..........................................................


THE MASSENA NY CLIMATE NORMALS FOR TODAY
                         NORMAL    RECORD    YEAR
 MAXIMUM TEMPERATURE (F)   44        79      1998
 MINIMUM TEMPERATURE (F)   24        -6      1974


SUNRISE AND SUNSET
MARCH 28 2015.........SUNRISE   648 AM EDT   SUNSET   722 PM EDT
MARCH 29 2015.........SUNRISE   646 AM EDT   SUNSET   723 PM EDT


-  INDICATES NEGATIVE NUMBERS.
R  INDICATES RECORD WAS SET OR TIED.
MM INDICATES DATA IS MISSING.
T  INDICATES TRACE AMOUNT.




$$
