000
CDUS41 KBTV 050524
CLIMSS


CLIMATE REPORT
NATIONAL WEATHER SERVICE BURLINGTON VT
123 AM EDT SAT SEP 5 2015


...................................

...THE MASSENA NY CLIMATE SUMMARY FOR SEPTEMBER 4 2015...

CLIMATE NORMAL PERIOD 1981 TO 2010
CLIMATE RECORD PERIOD 1948 TO 2015


WEATHER ITEM   OBSERVED TIME   RECORD YEAR NORMAL DEPARTURE LAST
                VALUE   (LST)  VALUE       VALUE  FROM      YEAR
                                                  NORMAL
..................................................................
TEMPERATURE (F)
 YESTERDAY
  MAXIMUM         78    434 PM  95    1953  74      4       83
  MINIMUM         47    531 AM  36    1987  51     -4       55
  AVERAGE         63                        63      0       69

PRECIPITATION (IN)
  YESTERDAY        0.00          1.74        0.12  -0.12     0.00
  MONTH TO DATE    0.00                      0.47  -0.47     0.10
  SINCE SEP 1      0.00                      0.47  -0.47     0.10
  SINCE JAN 1     17.77                     23.01  -5.24    25.56

DEGREE DAYS
 HEATING
  YESTERDAY        2                         4     -2        0
  MONTH TO DATE    2                        15    -13        0
  SINCE SEP 1      2                        15    -13        0
  SINCE JUL 1     36                        90    -54       60

 COOLING
  YESTERDAY        0                         2     -2        4
  MONTH TO DATE   19                         8     11       26
  SINCE SEP 1     19                         8     11       26
  SINCE JAN 1    392                       344     48      314
..................................................................


WIND (MPH)
  HIGHEST WIND SPEED    18   HIGHEST WIND DIRECTION    NE (60)
  HIGHEST GUST SPEED    22   HIGHEST GUST DIRECTION    NE (60)
  AVERAGE WIND SPEED     7.7


SKY COVER
  AVERAGE SKY COVER 0.0


WEATHER CONDITIONS
 THE FOLLOWING WEATHER WAS RECORDED YESTERDAY.
  FOG


RELATIVE HUMIDITY (PERCENT)
 HIGHEST    93           600 AM
 LOWEST     45           300 PM
 AVERAGE    69

..........................................................


THE MASSENA NY CLIMATE NORMALS FOR TODAY
                         NORMAL    RECORD    YEAR
 MAXIMUM TEMPERATURE (F)   74        92      1973
 MINIMUM TEMPERATURE (F)   51        37      1963


SUNRISE AND SUNSET
SEPTEMBER  5 2015.....SUNRISE   626 AM EDT   SUNSET   730 PM EDT
SEPTEMBER  6 2015.....SUNRISE   627 AM EDT   SUNSET   728 PM EDT


-  INDICATES NEGATIVE NUMBERS.
R  INDICATES RECORD WAS SET OR TIED.
MM INDICATES DATA IS MISSING.
T  INDICATES TRACE AMOUNT.




$$
