000
CDUS41 KBTV 010535
CLIMSS


CLIMATE REPORT
NATIONAL WEATHER SERVICE BURLINGTON VT
135 AM EDT WED JUN 1 2016


...................................

...THE MASSENA NY CLIMATE SUMMARY FOR MAY 31 2016...

CLIMATE NORMAL PERIOD 1981 TO 2010
CLIMATE RECORD PERIOD 1948 TO 2016


WEATHER ITEM   OBSERVED TIME   RECORD YEAR NORMAL DEPARTURE LAST
                VALUE   (LST)  VALUE       VALUE  FROM      YEAR
                                                  NORMAL
..................................................................
TEMPERATURE (F)
 YESTERDAY
  MAXIMUM         80   1249 PM  90    1999  71      9       55
  MINIMUM         53   1149 PM  32    1961  49      4       47
  AVERAGE         67                        60      7       51

PRECIPITATION (IN)
  YESTERDAY        0.00          1.81        0.10  -0.10     0.29
  MONTH TO DATE    0.79                      3.07  -2.28     1.55
  SINCE MAR 1      4.68                      7.98  -3.30     4.57
  SINCE JAN 1      9.34                     11.93  -2.59     5.99

DEGREE DAYS
 HEATING
  YESTERDAY        0                         6     -6       14
  MONTH TO DATE  286                       318    -32      180
  SINCE MAR 1   2052                      2114    -62     2115
  SINCE JUL 1   7098                      8101  -1003     8281

 COOLING
  YESTERDAY        2                         1      1        0
  MONTH TO DATE   46                        13     33       45
  SINCE MAR 1     46                        14     32       45
  SINCE JAN 1     46                        14     32       45
..................................................................


WIND (MPH)
  HIGHEST WIND SPEED    20   HIGHEST WIND DIRECTION    NW (330)
  HIGHEST GUST SPEED    27   HIGHEST GUST DIRECTION     W (260)
  AVERAGE WIND SPEED    11.0


SKY COVER
  AVERAGE SKY COVER 0.3


WEATHER CONDITIONS
 THE FOLLOWING WEATHER WAS RECORDED YESTERDAY.
  NO SIGNIFICANT WEATHER WAS OBSERVED.


RELATIVE HUMIDITY (PERCENT)
 HIGHEST    83           400 AM
 LOWEST     35          1200 PM
 AVERAGE    59

..........................................................


THE MASSENA NY CLIMATE NORMALS FOR TODAY
                         NORMAL    RECORD    YEAR
 MAXIMUM TEMPERATURE (F)   71        86      1982
 MINIMUM TEMPERATURE (F)   49        33      2001


SUNRISE AND SUNSET
JUNE  1 2016..........SUNRISE   516 AM EDT   SUNSET   839 PM EDT
JUNE  2 2016..........SUNRISE   515 AM EDT   SUNSET   840 PM EDT


-  INDICATES NEGATIVE NUMBERS.
R  INDICATES RECORD WAS SET OR TIED.
MM INDICATES DATA IS MISSING.
T  INDICATES TRACE AMOUNT.




$$
